{"id":10019,"date":"2025-12-25T17:49:22","date_gmt":"2025-12-25T17:49:22","guid":{"rendered":"https:\/\/oponyexpert.shop\/xef5\/produkt\/4x-bridgestone-turanza-all-season-6-235-45r20-100w\/"},"modified":"2025-12-25T17:49:22","modified_gmt":"2025-12-25T17:49:22","slug":"4x-bridgestone-turanza-all-season-6-235-45r20-100w","status":"publish","type":"product","link":"https:\/\/oponixo.shop\/tire\/produkt\/4x-bridgestone-turanza-all-season-6-235-45r20-100w\/","title":{"rendered":"4x Bridgestone Turanza All Season 6 235\/45R20 100W"},"content":{"rendered":"<div style=\"font-family: Arial, sans-serif; line-height: 1.6; color: #333; padding: 20px; clear: both; display: block; width: 100%; float: none; position: static; overflow: hidden;\">\n<div style=\"clear: both; display: block; margin: 10px 0;\">\n<div style=\"clear: both; display: block; margin: 10px 0;\">\n<div style=\"clear: both; display: block; margin: 10px 0;\">\n<h1>Bridgestone Turanza All Season 6 <\/h1>\n<h1>235\/45 R20 100W do 270 km\/h<\/h1>\n<h2>Kod produktu: 3286342673219<\/h2>\n<p style=\"margin: 15px 0; line-height: 1.8; clear: both; display: block; width: 100%; float: none; position: static;\">Bridgestone Turanza All Season 6 \u2013 nowa ca\u0142oroczna opona osobowa klasy premium, wyposa\u017cona w technologi\u0119 ENLITEN. Zaprojektowana z my\u015bl\u0105 o ca\u0142orocznej eksploatacji, opona Bridgestone Turanza All Season 6 zosta\u0142a stworzona na podstawie kompleksowych bada\u0144 rynkowych z udzia\u0142em tysi\u0119cy europejskich kierowc\u00f3w. Niezale\u017cnie od pory roku europejscy kierowcy mierz\u0105 si\u0119 z wyzwaniami zwi\u0105zanymi z prowadzeniem samochodu, takimi jak deszcz i \u015bnieg. Opona Bridgestone Turanza All Season 6 zosta\u0142a zaprojektowana w taki spos\u00f3b, aby pom\u00f3c im zachowa\u0107 kontrol\u0119 w stresuj\u0105cych warunkach, bez wzgl\u0119du na por\u0119 roku i warunki pogodowe. Opona Bridgestone Turanza All Season 6 wyr\u00f3\u017cnia si\u0119 w trzech kluczowych obszarach: wyj\u0105tkowa skuteczno\u015b\u0107 hamowania przez ca\u0142y rok, wyj\u0105tkowe osi\u0105gi na \u015bniegu i doskona\u0142e przebiegi. Opona Bridgestone Turanza All Season 6 zosta\u0142a zaprojektowana z wykorzystaniem technologii ENLITEN \u2013 po\u0142\u0105czenia najnowocze\u015bniejszych rozwi\u0105za\u0144 zapewniaj\u0105cych maksymalne bezpiecze\u0144stwo, doskona\u0142e osi\u0105gi i ulepszone w\u0142a\u015bciwo\u015bci zwi\u0105zane ze zr\u00f3wnowa\u017conym rozwojem, przy dostosowaniu do u\u017cycia w pojazdach elektrycznych. Opony Bridgestone Turanza All Season 6 posiadaj\u0105 zoptymalizowany wz\u00f3r bie\u017cnika i now\u0105 mieszank\u0119, kt\u00f3ra zapewnia lepszy kontakt z asfaltem, odprowadzanie wody i zatrzymywanie \u015bniegu, a tak\u017ce bardziej zr\u00f3wnowa\u017cone osi\u0105gi. Opracowana i produkowana w Europie opona Bridgestone Turanza All Season 6 przeznaczona jest do samochod\u00f3w osobowych i SUV-\u00f3w, w tym zar\u00f3wno do pojazd\u00f3w elektrycznych, jak i spalinowych<\/p>\n<h2>Zakupione na tej aukcji opony mo\u017cesz odebra\u0107 i wymieni\u0107 w jednym z naszych serwis\u00f3w: MOTOHURT MARKI &#8211; MOTOHURT WOLA &#8211; MOTOHURT MOKOT\u00d3W<\/h2>\n<\/div>\n<\/div>\n<div style=\"clear: both; display: block; margin: 10px 0;\">\n<div style=\"clear: both; display: block; margin: 10px 0;\">\n<div  style=\"max-width:750px;max-height:1024px\">\n<div style=\"clear: both; display: block; margin: 10px 0;\">\n<div style=\"clear: both; width: 100%; display: block; margin: 20px 0; padding: 0; float: none; position: static; text-align: center;\"><img decoding=\"async\"  src=\"https:\/\/a.allegroimg.com\/original\/117b82\/ae79fd0e45faa51d99c73c8f4fac\/4x-Bridgestone-Turanza-All-Season-6-235-45R20-100W\" srcset=\"https:\/\/a.allegroimg.com\/original\/117b82\/ae79fd0e45faa51d99c73c8f4fac\/4x-Bridgestone-Turanza-All-Season-6-235-45R20-100W 263w,https:\/\/a.allegroimg.com\/original\/117b82\/ae79fd0e45faa51d99c73c8f4fac\/4x-Bridgestone-Turanza-All-Season-6-235-45R20-100W 527w,https:\/\/a.allegroimg.com\/original\/117b82\/ae79fd0e45faa51d99c73c8f4fac\/4x-Bridgestone-Turanza-All-Season-6-235-45R20-100W 750w,https:\/\/a.allegroimg.com\/original\/117b82\/ae79fd0e45faa51d99c73c8f4fac\/4x-Bridgestone-Turanza-All-Season-6-235-45R20-100W 750w\" sizes=\"(min-width: 1200px) 560px, (min-width: 992px) 50vw, 100vw\" width=\"750px\" alt=\"4x Bridgestone Turanza All Season 6 235\/45R20 100W\"\/ style=\"max-width: 100%; height: auto; display: block; margin: 0 auto;\"><\/div>\n<\/div>\n<\/div>\n<\/div>\n<\/div>\n<\/div>\n<div style=\"clear: both; display: block; margin: 10px 0;\">\n<div style=\"clear: both; display: block; margin: 10px 0;\">\n<div style=\"clear: both; display: block; margin: 10px 0;\">\n<div  style=\"max-width:212px;max-height:305px\">\n<div style=\"clear: both; display: block; margin: 10px 0;\">\n<div style=\"clear: both; width: 100%; display: block; margin: 20px 0; padding: 0; float: none; position: static; text-align: center;\"><img decoding=\"async\"  src=\"https:\/\/a.allegroimg.com\/original\/110257\/88beb9604769b0eefd053a8b931f\/4x-Bridgestone-Turanza-All-Season-6-235-45R20-100W-Liczba-opon-w-ofercie-Komplet-4-szt\" srcset=\"https:\/\/a.allegroimg.com\/original\/110257\/88beb9604769b0eefd053a8b931f\/4x-Bridgestone-Turanza-All-Season-6-235-45R20-100W-Liczba-opon-w-ofercie-Komplet-4-szt 212w,https:\/\/a.allegroimg.com\/original\/110257\/88beb9604769b0eefd053a8b931f\/4x-Bridgestone-Turanza-All-Season-6-235-45R20-100W-Liczba-opon-w-ofercie-Komplet-4-szt 212w\" sizes=\"(min-width: 1200px) 560px, (min-width: 992px) 50vw, 100vw\" width=\"212px\" alt=\"4x Bridgestone Turanza All Season 6 235\/45R20 100W Liczba opon w ofercie Komplet 4 szt.\"\/ style=\"max-width: 100%; height: auto; display: block; margin: 0 auto;\"><\/div>\n<\/div>\n<\/div>\n<\/div>\n<\/div>\n<div style=\"clear: both; display: block; margin: 10px 0;\">\n<div style=\"clear: both; display: block; margin: 10px 0;\">\n<h2>Marka: Bridgestone<\/h2>\n<h2>Liczba opon w ofercie: 4<\/h2>\n<h2>Rok produkcji: <\/h2>\n<h2>Szeroko\u015b\u0107 opony: 235 mm<\/h2>\n<h2>Profil opony: 45<\/h2>\n<h2>\u015arednica: 20<\/h2>\n<h2>Indeks no\u015bno\u015bci: 100<\/h2>\n<h2>Indeks pr\u0119dko\u015bci: W do 270 km\/h<\/h2>\n<h2>Op\u00f3r toczenia: Klasa C<\/h2>\n<h2>Przyczepno\u015b\u0107 na mokrej nawierzchni: Klasa B<\/h2>\n<h2>Ha\u0142as zewn\u0119trzny: 70 dB<\/h2>\n<h2>Kod producenta: 26732<\/h2>\n<h2>Sezon: Ca\u0142oroczne<\/h2>\n<\/div>\n<\/div>\n<\/div>\n<\/div>\n<\/div>\n<\/div>\n<div style=\"clear: both; display: block; margin: 10px 0;\">\n","protected":false},"excerpt":{"rendered":"<p>Bridgestone Turanza All Season 6<\/p>\n<p>235\/45 R20 100W do 270 km\/h<\/p>\n<p>Kod produktu: 3286342673219<\/p>\n","protected":false},"featured_media":10020,"template":"","meta":{"_uag_custom_page_level_css":""},"product_brand":[397],"product_cat":[416,428,413,412],"product_tag":[],"class_list":{"0":"post-10019","1":"product","2":"type-product","3":"status-publish","4":"has-post-thumbnail","6":"product_brand-bridgestone","7":"product_cat-caloroczne","8":"product_cat-do-samochodow-terenowych-i-4x4","9":"product_cat-opony","10":"product_cat-opony-i-felgi","12":"first","13":"instock","14":"sale","15":"shipping-taxable","16":"purchasable","17":"product-type-simple"},"uagb_featured_image_src":{"full":["https:\/\/oponixo.shop\/tire\/wp-content\/uploads\/2025\/12\/allegro-image-10019.jpg",750,1024,false],"thumbnail":["https:\/\/oponixo.shop\/tire\/wp-content\/uploads\/2025\/12\/allegro-image-10019-150x150.jpg",150,150,true],"medium":["https:\/\/oponixo.shop\/tire\/wp-content\/uploads\/2025\/12\/allegro-image-10019-220x300.jpg",220,300,true],"medium_large":["https:\/\/oponixo.shop\/tire\/wp-content\/uploads\/2025\/12\/allegro-image-10019.jpg",750,1024,false],"large":["https:\/\/oponixo.shop\/tire\/wp-content\/uploads\/2025\/12\/allegro-image-10019.jpg",750,1024,false],"1536x1536":["https:\/\/oponixo.shop\/tire\/wp-content\/uploads\/2025\/12\/allegro-image-10019.jpg",750,1024,false],"2048x2048":["https:\/\/oponixo.shop\/tire\/wp-content\/uploads\/2025\/12\/allegro-image-10019.jpg",750,1024,false],"woocommerce_thumbnail":["https:\/\/oponixo.shop\/tire\/wp-content\/uploads\/2025\/12\/allegro-image-10019-300x300.jpg",300,300,true],"woocommerce_single":["https:\/\/oponixo.shop\/tire\/wp-content\/uploads\/2025\/12\/allegro-image-10019-600x819.jpg",600,819,true],"woocommerce_gallery_thumbnail":["https:\/\/oponixo.shop\/tire\/wp-content\/uploads\/2025\/12\/allegro-image-10019-100x100.jpg",100,100,true]},"uagb_author_info":{"display_name":"admin","author_link":"https:\/\/oponixo.shop\/tire\/author\/"},"uagb_comment_info":0,"uagb_excerpt":"Bridgestone Turanza All Season 6 235\/45 R20 100W do 270 km\/h Kod produktu: 3286342673219","_links":{"self":[{"href":"https:\/\/oponixo.shop\/tire\/wp-json\/wp\/v2\/product\/10019","targetHints":{"allow":["GET"]}}],"collection":[{"href":"https:\/\/oponixo.shop\/tire\/wp-json\/wp\/v2\/product"}],"about":[{"href":"https:\/\/oponixo.shop\/tire\/wp-json\/wp\/v2\/types\/product"}],"wp:featuredmedia":[{"embeddable":true,"href":"https:\/\/oponixo.shop\/tire\/wp-json\/wp\/v2\/media\/10020"}],"wp:attachment":[{"href":"https:\/\/oponixo.shop\/tire\/wp-json\/wp\/v2\/media?parent=10019"}],"wp:term":[{"taxonomy":"product_brand","embeddable":true,"href":"https:\/\/oponixo.shop\/tire\/wp-json\/wp\/v2\/product_brand?post=10019"},{"taxonomy":"product_cat","embeddable":true,"href":"https:\/\/oponixo.shop\/tire\/wp-json\/wp\/v2\/product_cat?post=10019"},{"taxonomy":"product_tag","embeddable":true,"href":"https:\/\/oponixo.shop\/tire\/wp-json\/wp\/v2\/product_tag?post=10019"}],"curies":[{"name":"wp","href":"https:\/\/api.w.org\/{rel}","templated":true}]}}