{"id":10415,"date":"2025-12-31T03:30:11","date_gmt":"2025-12-31T03:30:11","guid":{"rendered":"https:\/\/oponyexpert.shop\/xef5\/produkt\/2x-opony-zimowe-vredestein-wintrac-pro-255-45r18-103v-2025\/"},"modified":"2025-12-31T03:30:11","modified_gmt":"2025-12-31T03:30:11","slug":"2x-opony-zimowe-vredestein-wintrac-pro-255-45r18-103v-2025","status":"publish","type":"product","link":"https:\/\/oponixo.shop\/tire\/produkt\/2x-opony-zimowe-vredestein-wintrac-pro-255-45r18-103v-2025\/","title":{"rendered":"2x opony zimowe VREDESTEIN Wintrac Pro+ 255\/45R18 103V 2025"},"content":{"rendered":"<div style=\"font-family: Arial, sans-serif; line-height: 1.6; color: #333; padding: 20px; clear: both; display: block; width: 100%; float: none; position: static; overflow: hidden;\">\n<div style=\"clear: both; display: block; margin: 10px 0;\">\n<div style=\"clear: both; display: block; margin: 10px 0;\">\n<div style=\"clear: both; display: block; margin: 10px 0;\">\n<div  style=\"max-width:500px;max-height:175px\">\n<div style=\"clear: both; display: block; margin: 10px 0;\">\n<div style=\"clear: both; width: 100%; display: block; margin: 20px 0; padding: 0; float: none; position: static; text-align: center;\"><img decoding=\"async\"  src=\"https:\/\/a.allegroimg.com\/original\/11271f\/5f48509d416680848cb53f5d00f2\/2x-opony-zimowe-VREDESTEIN-Wintrac-Pro-255-45R18-103V-2025-Rok-produkcji-2025\" srcset=\"https:\/\/a.allegroimg.com\/original\/11271f\/5f48509d416680848cb53f5d00f2\/2x-opony-zimowe-VREDESTEIN-Wintrac-Pro-255-45R18-103V-2025-Rok-produkcji-2025 360w,https:\/\/a.allegroimg.com\/original\/11271f\/5f48509d416680848cb53f5d00f2\/2x-opony-zimowe-VREDESTEIN-Wintrac-Pro-255-45R18-103V-2025-Rok-produkcji-2025 500w,https:\/\/a.allegroimg.com\/original\/11271f\/5f48509d416680848cb53f5d00f2\/2x-opony-zimowe-VREDESTEIN-Wintrac-Pro-255-45R18-103V-2025-Rok-produkcji-2025 500w\" sizes=\"100vw\" width=\"500px\" alt=\"2x opony zimowe VREDESTEIN Wintrac Pro+ 255\/45R18 103V 2025 Rok produkcji 2025\"\/ style=\"max-width: 100%; height: auto; display: block; margin: 0 auto;\"><\/div>\n<\/div>\n<\/div>\n<\/div>\n<\/div>\n<\/div>\n<div style=\"clear: both; display: block; margin: 10px 0;\">\n<div style=\"clear: both; display: block; margin: 10px 0;\">\n<div style=\"clear: both; display: block; margin: 10px 0;\">\n<h1>zestaw 2 sztuk nowych opon zimowych<\/h1>\n<h1>VREDESTEIN Wintrac Pro+ 255\/45R18 103V<\/h1>\n<p style=\"margin: 15px 0; line-height: 1.8; clear: both; display: block; width: 100%; float: none; position: static;\">\n<\/div>\n<\/div>\n<\/div>\n<div style=\"clear: both; display: block; margin: 10px 0;\">\n<div style=\"clear: both; display: block; margin: 10px 0;\">\n<div style=\"clear: both; display: block; margin: 10px 0;\">\n<div  style=\"max-width:360px;max-height:600px\">\n<div style=\"clear: both; display: block; margin: 10px 0;\">\n<div style=\"clear: both; width: 100%; display: block; margin: 20px 0; padding: 0; float: none; position: static; text-align: center;\"><img decoding=\"async\"  src=\"https:\/\/a.allegroimg.com\/original\/112f1c\/ee2b461e437e9a69d166ff868529\/2x-opony-zimowe-VREDESTEIN-Wintrac-Pro-255-45R18-103V-2025\" srcset=\"https:\/\/a.allegroimg.com\/original\/112f1c\/ee2b461e437e9a69d166ff868529\/2x-opony-zimowe-VREDESTEIN-Wintrac-Pro-255-45R18-103V-2025 216w,https:\/\/a.allegroimg.com\/original\/112f1c\/ee2b461e437e9a69d166ff868529\/2x-opony-zimowe-VREDESTEIN-Wintrac-Pro-255-45R18-103V-2025 360w,https:\/\/a.allegroimg.com\/original\/112f1c\/ee2b461e437e9a69d166ff868529\/2x-opony-zimowe-VREDESTEIN-Wintrac-Pro-255-45R18-103V-2025 360w\" sizes=\"(min-width: 1200px) 560px, (min-width: 992px) 50vw, 100vw\" width=\"360px\" alt=\"2x opony zimowe VREDESTEIN Wintrac Pro+ 255\/45R18 103V 2025\"\/ style=\"max-width: 100%; height: auto; display: block; margin: 0 auto;\"><\/div>\n<\/div>\n<\/div>\n<\/div>\n<\/div>\n<div style=\"clear: both; display: block; margin: 10px 0;\">\n<div style=\"clear: both; display: block; margin: 10px 0;\">\n<p style=\"margin: 15px 0; line-height: 1.8; clear: both; display: block; width: 100%; float: none; position: static;\"><b>VREDESTEIN Wintrac Pro+<\/b> to opony <b>zimowe<\/b> przeznaczone do samochod\u00f3w <b>osobowych<\/b> oraz suv-\u00f3w. Oryginalny produkt klasy <b>premium<\/b> renomowanej marki <b>VREDESTEIN<\/b>. Bezkompromisowa jako\u015b\u0107. Przeznaczone do szerokiej gamy samochod\u00f3w osobowych. \u015awietnie sprawdz\u0105 si\u0119 zar\u00f3wno w je\u017cdzie miejskiej jak i na autostradzie.<\/p>\n<ul style=\"margin: 15px 0; padding-left: 20px; clear: both; display: block; width: 100%; float: none; position: static;\">\n<li style=\"margin: 5px 0; padding: 2px 0; clear: both; display: list-item; float: none; position: static;\">rok produkcji: <b>2025<\/b><\/li>\n<li style=\"margin: 5px 0; padding: 2px 0; clear: both; display: list-item; float: none; position: static;\">opony <b>nowe<\/b>, oryginalne, z gwarancj\u0105<\/li>\n<li style=\"margin: 5px 0; padding: 2px 0; clear: both; display: list-item; float: none; position: static;\">zapewniaj\u0105 cich\u0105 i p\u0142ynn\u0105 prac\u0119<\/li>\n<li style=\"margin: 5px 0; padding: 2px 0; clear: both; display: list-item; float: none; position: static;\">skutecznie niweluj\u0105 wp\u0142yw nier\u00f3wno\u015bci na drodze na komfort jazdy<\/li>\n<li style=\"margin: 5px 0; padding: 2px 0; clear: both; display: list-item; float: none; position: static;\">dostosowane do du\u017cych pr\u0119dko\u015bci<\/li>\n<li style=\"margin: 5px 0; padding: 2px 0; clear: both; display: list-item; float: none; position: static;\">doskona\u0142a trakcja, precyzyjne sterowanie<\/li>\n<li style=\"margin: 5px 0; padding: 2px 0; clear: both; display: list-item; float: none; position: static;\">bie\u017cnik zu\u017cywa si\u0119 r\u00f3wnomiernie<\/li>\n<li style=\"margin: 5px 0; padding: 2px 0; clear: both; display: list-item; float: none; position: static;\">znakomita przyczepno\u015b\u0107 i trakcja w trudnych, zimowych warunkach<\/li>\n<li style=\"margin: 5px 0; padding: 2px 0; clear: both; display: list-item; float: none; position: static;\">pe\u0142na homologacja zimowa 3PMSF (opony z tym oznaczeniem musz\u0105 spe\u0142nia\u0107 rygorystyczne normy dot. przyczepno\u015bci i hamowania na \u015bniegu i lodzie)<\/li>\n<li style=\"margin: 5px 0; padding: 2px 0; clear: both; display: list-item; float: none; position: static;\">skuteczne odprowadzanie wody i b\u0142ota, system antypo\u015blizgowy<\/li>\n<\/ul>\n<\/div>\n<\/div>\n<\/div>\n<\/div>\n<\/div>\n<\/div>\n<div style=\"clear: both; display: block; margin: 10px 0;\">\n","protected":false},"excerpt":{"rendered":"<p>zestaw 2 sztuk nowych opon zimowych<\/p>\n<p>VREDESTEIN Wintrac Pro+ 255\/45R18 103V<\/p>\n<p>VREDESTEIN Wintrac Pro+ to opony zimowe przeznaczone do samochod\u00f3w osobowych oraz suv-\u00f3w. Oryginalny produkt klasy premium renomowanej marki VREDESTEIN. Bezkompromisowa jako\u015b\u0107. Przeznaczone do szerokiej gamy samochod\u00f3w osobowych. \u015awietnie sprawdz\u0105 si\u0119 zar\u00f3wno w je\u017cdzie miejskiej jak i na autostradzie.<\/p>\n<p>rok produkcji: 2025<\/p>\n<p>opony nowe, oryginalne, z gwarancj\u0105<\/p>\n<p>zapewniaj\u0105 cich\u0105 i p\u0142ynn\u0105 prac\u0119<\/p>\n<p>skutecznie niweluj\u0105 wp\u0142yw nier\u00f3wno\u015bci na drodze na komfort jazdy<\/p>\n<p>dostosowane do du\u017cych pr\u0119dko\u015bci<\/p>\n","protected":false},"featured_media":10416,"template":"","meta":{"_uag_custom_page_level_css":""},"product_brand":[436],"product_cat":[414,413,412,415],"product_tag":[],"class_list":{"0":"post-10415","1":"product","2":"type-product","3":"status-publish","4":"has-post-thumbnail","6":"product_brand-vredestein","7":"product_cat-do-samochodow-osobowych-i-suv","8":"product_cat-opony","9":"product_cat-opony-i-felgi","10":"product_cat-zimowe","12":"first","13":"instock","14":"sale","15":"shipping-taxable","16":"purchasable","17":"product-type-simple"},"uagb_featured_image_src":{"full":["https:\/\/oponixo.shop\/tire\/wp-content\/uploads\/2025\/12\/allegro-image-10415.jpg",360,600,false],"thumbnail":["https:\/\/oponixo.shop\/tire\/wp-content\/uploads\/2025\/12\/allegro-image-10415-150x150.jpg",150,150,true],"medium":["https:\/\/oponixo.shop\/tire\/wp-content\/uploads\/2025\/12\/allegro-image-10415-180x300.jpg",180,300,true],"medium_large":["https:\/\/oponixo.shop\/tire\/wp-content\/uploads\/2025\/12\/allegro-image-10415.jpg",360,600,false],"large":["https:\/\/oponixo.shop\/tire\/wp-content\/uploads\/2025\/12\/allegro-image-10415.jpg",360,600,false],"1536x1536":["https:\/\/oponixo.shop\/tire\/wp-content\/uploads\/2025\/12\/allegro-image-10415.jpg",360,600,false],"2048x2048":["https:\/\/oponixo.shop\/tire\/wp-content\/uploads\/2025\/12\/allegro-image-10415.jpg",360,600,false],"woocommerce_thumbnail":["https:\/\/oponixo.shop\/tire\/wp-content\/uploads\/2025\/12\/allegro-image-10415-300x300.jpg",300,300,true],"woocommerce_single":["https:\/\/oponixo.shop\/tire\/wp-content\/uploads\/2025\/12\/allegro-image-10415.jpg",360,600,false],"woocommerce_gallery_thumbnail":["https:\/\/oponixo.shop\/tire\/wp-content\/uploads\/2025\/12\/allegro-image-10415-100x100.jpg",100,100,true]},"uagb_author_info":{"display_name":"admin","author_link":"https:\/\/oponixo.shop\/tire\/author\/"},"uagb_comment_info":0,"uagb_excerpt":"zestaw 2 sztuk nowych opon zimowych VREDESTEIN Wintrac Pro+ 255\/45R18 103V VREDESTEIN Wintrac Pro+ to opony zimowe przeznaczone do samochod\u00f3w osobowych oraz suv-\u00f3w. Oryginalny produkt klasy premium renomowanej marki VREDESTEIN. Bezkompromisowa jako\u015b\u0107. Przeznaczone do szerokiej gamy samochod\u00f3w osobowych. \u015awietnie sprawdz\u0105 si\u0119 zar\u00f3wno w je\u017cdzie miejskiej jak i na autostradzie. rok produkcji: 2025 opony nowe, oryginalne,&hellip;","_links":{"self":[{"href":"https:\/\/oponixo.shop\/tire\/wp-json\/wp\/v2\/product\/10415","targetHints":{"allow":["GET"]}}],"collection":[{"href":"https:\/\/oponixo.shop\/tire\/wp-json\/wp\/v2\/product"}],"about":[{"href":"https:\/\/oponixo.shop\/tire\/wp-json\/wp\/v2\/types\/product"}],"wp:featuredmedia":[{"embeddable":true,"href":"https:\/\/oponixo.shop\/tire\/wp-json\/wp\/v2\/media\/10416"}],"wp:attachment":[{"href":"https:\/\/oponixo.shop\/tire\/wp-json\/wp\/v2\/media?parent=10415"}],"wp:term":[{"taxonomy":"product_brand","embeddable":true,"href":"https:\/\/oponixo.shop\/tire\/wp-json\/wp\/v2\/product_brand?post=10415"},{"taxonomy":"product_cat","embeddable":true,"href":"https:\/\/oponixo.shop\/tire\/wp-json\/wp\/v2\/product_cat?post=10415"},{"taxonomy":"product_tag","embeddable":true,"href":"https:\/\/oponixo.shop\/tire\/wp-json\/wp\/v2\/product_tag?post=10415"}],"curies":[{"name":"wp","href":"https:\/\/api.w.org\/{rel}","templated":true}]}}

<div style="font-family: Arial, sans-serif; line-height: 1.6; color: #333; padding: 20px; clear: both; display: block; width: 100%; float: none; position: static; overflow: hidden;">
<div style="clear: both; display: block; margin: 10px 0;">
<div style="clear: both; display: block; margin: 10px 0;">
<div style="clear: both; display: block; margin: 10px 0;">
<div  style="max-width:500px;max-height:175px">
<div style="clear: both; display: block; margin: 10px 0;">
<div style="clear: both; width: 100%; display: block; margin: 20px 0; padding: 0; float: none; position: static; text-align: center;"><img decoding="async"  src="https://a.allegroimg.com/original/11271f/5f48509d416680848cb53f5d00f2/2x-opony-zimowe-VREDESTEIN-Wintrac-Pro-255-45R18-103V-2025-Rok-produkcji-2025" srcset="https://a.allegroimg.com/original/11271f/5f48509d416680848cb53f5d00f2/2x-opony-zimowe-VREDESTEIN-Wintrac-Pro-255-45R18-103V-2025-Rok-produkcji-2025 360w,https://a.allegroimg.com/original/11271f/5f48509d416680848cb53f5d00f2/2x-opony-zimowe-VREDESTEIN-Wintrac-Pro-255-45R18-103V-2025-Rok-produkcji-2025 500w,https://a.allegroimg.com/original/11271f/5f48509d416680848cb53f5d00f2/2x-opony-zimowe-VREDESTEIN-Wintrac-Pro-255-45R18-103V-2025-Rok-produkcji-2025 500w" sizes="100vw" width="500px" alt="2x opony zimowe VREDESTEIN Wintrac Pro+ 255/45R18 103V 2025 Rok produkcji 2025"/ style="max-width: 100%; height: auto; display: block; margin: 0 auto;"></div>
</div>
</div>
</div>
</div>
</div>
<div style="clear: both; display: block; margin: 10px 0;">
<div style="clear: both; display: block; margin: 10px 0;">
<div style="clear: both; display: block; margin: 10px 0;">
<h1>zestaw 2 sztuk nowych opon zimowych</h1>
<h1>VREDESTEIN Wintrac Pro+ 255/45R18 103V</h1>
<p style="margin: 15px 0; line-height: 1.8; clear: both; display: block; width: 100%; float: none; position: static;">
</div>
</div>
</div>
<div style="clear: both; display: block; margin: 10px 0;">
<div style="clear: both; display: block; margin: 10px 0;">
<div style="clear: both; display: block; margin: 10px 0;">
<div  style="max-width:360px;max-height:600px">
<div style="clear: both; display: block; margin: 10px 0;">
<div style="clear: both; width: 100%; display: block; margin: 20px 0; padding: 0; float: none; position: static; text-align: center;"><img decoding="async"  src="https://a.allegroimg.com/original/112f1c/ee2b461e437e9a69d166ff868529/2x-opony-zimowe-VREDESTEIN-Wintrac-Pro-255-45R18-103V-2025" srcset="https://a.allegroimg.com/original/112f1c/ee2b461e437e9a69d166ff868529/2x-opony-zimowe-VREDESTEIN-Wintrac-Pro-255-45R18-103V-2025 216w,https://a.allegroimg.com/original/112f1c/ee2b461e437e9a69d166ff868529/2x-opony-zimowe-VREDESTEIN-Wintrac-Pro-255-45R18-103V-2025 360w,https://a.allegroimg.com/original/112f1c/ee2b461e437e9a69d166ff868529/2x-opony-zimowe-VREDESTEIN-Wintrac-Pro-255-45R18-103V-2025 360w" sizes="(min-width: 1200px) 560px, (min-width: 992px) 50vw, 100vw" width="360px" alt="2x opony zimowe VREDESTEIN Wintrac Pro+ 255/45R18 103V 2025"/ style="max-width: 100%; height: auto; display: block; margin: 0 auto;"></div>
</div>
</div>
</div>
</div>
<div style="clear: both; display: block; margin: 10px 0;">
<div style="clear: both; display: block; margin: 10px 0;">
<p style="margin: 15px 0; line-height: 1.8; clear: both; display: block; width: 100%; float: none; position: static;"><b>VREDESTEIN Wintrac Pro+</b> to opony <b>zimowe</b> przeznaczone do samochodów <b>osobowych</b> oraz suv-ów. Oryginalny produkt klasy <b>premium</b> renomowanej marki <b>VREDESTEIN</b>. Bezkompromisowa jakość. Przeznaczone do szerokiej gamy samochodów osobowych. Świetnie sprawdzą się zarówno w jeżdzie miejskiej jak i na autostradzie.</p>
<ul style="margin: 15px 0; padding-left: 20px; clear: both; display: block; width: 100%; float: none; position: static;">
<li style="margin: 5px 0; padding: 2px 0; clear: both; display: list-item; float: none; position: static;">rok produkcji: <b>2025</b></li>
<li style="margin: 5px 0; padding: 2px 0; clear: both; display: list-item; float: none; position: static;">opony <b>nowe</b>, oryginalne, z gwarancją</li>
<li style="margin: 5px 0; padding: 2px 0; clear: both; display: list-item; float: none; position: static;">zapewniają cichą i płynną pracę</li>
<li style="margin: 5px 0; padding: 2px 0; clear: both; display: list-item; float: none; position: static;">skutecznie niwelują wpływ nierówności na drodze na komfort jazdy</li>
<li style="margin: 5px 0; padding: 2px 0; clear: both; display: list-item; float: none; position: static;">dostosowane do dużych prędkości</li>
<li style="margin: 5px 0; padding: 2px 0; clear: both; display: list-item; float: none; position: static;">doskonała trakcja, precyzyjne sterowanie</li>
<li style="margin: 5px 0; padding: 2px 0; clear: both; display: list-item; float: none; position: static;">bieżnik zużywa się równomiernie</li>
<li style="margin: 5px 0; padding: 2px 0; clear: both; display: list-item; float: none; position: static;">znakomita przyczepność i trakcja w trudnych, zimowych warunkach</li>
<li style="margin: 5px 0; padding: 2px 0; clear: both; display: list-item; float: none; position: static;">pełna homologacja zimowa 3PMSF (opony z tym oznaczeniem muszą spełniać rygorystyczne normy dot. przyczepności i hamowania na śniegu i lodzie)</li>
<li style="margin: 5px 0; padding: 2px 0; clear: both; display: list-item; float: none; position: static;">skuteczne odprowadzanie wody i błota, system antypoślizgowy</li>
</ul>
</div>
</div>
</div>
</div>
</div>
</div>
<div style="clear: both; display: block; margin: 10px 0;">

<p>zestaw 2 sztuk nowych opon zimowych</p>
<p>VREDESTEIN Wintrac Pro+ 255/45R18 103V</p>
<p>VREDESTEIN Wintrac Pro+ to opony zimowe przeznaczone do samochodów osobowych oraz suv-ów. Oryginalny produkt klasy premium renomowanej marki VREDESTEIN. Bezkompromisowa jakość. Przeznaczone do szerokiej gamy samochodów osobowych. Świetnie sprawdzą się zarówno w jeżdzie miejskiej jak i na autostradzie.</p>
<p>rok produkcji: 2025</p>
<p>opony nowe, oryginalne, z gwarancją</p>
<p>zapewniają cichą i płynną pracę</p>
<p>skutecznie niwelują wpływ nierówności na drodze na komfort jazdy</p>
<p>dostosowane do dużych prędkości</p>

zestaw 2 sztuk nowych opon zimowych VREDESTEIN Wintrac Pro+ 255/45R18 103V VREDESTEIN Wintrac Pro+ to opony zimowe przeznaczone do samochodów osobowych oraz suv-ów. Oryginalny produkt klasy premium renomowanej marki VREDESTEIN. Bezkompromisowa jakość. Przeznaczone do szerokiej gamy samochodów osobowych. Świetnie sprawdzą się zarówno w jeżdzie miejskiej jak i na autostradzie. rok produkcji: 2025 opony nowe, oryginalne,&hellip;
