{"id":10473,"date":"2025-12-31T03:30:25","date_gmt":"2025-12-31T03:30:25","guid":{"rendered":"https:\/\/oponyexpert.shop\/xef5\/produkt\/2x-kumho-235-60r16-wintercraft-wp52-100h-3pmsf-opona-zimowa\/"},"modified":"2025-12-31T03:30:25","modified_gmt":"2025-12-31T03:30:25","slug":"2x-kumho-235-60r16-wintercraft-wp52-100h-3pmsf-opona-zimowa","status":"publish","type":"product","link":"https:\/\/oponixo.shop\/tire\/produkt\/2x-kumho-235-60r16-wintercraft-wp52-100h-3pmsf-opona-zimowa\/","title":{"rendered":"2x KUMHO 235\/60R16 WinterCraft WP52 100H 3PMSF opona Zimowa"},"content":{"rendered":"<div style=\"font-family: Arial, sans-serif; line-height: 1.6; color: #333; padding: 20px; clear: both; display: block; width: 100%; float: none; position: static; overflow: hidden;\">\n<div style=\"clear: both; display: block; margin: 10px 0;\">\n<div style=\"clear: both; display: block; margin: 10px 0;\">\n<div style=\"clear: both; display: block; margin: 10px 0;\">\n<h1>GWARANCJA DOPASOWANIA.<\/h1>\n<h1>Ka\u017cdy zakup jest weryfikowany pod k\u0105tem dopasowania felg do fabrycznej wersji Twojego samochodu.<\/h1>\n<h1>W uwagach do zam\u00f3wienia prosimy poda\u0107 mark\u0119, model, typ, rok produkcji oraz pojemno\u015b\u0107 silnika.<\/h1>\n<h1>Umo\u017cliwi to szybk\u0105 weryfikacj\u0119 dopasowania oraz sprawn\u0105 wysy\u0142k\u0119.<\/h1>\n<h1>Zam\u00f3wienia bez danych pojazdu mog\u0105 zosta\u0107 wys\u0142ane bez zestawu monta\u017cowego oraz bez gwarancji dopasowania.<\/h1>\n<\/div>\n<\/div>\n<\/div>\n<div style=\"clear: both; display: block; margin: 10px 0;\">\n<div style=\"clear: both; display: block; margin: 10px 0;\">\n<div style=\"clear: both; display: block; margin: 10px 0;\">\n<div  style=\"max-width:1900px;max-height:995px\">\n<div style=\"clear: both; display: block; margin: 10px 0;\">\n<div style=\"clear: both; width: 100%; display: block; margin: 20px 0; padding: 0; float: none; position: static; text-align: center;\"><img decoding=\"async\"  src=\"https:\/\/a.allegroimg.com\/original\/113a39\/37b17c0a4d8db82a1d1d4a24bcb6\/2x-KUMHO-235-60R16-WinterCraft-WP52-100H-3PMSF-opona-Zimowa-Marka-Kumho\" srcset=\"https:\/\/a.allegroimg.com\/original\/113a39\/37b17c0a4d8db82a1d1d4a24bcb6\/2x-KUMHO-235-60R16-WinterCraft-WP52-100H-3PMSF-opona-Zimowa-Marka-Kumho 360w,https:\/\/a.allegroimg.com\/original\/113a39\/37b17c0a4d8db82a1d1d4a24bcb6\/2x-KUMHO-235-60R16-WinterCraft-WP52-100H-3PMSF-opona-Zimowa-Marka-Kumho 720w,https:\/\/a.allegroimg.com\/original\/113a39\/37b17c0a4d8db82a1d1d4a24bcb6\/2x-KUMHO-235-60R16-WinterCraft-WP52-100H-3PMSF-opona-Zimowa-Marka-Kumho 1024w,https:\/\/a.allegroimg.com\/original\/113a39\/37b17c0a4d8db82a1d1d4a24bcb6\/2x-KUMHO-235-60R16-WinterCraft-WP52-100H-3PMSF-opona-Zimowa-Marka-Kumho 1440w,https:\/\/a.allegroimg.com\/original\/113a39\/37b17c0a4d8db82a1d1d4a24bcb6\/2x-KUMHO-235-60R16-WinterCraft-WP52-100H-3PMSF-opona-Zimowa-Marka-Kumho 1900w\" sizes=\"(min-width: 1200px) 560px, (min-width: 992px) 50vw, 100vw\" width=\"1900px\" alt=\"2x KUMHO 235\/60R16 WinterCraft WP52 100H 3PMSF opona Zimowa Marka Kumho\"\/ style=\"max-width: 100%; height: auto; display: block; margin: 0 auto;\"><\/div>\n<\/div>\n<\/div>\n<\/div>\n<\/div>\n<div style=\"clear: both; display: block; margin: 10px 0;\">\n<div style=\"clear: both; display: block; margin: 10px 0;\">\n<h1>PRZEDMIOTEM OFERTY JEST:<\/h1>\n<h1>2x KUMHO 235\/60R16 WinterCraft WP52 100H 3PMSF opona Zimowa<\/h1>\n<\/div>\n<\/div>\n<\/div>\n<div style=\"clear: both; display: block; margin: 10px 0;\">\n<div style=\"clear: both; display: block; margin: 10px 0;\">\n<div style=\"clear: both; display: block; margin: 10px 0;\">\n<div  style=\"max-width:452px;max-height:452px\">\n<div style=\"clear: both; display: block; margin: 10px 0;\">\n<div style=\"clear: both; width: 100%; display: block; margin: 20px 0; padding: 0; float: none; position: static; text-align: center;\"><img decoding=\"async\"  src=\"https:\/\/a.allegroimg.com\/original\/11cb29\/d4c5d4fe4c3aa68878152ac2ac89\/2x-KUMHO-235-60R16-WinterCraft-WP52-100H-3PMSF-opona-Zimowa\" srcset=\"https:\/\/a.allegroimg.com\/original\/11cb29\/d4c5d4fe4c3aa68878152ac2ac89\/2x-KUMHO-235-60R16-WinterCraft-WP52-100H-3PMSF-opona-Zimowa 360w,https:\/\/a.allegroimg.com\/original\/11cb29\/d4c5d4fe4c3aa68878152ac2ac89\/2x-KUMHO-235-60R16-WinterCraft-WP52-100H-3PMSF-opona-Zimowa 452w,https:\/\/a.allegroimg.com\/original\/11cb29\/d4c5d4fe4c3aa68878152ac2ac89\/2x-KUMHO-235-60R16-WinterCraft-WP52-100H-3PMSF-opona-Zimowa 452w\" sizes=\"(min-width: 1200px) 560px, (min-width: 992px) 50vw, 100vw\" width=\"452px\" alt=\"2x KUMHO 235\/60R16 WinterCraft WP52 100H 3PMSF opona Zimowa\"\/ style=\"max-width: 100%; height: auto; display: block; margin: 0 auto;\"><\/div>\n<\/div>\n<\/div>\n<\/div>\n<\/div>\n<div style=\"clear: both; display: block; margin: 10px 0;\">\n<div style=\"clear: both; display: block; margin: 10px 0;\">\n<h1>SPECYFIKACJA:<\/h1>\n<ol>\n<li style=\"margin: 5px 0; padding: 2px 0; clear: both; display: list-item; float: none; position: static;\">STAN: <b>NOWE<\/b><\/li>\n<li style=\"margin: 5px 0; padding: 2px 0; clear: both; display: list-item; float: none; position: static;\">PRODUCENT: <b>KUMHO<\/b><\/li>\n<li style=\"margin: 5px 0; padding: 2px 0; clear: both; display: list-item; float: none; position: static;\">MODEL: <b><\/b><\/li>\n<li style=\"margin: 5px 0; padding: 2px 0; clear: both; display: list-item; float: none; position: static;\">KOLOR: <b><\/b><\/li>\n<li style=\"margin: 5px 0; padding: 2px 0; clear: both; display: list-item; float: none; position: static;\">RODZAJ FELGI: <b>ALUMINIOWA<\/b><\/li>\n<li style=\"margin: 5px 0; padding: 2px 0; clear: both; display: list-item; float: none; position: static;\">CENA DOTYCZY: <b>pary (2 sztuki)<\/b><\/li>\n<li style=\"margin: 5px 0; padding: 2px 0; clear: both; display: list-item; float: none; position: static;\">SZEROKO\u015a\u0106 FELGI: <b>235<\/b><\/li>\n<li style=\"margin: 5px 0; padding: 2px 0; clear: both; display: list-item; float: none; position: static;\">\u015aREDNICA FELGI: <b>R16<\/b><\/li>\n<li style=\"margin: 5px 0; padding: 2px 0; clear: both; display: list-item; float: none; position: static;\">ROZSTAW \u015aRUB: <b><\/b><\/li>\n<li style=\"margin: 5px 0; padding: 2px 0; clear: both; display: list-item; float: none; position: static;\">OSADZENIE (ET): <b><\/b><\/li>\n<li style=\"margin: 5px 0; padding: 2px 0; clear: both; display: list-item; float: none; position: static;\">OTW\u00d3R CENTRUJ\u0104CY: <b><\/b><\/li>\n<li style=\"margin: 5px 0; padding: 2px 0; clear: both; display: list-item; float: none; position: static;\">POCHODZENIE: <b>OFICJALNY DYSTRYBUTOR W POLSCE<\/b><\/li>\n<\/ol>\n<\/div>\n<\/div>\n<\/div>\n<div style=\"clear: both; display: block; margin: 10px 0;\">\n<div style=\"clear: both; display: block; margin: 10px 0;\">\n<div style=\"clear: both; display: block; margin: 10px 0;\">\n<h1>Kupuj\u0105c nasz\u0105 ofert\u0119 otrzymacie Pa\u0144stwo:<\/h1>\n<p style=\"margin: 15px 0; line-height: 1.8; clear: both; display: block; width: 100%; float: none; position: static;\">\u25cf <b>pary (2 sztuki)<\/b> felg<\/p>\n<p style=\"margin: 15px 0; line-height: 1.8; clear: both; display: block; width: 100%; float: none; position: static;\">\u25cf <b>pary (2 sztuki)<\/b> dekielk\u00f3w z logiem producenta felg<\/p>\n<p style=\"margin: 15px 0; line-height: 1.8; clear: both; display: block; width: 100%; float: none; position: static;\">Je\u017celi producent felg przewidzia\u0142 zestaw monta\u017cowy to dodatkowo prze\u015blemy:<\/p>\n<p style=\"margin: 15px 0; line-height: 1.8; clear: both; display: block; width: 100%; float: none; position: static;\">\u25cf komplet pier\u015bcieni centruj\u0105cych<\/p>\n<p style=\"margin: 15px 0; line-height: 1.8; clear: both; display: block; width: 100%; float: none; position: static;\">\u25cf komplet \u015brub lub nakr\u0119tek monta\u017cowych<\/p>\n<p style=\"margin: 15px 0; line-height: 1.8; clear: both; display: block; width: 100%; float: none; position: static;\">* Je\u015bli felgi s\u0105 dedykowane do danego auta to znaczy, \u017ce mo\u017cna je montowa\u0107 na oryginalnym osprz\u0119cie (za pomoc\u0105 oryginalnych \u015brub\/nakr\u0119tek). Natomiast je\u015bli producent przewiduje monta\u017c w autach r\u00f3\u017cnych producent\u00f3w to opr\u00f3cz felg i dekielk\u00f3w otrzymuj\u0105 Pa\u0144stwo zestaw monta\u017cowy je\u015bli b\u0119dzie konieczny do monta\u017cu. W sk\u0142ad zestawu monta\u017cowego mog\u0105 wchodzi\u0107 \u015bruby, nakr\u0119tki i\/lub pier\u015bcienie centruj\u0105ce, w zale\u017cno\u015bci od potrzeb.<\/p>\n<\/div>\n<\/div>\n<div style=\"clear: both; display: block; margin: 10px 0;\">\n<div style=\"clear: both; display: block; margin: 10px 0;\">\n<div  style=\"max-width:600px;max-height:336px\">\n<div style=\"clear: both; display: block; margin: 10px 0;\">\n<div style=\"clear: both; width: 100%; display: block; margin: 20px 0; padding: 0; float: none; position: static; text-align: center;\"><img decoding=\"async\"  src=\"https:\/\/a.allegroimg.com\/original\/113c0e\/862dbe6540a395f702ccd2834b99\/2x-KUMHO-235-60R16-WinterCraft-WP52-100H-3PMSF-opona-Zimowa-Szerokosc-opony-235-mm\" srcset=\"https:\/\/a.allegroimg.com\/original\/113c0e\/862dbe6540a395f702ccd2834b99\/2x-KUMHO-235-60R16-WinterCraft-WP52-100H-3PMSF-opona-Zimowa-Szerokosc-opony-235-mm 360w,https:\/\/a.allegroimg.com\/original\/113c0e\/862dbe6540a395f702ccd2834b99\/2x-KUMHO-235-60R16-WinterCraft-WP52-100H-3PMSF-opona-Zimowa-Szerokosc-opony-235-mm 600w,https:\/\/a.allegroimg.com\/original\/113c0e\/862dbe6540a395f702ccd2834b99\/2x-KUMHO-235-60R16-WinterCraft-WP52-100H-3PMSF-opona-Zimowa-Szerokosc-opony-235-mm 600w\" sizes=\"(min-width: 1200px) 560px, (min-width: 992px) 50vw, 100vw\" width=\"600px\" alt=\"2x KUMHO 235\/60R16 WinterCraft WP52 100H 3PMSF opona Zimowa Szeroko\u015b\u0107 opony 235 mm\"\/ style=\"max-width: 100%; height: auto; display: block; margin: 0 auto;\"><\/div>\n<\/div>\n<\/div>\n<\/div>\n<\/div>\n<\/div>\n<div style=\"clear: both; display: block; margin: 10px 0;\">\n<div style=\"clear: both; display: block; margin: 10px 0;\">\n<div style=\"clear: both; display: block; margin: 10px 0;\">\n<h1>UBEZPIECZENIE PRZESY\u0141KI.<\/h1>\n<h1>Wszystkie przesy\u0142ki s\u0105 ubezpieczone i zabezpieczone oryginalnym opakowaniem producenta, dlatego prosimy o sprawdzenie felg pod pod k\u0105tem uszkodzenia w czasie transportu.<\/h1>\n<\/div>\n<\/div>\n<\/div>\n<\/div>\n<\/div>\n<\/div>\n<div style=\"clear: both; display: block; margin: 10px 0;\">\n","protected":false},"excerpt":{"rendered":"<p>GWARANCJA DOPASOWANIA.<\/p>\n<p>Ka\u017cdy zakup jest weryfikowany pod k\u0105tem dopasowania felg do fabrycznej wersji Twojego samochodu.<\/p>\n<p>W uwagach do zam\u00f3wienia prosimy poda\u0107 mark\u0119, model, typ, rok produkcji oraz pojemno\u015b\u0107 silnika.<\/p>\n<p>Umo\u017cliwi to szybk\u0105 weryfikacj\u0119 dopasowania oraz sprawn\u0105 wysy\u0142k\u0119.<\/p>\n<p>Zam\u00f3wienia bez danych pojazdu mog\u0105 zosta\u0107 wys\u0142ane bez zestawu monta\u017cowego oraz bez gwarancji dopasowania.<\/p>\n<p>PRZEDMIOTEM OFERTY JEST:<\/p>\n<p>2x KUMHO 235\/60R16 WinterCraft WP52 100H 3PMSF opona Zimowa<\/p>\n<p>SPECYFIKACJA:<\/p>\n","protected":false},"featured_media":10474,"template":"","meta":{"_uag_custom_page_level_css":""},"product_brand":[390],"product_cat":[414,413,412,415],"product_tag":[],"class_list":{"0":"post-10473","1":"product","2":"type-product","3":"status-publish","4":"has-post-thumbnail","6":"product_brand-kumho","7":"product_cat-do-samochodow-osobowych-i-suv","8":"product_cat-opony","9":"product_cat-opony-i-felgi","10":"product_cat-zimowe","12":"first","13":"instock","14":"sale","15":"shipping-taxable","16":"purchasable","17":"product-type-simple"},"uagb_featured_image_src":{"full":["https:\/\/oponixo.shop\/tire\/wp-content\/uploads\/2025\/12\/allegro-image-10473.jpg",452,452,false],"thumbnail":["https:\/\/oponixo.shop\/tire\/wp-content\/uploads\/2025\/12\/allegro-image-10473-150x150.jpg",150,150,true],"medium":["https:\/\/oponixo.shop\/tire\/wp-content\/uploads\/2025\/12\/allegro-image-10473-300x300.jpg",300,300,true],"medium_large":["https:\/\/oponixo.shop\/tire\/wp-content\/uploads\/2025\/12\/allegro-image-10473.jpg",452,452,false],"large":["https:\/\/oponixo.shop\/tire\/wp-content\/uploads\/2025\/12\/allegro-image-10473.jpg",452,452,false],"1536x1536":["https:\/\/oponixo.shop\/tire\/wp-content\/uploads\/2025\/12\/allegro-image-10473.jpg",452,452,false],"2048x2048":["https:\/\/oponixo.shop\/tire\/wp-content\/uploads\/2025\/12\/allegro-image-10473.jpg",452,452,false],"woocommerce_thumbnail":["https:\/\/oponixo.shop\/tire\/wp-content\/uploads\/2025\/12\/allegro-image-10473-300x300.jpg",300,300,true],"woocommerce_single":["https:\/\/oponixo.shop\/tire\/wp-content\/uploads\/2025\/12\/allegro-image-10473.jpg",452,452,false],"woocommerce_gallery_thumbnail":["https:\/\/oponixo.shop\/tire\/wp-content\/uploads\/2025\/12\/allegro-image-10473-100x100.jpg",100,100,true]},"uagb_author_info":{"display_name":"admin","author_link":"https:\/\/oponixo.shop\/tire\/author\/"},"uagb_comment_info":0,"uagb_excerpt":"GWARANCJA DOPASOWANIA. Ka\u017cdy zakup jest weryfikowany pod k\u0105tem dopasowania felg do fabrycznej wersji Twojego samochodu. W uwagach do zam\u00f3wienia prosimy poda\u0107 mark\u0119, model, typ, rok produkcji oraz pojemno\u015b\u0107 silnika. Umo\u017cliwi to szybk\u0105 weryfikacj\u0119 dopasowania oraz sprawn\u0105 wysy\u0142k\u0119. Zam\u00f3wienia bez danych pojazdu mog\u0105 zosta\u0107 wys\u0142ane bez zestawu monta\u017cowego oraz bez gwarancji dopasowania. PRZEDMIOTEM OFERTY JEST: 2x&hellip;","_links":{"self":[{"href":"https:\/\/oponixo.shop\/tire\/wp-json\/wp\/v2\/product\/10473","targetHints":{"allow":["GET"]}}],"collection":[{"href":"https:\/\/oponixo.shop\/tire\/wp-json\/wp\/v2\/product"}],"about":[{"href":"https:\/\/oponixo.shop\/tire\/wp-json\/wp\/v2\/types\/product"}],"wp:featuredmedia":[{"embeddable":true,"href":"https:\/\/oponixo.shop\/tire\/wp-json\/wp\/v2\/media\/10474"}],"wp:attachment":[{"href":"https:\/\/oponixo.shop\/tire\/wp-json\/wp\/v2\/media?parent=10473"}],"wp:term":[{"taxonomy":"product_brand","embeddable":true,"href":"https:\/\/oponixo.shop\/tire\/wp-json\/wp\/v2\/product_brand?post=10473"},{"taxonomy":"product_cat","embeddable":true,"href":"https:\/\/oponixo.shop\/tire\/wp-json\/wp\/v2\/product_cat?post=10473"},{"taxonomy":"product_tag","embeddable":true,"href":"https:\/\/oponixo.shop\/tire\/wp-json\/wp\/v2\/product_tag?post=10473"}],"curies":[{"name":"wp","href":"https:\/\/api.w.org\/{rel}","templated":true}]}}