{"id":10643,"date":"2025-12-31T03:31:11","date_gmt":"2025-12-31T03:31:11","guid":{"rendered":"https:\/\/oponyexpert.shop\/xef5\/produkt\/2-opony-zimowe-235-40r18-95w-yokohama-bluearth-v905\/"},"modified":"2025-12-31T03:31:11","modified_gmt":"2025-12-31T03:31:11","slug":"2-opony-zimowe-235-40r18-95w-yokohama-bluearth-v905","status":"publish","type":"product","link":"https:\/\/oponixo.shop\/tire\/produkt\/2-opony-zimowe-235-40r18-95w-yokohama-bluearth-v905\/","title":{"rendered":"2 opony zimowe 235\/40R18 95W YOKOHAMA BluEarth V905"},"content":{"rendered":"<div style=\"font-family: Arial, sans-serif; line-height: 1.6; color: #333; padding: 20px; clear: both; display: block; width: 100%; float: none; position: static; overflow: hidden;\">\n<div style=\"clear: both; display: block; margin: 10px 0;\">\n<div style=\"clear: both; display: block; margin: 10px 0;\">\n<div style=\"clear: both; display: block; margin: 10px 0;\">\n<ul style=\"margin: 15px 0; padding-left: 20px; clear: both; display: block; width: 100%; float: none; position: static;\">\n<li style=\"margin: 5px 0; padding: 2px 0; clear: both; display: list-item; float: none; position: static;\">MARKA\/MODEL: <b>YOKOHAMA BluEarth Winter V905<\/b><\/li>\n<li style=\"margin: 5px 0; padding: 2px 0; clear: both; display: list-item; float: none; position: static;\">ROZMIAR OPON: <b> 235\/40R18<\/b><\/li>\n<li style=\"margin: 5px 0; padding: 2px 0; clear: both; display: list-item; float: none; position: static;\">INDEKS PR\u0118DKO\u015aCI: <b>W<\/b><\/li>\n<li style=\"margin: 5px 0; padding: 2px 0; clear: both; display: list-item; float: none; position: static;\">INDEKS NO\u015aNO\u015aCI: <b>95 XL<\/b><\/li>\n<li style=\"margin: 5px 0; padding: 2px 0; clear: both; display: list-item; float: none; position: static;\">DATA PRODUKCJI: <b>nie starsze ni\u017c marzec 2025<\/b><\/li>\n<li style=\"margin: 5px 0; padding: 2px 0; clear: both; display: list-item; float: none; position: static;\">SEZON: <b>Zimowe<\/b><\/li>\n<li style=\"margin: 5px 0; padding: 2px 0; clear: both; display: list-item; float: none; position: static;\">STAN: <b>Nowy<\/b><\/li>\n<li style=\"margin: 5px 0; padding: 2px 0; clear: both; display: list-item; float: none; position: static;\">RANT OCHRONNY NA FELG\u0118: <b>TAK<\/b><\/li>\n<li style=\"margin: 5px 0; padding: 2px 0; clear: both; display: list-item; float: none; position: static;\">DODATKOWE OZNACZENIA: <\/li>\n<\/ul>\n<p style=\"margin: 15px 0; line-height: 1.8; clear: both; display: block; width: 100%; float: none; position: static;\"><b>Yokohama <\/b>w zimowym bie\u017cniku <b>BluEarth Winter V905<\/b> jest propozycj\u0105 z p\u00f3\u0142ki <b>premium<\/b>, przeznaczon\u0105 do aut osobowych \u015brednich i wysokich osi\u0105g\u00f3w. Posiada nowoczesny, <b>kierunkowy <\/b>wz\u00f3r bie\u017cnika. Opona zapewnia <b>optymalne <\/b>osi\u0105gi na o\u015bnie\u017conych i oblodzonych nawierzchniach ju\u017c od samego pocz\u0105tku u\u017cytkowania. Szerokie rowki sko\u015bne i rowki pionowe o r\u00f3\u017cnych k\u0105tach zapewniaj\u0105 lepsz\u0105 <b>stabilno\u015b\u0107 <\/b>opony w pionie, przy takich manewrach jak <b>skr\u0119canie <\/b>i wychodzenie z po\u015blizgu. Zygzakowate rowki obwodowe oraz potr\u00f3jne <b>lamele 3D i 2D<\/b> gwarantuj\u0105 doskona\u0142y <b>drena\u017c <\/b>podczas jazdy po \u015bniegu i<b> b\u0142ocie po\u015bniegowym<\/b>. Opona nie poddaje si\u0119 <b>aquaplaningowi <\/b>na mokrych i zab\u0142oconych nawierzchniach dzi\u0119ki technologii <b>see-through<\/b>. Obni\u017cone opory toczenia przyczyniaj\u0105 si\u0119 do <b>oszcz\u0119dno\u015bci paliwa<\/b> i <b>ekologii<\/b>. Zaawansowana mieszanka <b>nano-BLEND<\/b> z dodatkiem olejku pomara\u0144czowego zapewnia <b>wytrzyma\u0142o\u015b\u0107 <\/b>i <b>d\u0142ugie przebiegi<\/b>. Je\u015bli nie akceptujesz kompromis\u00f3w w kwestii <b>bezpiecze\u0144stwa<\/b>, a tak\u017ce cenisz <b>komfortow\u0105 <\/b>jazd\u0119 i d\u0142ugie przebiegi to BluEarth Winter V905 jest doskona\u0142ym wyborem.<\/p>\n<\/div>\n<\/div>\n<div style=\"clear: both; display: block; margin: 10px 0;\">\n<div style=\"clear: both; display: block; margin: 10px 0;\">\n<div  style=\"max-width:733px;max-height:1109px\">\n<div style=\"clear: both; display: block; margin: 10px 0;\">\n<div style=\"clear: both; width: 100%; display: block; margin: 20px 0; padding: 0; float: none; position: static; text-align: center;\"><img decoding=\"async\"  src=\"https:\/\/a.allegroimg.com\/original\/1135ab\/3f3ce15142e2bdd46d4098961aee\/2-opony-zimowe-235-40R18-95W-YOKOHAMA-BluEarth-V905\" srcset=\"https:\/\/a.allegroimg.com\/original\/1135ab\/3f3ce15142e2bdd46d4098961aee\/2-opony-zimowe-235-40R18-95W-YOKOHAMA-BluEarth-V905 237w,https:\/\/a.allegroimg.com\/original\/1135ab\/3f3ce15142e2bdd46d4098961aee\/2-opony-zimowe-235-40R18-95W-YOKOHAMA-BluEarth-V905 475w,https:\/\/a.allegroimg.com\/original\/1135ab\/3f3ce15142e2bdd46d4098961aee\/2-opony-zimowe-235-40R18-95W-YOKOHAMA-BluEarth-V905 676w,https:\/\/a.allegroimg.com\/original\/1135ab\/3f3ce15142e2bdd46d4098961aee\/2-opony-zimowe-235-40R18-95W-YOKOHAMA-BluEarth-V905 733w,https:\/\/a.allegroimg.com\/original\/1135ab\/3f3ce15142e2bdd46d4098961aee\/2-opony-zimowe-235-40R18-95W-YOKOHAMA-BluEarth-V905 733w\" sizes=\"(min-width: 1200px) 560px, (min-width: 992px) 50vw, 100vw\" width=\"733px\" alt=\"2 opony zimowe 235\/40R18 95W YOKOHAMA BluEarth V905\"\/ style=\"max-width: 100%; height: auto; display: block; margin: 0 auto;\"><\/div>\n<\/div>\n<\/div>\n<\/div>\n<\/div>\n<\/div>\n<div style=\"clear: both; display: block; margin: 10px 0;\">\n<div style=\"clear: both; display: block; margin: 10px 0;\">\n<div style=\"clear: both; display: block; margin: 10px 0;\">\n<div  style=\"max-width:213px;max-height:312px\">\n<div style=\"clear: both; display: block; margin: 10px 0;\">\n<div style=\"clear: both; width: 100%; display: block; margin: 20px 0; padding: 0; float: none; position: static; text-align: center;\"><img decoding=\"async\"  src=\"https:\/\/a.allegroimg.com\/original\/11517c\/8bc530dd4ba899e5f0fbe5baefe0\/2-opony-zimowe-235-40R18-95W-YOKOHAMA-BluEarth-V905-Liczba-opon-w-ofercie-2-szt\" srcset=\"https:\/\/a.allegroimg.com\/original\/11517c\/8bc530dd4ba899e5f0fbe5baefe0\/2-opony-zimowe-235-40R18-95W-YOKOHAMA-BluEarth-V905-Liczba-opon-w-ofercie-2-szt 213w,https:\/\/a.allegroimg.com\/original\/11517c\/8bc530dd4ba899e5f0fbe5baefe0\/2-opony-zimowe-235-40R18-95W-YOKOHAMA-BluEarth-V905-Liczba-opon-w-ofercie-2-szt 213w\" sizes=\"100vw\" width=\"213px\" alt=\"2 opony zimowe 235\/40R18 95W YOKOHAMA BluEarth V905 Liczba opon w ofercie 2 szt.\"\/ style=\"max-width: 100%; height: auto; display: block; margin: 0 auto;\"><\/div>\n<\/div>\n<\/div>\n<\/div>\n<\/div>\n<\/div>\n<div style=\"clear: both; display: block; margin: 10px 0;\">\n<div style=\"clear: both; display: block; margin: 10px 0;\">\n<div style=\"clear: both; display: block; margin: 10px 0;\">\n<div  style=\"max-width:987px;max-height:298px\">\n<div style=\"clear: both; display: block; margin: 10px 0;\">\n<div style=\"clear: both; width: 100%; display: block; margin: 20px 0; padding: 0; float: none; position: static; text-align: center;\"><img decoding=\"async\"  src=\"https:\/\/a.allegroimg.com\/original\/11f25d\/ef772a0f4e279a02116a5c17507f\/2-opony-zimowe-235-40R18-95W-YOKOHAMA-BluEarth-V905-Rok-produkcji-2025\" srcset=\"https:\/\/a.allegroimg.com\/original\/11f25d\/ef772a0f4e279a02116a5c17507f\/2-opony-zimowe-235-40R18-95W-YOKOHAMA-BluEarth-V905-Rok-produkcji-2025 360w,https:\/\/a.allegroimg.com\/original\/11f25d\/ef772a0f4e279a02116a5c17507f\/2-opony-zimowe-235-40R18-95W-YOKOHAMA-BluEarth-V905-Rok-produkcji-2025 720w,https:\/\/a.allegroimg.com\/original\/11f25d\/ef772a0f4e279a02116a5c17507f\/2-opony-zimowe-235-40R18-95W-YOKOHAMA-BluEarth-V905-Rok-produkcji-2025 987w,https:\/\/a.allegroimg.com\/original\/11f25d\/ef772a0f4e279a02116a5c17507f\/2-opony-zimowe-235-40R18-95W-YOKOHAMA-BluEarth-V905-Rok-produkcji-2025 987w\" sizes=\"(min-width: 1200px) 560px, (min-width: 992px) 50vw, 100vw\" width=\"987px\" alt=\"2 opony zimowe 235\/40R18 95W YOKOHAMA BluEarth V905 Rok produkcji 2025\"\/ style=\"max-width: 100%; height: auto; display: block; margin: 0 auto;\"><\/div>\n<\/div>\n<\/div>\n<\/div>\n<\/div>\n<div style=\"clear: both; display: block; margin: 10px 0;\">\n<div style=\"clear: both; display: block; margin: 10px 0;\">\n<p style=\"margin: 15px 0; line-height: 1.8; clear: both; display: block; width: 100%; float: none; position: static;\"><b>Yokohama Rubber Co<\/b>. jest si\u00f3dmym pod wzgl\u0119dem wielko\u015bci producentem opon na \u015bwiecie. Za\u0142o\u017cony w 1917 r. japo\u0144ski koncern produkuje opony do samochod\u00f3w osobowych, terenowych, sportowych, dostawczych, ci\u0119\u017carowych, autobus\u00f3w, maszyn budowlanych i przemys\u0142owych oraz do samolot\u00f3w. Opony produkowane s\u0105 w 13 fabrykach, w 7 krajach. Yokohama szczeg\u00f3ln\u0105 rol\u0119 k\u0142adzie na rozw\u00f3j i badania, zatrudniaj\u0105c oko\u0142o 1000 os\u00f3b w Centrach Badawczo Rozwojowych i wydaj\u0105c na ten cel ponad 100 mln dolar\u00f3w rocznie. Opony Yokohama plasuj\u0105 si\u0119 w segmencie premium i s\u0105 szczeg\u00f3lnie doceniane przez u\u017cytkownik\u00f3w samochod\u00f3w sportowych, wysokich osi\u0105g\u00f3w a zaspokojenie ich potrzeb jest r\u00f3wnie\u017c strategi\u0105 produkcyjn\u0105 koncernu.<\/p>\n<\/div>\n<\/div>\n<\/div>\n<div style=\"clear: both; display: block; margin: 10px 0;\">\n<div style=\"clear: both; display: block; margin: 10px 0;\">\n<div style=\"clear: both; display: block; margin: 10px 0;\">\n<div  style=\"max-width:450px;max-height:600px\">\n<div style=\"clear: both; display: block; margin: 10px 0;\">\n<div style=\"clear: both; width: 100%; display: block; margin: 20px 0; padding: 0; float: none; position: static; text-align: center;\"><img decoding=\"async\"  src=\"https:\/\/a.allegroimg.com\/original\/11b43c\/9ed2ce544d03957dcc2b24a9a22b\/2-opony-zimowe-235-40R18-95W-YOKOHAMA-BluEarth-V905-Marka-Yokohama\" srcset=\"https:\/\/a.allegroimg.com\/original\/11b43c\/9ed2ce544d03957dcc2b24a9a22b\/2-opony-zimowe-235-40R18-95W-YOKOHAMA-BluEarth-V905-Marka-Yokohama 270w,https:\/\/a.allegroimg.com\/original\/11b43c\/9ed2ce544d03957dcc2b24a9a22b\/2-opony-zimowe-235-40R18-95W-YOKOHAMA-BluEarth-V905-Marka-Yokohama 450w,https:\/\/a.allegroimg.com\/original\/11b43c\/9ed2ce544d03957dcc2b24a9a22b\/2-opony-zimowe-235-40R18-95W-YOKOHAMA-BluEarth-V905-Marka-Yokohama 450w\" sizes=\"100vw\" width=\"450px\" alt=\"2 opony zimowe 235\/40R18 95W YOKOHAMA BluEarth V905 Marka Yokohama\"\/ style=\"max-width: 100%; height: auto; display: block; margin: 0 auto;\"><\/div>\n<\/div>\n<\/div>\n<\/div>\n<\/div>\n<\/div>\n<div style=\"clear: both; display: block; margin: 10px 0;\">\n<div style=\"clear: both; display: block; margin: 10px 0;\">\n<div style=\"clear: both; display: block; margin: 10px 0;\">\n<h2>Na naszych innych aukcjach Allegro znajdziesz felgi stalowe i aluminiowe, czujniki (TPMS) oraz \u015bruby i nakr\u0119tki.<\/h2>\n<\/div>\n<\/div>\n<\/div>\n<\/div>\n<\/div>\n<\/div>\n<div style=\"clear: both; display: block; margin: 10px 0;\">\n","protected":false},"excerpt":{"rendered":"<p>MARKA\/MODEL: YOKOHAMA BluEarth Winter V905<\/p>\n<p>ROZMIAR OPON: 235\/40R18<\/p>\n<p>INDEKS PR\u0118DKO\u015aCI: W<\/p>\n<p>INDEKS NO\u015aNO\u015aCI: 95 XL<\/p>\n<p>DATA PRODUKCJI: nie starsze ni\u017c marzec 2025<\/p>\n<p>SEZON: Zimowe<\/p>\n<p>STAN: Nowy<\/p>\n<p>RANT OCHRONNY NA FELG\u0118: TAK<\/p>\n","protected":false},"featured_media":10644,"template":"","meta":{"_uag_custom_page_level_css":""},"product_brand":[410],"product_cat":[414,413,412,415],"product_tag":[],"class_list":{"0":"post-10643","1":"product","2":"type-product","3":"status-publish","4":"has-post-thumbnail","6":"product_brand-yokohama","7":"product_cat-do-samochodow-osobowych-i-suv","8":"product_cat-opony","9":"product_cat-opony-i-felgi","10":"product_cat-zimowe","12":"first","13":"instock","14":"sale","15":"shipping-taxable","16":"purchasable","17":"product-type-simple"},"uagb_featured_image_src":{"full":["https:\/\/oponixo.shop\/tire\/wp-content\/uploads\/2025\/12\/allegro-image-10643.jpg",733,1109,false],"thumbnail":["https:\/\/oponixo.shop\/tire\/wp-content\/uploads\/2025\/12\/allegro-image-10643-150x150.jpg",150,150,true],"medium":["https:\/\/oponixo.shop\/tire\/wp-content\/uploads\/2025\/12\/allegro-image-10643-198x300.jpg",198,300,true],"medium_large":["https:\/\/oponixo.shop\/tire\/wp-content\/uploads\/2025\/12\/allegro-image-10643.jpg",733,1109,false],"large":["https:\/\/oponixo.shop\/tire\/wp-content\/uploads\/2025\/12\/allegro-image-10643-677x1024.jpg",677,1024,true],"1536x1536":["https:\/\/oponixo.shop\/tire\/wp-content\/uploads\/2025\/12\/allegro-image-10643.jpg",733,1109,false],"2048x2048":["https:\/\/oponixo.shop\/tire\/wp-content\/uploads\/2025\/12\/allegro-image-10643.jpg",733,1109,false],"woocommerce_thumbnail":["https:\/\/oponixo.shop\/tire\/wp-content\/uploads\/2025\/12\/allegro-image-10643-300x300.jpg",300,300,true],"woocommerce_single":["https:\/\/oponixo.shop\/tire\/wp-content\/uploads\/2025\/12\/allegro-image-10643-600x908.jpg",600,908,true],"woocommerce_gallery_thumbnail":["https:\/\/oponixo.shop\/tire\/wp-content\/uploads\/2025\/12\/allegro-image-10643-100x100.jpg",100,100,true]},"uagb_author_info":{"display_name":"admin","author_link":"https:\/\/oponixo.shop\/tire\/author\/"},"uagb_comment_info":0,"uagb_excerpt":"MARKA\/MODEL: YOKOHAMA BluEarth Winter V905 ROZMIAR OPON: 235\/40R18 INDEKS PR\u0118DKO\u015aCI: W INDEKS NO\u015aNO\u015aCI: 95 XL DATA PRODUKCJI: nie starsze ni\u017c marzec 2025 SEZON: Zimowe STAN: Nowy RANT OCHRONNY NA FELG\u0118: TAK","_links":{"self":[{"href":"https:\/\/oponixo.shop\/tire\/wp-json\/wp\/v2\/product\/10643","targetHints":{"allow":["GET"]}}],"collection":[{"href":"https:\/\/oponixo.shop\/tire\/wp-json\/wp\/v2\/product"}],"about":[{"href":"https:\/\/oponixo.shop\/tire\/wp-json\/wp\/v2\/types\/product"}],"wp:featuredmedia":[{"embeddable":true,"href":"https:\/\/oponixo.shop\/tire\/wp-json\/wp\/v2\/media\/10644"}],"wp:attachment":[{"href":"https:\/\/oponixo.shop\/tire\/wp-json\/wp\/v2\/media?parent=10643"}],"wp:term":[{"taxonomy":"product_brand","embeddable":true,"href":"https:\/\/oponixo.shop\/tire\/wp-json\/wp\/v2\/product_brand?post=10643"},{"taxonomy":"product_cat","embeddable":true,"href":"https:\/\/oponixo.shop\/tire\/wp-json\/wp\/v2\/product_cat?post=10643"},{"taxonomy":"product_tag","embeddable":true,"href":"https:\/\/oponixo.shop\/tire\/wp-json\/wp\/v2\/product_tag?post=10643"}],"curies":[{"name":"wp","href":"https:\/\/api.w.org\/{rel}","templated":true}]}}