{"id":10786,"date":"2025-12-31T03:31:31","date_gmt":"2025-12-31T03:31:31","guid":{"rendered":"https:\/\/oponyexpert.shop\/xef5\/produkt\/2x-michelin-225-60r16-alpin-6-102h-2025-2\/"},"modified":"2025-12-31T03:31:31","modified_gmt":"2025-12-31T03:31:31","slug":"2x-michelin-225-60r16-alpin-6-102h-2025-2","status":"publish","type":"product","link":"https:\/\/oponixo.shop\/tire\/produkt\/2x-michelin-225-60r16-alpin-6-102h-2025-2\/","title":{"rendered":"2x Michelin 225\/60R16 ALPIN 6 102H 2025"},"content":{"rendered":"<div style=\"font-family: Arial, sans-serif; line-height: 1.6; color: #333; padding: 20px; clear: both; display: block; width: 100%; float: none; position: static; overflow: hidden;\">\n<div style=\"clear: both; display: block; margin: 10px 0;\">\n<div style=\"clear: both; display: block; margin: 10px 0;\">\n<div style=\"clear: both; display: block; margin: 10px 0;\">\n<h2>2x Michelin 225\/60R16 ALPIN 6 102H 2025<\/h2>\n<p style=\"margin: 15px 0; line-height: 1.8; clear: both; display: block; width: 100%; float: none; position: static;\">Michelin<\/p>\n<h2>Opona w testach<\/h2>\n<ul style=\"margin: 15px 0; padding-left: 20px; clear: both; display: block; width: 100%; float: none; position: static;\">\n<li style=\"margin: 5px 0; padding: 2px 0; clear: both; display: list-item; float: none; position: static;\"><b>Motor 11-2019<\/b>: Wysoki margines bezpiecze\u0144stwa we wszystkich warunkach. W po\u015blizg wchodzi bardzo p\u0142ynnie bez gwa\u0142townego zerwania przyczepno\u015bci.<\/li>\n<li style=\"margin: 5px 0; padding: 2px 0; clear: both; display: list-item; float: none; position: static;\"><b>Motor 11-2020<\/b>: Michelin Alpin 6 uzyskuje bardzo dobre w konkurencjach na \u015bniegu. Na suchej i mokrej nawierzchni praktycznie nie odstaje od zajmuj\u0105cych wy\u017csze lokaty konkurent\u00f3w. Zapewnia przewidywalne prowadzenie we wszystkich warunkach i wysoki poziom bezpiecze\u0144stwa jazdy. Jest przy tym cicha i komfortowa.<\/li>\n<li style=\"margin: 5px 0; padding: 2px 0; clear: both; display: list-item; float: none; position: static;\"><b>AUTOmoto 12-2020<\/b>: Pi\u0105te miejsce w te\u015bcie Parametry na sucho, 84\/100 pkt<\/li>\n<li style=\"margin: 5px 0; padding: 2px 0; clear: both; display: list-item; float: none; position: static;\"><b>Auto \u015awiat 10-2019<\/b>: Tytu\u0142 Eko-Mistrza 2019. Wzorowa opona zimowa o topowych osi\u0105gach na \u015bniegu i mokrej drodze, niska podatno\u015b\u0107 na aquaplaning. Dobra precyzja prowadzenia, kr\u00f3tkie drogi hamowania na mokrym, wysoki komfort i najlepszy stosunek trwa\u0142o\u015bci do ceny.<\/li>\n<li style=\"margin: 5px 0; padding: 2px 0; clear: both; display: list-item; float: none; position: static;\"><b>Auto \u015awiat 10-2020<\/b>: Ocena wzorowa w te\u015bcie \u2013 Dzi\u0119ki nim zima przestaje by\u0107 gro\u017ana \u2013 Auto \u015awiat, pa\u017adziernik 2020<\/li>\n<li style=\"margin: 5px 0; padding: 2px 0; clear: both; display: list-item; float: none; position: static;\"><b>Auto \u015awiat 10-2021<\/b>: Wzorowa 2021.<br \/>\nOpony zimowe klasy premium o zr\u00f3wnowa\u017conych w\u0142a\u015bciwo\u015bciach jezdnych, dobre wyniki w pr\u00f3bach zimowych, precyzyjne prowadzenie, wysoka trwa\u0142o\u015b\u0107. <\/li>\n<li style=\"margin: 5px 0; padding: 2px 0; clear: both; display: list-item; float: none; position: static;\"><b>Auto Motor i Sport 11-2019<\/b>: Bezpieczna w zakr\u0119tach na mokrej jezdni, dobra wsp\u00f3\u0142praca z uk\u0142adami regulacji dynamiki jazdy.<\/li>\n<li style=\"margin: 5px 0; padding: 2px 0; clear: both; display: list-item; float: none; position: static;\"><b>Auto Motor i Sport 11-2020<\/b>: Przyczepna w zakr\u0119tach na \u015bniegu, dobre zachowanie na mokrej nawierzchni. Na suchym opona \u0142atwa do opanowania i wyr\u00f3\u017cniaj\u0105ca si\u0119 kr\u00f3tk\u0105 drog\u0105 hamowania. Cicha.<\/li>\n<\/ul>\n<\/div>\n<\/div>\n<\/div>\n<div style=\"clear: both; display: block; margin: 10px 0;\">\n<div style=\"clear: both; display: block; margin: 10px 0;\">\n<div style=\"clear: both; display: block; margin: 10px 0;\">\n<div  style=\"max-width:500px;max-height:500px\">\n<div style=\"clear: both; display: block; margin: 10px 0;\">\n<div style=\"clear: both; width: 100%; display: block; margin: 20px 0; padding: 0; float: none; position: static; text-align: center;\"><img decoding=\"async\"  src=\"https:\/\/a.allegroimg.com\/original\/113463\/4f4fa9f04ac7bd28b81fd1a97e22\/2x-Michelin-225-60R16-ALPIN-6-102H-2025\" srcset=\"https:\/\/a.allegroimg.com\/original\/113463\/4f4fa9f04ac7bd28b81fd1a97e22\/2x-Michelin-225-60R16-ALPIN-6-102H-2025 360w,https:\/\/a.allegroimg.com\/original\/113463\/4f4fa9f04ac7bd28b81fd1a97e22\/2x-Michelin-225-60R16-ALPIN-6-102H-2025 500w,https:\/\/a.allegroimg.com\/original\/113463\/4f4fa9f04ac7bd28b81fd1a97e22\/2x-Michelin-225-60R16-ALPIN-6-102H-2025 500w\" sizes=\"100vw\" width=\"500px\" alt=\"2x Michelin 225\/60R16 ALPIN 6 102H 2025\"\/ style=\"max-width: 100%; height: auto; display: block; margin: 0 auto;\"><\/div>\n<\/div>\n<\/div>\n<\/div>\n<\/div>\n<\/div>\n<\/div>\n<\/div>\n<\/div>\n<div style=\"clear: both; display: block; margin: 10px 0;\">\n","protected":false},"excerpt":{"rendered":"<p>2x Michelin 225\/60R16 ALPIN 6 102H 2025<\/p>\n<p>Michelin<\/p>\n<p>Opona w testach<\/p>\n<p>Motor 11-2019: Wysoki margines bezpiecze\u0144stwa we wszystkich warunkach. W po\u015blizg wchodzi bardzo p\u0142ynnie bez gwa\u0142townego zerwania przyczepno\u015bci.<\/p>\n<p>Motor 11-2020: Michelin Alpin 6 uzyskuje bardzo dobre w konkurencjach na \u015bniegu. Na suchej i mokrej nawierzchni praktycznie nie odstaje od zajmuj\u0105cych wy\u017csze lokaty konkurent\u00f3w. Zapewnia przewidywalne prowadzenie we wszystkich warunkach i wysoki poziom bezpiecze\u0144stwa jazdy. Jest przy tym cicha i komfortowa.<\/p>\n<p>AUTOmoto 12-2020: Pi\u0105te miejsce w te\u015bcie Parametry na sucho, 84\/100 pkt<\/p>\n","protected":false},"featured_media":10787,"template":"","meta":{"_uag_custom_page_level_css":""},"product_brand":[429],"product_cat":[414,413,412,415],"product_tag":[],"class_list":{"0":"post-10786","1":"product","2":"type-product","3":"status-publish","4":"has-post-thumbnail","6":"product_brand-michelin","7":"product_cat-do-samochodow-osobowych-i-suv","8":"product_cat-opony","9":"product_cat-opony-i-felgi","10":"product_cat-zimowe","12":"first","13":"instock","14":"sale","15":"shipping-taxable","16":"purchasable","17":"product-type-simple"},"uagb_featured_image_src":{"full":["https:\/\/oponixo.shop\/tire\/wp-content\/uploads\/2025\/12\/allegro-image-10786.jpg",500,500,false],"thumbnail":["https:\/\/oponixo.shop\/tire\/wp-content\/uploads\/2025\/12\/allegro-image-10786-150x150.jpg",150,150,true],"medium":["https:\/\/oponixo.shop\/tire\/wp-content\/uploads\/2025\/12\/allegro-image-10786-300x300.jpg",300,300,true],"medium_large":["https:\/\/oponixo.shop\/tire\/wp-content\/uploads\/2025\/12\/allegro-image-10786.jpg",500,500,false],"large":["https:\/\/oponixo.shop\/tire\/wp-content\/uploads\/2025\/12\/allegro-image-10786.jpg",500,500,false],"1536x1536":["https:\/\/oponixo.shop\/tire\/wp-content\/uploads\/2025\/12\/allegro-image-10786.jpg",500,500,false],"2048x2048":["https:\/\/oponixo.shop\/tire\/wp-content\/uploads\/2025\/12\/allegro-image-10786.jpg",500,500,false],"woocommerce_thumbnail":["https:\/\/oponixo.shop\/tire\/wp-content\/uploads\/2025\/12\/allegro-image-10786-300x300.jpg",300,300,true],"woocommerce_single":["https:\/\/oponixo.shop\/tire\/wp-content\/uploads\/2025\/12\/allegro-image-10786.jpg",500,500,false],"woocommerce_gallery_thumbnail":["https:\/\/oponixo.shop\/tire\/wp-content\/uploads\/2025\/12\/allegro-image-10786-100x100.jpg",100,100,true]},"uagb_author_info":{"display_name":"admin","author_link":"https:\/\/oponixo.shop\/tire\/author\/"},"uagb_comment_info":0,"uagb_excerpt":"2x Michelin 225\/60R16 ALPIN 6 102H 2025 Michelin Opona w testach Motor 11-2019: Wysoki margines bezpiecze\u0144stwa we wszystkich warunkach. W po\u015blizg wchodzi bardzo p\u0142ynnie bez gwa\u0142townego zerwania przyczepno\u015bci. Motor 11-2020: Michelin Alpin 6 uzyskuje bardzo dobre w konkurencjach na \u015bniegu. Na suchej i mokrej nawierzchni praktycznie nie odstaje od zajmuj\u0105cych wy\u017csze lokaty konkurent\u00f3w. Zapewnia przewidywalne&hellip;","_links":{"self":[{"href":"https:\/\/oponixo.shop\/tire\/wp-json\/wp\/v2\/product\/10786","targetHints":{"allow":["GET"]}}],"collection":[{"href":"https:\/\/oponixo.shop\/tire\/wp-json\/wp\/v2\/product"}],"about":[{"href":"https:\/\/oponixo.shop\/tire\/wp-json\/wp\/v2\/types\/product"}],"wp:featuredmedia":[{"embeddable":true,"href":"https:\/\/oponixo.shop\/tire\/wp-json\/wp\/v2\/media\/10787"}],"wp:attachment":[{"href":"https:\/\/oponixo.shop\/tire\/wp-json\/wp\/v2\/media?parent=10786"}],"wp:term":[{"taxonomy":"product_brand","embeddable":true,"href":"https:\/\/oponixo.shop\/tire\/wp-json\/wp\/v2\/product_brand?post=10786"},{"taxonomy":"product_cat","embeddable":true,"href":"https:\/\/oponixo.shop\/tire\/wp-json\/wp\/v2\/product_cat?post=10786"},{"taxonomy":"product_tag","embeddable":true,"href":"https:\/\/oponixo.shop\/tire\/wp-json\/wp\/v2\/product_tag?post=10786"}],"curies":[{"name":"wp","href":"https:\/\/api.w.org\/{rel}","templated":true}]}}