{"id":10817,"date":"2025-12-31T03:31:40","date_gmt":"2025-12-31T03:31:40","guid":{"rendered":"https:\/\/oponyexpert.shop\/xef5\/produkt\/2x-continental-245-50r18wintercontact-ts-830-p-104v-mo-2025\/"},"modified":"2025-12-31T03:31:40","modified_gmt":"2025-12-31T03:31:40","slug":"2x-continental-245-50r18wintercontact-ts-830-p-104v-mo-2025","status":"publish","type":"product","link":"https:\/\/oponixo.shop\/tire\/produkt\/2x-continental-245-50r18wintercontact-ts-830-p-104v-mo-2025\/","title":{"rendered":"2x Continental 245\/50R18WINTERCONTACT TS 830 P 104V MO 2025"},"content":{"rendered":"<div style=\"font-family: Arial, sans-serif; line-height: 1.6; color: #333; padding: 20px; clear: both; display: block; width: 100%; float: none; position: static; overflow: hidden;\">\n<div style=\"clear: both; display: block; margin: 10px 0;\">\n<div style=\"clear: both; display: block; margin: 10px 0;\">\n<div style=\"clear: both; display: block; margin: 10px 0;\">\n<h2>2x Continental 245\/50R18WINTERCONTACT TS 830 P 104V MO 2025<\/h2>\n<p style=\"margin: 15px 0; line-height: 1.8; clear: both; display: block; width: 100%; float: none; position: static;\">Continental<\/p>\n<p style=\"margin: 15px 0; line-height: 1.8; clear: both; display: block; width: 100%; float: none; position: static;\"><b>Continental WinterContact 830 P<\/b>\u00a0to opona zimowa klasy premium. Jest przeznaczona do samochod\u00f3w osobowych i samochod\u00f3w typu SUV.<\/p>\n<p style=\"margin: 15px 0; line-height: 1.8; clear: both; display: block; width: 100%; float: none; position: static;\">Opona posiada asymetryczny bie\u017cnik. Takie rozwi\u0105zanie pozwala na uzyskanie zr\u00f3wnowa\u017conych osi\u0105g\u00f3w na za\u015bnie\u017conej i mokrej drodze.<\/p>\n<h3 style=\"color: #2c5aa0; font-size: 18px; margin: 30px 0 15px 0; font-weight: bold; clear: both; display: block; width: 100%; float: none; position: static;\">Zoptymalizowany wz\u00f3r bie\u017cnika zapewnia odpowiedni komfort w czasie jazdy i gwarantuje wysokie przebiegi.<\/h3>\n<p style=\"margin: 15px 0; line-height: 1.8; clear: both; display: block; width: 100%; float: none; position: static;\"><b>Za stabiln\u0105 i przyczepn\u0105 jazd\u0119 na \u015bniegu odpowiada du\u017ca liczba zimowych lameli.\u00a0<\/b>Opona &#8222;wgryza&#8221; si\u0119 w \u015bnieg i zapewnia dobr\u0105 trakcj\u0119 na \u015bniegu.<\/p>\n<p style=\"margin: 15px 0; line-height: 1.8; clear: both; display: block; width: 100%; float: none; position: static;\">Mieszanka gumowa bogata w krzemionk\u0119 zapewnia odpowiedni\u0105 elastyczno\u015b\u0107 przy niskich temperaturach.<\/p>\n<p style=\"margin: 15px 0; line-height: 1.8; clear: both; display: block; width: 100%; float: none; position: static;\">Opona\u00a0<b>Continental WinterContact 830 P<\/b>\u00a0to doskona\u0142e rozwi\u0105zanie dla Klient\u00f3w, kt\u00f3rzy ceni\u0105 sobie zr\u00f3wnowa\u017cone osi\u0105gi w trudnych zimowych warunkach.<\/p>\n<p style=\"margin: 15px 0; line-height: 1.8; clear: both; display: block; width: 100%; float: none; position: static;\"><b>Co trzeci nowo wyprodukowany samoch\u00f3d wyje\u017cd\u017ca z salonu na poziomach Contnental. Continental na pierwszy monta\u017c dostarcza opony takim koncernom jak: <\/b>Volkswagen, BMW, Audi, Alfa Romeo, Jaguar, Land Rover, Maserati, Mercedes, Porsche, Polestar, Tesla, Volvo, Rolls-Royce, Renault, Hyundai.\u00a0<\/p>\n<p style=\"margin: 15px 0; line-height: 1.8; clear: both; display: block; width: 100%; float: none; position: static;\">Firma Continental powsta\u0142 w Hanover w 1871 roku jako sp\u00f3\u0142ka akcyjna &#8222;Continental-Caoutchouc- und Gutta-Percha Compagnie&#8221;. Produkcja w g\u0142\u00f3wnej fabryce w Hanover obejmowa\u0142a mi\u0119kkie wyroby gumowe, gumowane tkaniny i solidne opony do w\u00f3zk\u00f3w i rower\u00f3w.<\/p>\n<p style=\"margin: 15px 0; line-height: 1.8; clear: both; display: block; width: 100%; float: none; position: static;\"><b>Producenci wchodz\u0105cy w sk\u0142ad Grupy Bridgestone:<\/b> Barum, Semperit, Uniroyal, Viking, General Tire, Matador.\u00a0\u00a0<\/p>\n<p style=\"margin: 15px 0; line-height: 1.8; clear: both; display: block; width: 100%; float: none; position: static;\">Dzisiaj Continental jest jednym z pi\u0119ciu najwi\u0119kszych dostawc\u00f3w motoryzacyjnych na \u015bwiecie. Jako dostawca uk\u0142ad\u00f3w hamulcowych, system\u00f3w i komponent\u00f3w do uk\u0142ad\u00f3w nap\u0119dowych i podwozi, oprzyrz\u0105dowania, rozwi\u0105za\u0144 informacyjno-rozrywkowych, elektroniki pojazdowej, opon i elastomer\u00f3w technicznych, Continental przyczynia si\u0119 do poprawy bezpiecze\u0144stwa jazdy i globalnej ochrony klimatu. Continental jest tak\u017ce kompetentnym partnerem w komunikacji sieciowej w samochodach.<\/p>\n<p style=\"margin: 15px 0; line-height: 1.8; clear: both; display: block; width: 100%; float: none; position: static;\">Continental nie skupia si\u0119 wy\u0142\u0105cznie na produkcji opon do samochod\u00f3w osobowych. Jest tak\u017ce wiod\u0105cym dostawc\u0105 ogumienia do pojazd\u00f3w ci\u0119\u017carowych, u\u017cytkowych i autobus\u00f3w. W ostatnich latach koncern konsekwentnie rozwija si\u0119 w kierunku inteligentnych technologii dla transportu. Opracowuje zaawansowane rozwi\u0105zania wspieraj\u0105ce automatyzacj\u0119 i autonomizacj\u0119 jazdy. Opony przysz\u0142o\u015bci wed\u0142ug Continental maj\u0105 by\u0107 w pe\u0142ni zintegrowane z systemami samochodu \u2013 maj\u0105 nie tylko sygnalizowa\u0107 ewentualne spadki ci\u015bnienia czy usterki, ale tak\u017ce przesy\u0142a\u0107 do systemu istotne informacje, m.in. dotycz\u0105ce stanu i rodzaju nawierzchni.<\/p>\n<p style=\"margin: 15px 0; line-height: 1.8; clear: both; display: block; width: 100%; float: none; position: static;\">\u00a0<\/p>\n<p style=\"margin: 15px 0; line-height: 1.8; clear: both; display: block; width: 100%; float: none; position: static;\">\u00a0<\/p>\n<\/div>\n<\/div>\n<\/div>\n<div style=\"clear: both; display: block; margin: 10px 0;\">\n<div style=\"clear: both; display: block; margin: 10px 0;\">\n<div style=\"clear: both; display: block; margin: 10px 0;\">\n<div  style=\"max-width:500px;max-height:500px\">\n<div style=\"clear: both; display: block; margin: 10px 0;\">\n<div style=\"clear: both; width: 100%; display: block; margin: 20px 0; padding: 0; float: none; position: static; text-align: center;\"><img decoding=\"async\"  src=\"https:\/\/a.allegroimg.com\/original\/119663\/9764b7ac42239ce7346477c143e6\/2x-Continental-245-50R18WINTERCONTACT-TS-830-P-104V-MO-2025\" srcset=\"https:\/\/a.allegroimg.com\/original\/119663\/9764b7ac42239ce7346477c143e6\/2x-Continental-245-50R18WINTERCONTACT-TS-830-P-104V-MO-2025 360w,https:\/\/a.allegroimg.com\/original\/119663\/9764b7ac42239ce7346477c143e6\/2x-Continental-245-50R18WINTERCONTACT-TS-830-P-104V-MO-2025 500w,https:\/\/a.allegroimg.com\/original\/119663\/9764b7ac42239ce7346477c143e6\/2x-Continental-245-50R18WINTERCONTACT-TS-830-P-104V-MO-2025 500w\" sizes=\"(min-width: 1200px) 560px, (min-width: 992px) 50vw, 100vw\" width=\"500px\" alt=\"2x Continental 245\/50R18WINTERCONTACT TS 830 P 104V MO 2025\"\/ style=\"max-width: 100%; height: auto; display: block; margin: 0 auto;\"><\/div>\n<\/div>\n<\/div>\n<\/div>\n<\/div>\n<div style=\"clear: both; display: block; margin: 10px 0;\">\n<div style=\"clear: both; display: block; margin: 10px 0;\">\n<ul style=\"margin: 15px 0; padding-left: 20px; clear: both; display: block; width: 100%; float: none; position: static;\">\n<li style=\"margin: 5px 0; padding: 2px 0; clear: both; display: list-item; float: none; position: static;\"><b>nazwaszablon:<\/b> <\/li>\n<li style=\"margin: 5px 0; padding: 2px 0; clear: both; display: list-item; float: none; position: static;\"><b>Marka:<\/b> Continental<\/li>\n<li style=\"margin: 5px 0; padding: 2px 0; clear: both; display: list-item; float: none; position: static;\"><b>Liczba opon w ofercie:<\/b> 2 szt.<\/li>\n<li style=\"margin: 5px 0; padding: 2px 0; clear: both; display: list-item; float: none; position: static;\"><b>Bie\u017cnikowane:<\/b> Nie<\/li>\n<li style=\"margin: 5px 0; padding: 2px 0; clear: both; display: list-item; float: none; position: static;\"><b>Run flat:<\/b> Nie<\/li>\n<li style=\"margin: 5px 0; padding: 2px 0; clear: both; display: list-item; float: none; position: static;\"><b>Waga produktu z opakowaniem jednostkowym:<\/b> 18<\/li>\n<li style=\"margin: 5px 0; padding: 2px 0; clear: both; display: list-item; float: none; position: static;\"><b>Sezon:<\/b> Zimowe<\/li>\n<li style=\"margin: 5px 0; padding: 2px 0; clear: both; display: list-item; float: none; position: static;\"><b>Model:<\/b> ContiWinterContact TS 830 P<\/li>\n<li style=\"margin: 5px 0; padding: 2px 0; clear: both; display: list-item; float: none; position: static;\"><b>Szeroko\u015b\u0107 opony:<\/b> 245 mm<\/li>\n<li style=\"margin: 5px 0; padding: 2px 0; clear: both; display: list-item; float: none; position: static;\"><b>Profil opony:<\/b> 50<\/li>\n<li style=\"margin: 5px 0; padding: 2px 0; clear: both; display: list-item; float: none; position: static;\"><b>\u015arednica:<\/b> 18&#8243;<\/li>\n<li style=\"margin: 5px 0; padding: 2px 0; clear: both; display: list-item; float: none; position: static;\"><b>Indeks no\u015bno\u015bci:<\/b> 104 &#8211; 900 kg<\/li>\n<li style=\"margin: 5px 0; padding: 2px 0; clear: both; display: list-item; float: none; position: static;\"><b>Indeks pr\u0119dko\u015bci:<\/b> V do 240 km\/h<\/li>\n<li style=\"margin: 5px 0; padding: 2px 0; clear: both; display: list-item; float: none; position: static;\"><b>Przyczepno\u015b\u0107 na mokrej nawierzchni:<\/b> Klasa C<\/li>\n<li style=\"margin: 5px 0; padding: 2px 0; clear: both; display: list-item; float: none; position: static;\"><b>Op\u00f3r toczenia:<\/b> Klasa D<\/li>\n<li style=\"margin: 5px 0; padding: 2px 0; clear: both; display: list-item; float: none; position: static;\"><b>Ha\u0142as zewn\u0119trzny:<\/b> 72 dB<\/li>\n<li style=\"margin: 5px 0; padding: 2px 0; clear: both; display: list-item; float: none; position: static;\"><b>Informacje dodatkowe:<\/b> wzmocnienie (XL)<\/li>\n<li style=\"margin: 5px 0; padding: 2px 0; clear: both; display: list-item; float: none; position: static;\"><b>Rok produkcji:<\/b> 2025<\/li>\n<li style=\"margin: 5px 0; padding: 2px 0; clear: both; display: list-item; float: none; position: static;\"><b>SKU:<\/b> 03531810000<\/li>\n<li style=\"margin: 5px 0; padding: 2px 0; clear: both; display: list-item; float: none; position: static;\"><b>EAN:<\/b> 4019238510386<\/li>\n<li style=\"margin: 5px 0; padding: 2px 0; clear: both; display: list-item; float: none; position: static;\"><b>Rok produkcji (DOT):<\/b> <b>2025<\/b><\/li>\n<li style=\"margin: 5px 0; padding: 2px 0; clear: both; display: list-item; float: none; position: static;\"><b>Stan:<\/b> Nowy<\/li>\n<li style=\"margin: 5px 0; padding: 2px 0; clear: both; display: list-item; float: none; position: static;\"><b>VAT:<\/b> 23<\/li>\n<\/ul>\n<\/div>\n<\/div>\n<\/div>\n<\/div>\n<\/div>\n<\/div>\n<div style=\"clear: both; display: block; margin: 10px 0;\">\n","protected":false},"excerpt":{"rendered":"<p>2x Continental 245\/50R18WINTERCONTACT TS 830 P 104V MO 2025<\/p>\n<p>Continental<\/p>\n<p>Continental WinterContact 830 P\u00a0to opona zimowa klasy premium. Jest przeznaczona do samochod\u00f3w osobowych i samochod\u00f3w typu SUV.<\/p>\n<p>Opona posiada asymetryczny bie\u017cnik. Takie rozwi\u0105zanie pozwala na uzyskanie zr\u00f3wnowa\u017conych osi\u0105g\u00f3w na za\u015bnie\u017conej i mokrej drodze.<\/p>\n<p>Zoptymalizowany wz\u00f3r bie\u017cnika zapewnia odpowiedni komfort w czasie jazdy i gwarantuje wysokie przebiegi.<\/p>\n<p>Za stabiln\u0105 i przyczepn\u0105 jazd\u0119 na \u015bniegu odpowiada du\u017ca liczba zimowych lameli.\u00a0Opona &quot;wgryza&quot; si\u0119 w \u015bnieg i zapewnia dobr\u0105 trakcj\u0119 na \u015bniegu.<\/p>\n","protected":false},"featured_media":10819,"template":"","meta":{"_uag_custom_page_level_css":""},"product_brand":[396],"product_cat":[414,413,412,415],"product_tag":[],"class_list":{"0":"post-10817","1":"product","2":"type-product","3":"status-publish","4":"has-post-thumbnail","6":"product_brand-continental","7":"product_cat-do-samochodow-osobowych-i-suv","8":"product_cat-opony","9":"product_cat-opony-i-felgi","10":"product_cat-zimowe","12":"first","13":"instock","14":"sale","15":"shipping-taxable","16":"purchasable","17":"product-type-simple"},"uagb_featured_image_src":{"full":["https:\/\/oponixo.shop\/tire\/wp-content\/uploads\/2025\/12\/allegro-image-10817.jpg",500,500,false],"thumbnail":["https:\/\/oponixo.shop\/tire\/wp-content\/uploads\/2025\/12\/allegro-image-10817-150x150.jpg",150,150,true],"medium":["https:\/\/oponixo.shop\/tire\/wp-content\/uploads\/2025\/12\/allegro-image-10817-300x300.jpg",300,300,true],"medium_large":["https:\/\/oponixo.shop\/tire\/wp-content\/uploads\/2025\/12\/allegro-image-10817.jpg",500,500,false],"large":["https:\/\/oponixo.shop\/tire\/wp-content\/uploads\/2025\/12\/allegro-image-10817.jpg",500,500,false],"1536x1536":["https:\/\/oponixo.shop\/tire\/wp-content\/uploads\/2025\/12\/allegro-image-10817.jpg",500,500,false],"2048x2048":["https:\/\/oponixo.shop\/tire\/wp-content\/uploads\/2025\/12\/allegro-image-10817.jpg",500,500,false],"woocommerce_thumbnail":["https:\/\/oponixo.shop\/tire\/wp-content\/uploads\/2025\/12\/allegro-image-10817-300x300.jpg",300,300,true],"woocommerce_single":["https:\/\/oponixo.shop\/tire\/wp-content\/uploads\/2025\/12\/allegro-image-10817.jpg",500,500,false],"woocommerce_gallery_thumbnail":["https:\/\/oponixo.shop\/tire\/wp-content\/uploads\/2025\/12\/allegro-image-10817-100x100.jpg",100,100,true]},"uagb_author_info":{"display_name":"admin","author_link":"https:\/\/oponixo.shop\/tire\/author\/"},"uagb_comment_info":0,"uagb_excerpt":"2x Continental 245\/50R18WINTERCONTACT TS 830 P 104V MO 2025 Continental Continental WinterContact 830 P\u00a0to opona zimowa klasy premium. Jest przeznaczona do samochod\u00f3w osobowych i samochod\u00f3w typu SUV. Opona posiada asymetryczny bie\u017cnik. Takie rozwi\u0105zanie pozwala na uzyskanie zr\u00f3wnowa\u017conych osi\u0105g\u00f3w na za\u015bnie\u017conej i mokrej drodze. Zoptymalizowany wz\u00f3r bie\u017cnika zapewnia odpowiedni komfort w czasie jazdy i gwarantuje wysokie&hellip;","_links":{"self":[{"href":"https:\/\/oponixo.shop\/tire\/wp-json\/wp\/v2\/product\/10817","targetHints":{"allow":["GET"]}}],"collection":[{"href":"https:\/\/oponixo.shop\/tire\/wp-json\/wp\/v2\/product"}],"about":[{"href":"https:\/\/oponixo.shop\/tire\/wp-json\/wp\/v2\/types\/product"}],"wp:featuredmedia":[{"embeddable":true,"href":"https:\/\/oponixo.shop\/tire\/wp-json\/wp\/v2\/media\/10819"}],"wp:attachment":[{"href":"https:\/\/oponixo.shop\/tire\/wp-json\/wp\/v2\/media?parent=10817"}],"wp:term":[{"taxonomy":"product_brand","embeddable":true,"href":"https:\/\/oponixo.shop\/tire\/wp-json\/wp\/v2\/product_brand?post=10817"},{"taxonomy":"product_cat","embeddable":true,"href":"https:\/\/oponixo.shop\/tire\/wp-json\/wp\/v2\/product_cat?post=10817"},{"taxonomy":"product_tag","embeddable":true,"href":"https:\/\/oponixo.shop\/tire\/wp-json\/wp\/v2\/product_tag?post=10817"}],"curies":[{"name":"wp","href":"https:\/\/api.w.org\/{rel}","templated":true}]}}