{"id":10922,"date":"2025-12-31T03:31:55","date_gmt":"2025-12-31T03:31:55","guid":{"rendered":"https:\/\/oponyexpert.shop\/xef5\/produkt\/2x-opony-caloroczne-vredestein-quatrac-pro-255-50r20-109y-xl-rant-2025-2\/"},"modified":"2025-12-31T03:31:55","modified_gmt":"2025-12-31T03:31:55","slug":"2x-opony-caloroczne-vredestein-quatrac-pro-255-50r20-109y-xl-rant-2025-2","status":"publish","type":"product","link":"https:\/\/oponixo.shop\/tire\/produkt\/2x-opony-caloroczne-vredestein-quatrac-pro-255-50r20-109y-xl-rant-2025-2\/","title":{"rendered":"2x opony ca\u0142oroczne Vredestein Quatrac Pro+ 255\/50R20 109Y XL rant 2025"},"content":{"rendered":"<div style=\"font-family: Arial, sans-serif; line-height: 1.6; color: #333; padding: 20px; clear: both; display: block; width: 100%; float: none; position: static; overflow: hidden;\">\n<div style=\"clear: both; display: block; margin: 10px 0;\">\n<div style=\"clear: both; display: block; margin: 10px 0;\">\n<div style=\"clear: both; display: block; margin: 10px 0;\">\n<div  style=\"max-width:500px;max-height:175px\">\n<div style=\"clear: both; display: block; margin: 10px 0;\">\n<div style=\"clear: both; width: 100%; display: block; margin: 20px 0; padding: 0; float: none; position: static; text-align: center;\"><img decoding=\"async\"  src=\"https:\/\/a.allegroimg.com\/original\/11271f\/5f48509d416680848cb53f5d00f2\/2x-opony-caloroczne-Vredestein-Quatrac-Pro-255-50R20-109Y-XL-rant-2025-Rok-produkcji-2025\" srcset=\"https:\/\/a.allegroimg.com\/original\/11271f\/5f48509d416680848cb53f5d00f2\/2x-opony-caloroczne-Vredestein-Quatrac-Pro-255-50R20-109Y-XL-rant-2025-Rok-produkcji-2025 360w,https:\/\/a.allegroimg.com\/original\/11271f\/5f48509d416680848cb53f5d00f2\/2x-opony-caloroczne-Vredestein-Quatrac-Pro-255-50R20-109Y-XL-rant-2025-Rok-produkcji-2025 500w,https:\/\/a.allegroimg.com\/original\/11271f\/5f48509d416680848cb53f5d00f2\/2x-opony-caloroczne-Vredestein-Quatrac-Pro-255-50R20-109Y-XL-rant-2025-Rok-produkcji-2025 500w\" sizes=\"100vw\" width=\"500px\" alt=\"2x opony ca\u0142oroczne Vredestein Quatrac Pro+ 255\/50R20 109Y XL rant 2025 Rok produkcji 2025\"\/ style=\"max-width: 100%; height: auto; display: block; margin: 0 auto;\"><\/div>\n<\/div>\n<\/div>\n<\/div>\n<\/div>\n<\/div>\n<div style=\"clear: both; display: block; margin: 10px 0;\">\n<div style=\"clear: both; display: block; margin: 10px 0;\">\n<div style=\"clear: both; display: block; margin: 10px 0;\">\n<h1>zestaw 2 sztuk nowych opon ca\u0142orocznych<\/h1>\n<h1>Vredestein Quatrac Pro+ 255\/50R20 109Y XL FSL<\/h1>\n<p style=\"margin: 15px 0; line-height: 1.8; clear: both; display: block; width: 100%; float: none; position: static;\">\n<\/div>\n<\/div>\n<\/div>\n<div style=\"clear: both; display: block; margin: 10px 0;\">\n<div style=\"clear: both; display: block; margin: 10px 0;\">\n<div style=\"clear: both; display: block; margin: 10px 0;\">\n<div  style=\"max-width:371px;max-height:599px\">\n<div style=\"clear: both; display: block; margin: 10px 0;\">\n<div style=\"clear: both; width: 100%; display: block; margin: 20px 0; padding: 0; float: none; position: static; text-align: center;\"><img decoding=\"async\"  src=\"https:\/\/a.allegroimg.com\/original\/1103fc\/bfaf12d343dcbd10ae92995e013c\/2x-opony-caloroczne-Vredestein-Quatrac-Pro-255-50R20-109Y-XL-rant-2025\" srcset=\"https:\/\/a.allegroimg.com\/original\/1103fc\/bfaf12d343dcbd10ae92995e013c\/2x-opony-caloroczne-Vredestein-Quatrac-Pro-255-50R20-109Y-XL-rant-2025 222w,https:\/\/a.allegroimg.com\/original\/1103fc\/bfaf12d343dcbd10ae92995e013c\/2x-opony-caloroczne-Vredestein-Quatrac-Pro-255-50R20-109Y-XL-rant-2025 371w,https:\/\/a.allegroimg.com\/original\/1103fc\/bfaf12d343dcbd10ae92995e013c\/2x-opony-caloroczne-Vredestein-Quatrac-Pro-255-50R20-109Y-XL-rant-2025 371w\" sizes=\"(min-width: 1200px) 560px, (min-width: 992px) 50vw, 100vw\" width=\"371px\" alt=\"2x opony ca\u0142oroczne Vredestein Quatrac Pro+ 255\/50R20 109Y XL rant 2025\"\/ style=\"max-width: 100%; height: auto; display: block; margin: 0 auto;\"><\/div>\n<\/div>\n<\/div>\n<\/div>\n<\/div>\n<div style=\"clear: both; display: block; margin: 10px 0;\">\n<div style=\"clear: both; display: block; margin: 10px 0;\">\n<p style=\"margin: 15px 0; line-height: 1.8; clear: both; display: block; width: 100%; float: none; position: static;\"><b>Vredestein Quatrac Pro+<\/b> to opony <b>ca\u0142oroczne<\/b> przeznaczone do samochod\u00f3w typu <b>SUV<\/b>. Oryginalny produkt klasy <b>premium<\/b> renomowanej marki <b>Vredestein<\/b>. Bezkompromisowa jako\u015b\u0107. Produkt klasy UHP (Ultra High Performace) do suv-\u00f3w o wysokich osi\u0105gach, przeznaczone dla kierowc\u00f3w preferuj\u0105cych dynamiczny styl jazdy.<\/p>\n<ul style=\"margin: 15px 0; padding-left: 20px; clear: both; display: block; width: 100%; float: none; position: static;\">\n<li style=\"margin: 5px 0; padding: 2px 0; clear: both; display: list-item; float: none; position: static;\">rok produkcji: <b>2025<\/b><\/li>\n<li style=\"margin: 5px 0; padding: 2px 0; clear: both; display: list-item; float: none; position: static;\">opony <b>nowe<\/b>, oryginalne, z gwarancj\u0105<\/li>\n<li style=\"margin: 5px 0; padding: 2px 0; clear: both; display: list-item; float: none; position: static;\"><b>FSL<\/b> &#8211; opony posiadaj\u0105 rant chroni\u0105cy felg\u0119<\/li>\n<li style=\"margin: 5px 0; padding: 2px 0; clear: both; display: list-item; float: none; position: static;\">opony wzmocnione <b>XL<\/b><\/li>\n<li style=\"margin: 5px 0; padding: 2px 0; clear: both; display: list-item; float: none; position: static;\">komfortowa, cicha praca<\/li>\n<li style=\"margin: 5px 0; padding: 2px 0; clear: both; display: list-item; float: none; position: static;\">doskona\u0142a trakcja, precyzyjne sterowanie &#8211; r\u00f3wnie\u017c przy du\u017cych pr\u0119dko\u015bciach<\/li>\n<li style=\"margin: 5px 0; padding: 2px 0; clear: both; display: list-item; float: none; position: static;\">d\u0142ugie przebiegi<\/li>\n<li style=\"margin: 5px 0; padding: 2px 0; clear: both; display: list-item; float: none; position: static;\">bie\u017cnik zu\u017cywa si\u0119 r\u00f3wnomiernie<\/li>\n<li style=\"margin: 5px 0; padding: 2px 0; clear: both; display: list-item; float: none; position: static;\">kr\u00f3tka droga hamowania i skuteczne sterowanie w ka\u017cdych warunkach pogodowych, przez ca\u0142y rok<\/li>\n<li style=\"margin: 5px 0; padding: 2px 0; clear: both; display: list-item; float: none; position: static;\">homologacja zimowa 3PMSF &#8211; opona w pe\u0142ni ca\u0142oroczna, doskonale sprawdzi si\u0119 zar\u00f3wno zim\u0105 jak i w lecie<\/li>\n<li style=\"margin: 5px 0; padding: 2px 0; clear: both; display: list-item; float: none; position: static;\">bardzo dobre odprowadzanie wody<\/li>\n<li style=\"margin: 5px 0; padding: 2px 0; clear: both; display: list-item; float: none; position: static;\">zabezpiecznie przed po\u015blizgiem na wodzie (aquaplaning)<\/li>\n<\/ul>\n<\/div>\n<\/div>\n<\/div>\n<div style=\"clear: both; display: block; margin: 10px 0;\">\n<div style=\"clear: both; display: block; margin: 10px 0;\">\n<div style=\"clear: both; display: block; margin: 10px 0;\">\n<div  style=\"max-width:480px;max-height:733px\">\n<div style=\"clear: both; display: block; margin: 10px 0;\">\n<div style=\"clear: both; width: 100%; display: block; margin: 20px 0; padding: 0; float: none; position: static; text-align: center;\"><img decoding=\"async\"  src=\"https:\/\/a.allegroimg.com\/original\/11554a\/00a1eb734191869413ae81808f23\/2x-opony-caloroczne-Vredestein-Quatrac-Pro-255-50R20-109Y-XL-rant-2025-Liczba-opon-w-ofercie-2-szt\" srcset=\"https:\/\/a.allegroimg.com\/original\/11554a\/00a1eb734191869413ae81808f23\/2x-opony-caloroczne-Vredestein-Quatrac-Pro-255-50R20-109Y-XL-rant-2025-Liczba-opon-w-ofercie-2-szt 235w,https:\/\/a.allegroimg.com\/original\/11554a\/00a1eb734191869413ae81808f23\/2x-opony-caloroczne-Vredestein-Quatrac-Pro-255-50R20-109Y-XL-rant-2025-Liczba-opon-w-ofercie-2-szt 471w,https:\/\/a.allegroimg.com\/original\/11554a\/00a1eb734191869413ae81808f23\/2x-opony-caloroczne-Vredestein-Quatrac-Pro-255-50R20-109Y-XL-rant-2025-Liczba-opon-w-ofercie-2-szt 480w,https:\/\/a.allegroimg.com\/original\/11554a\/00a1eb734191869413ae81808f23\/2x-opony-caloroczne-Vredestein-Quatrac-Pro-255-50R20-109Y-XL-rant-2025-Liczba-opon-w-ofercie-2-szt 480w\" sizes=\"100vw\" width=\"480px\" alt=\"2x opony ca\u0142oroczne Vredestein Quatrac Pro+ 255\/50R20 109Y XL rant 2025 Liczba opon w ofercie 2 szt.\"\/ style=\"max-width: 100%; height: auto; display: block; margin: 0 auto;\"><\/div>\n<\/div>\n<\/div>\n<\/div>\n<\/div>\n<\/div>\n<\/div>\n<\/div>\n<\/div>\n<div style=\"clear: both; display: block; margin: 10px 0;\">\n","protected":false},"excerpt":{"rendered":"<p>zestaw 2 sztuk nowych opon ca\u0142orocznych<\/p>\n<p>Vredestein Quatrac Pro+ 255\/50R20 109Y XL FSL<\/p>\n<p>Vredestein Quatrac Pro+ to opony ca\u0142oroczne przeznaczone do samochod\u00f3w typu SUV. Oryginalny produkt klasy premium renomowanej marki Vredestein. Bezkompromisowa jako\u015b\u0107. Produkt klasy UHP (Ultra High Performace) do suv-\u00f3w o wysokich osi\u0105gach, przeznaczone dla kierowc\u00f3w preferuj\u0105cych dynamiczny styl jazdy.<\/p>\n<p>rok produkcji: 2025<\/p>\n<p>opony nowe, oryginalne, z gwarancj\u0105<\/p>\n<p>FSL &#8211; opony posiadaj\u0105 rant chroni\u0105cy felg\u0119<\/p>\n<p>opony wzmocnione XL<\/p>\n<p>komfortowa, cicha praca<\/p>\n","protected":false},"featured_media":10924,"template":"","meta":{"_uag_custom_page_level_css":""},"product_brand":[436],"product_cat":[416,414,413,412],"product_tag":[],"class_list":{"0":"post-10922","1":"product","2":"type-product","3":"status-publish","4":"has-post-thumbnail","6":"product_brand-vredestein","7":"product_cat-caloroczne","8":"product_cat-do-samochodow-osobowych-i-suv","9":"product_cat-opony","10":"product_cat-opony-i-felgi","12":"first","13":"instock","14":"sale","15":"shipping-taxable","16":"purchasable","17":"product-type-simple"},"uagb_featured_image_src":{"full":["https:\/\/oponixo.shop\/tire\/wp-content\/uploads\/2025\/12\/allegro-image-10922.jpg",371,599,false],"thumbnail":["https:\/\/oponixo.shop\/tire\/wp-content\/uploads\/2025\/12\/allegro-image-10922-150x150.jpg",150,150,true],"medium":["https:\/\/oponixo.shop\/tire\/wp-content\/uploads\/2025\/12\/allegro-image-10922-186x300.jpg",186,300,true],"medium_large":["https:\/\/oponixo.shop\/tire\/wp-content\/uploads\/2025\/12\/allegro-image-10922.jpg",371,599,false],"large":["https:\/\/oponixo.shop\/tire\/wp-content\/uploads\/2025\/12\/allegro-image-10922.jpg",371,599,false],"1536x1536":["https:\/\/oponixo.shop\/tire\/wp-content\/uploads\/2025\/12\/allegro-image-10922.jpg",371,599,false],"2048x2048":["https:\/\/oponixo.shop\/tire\/wp-content\/uploads\/2025\/12\/allegro-image-10922.jpg",371,599,false],"woocommerce_thumbnail":["https:\/\/oponixo.shop\/tire\/wp-content\/uploads\/2025\/12\/allegro-image-10922-300x300.jpg",300,300,true],"woocommerce_single":["https:\/\/oponixo.shop\/tire\/wp-content\/uploads\/2025\/12\/allegro-image-10922.jpg",371,599,false],"woocommerce_gallery_thumbnail":["https:\/\/oponixo.shop\/tire\/wp-content\/uploads\/2025\/12\/allegro-image-10922-100x100.jpg",100,100,true]},"uagb_author_info":{"display_name":"admin","author_link":"https:\/\/oponixo.shop\/tire\/author\/"},"uagb_comment_info":0,"uagb_excerpt":"zestaw 2 sztuk nowych opon ca\u0142orocznych Vredestein Quatrac Pro+ 255\/50R20 109Y XL FSL Vredestein Quatrac Pro+ to opony ca\u0142oroczne przeznaczone do samochod\u00f3w typu SUV. Oryginalny produkt klasy premium renomowanej marki Vredestein. Bezkompromisowa jako\u015b\u0107. Produkt klasy UHP (Ultra High Performace) do suv-\u00f3w o wysokich osi\u0105gach, przeznaczone dla kierowc\u00f3w preferuj\u0105cych dynamiczny styl jazdy. rok produkcji: 2025 opony&hellip;","_links":{"self":[{"href":"https:\/\/oponixo.shop\/tire\/wp-json\/wp\/v2\/product\/10922","targetHints":{"allow":["GET"]}}],"collection":[{"href":"https:\/\/oponixo.shop\/tire\/wp-json\/wp\/v2\/product"}],"about":[{"href":"https:\/\/oponixo.shop\/tire\/wp-json\/wp\/v2\/types\/product"}],"wp:featuredmedia":[{"embeddable":true,"href":"https:\/\/oponixo.shop\/tire\/wp-json\/wp\/v2\/media\/10924"}],"wp:attachment":[{"href":"https:\/\/oponixo.shop\/tire\/wp-json\/wp\/v2\/media?parent=10922"}],"wp:term":[{"taxonomy":"product_brand","embeddable":true,"href":"https:\/\/oponixo.shop\/tire\/wp-json\/wp\/v2\/product_brand?post=10922"},{"taxonomy":"product_cat","embeddable":true,"href":"https:\/\/oponixo.shop\/tire\/wp-json\/wp\/v2\/product_cat?post=10922"},{"taxonomy":"product_tag","embeddable":true,"href":"https:\/\/oponixo.shop\/tire\/wp-json\/wp\/v2\/product_tag?post=10922"}],"curies":[{"name":"wp","href":"https:\/\/api.w.org\/{rel}","templated":true}]}}

2x opony całoroczne Vredestein Quatrac Pro+ 255/50R20 109Y XL rant 2025

<div style="font-family: Arial, sans-serif; line-height: 1.6; color: #333; padding: 20px; clear: both; display: block; width: 100%; float: none; position: static; overflow: hidden;">
<div style="clear: both; display: block; margin: 10px 0;">
<div style="clear: both; display: block; margin: 10px 0;">
<div style="clear: both; display: block; margin: 10px 0;">
<div  style="max-width:500px;max-height:175px">
<div style="clear: both; display: block; margin: 10px 0;">
<div style="clear: both; width: 100%; display: block; margin: 20px 0; padding: 0; float: none; position: static; text-align: center;"><img decoding="async"  src="https://a.allegroimg.com/original/11271f/5f48509d416680848cb53f5d00f2/2x-opony-caloroczne-Vredestein-Quatrac-Pro-255-50R20-109Y-XL-rant-2025-Rok-produkcji-2025" srcset="https://a.allegroimg.com/original/11271f/5f48509d416680848cb53f5d00f2/2x-opony-caloroczne-Vredestein-Quatrac-Pro-255-50R20-109Y-XL-rant-2025-Rok-produkcji-2025 360w,https://a.allegroimg.com/original/11271f/5f48509d416680848cb53f5d00f2/2x-opony-caloroczne-Vredestein-Quatrac-Pro-255-50R20-109Y-XL-rant-2025-Rok-produkcji-2025 500w,https://a.allegroimg.com/original/11271f/5f48509d416680848cb53f5d00f2/2x-opony-caloroczne-Vredestein-Quatrac-Pro-255-50R20-109Y-XL-rant-2025-Rok-produkcji-2025 500w" sizes="100vw" width="500px" alt="2x opony całoroczne Vredestein Quatrac Pro+ 255/50R20 109Y XL rant 2025 Rok produkcji 2025"/ style="max-width: 100%; height: auto; display: block; margin: 0 auto;"></div>
</div>
</div>
</div>
</div>
</div>
<div style="clear: both; display: block; margin: 10px 0;">
<div style="clear: both; display: block; margin: 10px 0;">
<div style="clear: both; display: block; margin: 10px 0;">
<h1>zestaw 2 sztuk nowych opon całorocznych</h1>
<h1>Vredestein Quatrac Pro+ 255/50R20 109Y XL FSL</h1>
<p style="margin: 15px 0; line-height: 1.8; clear: both; display: block; width: 100%; float: none; position: static;">
</div>
</div>
</div>
<div style="clear: both; display: block; margin: 10px 0;">
<div style="clear: both; display: block; margin: 10px 0;">
<div style="clear: both; display: block; margin: 10px 0;">
<div  style="max-width:371px;max-height:599px">
<div style="clear: both; display: block; margin: 10px 0;">
<div style="clear: both; width: 100%; display: block; margin: 20px 0; padding: 0; float: none; position: static; text-align: center;"><img decoding="async"  src="https://a.allegroimg.com/original/1103fc/bfaf12d343dcbd10ae92995e013c/2x-opony-caloroczne-Vredestein-Quatrac-Pro-255-50R20-109Y-XL-rant-2025" srcset="https://a.allegroimg.com/original/1103fc/bfaf12d343dcbd10ae92995e013c/2x-opony-caloroczne-Vredestein-Quatrac-Pro-255-50R20-109Y-XL-rant-2025 222w,https://a.allegroimg.com/original/1103fc/bfaf12d343dcbd10ae92995e013c/2x-opony-caloroczne-Vredestein-Quatrac-Pro-255-50R20-109Y-XL-rant-2025 371w,https://a.allegroimg.com/original/1103fc/bfaf12d343dcbd10ae92995e013c/2x-opony-caloroczne-Vredestein-Quatrac-Pro-255-50R20-109Y-XL-rant-2025 371w" sizes="(min-width: 1200px) 560px, (min-width: 992px) 50vw, 100vw" width="371px" alt="2x opony całoroczne Vredestein Quatrac Pro+ 255/50R20 109Y XL rant 2025"/ style="max-width: 100%; height: auto; display: block; margin: 0 auto;"></div>
</div>
</div>
</div>
</div>
<div style="clear: both; display: block; margin: 10px 0;">
<div style="clear: both; display: block; margin: 10px 0;">
<p style="margin: 15px 0; line-height: 1.8; clear: both; display: block; width: 100%; float: none; position: static;"><b>Vredestein Quatrac Pro+</b> to opony <b>całoroczne</b> przeznaczone do samochodów typu <b>SUV</b>. Oryginalny produkt klasy <b>premium</b> renomowanej marki <b>Vredestein</b>. Bezkompromisowa jakość. Produkt klasy UHP (Ultra High Performace) do suv-ów o wysokich osiągach, przeznaczone dla kierowców preferujących dynamiczny styl jazdy.</p>
<ul style="margin: 15px 0; padding-left: 20px; clear: both; display: block; width: 100%; float: none; position: static;">
<li style="margin: 5px 0; padding: 2px 0; clear: both; display: list-item; float: none; position: static;">rok produkcji: <b>2025</b></li>
<li style="margin: 5px 0; padding: 2px 0; clear: both; display: list-item; float: none; position: static;">opony <b>nowe</b>, oryginalne, z gwarancją</li>
<li style="margin: 5px 0; padding: 2px 0; clear: both; display: list-item; float: none; position: static;"><b>FSL</b> &#8211; opony posiadają rant chroniący felgę</li>
<li style="margin: 5px 0; padding: 2px 0; clear: both; display: list-item; float: none; position: static;">opony wzmocnione <b>XL</b></li>
<li style="margin: 5px 0; padding: 2px 0; clear: both; display: list-item; float: none; position: static;">komfortowa, cicha praca</li>
<li style="margin: 5px 0; padding: 2px 0; clear: both; display: list-item; float: none; position: static;">doskonała trakcja, precyzyjne sterowanie &#8211; również przy dużych prędkościach</li>
<li style="margin: 5px 0; padding: 2px 0; clear: both; display: list-item; float: none; position: static;">długie przebiegi</li>
<li style="margin: 5px 0; padding: 2px 0; clear: both; display: list-item; float: none; position: static;">bieżnik zużywa się równomiernie</li>
<li style="margin: 5px 0; padding: 2px 0; clear: both; display: list-item; float: none; position: static;">krótka droga hamowania i skuteczne sterowanie w każdych warunkach pogodowych, przez cały rok</li>
<li style="margin: 5px 0; padding: 2px 0; clear: both; display: list-item; float: none; position: static;">homologacja zimowa 3PMSF &#8211; opona w pełni całoroczna, doskonale sprawdzi się zarówno zimą jak i w lecie</li>
<li style="margin: 5px 0; padding: 2px 0; clear: both; display: list-item; float: none; position: static;">bardzo dobre odprowadzanie wody</li>
<li style="margin: 5px 0; padding: 2px 0; clear: both; display: list-item; float: none; position: static;">zabezpiecznie przed poślizgiem na wodzie (aquaplaning)</li>
</ul>
</div>
</div>
</div>
<div style="clear: both; display: block; margin: 10px 0;">
<div style="clear: both; display: block; margin: 10px 0;">
<div style="clear: both; display: block; margin: 10px 0;">
<div  style="max-width:480px;max-height:733px">
<div style="clear: both; display: block; margin: 10px 0;">
<div style="clear: both; width: 100%; display: block; margin: 20px 0; padding: 0; float: none; position: static; text-align: center;"><img decoding="async"  src="https://a.allegroimg.com/original/11554a/00a1eb734191869413ae81808f23/2x-opony-caloroczne-Vredestein-Quatrac-Pro-255-50R20-109Y-XL-rant-2025-Liczba-opon-w-ofercie-2-szt" srcset="https://a.allegroimg.com/original/11554a/00a1eb734191869413ae81808f23/2x-opony-caloroczne-Vredestein-Quatrac-Pro-255-50R20-109Y-XL-rant-2025-Liczba-opon-w-ofercie-2-szt 235w,https://a.allegroimg.com/original/11554a/00a1eb734191869413ae81808f23/2x-opony-caloroczne-Vredestein-Quatrac-Pro-255-50R20-109Y-XL-rant-2025-Liczba-opon-w-ofercie-2-szt 471w,https://a.allegroimg.com/original/11554a/00a1eb734191869413ae81808f23/2x-opony-caloroczne-Vredestein-Quatrac-Pro-255-50R20-109Y-XL-rant-2025-Liczba-opon-w-ofercie-2-szt 480w,https://a.allegroimg.com/original/11554a/00a1eb734191869413ae81808f23/2x-opony-caloroczne-Vredestein-Quatrac-Pro-255-50R20-109Y-XL-rant-2025-Liczba-opon-w-ofercie-2-szt 480w" sizes="100vw" width="480px" alt="2x opony całoroczne Vredestein Quatrac Pro+ 255/50R20 109Y XL rant 2025 Liczba opon w ofercie 2 szt."/ style="max-width: 100%; height: auto; display: block; margin: 0 auto;"></div>
</div>
</div>
</div>
</div>
</div>
</div>
</div>
</div>
<div style="clear: both; display: block; margin: 10px 0;">

<p>zestaw 2 sztuk nowych opon całorocznych</p>
<p>Vredestein Quatrac Pro+ 255/50R20 109Y XL FSL</p>
<p>Vredestein Quatrac Pro+ to opony całoroczne przeznaczone do samochodów typu SUV. Oryginalny produkt klasy premium renomowanej marki Vredestein. Bezkompromisowa jakość. Produkt klasy UHP (Ultra High Performace) do suv-ów o wysokich osiągach, przeznaczone dla kierowców preferujących dynamiczny styl jazdy.</p>
<p>rok produkcji: 2025</p>
<p>opony nowe, oryginalne, z gwarancją</p>
<p>FSL &#8211; opony posiadają rant chroniący felgę</p>
<p>opony wzmocnione XL</p>
<p>komfortowa, cicha praca</p>

zestaw 2 sztuk nowych opon całorocznych Vredestein Quatrac Pro+ 255/50R20 109Y XL FSL Vredestein Quatrac Pro+ to opony całoroczne przeznaczone do samochodów typu SUV. Oryginalny produkt klasy premium renomowanej marki Vredestein. Bezkompromisowa jakość. Produkt klasy UHP (Ultra High Performace) do suv-ów o wysokich osiągach, przeznaczone dla kierowców preferujących dynamiczny styl jazdy. rok produkcji: 2025 opony&hellip;
