{"id":11040,"date":"2025-12-31T03:32:12","date_gmt":"2025-12-31T03:32:12","guid":{"rendered":"https:\/\/oponyexpert.shop\/xef5\/produkt\/2x-opony-255-55r19-vredestein-quatrac-pro-111-v\/"},"modified":"2025-12-31T03:32:12","modified_gmt":"2025-12-31T03:32:12","slug":"2x-opony-255-55r19-vredestein-quatrac-pro-111-v","status":"publish","type":"product","link":"https:\/\/oponixo.shop\/tire\/produkt\/2x-opony-255-55r19-vredestein-quatrac-pro-111-v\/","title":{"rendered":"2x opony 255\/55R19 VREDESTEIN QUATRAC PRO 111 V"},"content":{"rendered":"<div style=\"font-family: Arial, sans-serif; line-height: 1.6; color: #333; padding: 20px; clear: both; display: block; width: 100%; float: none; position: static; overflow: hidden;\">\n<div style=\"clear: both; display: block; margin: 10px 0;\">\n<div style=\"clear: both; display: block; margin: 10px 0;\">\n<div style=\"clear: both; display: block; margin: 10px 0;\">\n<h2>Opona ca\u0142oroczna Vredestein Quatrac Pro 255\/55R19 111 V do aut elektrycznych (EV), wzmocnienie (XL)<\/h2>\n<p style=\"margin: 15px 0; line-height: 1.8; clear: both; display: block; width: 100%; float: none; position: static;\"> Opona Vredestein Quatrac Pro  111 V<\/p>\n<p style=\"margin: 15px 0; line-height: 1.8; clear: both; display: block; width: 100%; float: none; position: static;\">Cechy produktu:<\/p>\n<ul style=\"margin: 15px 0; padding-left: 20px; clear: both; display: block; width: 100%; float: none; position: static;\">\n<li style=\"margin: 5px 0; padding: 2px 0; clear: both; display: list-item; float: none; position: static;\">sezon: <\/li>\n<li style=\"margin: 5px 0; padding: 2px 0; clear: both; display: list-item; float: none; position: static;\">szeroko\u015b\u0107\/profil\/\u015brednica: <\/li>\n<li style=\"margin: 5px 0; padding: 2px 0; clear: both; display: list-item; float: none; position: static;\">indeks no\u015bno\u015bci: 111 &#8211; 1090 kg<\/li>\n<li style=\"margin: 5px 0; padding: 2px 0; clear: both; display: list-item; float: none; position: static;\">indeks pr\u0119dko\u015bci: V do 240 km\/h<\/li>\n<li style=\"margin: 5px 0; padding: 2px 0; clear: both; display: list-item; float: none; position: static;\">do aut elektrycznych (EV)<\/li>\n<li style=\"margin: 5px 0; padding: 2px 0; clear: both; display: list-item; float: none; position: static;\"> wzmocnienie (XL)<\/li>\n<\/ul>\n<p style=\"margin: 15px 0; line-height: 1.8; clear: both; display: block; width: 100%; float: none; position: static;\">\n<\/div>\n<\/div>\n<div style=\"clear: both; display: block; margin: 10px 0;\">\n<div style=\"clear: both; display: block; margin: 10px 0;\">\n<div  style=\"max-width:500px;max-height:500px\">\n<div style=\"clear: both; display: block; margin: 10px 0;\">\n<div style=\"clear: both; width: 100%; display: block; margin: 20px 0; padding: 0; float: none; position: static; text-align: center;\"><img decoding=\"async\"  src=\"https:\/\/a.allegroimg.com\/original\/113e2c\/7a18f5f7456894a84581a91e04e4\/2x-opony-255-55R19-VREDESTEIN-QUATRAC-PRO-111-V\" srcset=\"https:\/\/a.allegroimg.com\/original\/113e2c\/7a18f5f7456894a84581a91e04e4\/2x-opony-255-55R19-VREDESTEIN-QUATRAC-PRO-111-V 360w,https:\/\/a.allegroimg.com\/original\/113e2c\/7a18f5f7456894a84581a91e04e4\/2x-opony-255-55R19-VREDESTEIN-QUATRAC-PRO-111-V 500w,https:\/\/a.allegroimg.com\/original\/113e2c\/7a18f5f7456894a84581a91e04e4\/2x-opony-255-55R19-VREDESTEIN-QUATRAC-PRO-111-V 500w\" sizes=\"(min-width: 1200px) 560px, (min-width: 992px) 50vw, 100vw\" width=\"500px\" alt=\"2x opony 255\/55R19 VREDESTEIN QUATRAC PRO 111 V\"\/ style=\"max-width: 100%; height: auto; display: block; margin: 0 auto;\"><\/div>\n<\/div>\n<\/div>\n<\/div>\n<\/div>\n<\/div>\n<div style=\"clear: both; display: block; margin: 10px 0;\">\n<div style=\"clear: both; display: block; margin: 10px 0;\">\n<div style=\"clear: both; display: block; margin: 10px 0;\">\n<h3 style=\"color: #2c5aa0; font-size: 18px; margin: 30px 0 15px 0; font-weight: bold; clear: both; display: block; width: 100%; float: none; position: static;\">Informacje dodatkowe:<\/h3>\n<ul style=\"margin: 15px 0; padding-left: 20px; clear: both; display: block; width: 100%; float: none; position: static;\">\n<li style=\"margin: 5px 0; padding: 2px 0; clear: both; display: list-item; float: none; position: static;\">rok produkcji: 2024\/2025 (kupuj\u0105c z tej oferty otrzymasz opony fabrycznie nowe, pe\u0142nowarto\u015bciowe) <\/li>\n<li style=\"margin: 5px 0; padding: 2px 0; clear: both; display: list-item; float: none; position: static;\">stan: fabrycznie nowe <\/li>\n<\/ul>\n<\/div>\n<\/div>\n<\/div>\n<div style=\"clear: both; display: block; margin: 10px 0;\">\n<div style=\"clear: both; display: block; margin: 10px 0;\">\n<div style=\"clear: both; display: block; margin: 10px 0;\">\n<div  style=\"max-width:500px;max-height:500px\">\n<div style=\"clear: both; display: block; margin: 10px 0;\">\n<div style=\"clear: both; width: 100%; display: block; margin: 20px 0; padding: 0; float: none; position: static; text-align: center;\"><img decoding=\"async\"  src=\"https:\/\/a.allegroimg.com\/original\/113e2c\/7a18f5f7456894a84581a91e04e4\/2x-opony-255-55R19-VREDESTEIN-QUATRAC-PRO-111-V\" srcset=\"https:\/\/a.allegroimg.com\/original\/113e2c\/7a18f5f7456894a84581a91e04e4\/2x-opony-255-55R19-VREDESTEIN-QUATRAC-PRO-111-V 360w,https:\/\/a.allegroimg.com\/original\/113e2c\/7a18f5f7456894a84581a91e04e4\/2x-opony-255-55R19-VREDESTEIN-QUATRAC-PRO-111-V 500w,https:\/\/a.allegroimg.com\/original\/113e2c\/7a18f5f7456894a84581a91e04e4\/2x-opony-255-55R19-VREDESTEIN-QUATRAC-PRO-111-V 500w\" sizes=\"100vw\" width=\"500px\" alt=\"2x opony 255\/55R19 VREDESTEIN QUATRAC PRO 111 V\"\/ style=\"max-width: 100%; height: auto; display: block; margin: 0 auto;\"><\/div>\n<\/div>\n<\/div>\n<\/div>\n<\/div>\n<\/div>\n<\/div>\n<\/div>\n<\/div>\n<div style=\"clear: both; display: block; margin: 10px 0;\">\n","protected":false},"excerpt":{"rendered":"<p>Opona ca\u0142oroczna Vredestein Quatrac Pro 255\/55R19 111 V do aut elektrycznych (EV), wzmocnienie (XL)<\/p>\n<p>Opona Vredestein Quatrac Pro 111 V<\/p>\n<p>Cechy produktu:<\/p>\n<p>sezon:<\/p>\n<p>szeroko\u015b\u0107\/profil\/\u015brednica:<\/p>\n<p>indeks no\u015bno\u015bci: 111 &#8211; 1090 kg<\/p>\n<p>indeks pr\u0119dko\u015bci: V do 240 km\/h<\/p>\n<p>do aut elektrycznych (EV)<\/p>\n","protected":false},"featured_media":11043,"template":"","meta":{"_uag_custom_page_level_css":""},"product_brand":[436],"product_cat":[416,414,413,412],"product_tag":[],"class_list":{"0":"post-11040","1":"product","2":"type-product","3":"status-publish","4":"has-post-thumbnail","6":"product_brand-vredestein","7":"product_cat-caloroczne","8":"product_cat-do-samochodow-osobowych-i-suv","9":"product_cat-opony","10":"product_cat-opony-i-felgi","12":"first","13":"instock","14":"sale","15":"shipping-taxable","16":"purchasable","17":"product-type-simple"},"uagb_featured_image_src":{"full":["https:\/\/oponixo.shop\/tire\/wp-content\/uploads\/2025\/12\/allegro-image-11040.jpg",500,500,false],"thumbnail":["https:\/\/oponixo.shop\/tire\/wp-content\/uploads\/2025\/12\/allegro-image-11040-150x150.jpg",150,150,true],"medium":["https:\/\/oponixo.shop\/tire\/wp-content\/uploads\/2025\/12\/allegro-image-11040-300x300.jpg",300,300,true],"medium_large":["https:\/\/oponixo.shop\/tire\/wp-content\/uploads\/2025\/12\/allegro-image-11040.jpg",500,500,false],"large":["https:\/\/oponixo.shop\/tire\/wp-content\/uploads\/2025\/12\/allegro-image-11040.jpg",500,500,false],"1536x1536":["https:\/\/oponixo.shop\/tire\/wp-content\/uploads\/2025\/12\/allegro-image-11040.jpg",500,500,false],"2048x2048":["https:\/\/oponixo.shop\/tire\/wp-content\/uploads\/2025\/12\/allegro-image-11040.jpg",500,500,false],"woocommerce_thumbnail":["https:\/\/oponixo.shop\/tire\/wp-content\/uploads\/2025\/12\/allegro-image-11040-300x300.jpg",300,300,true],"woocommerce_single":["https:\/\/oponixo.shop\/tire\/wp-content\/uploads\/2025\/12\/allegro-image-11040.jpg",500,500,false],"woocommerce_gallery_thumbnail":["https:\/\/oponixo.shop\/tire\/wp-content\/uploads\/2025\/12\/allegro-image-11040-100x100.jpg",100,100,true]},"uagb_author_info":{"display_name":"admin","author_link":"https:\/\/oponixo.shop\/tire\/author\/"},"uagb_comment_info":0,"uagb_excerpt":"Opona ca\u0142oroczna Vredestein Quatrac Pro 255\/55R19 111 V do aut elektrycznych (EV), wzmocnienie (XL) Opona Vredestein Quatrac Pro 111 V Cechy produktu: sezon: szeroko\u015b\u0107\/profil\/\u015brednica: indeks no\u015bno\u015bci: 111 - 1090 kg indeks pr\u0119dko\u015bci: V do 240 km\/h do aut elektrycznych (EV)","_links":{"self":[{"href":"https:\/\/oponixo.shop\/tire\/wp-json\/wp\/v2\/product\/11040","targetHints":{"allow":["GET"]}}],"collection":[{"href":"https:\/\/oponixo.shop\/tire\/wp-json\/wp\/v2\/product"}],"about":[{"href":"https:\/\/oponixo.shop\/tire\/wp-json\/wp\/v2\/types\/product"}],"wp:featuredmedia":[{"embeddable":true,"href":"https:\/\/oponixo.shop\/tire\/wp-json\/wp\/v2\/media\/11043"}],"wp:attachment":[{"href":"https:\/\/oponixo.shop\/tire\/wp-json\/wp\/v2\/media?parent=11040"}],"wp:term":[{"taxonomy":"product_brand","embeddable":true,"href":"https:\/\/oponixo.shop\/tire\/wp-json\/wp\/v2\/product_brand?post=11040"},{"taxonomy":"product_cat","embeddable":true,"href":"https:\/\/oponixo.shop\/tire\/wp-json\/wp\/v2\/product_cat?post=11040"},{"taxonomy":"product_tag","embeddable":true,"href":"https:\/\/oponixo.shop\/tire\/wp-json\/wp\/v2\/product_tag?post=11040"}],"curies":[{"name":"wp","href":"https:\/\/api.w.org\/{rel}","templated":true}]}}

<div style="font-family: Arial, sans-serif; line-height: 1.6; color: #333; padding: 20px; clear: both; display: block; width: 100%; float: none; position: static; overflow: hidden;">
<div style="clear: both; display: block; margin: 10px 0;">
<div style="clear: both; display: block; margin: 10px 0;">
<div style="clear: both; display: block; margin: 10px 0;">
<h2>Opona całoroczna Vredestein Quatrac Pro 255/55R19 111 V do aut elektrycznych (EV), wzmocnienie (XL)</h2>
<p style="margin: 15px 0; line-height: 1.8; clear: both; display: block; width: 100%; float: none; position: static;"> Opona Vredestein Quatrac Pro  111 V</p>
<p style="margin: 15px 0; line-height: 1.8; clear: both; display: block; width: 100%; float: none; position: static;">Cechy produktu:</p>
<ul style="margin: 15px 0; padding-left: 20px; clear: both; display: block; width: 100%; float: none; position: static;">
<li style="margin: 5px 0; padding: 2px 0; clear: both; display: list-item; float: none; position: static;">sezon: </li>
<li style="margin: 5px 0; padding: 2px 0; clear: both; display: list-item; float: none; position: static;">szerokość/profil/średnica: </li>
<li style="margin: 5px 0; padding: 2px 0; clear: both; display: list-item; float: none; position: static;">indeks nośności: 111 &#8211; 1090 kg</li>
<li style="margin: 5px 0; padding: 2px 0; clear: both; display: list-item; float: none; position: static;">indeks prędkości: V do 240 km/h</li>
<li style="margin: 5px 0; padding: 2px 0; clear: both; display: list-item; float: none; position: static;">do aut elektrycznych (EV)</li>
<li style="margin: 5px 0; padding: 2px 0; clear: both; display: list-item; float: none; position: static;"> wzmocnienie (XL)</li>
</ul>
<p style="margin: 15px 0; line-height: 1.8; clear: both; display: block; width: 100%; float: none; position: static;">
</div>
</div>
<div style="clear: both; display: block; margin: 10px 0;">
<div style="clear: both; display: block; margin: 10px 0;">
<div  style="max-width:500px;max-height:500px">
<div style="clear: both; display: block; margin: 10px 0;">
<div style="clear: both; width: 100%; display: block; margin: 20px 0; padding: 0; float: none; position: static; text-align: center;"><img decoding="async"  src="https://a.allegroimg.com/original/113e2c/7a18f5f7456894a84581a91e04e4/2x-opony-255-55R19-VREDESTEIN-QUATRAC-PRO-111-V" srcset="https://a.allegroimg.com/original/113e2c/7a18f5f7456894a84581a91e04e4/2x-opony-255-55R19-VREDESTEIN-QUATRAC-PRO-111-V 360w,https://a.allegroimg.com/original/113e2c/7a18f5f7456894a84581a91e04e4/2x-opony-255-55R19-VREDESTEIN-QUATRAC-PRO-111-V 500w,https://a.allegroimg.com/original/113e2c/7a18f5f7456894a84581a91e04e4/2x-opony-255-55R19-VREDESTEIN-QUATRAC-PRO-111-V 500w" sizes="(min-width: 1200px) 560px, (min-width: 992px) 50vw, 100vw" width="500px" alt="2x opony 255/55R19 VREDESTEIN QUATRAC PRO 111 V"/ style="max-width: 100%; height: auto; display: block; margin: 0 auto;"></div>
</div>
</div>
</div>
</div>
</div>
<div style="clear: both; display: block; margin: 10px 0;">
<div style="clear: both; display: block; margin: 10px 0;">
<div style="clear: both; display: block; margin: 10px 0;">
<h3 style="color: #2c5aa0; font-size: 18px; margin: 30px 0 15px 0; font-weight: bold; clear: both; display: block; width: 100%; float: none; position: static;">Informacje dodatkowe:</h3>
<ul style="margin: 15px 0; padding-left: 20px; clear: both; display: block; width: 100%; float: none; position: static;">
<li style="margin: 5px 0; padding: 2px 0; clear: both; display: list-item; float: none; position: static;">rok produkcji: 2024/2025 (kupując z tej oferty otrzymasz opony fabrycznie nowe, pełnowartościowe) </li>
<li style="margin: 5px 0; padding: 2px 0; clear: both; display: list-item; float: none; position: static;">stan: fabrycznie nowe </li>
</ul>
</div>
</div>
</div>
<div style="clear: both; display: block; margin: 10px 0;">
<div style="clear: both; display: block; margin: 10px 0;">
<div style="clear: both; display: block; margin: 10px 0;">
<div  style="max-width:500px;max-height:500px">
<div style="clear: both; display: block; margin: 10px 0;">
<div style="clear: both; width: 100%; display: block; margin: 20px 0; padding: 0; float: none; position: static; text-align: center;"><img decoding="async"  src="https://a.allegroimg.com/original/113e2c/7a18f5f7456894a84581a91e04e4/2x-opony-255-55R19-VREDESTEIN-QUATRAC-PRO-111-V" srcset="https://a.allegroimg.com/original/113e2c/7a18f5f7456894a84581a91e04e4/2x-opony-255-55R19-VREDESTEIN-QUATRAC-PRO-111-V 360w,https://a.allegroimg.com/original/113e2c/7a18f5f7456894a84581a91e04e4/2x-opony-255-55R19-VREDESTEIN-QUATRAC-PRO-111-V 500w,https://a.allegroimg.com/original/113e2c/7a18f5f7456894a84581a91e04e4/2x-opony-255-55R19-VREDESTEIN-QUATRAC-PRO-111-V 500w" sizes="100vw" width="500px" alt="2x opony 255/55R19 VREDESTEIN QUATRAC PRO 111 V"/ style="max-width: 100%; height: auto; display: block; margin: 0 auto;"></div>
</div>
</div>
</div>
</div>
</div>
</div>
</div>
</div>
<div style="clear: both; display: block; margin: 10px 0;">

<p>Opona całoroczna Vredestein Quatrac Pro 255/55R19 111 V do aut elektrycznych (EV), wzmocnienie (XL)</p>
<p>Opona Vredestein Quatrac Pro 111 V</p>
<p>Cechy produktu:</p>
<p>sezon:</p>
<p>szerokość/profil/średnica:</p>
<p>indeks nośności: 111 &#8211; 1090 kg</p>
<p>indeks prędkości: V do 240 km/h</p>
<p>do aut elektrycznych (EV)</p>

Opona całoroczna Vredestein Quatrac Pro 255/55R19 111 V do aut elektrycznych (EV), wzmocnienie (XL) Opona Vredestein Quatrac Pro 111 V Cechy produktu: sezon: szerokość/profil/średnica: indeks nośności: 111 - 1090 kg indeks prędkości: V do 240 km/h do aut elektrycznych (EV)
