{"id":11125,"date":"2025-12-31T03:32:26","date_gmt":"2025-12-31T03:32:26","guid":{"rendered":"https:\/\/oponyexpert.shop\/xef5\/produkt\/2x-falken-235-50r17-eurowinter-hs01-100v-fr-3pmsf-opona-zimowa\/"},"modified":"2025-12-31T03:32:26","modified_gmt":"2025-12-31T03:32:26","slug":"2x-falken-235-50r17-eurowinter-hs01-100v-fr-3pmsf-opona-zimowa","status":"publish","type":"product","link":"https:\/\/oponixo.shop\/tire\/produkt\/2x-falken-235-50r17-eurowinter-hs01-100v-fr-3pmsf-opona-zimowa\/","title":{"rendered":"2x Falken 235\/50R17 EUROWINTER HS01 100V FR 3PMSF opona ZIMOWA"},"content":{"rendered":"<div style=\"font-family: Arial, sans-serif; line-height: 1.6; color: #333; padding: 20px; clear: both; display: block; width: 100%; float: none; position: static; overflow: hidden;\">\n<div style=\"clear: both; display: block; margin: 10px 0;\">\n<div style=\"clear: both; display: block; margin: 10px 0;\">\n<div style=\"clear: both; display: block; margin: 10px 0;\">\n<div  style=\"max-width:1280px;max-height:157px\">\n<div style=\"clear: both; display: block; margin: 10px 0;\">\n<div style=\"clear: both; width: 100%; display: block; margin: 20px 0; padding: 0; float: none; position: static; text-align: center;\"><img decoding=\"async\"  src=\"https:\/\/a.allegroimg.com\/original\/11da67\/bb56bff74822bd5d45bde063c8bd\/2x-Falken-235-50R17-EUROWINTER-HS01-100V-FR-3PMSF-opona-ZIMOWA-Liczba-opon-w-ofercie-2-szt\" srcset=\"https:\/\/a.allegroimg.com\/original\/11da67\/bb56bff74822bd5d45bde063c8bd\/2x-Falken-235-50R17-EUROWINTER-HS01-100V-FR-3PMSF-opona-ZIMOWA-Liczba-opon-w-ofercie-2-szt 360w,https:\/\/a.allegroimg.com\/original\/11da67\/bb56bff74822bd5d45bde063c8bd\/2x-Falken-235-50R17-EUROWINTER-HS01-100V-FR-3PMSF-opona-ZIMOWA-Liczba-opon-w-ofercie-2-szt 720w,https:\/\/a.allegroimg.com\/original\/11da67\/bb56bff74822bd5d45bde063c8bd\/2x-Falken-235-50R17-EUROWINTER-HS01-100V-FR-3PMSF-opona-ZIMOWA-Liczba-opon-w-ofercie-2-szt 1024w,https:\/\/a.allegroimg.com\/original\/11da67\/bb56bff74822bd5d45bde063c8bd\/2x-Falken-235-50R17-EUROWINTER-HS01-100V-FR-3PMSF-opona-ZIMOWA-Liczba-opon-w-ofercie-2-szt 1280w,https:\/\/a.allegroimg.com\/original\/11da67\/bb56bff74822bd5d45bde063c8bd\/2x-Falken-235-50R17-EUROWINTER-HS01-100V-FR-3PMSF-opona-ZIMOWA-Liczba-opon-w-ofercie-2-szt 1280w\" sizes=\"(min-width: 1200px) 560px, (min-width: 992px) 50vw, 100vw\" width=\"1280px\" alt=\"2x Falken 235\/50R17 EUROWINTER HS01 100V FR 3PMSF opona ZIMOWA Liczba opon w ofercie 2 szt.\"\/ style=\"max-width: 100%; height: auto; display: block; margin: 0 auto;\"><\/div>\n<\/div>\n<\/div>\n<\/div>\n<\/div>\n<div style=\"clear: both; display: block; margin: 10px 0;\">\n<div style=\"clear: both; display: block; margin: 10px 0;\">\n<h1>PRZEDMIOTEM OFERTY JEST:<\/h1>\n<h1>2x Falken 235\/50R17 EUROWINTER HS01 100V FR 3PMSF opona ZIMOWA<\/h1>\n<\/div>\n<\/div>\n<\/div>\n<div style=\"clear: both; display: block; margin: 10px 0;\">\n<div style=\"clear: both; display: block; margin: 10px 0;\">\n<div style=\"clear: both; display: block; margin: 10px 0;\">\n<div  style=\"max-width:432px;max-height:432px\">\n<div style=\"clear: both; display: block; margin: 10px 0;\">\n<div style=\"clear: both; width: 100%; display: block; margin: 20px 0; padding: 0; float: none; position: static; text-align: center;\"><img decoding=\"async\"  src=\"https:\/\/a.allegroimg.com\/original\/110662\/1bf715154ffb8712199087aca45f\/2x-Falken-235-50R17-EUROWINTER-HS01-100V-FR-3PMSF-opona-ZIMOWA\" srcset=\"https:\/\/a.allegroimg.com\/original\/110662\/1bf715154ffb8712199087aca45f\/2x-Falken-235-50R17-EUROWINTER-HS01-100V-FR-3PMSF-opona-ZIMOWA 360w,https:\/\/a.allegroimg.com\/original\/110662\/1bf715154ffb8712199087aca45f\/2x-Falken-235-50R17-EUROWINTER-HS01-100V-FR-3PMSF-opona-ZIMOWA 432w,https:\/\/a.allegroimg.com\/original\/110662\/1bf715154ffb8712199087aca45f\/2x-Falken-235-50R17-EUROWINTER-HS01-100V-FR-3PMSF-opona-ZIMOWA 432w\" sizes=\"(min-width: 1200px) 560px, (min-width: 992px) 50vw, 100vw\" width=\"432px\" alt=\"2x Falken 235\/50R17 EUROWINTER HS01 100V FR 3PMSF opona ZIMOWA\"\/ style=\"max-width: 100%; height: auto; display: block; margin: 0 auto;\"><\/div>\n<\/div>\n<\/div>\n<\/div>\n<\/div>\n<div style=\"clear: both; display: block; margin: 10px 0;\">\n<div style=\"clear: both; display: block; margin: 10px 0;\">\n<h1>SPECYFIKACJA:<\/h1>\n<ol>\n<li style=\"margin: 5px 0; padding: 2px 0; clear: both; display: list-item; float: none; position: static;\">PRODUCENT: <b>FALKEN<\/b><\/li>\n<li style=\"margin: 5px 0; padding: 2px 0; clear: both; display: list-item; float: none; position: static;\">MODEL: <b>EUROWINTER HS01<\/b><\/li>\n<li style=\"margin: 5px 0; padding: 2px 0; clear: both; display: list-item; float: none; position: static;\">CENA DOTYCZY: <b>pary (2 sztuki)<\/b><\/li>\n<li style=\"margin: 5px 0; padding: 2px 0; clear: both; display: list-item; float: none; position: static;\">ROK PRODUKCJI: <b>2025\/2024<\/b><\/li>\n<li style=\"margin: 5px 0; padding: 2px 0; clear: both; display: list-item; float: none; position: static;\">SEZON: <b>ZIMOWA<\/b><\/li>\n<li style=\"margin: 5px 0; padding: 2px 0; clear: both; display: list-item; float: none; position: static;\">TYP OPONY:<b> OSOBOWA<\/b><\/li>\n<li style=\"margin: 5px 0; padding: 2px 0; clear: both; display: list-item; float: none; position: static;\">SZEROKO\u015a\u0106: <b>235<\/b><\/li>\n<li style=\"margin: 5px 0; padding: 2px 0; clear: both; display: list-item; float: none; position: static;\">PROFIL: <b>50<\/b><\/li>\n<li style=\"margin: 5px 0; padding: 2px 0; clear: both; display: list-item; float: none; position: static;\">\u015aREDNICA: <b>17<\/b><\/li>\n<li style=\"margin: 5px 0; padding: 2px 0; clear: both; display: list-item; float: none; position: static;\">INDEKS NO\u015aNO\u015aCI: <b>100<\/b><\/li>\n<li style=\"margin: 5px 0; padding: 2px 0; clear: both; display: list-item; float: none; position: static;\">INDEKS PR\u0118DKO\u015aCI: <b>V<\/b><\/li>\n<li style=\"margin: 5px 0; padding: 2px 0; clear: both; display: list-item; float: none; position: static;\">OPORY TOCZENIA: <b>E<\/b><\/li>\n<li style=\"margin: 5px 0; padding: 2px 0; clear: both; display: list-item; float: none; position: static;\">PRZYCZEPNO\u015a\u0106 NA MOKRYM: <b>B<\/b><\/li>\n<li style=\"margin: 5px 0; padding: 2px 0; clear: both; display: list-item; float: none; position: static;\">HA\u0141AS ZEWN\u0118TRZNY:<b> 72<\/b><\/li>\n<li style=\"margin: 5px 0; padding: 2px 0; clear: both; display: list-item; float: none; position: static;\">OPONA WZMACNIANA: <b>NIE<\/b><\/li>\n<li style=\"margin: 5px 0; padding: 2px 0; clear: both; display: list-item; float: none; position: static;\">RANT OCHRONNY: <b>TAK &#8211; FR<\/b><\/li>\n<li style=\"margin: 5px 0; padding: 2px 0; clear: both; display: list-item; float: none; position: static;\">RUN FLAT: <b>NIE<\/b><\/li>\n<li style=\"margin: 5px 0; padding: 2px 0; clear: both; display: list-item; float: none; position: static;\">HOMOLOGACJA PRODUCENTA: <b><\/b><\/li>\n<\/ol>\n<\/div>\n<\/div>\n<\/div>\n<div style=\"clear: both; display: block; margin: 10px 0;\">\n<div style=\"clear: both; display: block; margin: 10px 0;\">\n<div style=\"clear: both; display: block; margin: 10px 0;\">\n<h1>OPIS PRODUKTU:<\/h1>\n<p style=\"margin: 15px 0; line-height: 1.8; clear: both; display: block; width: 100%; float: none; position: static;\"><b>FALKEN <\/b>to opona klasy \u015bredniej przeznaczona do samochod\u00f3w osobowych i dostawczych. Opona oferuje wi\u0119ksz\u0105 precyzj\u0119 prowadzenia pojazdu i skuteczniejsze hamowanie na mokrej nawierzchni. Dzi\u0119ki zoptymalizowanej konstrukcji bie\u017cnika, opona zapewni Tobie wy\u017csze bezpiecze\u0144stwo podczas podr\u00f3\u017cy i ni\u017csze zu\u017cycie paliwa przez ca\u0142y okres jej u\u017cytkowania.<\/p>\n<h3 style=\"color: #2c5aa0; font-size: 18px; margin: 30px 0 15px 0; font-weight: bold; clear: both; display: block; width: 100%; float: none; position: static;\">Doskona\u0142e osi\u0105gi, wysoka ochrona przed aquaplaningiem<\/h3>\n<p style=\"margin: 15px 0; line-height: 1.8; clear: both; display: block; width: 100%; float: none; position: static;\">Model ten zosta\u0142 wyposa\u017cony w bie\u017cnik, kt\u00f3rego nowoczesna konstrukcja sprawia, \u017ce wi\u0119ksza powierzchnia opony ma kontakt z pod\u0142o\u017cem, co pozytywnie wp\u0142ywa na w\u0142a\u015bciwo\u015bci jezdne. Bie\u017cnik charakteryzuje si\u0119 zwi\u0119kszon\u0105 liczb\u0105 rowk\u00f3w, kt\u00f3re doskonale odprowadzaj\u0105 wod\u0119 i <b>zwi\u0119kszaj\u0105 stabilno\u015b\u0107 pojazdu<\/b> przy dynamicznym pokonywaniu zakr\u0119t\u00f3w i lepiej chroni pojazd przed wpadni\u0119ciem w po\u015blizgi.<\/p>\n<h3 style=\"color: #2c5aa0; font-size: 18px; margin: 30px 0 15px 0; font-weight: bold; clear: both; display: block; width: 100%; float: none; position: static;\">Wi\u0119ksza oszcz\u0119dno\u015b\u0107 paliwa<\/h3>\n<p style=\"margin: 15px 0; line-height: 1.8; clear: both; display: block; width: 100%; float: none; position: static;\">Opona zosta\u0142a zaprojektowana przede wszystkim z my\u015bl\u0105 o szybko zmieniaj\u0105cych si\u0119 warunkach pogodowych na europejskich drogach. Do produkcji opony u\u017cyto <b>specjalnej krzemionkowej mieszanki gumowej<\/b>, co w po\u0142\u0105czeniu z konstrukcj\u0105 bie\u017cnika daje mniejsze opory toczenia w por\u00f3wnaniu do konkurencyjnych opon. Przek\u0142ada si\u0119 to z kolei na mniejsze spalanie paliwa przez samoch\u00f3d.<\/p>\n<h3 style=\"color: #2c5aa0; font-size: 18px; margin: 30px 0 15px 0; font-weight: bold; clear: both; display: block; width: 100%; float: none; position: static;\">D\u0142u\u017csze przebiegi<\/h3>\n<p style=\"margin: 15px 0; line-height: 1.8; clear: both; display: block; width: 100%; float: none; position: static;\">Zastosowane w produkcji opony wytrzyma\u0142e i odporne tworzywo oraz struktury \u017cebrowe zapewniaj\u0105 oponie powolne zu\u017cycie i wi\u0119ksze przebiegi.<\/p>\n<\/div>\n<\/div>\n<\/div>\n<\/div>\n<\/div>\n<\/div>\n<div style=\"clear: both; display: block; margin: 10px 0;\">\n","protected":false},"excerpt":{"rendered":"<p>PRZEDMIOTEM OFERTY JEST:<\/p>\n<p>2x Falken 235\/50R17 EUROWINTER HS01 100V FR 3PMSF opona ZIMOWA<\/p>\n<p>SPECYFIKACJA:<\/p>\n<p>PRODUCENT: FALKEN<\/p>\n<p>MODEL: EUROWINTER HS01<\/p>\n<p>CENA DOTYCZY: pary (2 sztuki)<\/p>\n<p>ROK PRODUKCJI: 2025\/2024<\/p>\n<p>SEZON: ZIMOWA<\/p>\n","protected":false},"featured_media":11127,"template":"","meta":{"_uag_custom_page_level_css":""},"product_brand":[451],"product_cat":[414,413,412,415],"product_tag":[],"class_list":{"0":"post-11125","1":"product","2":"type-product","3":"status-publish","4":"has-post-thumbnail","6":"product_brand-falken","7":"product_cat-do-samochodow-osobowych-i-suv","8":"product_cat-opony","9":"product_cat-opony-i-felgi","10":"product_cat-zimowe","12":"first","13":"instock","14":"sale","15":"shipping-taxable","16":"purchasable","17":"product-type-simple"},"uagb_featured_image_src":{"full":["https:\/\/oponixo.shop\/tire\/wp-content\/uploads\/2025\/12\/allegro-image-11125.jpg",432,432,false],"thumbnail":["https:\/\/oponixo.shop\/tire\/wp-content\/uploads\/2025\/12\/allegro-image-11125-150x150.jpg",150,150,true],"medium":["https:\/\/oponixo.shop\/tire\/wp-content\/uploads\/2025\/12\/allegro-image-11125-300x300.jpg",300,300,true],"medium_large":["https:\/\/oponixo.shop\/tire\/wp-content\/uploads\/2025\/12\/allegro-image-11125.jpg",432,432,false],"large":["https:\/\/oponixo.shop\/tire\/wp-content\/uploads\/2025\/12\/allegro-image-11125.jpg",432,432,false],"1536x1536":["https:\/\/oponixo.shop\/tire\/wp-content\/uploads\/2025\/12\/allegro-image-11125.jpg",432,432,false],"2048x2048":["https:\/\/oponixo.shop\/tire\/wp-content\/uploads\/2025\/12\/allegro-image-11125.jpg",432,432,false],"woocommerce_thumbnail":["https:\/\/oponixo.shop\/tire\/wp-content\/uploads\/2025\/12\/allegro-image-11125-300x300.jpg",300,300,true],"woocommerce_single":["https:\/\/oponixo.shop\/tire\/wp-content\/uploads\/2025\/12\/allegro-image-11125.jpg",432,432,false],"woocommerce_gallery_thumbnail":["https:\/\/oponixo.shop\/tire\/wp-content\/uploads\/2025\/12\/allegro-image-11125-100x100.jpg",100,100,true]},"uagb_author_info":{"display_name":"admin","author_link":"https:\/\/oponixo.shop\/tire\/author\/"},"uagb_comment_info":0,"uagb_excerpt":"PRZEDMIOTEM OFERTY JEST: 2x Falken 235\/50R17 EUROWINTER HS01 100V FR 3PMSF opona ZIMOWA SPECYFIKACJA: PRODUCENT: FALKEN MODEL: EUROWINTER HS01 CENA DOTYCZY: pary (2 sztuki) ROK PRODUKCJI: 2025\/2024 SEZON: ZIMOWA","_links":{"self":[{"href":"https:\/\/oponixo.shop\/tire\/wp-json\/wp\/v2\/product\/11125","targetHints":{"allow":["GET"]}}],"collection":[{"href":"https:\/\/oponixo.shop\/tire\/wp-json\/wp\/v2\/product"}],"about":[{"href":"https:\/\/oponixo.shop\/tire\/wp-json\/wp\/v2\/types\/product"}],"wp:featuredmedia":[{"embeddable":true,"href":"https:\/\/oponixo.shop\/tire\/wp-json\/wp\/v2\/media\/11127"}],"wp:attachment":[{"href":"https:\/\/oponixo.shop\/tire\/wp-json\/wp\/v2\/media?parent=11125"}],"wp:term":[{"taxonomy":"product_brand","embeddable":true,"href":"https:\/\/oponixo.shop\/tire\/wp-json\/wp\/v2\/product_brand?post=11125"},{"taxonomy":"product_cat","embeddable":true,"href":"https:\/\/oponixo.shop\/tire\/wp-json\/wp\/v2\/product_cat?post=11125"},{"taxonomy":"product_tag","embeddable":true,"href":"https:\/\/oponixo.shop\/tire\/wp-json\/wp\/v2\/product_tag?post=11125"}],"curies":[{"name":"wp","href":"https:\/\/api.w.org\/{rel}","templated":true}]}}