{"id":11149,"date":"2025-12-31T04:14:13","date_gmt":"2025-12-31T04:14:13","guid":{"rendered":"https:\/\/oponyexpert.shop\/xef5\/produkt\/2x-maxxis-at781-rbl-3pmsf-265-60r20-115-t\/"},"modified":"2025-12-31T04:14:14","modified_gmt":"2025-12-31T04:14:14","slug":"2x-maxxis-at781-rbl-3pmsf-265-60r20-115-t","status":"publish","type":"product","link":"https:\/\/oponixo.shop\/tire\/produkt\/2x-maxxis-at781-rbl-3pmsf-265-60r20-115-t\/","title":{"rendered":"2x MAXXIS AT781 RBL 3PMSF 265\/60R20 115 T"},"content":{"rendered":"<div style=\"font-family: Arial, sans-serif; line-height: 1.6; color: #333; padding: 20px; clear: both; display: block; width: 100%; float: none; position: static; overflow: hidden;\">\n<div style=\"clear: both; display: block; margin: 10px 0;\">\n<div style=\"clear: both; display: block; margin: 10px 0;\">\n<div style=\"clear: both; display: block; margin: 10px 0;\">\n<h2>2x MAXXIS AT781 RBL 3PMSF 265\/60R20 115 T<\/h2>\n<\/div>\n<\/div>\n<\/div>\n<div style=\"clear: both; display: block; margin: 10px 0;\">\n<div style=\"clear: both; display: block; margin: 10px 0;\">\n<div style=\"clear: both; display: block; margin: 10px 0;\">\n<div  style=\"max-width:920px;max-height:1120px\">\n<div style=\"clear: both; display: block; margin: 10px 0;\">\n<div style=\"clear: both; width: 100%; display: block; margin: 20px 0; padding: 0; float: none; position: static; text-align: center;\"><img decoding=\"async\"  src=\"https:\/\/a.allegroimg.com\/original\/115f63\/dd4a6aac4a4e91572d7ba1c158f3\/2x-MAXXIS-AT781-RBL-3PMSF-265-60R20-115-T\" srcset=\"https:\/\/a.allegroimg.com\/original\/115f63\/dd4a6aac4a4e91572d7ba1c158f3\/2x-MAXXIS-AT781-RBL-3PMSF-265-60R20-115-T 295w,https:\/\/a.allegroimg.com\/original\/115f63\/dd4a6aac4a4e91572d7ba1c158f3\/2x-MAXXIS-AT781-RBL-3PMSF-265-60R20-115-T 591w,https:\/\/a.allegroimg.com\/original\/115f63\/dd4a6aac4a4e91572d7ba1c158f3\/2x-MAXXIS-AT781-RBL-3PMSF-265-60R20-115-T 841w,https:\/\/a.allegroimg.com\/original\/115f63\/dd4a6aac4a4e91572d7ba1c158f3\/2x-MAXXIS-AT781-RBL-3PMSF-265-60R20-115-T 920w,https:\/\/a.allegroimg.com\/original\/115f63\/dd4a6aac4a4e91572d7ba1c158f3\/2x-MAXXIS-AT781-RBL-3PMSF-265-60R20-115-T 920w\" sizes=\"(min-width: 1200px) 560px, (min-width: 992px) 50vw, 100vw\" width=\"920px\" alt=\"2x MAXXIS AT781 RBL 3PMSF 265\/60R20 115 T\"\/ style=\"max-width: 100%; height: auto; display: block; margin: 0 auto;\"><\/div>\n<\/div>\n<\/div>\n<\/div>\n<\/div>\n<div style=\"clear: both; display: block; margin: 10px 0;\">\n<div style=\"clear: both; display: block; margin: 10px 0;\">\n<h2>Ca\u0142oroczne opony MAXXIS AT781 RBL 3PMSF XL 265\/60 R20 115 T<\/h2>\n<p style=\"margin: 15px 0; line-height: 1.8; clear: both; display: block; width: 100%; float: none; position: static;\">Opony MAXXIS AT781 RBL 3PMSF XL to znacz\u0105cy model w portfolio producenta.\u00a0<\/p>\n<p style=\"margin: 15px 0; line-height: 1.8; clear: both; display: block; width: 100%; float: none; position: static;\"> Opony klasy ekonomicznej maj\u0105 \u015bwietny stosunek jako\u015bci do ceny.<\/p>\n<ul style=\"margin: 15px 0; padding-left: 20px; clear: both; display: block; width: 100%; float: none; position: static;\">\n<li style=\"margin: 5px 0; padding: 2px 0; clear: both; display: list-item; float: none; position: static;\"><b>Stan:<\/b>\u00a0Nowy<\/li>\n<li style=\"margin: 5px 0; padding: 2px 0; clear: both; display: list-item; float: none; position: static;\"><b>EAN:<\/b>\u00a04717784362472<\/li>\n<li style=\"margin: 5px 0; padding: 2px 0; clear: both; display: list-item; float: none; position: static;\"><b>Producent:<\/b> MAXXIS<\/li>\n<li style=\"margin: 5px 0; padding: 2px 0; clear: both; display: list-item; float: none; position: static;\"><b>Model:<\/b> AT781 RBL 3PMSF XL<\/li>\n<li style=\"margin: 5px 0; padding: 2px 0; clear: both; display: list-item; float: none; position: static;\"><b>Rozmiar:<\/b> 265\/60 R20<\/li>\n<li style=\"margin: 5px 0; padding: 2px 0; clear: both; display: list-item; float: none; position: static;\"><b>Indeks no\u015bno\u015bci:<\/b> 115<\/li>\n<li style=\"margin: 5px 0; padding: 2px 0; clear: both; display: list-item; float: none; position: static;\"><b>Indeks pr\u0119dko\u015bci:<\/b> T<\/li>\n<li style=\"margin: 5px 0; padding: 2px 0; clear: both; display: list-item; float: none; position: static;\"><b>Ha\u0142as db:<\/b>\u00a0<\/li>\n<li style=\"margin: 5px 0; padding: 2px 0; clear: both; display: list-item; float: none; position: static;\"><b>Sezon:<\/b> Ca\u0142oroczne<\/li>\n<li style=\"margin: 5px 0; padding: 2px 0; clear: both; display: list-item; float: none; position: static;\"><b>Rok produkcji:<\/b> nie starsze ni\u017c 36 miesi\u0119cy<\/li>\n<li style=\"margin: 5px 0; padding: 2px 0; clear: both; display: list-item; float: none; position: static;\"><b>Przeznaczenie:<\/b> SUV\/4&#215;4<\/li>\n<li style=\"margin: 5px 0; padding: 2px 0; clear: both; display: list-item; float: none; position: static;\"><b>Kl. przycz. na mokrej naw.:<\/b>\u00a0<\/li>\n<li style=\"margin: 5px 0; padding: 2px 0; clear: both; display: list-item; float: none; position: static;\"><b>Kl. efekt. paliwowej:\u00a0<\/b><\/li>\n<\/ul>\n<\/div>\n<\/div>\n<\/div>\n<div style=\"clear: both; display: block; margin: 10px 0;\">\n<div style=\"clear: both; display: block; margin: 10px 0;\">\n<div style=\"clear: both; display: block; margin: 10px 0;\">\n<div  style=\"max-width:562px;max-height:90px\">\n<div style=\"clear: both; display: block; margin: 10px 0;\">\n<div style=\"clear: both; width: 100%; display: block; margin: 20px 0; padding: 0; float: none; position: static; text-align: center;\"><img decoding=\"async\"  src=\"https:\/\/a.allegroimg.com\/original\/119439\/95d9c2704f6f8ea43dd5c785a4cf\/2x-MAXXIS-AT781-RBL-3PMSF-265-60R20-115-T-Liczba-opon-w-ofercie-2-szt\" srcset=\"https:\/\/a.allegroimg.com\/original\/119439\/95d9c2704f6f8ea43dd5c785a4cf\/2x-MAXXIS-AT781-RBL-3PMSF-265-60R20-115-T-Liczba-opon-w-ofercie-2-szt 360w,https:\/\/a.allegroimg.com\/original\/119439\/95d9c2704f6f8ea43dd5c785a4cf\/2x-MAXXIS-AT781-RBL-3PMSF-265-60R20-115-T-Liczba-opon-w-ofercie-2-szt 562w,https:\/\/a.allegroimg.com\/original\/119439\/95d9c2704f6f8ea43dd5c785a4cf\/2x-MAXXIS-AT781-RBL-3PMSF-265-60R20-115-T-Liczba-opon-w-ofercie-2-szt 562w\" sizes=\"100vw\" width=\"562px\" alt=\"2x MAXXIS AT781 RBL 3PMSF 265\/60R20 115 T Liczba opon w ofercie 2 szt.\"\/ style=\"max-width: 100%; height: auto; display: block; margin: 0 auto;\"><\/div>\n<\/div>\n<\/div>\n<\/div>\n<\/div>\n<\/div>\n<div style=\"clear: both; display: block; margin: 10px 0;\">\n<div style=\"clear: both; display: block; margin: 10px 0;\">\n<div style=\"clear: both; display: block; margin: 10px 0;\">\n<p style=\"margin: 15px 0; line-height: 1.8; clear: both; display: block; width: 100%; float: none; position: static;\">Marka Maxxis\u00a0to znany producent opon, kt\u00f3ry cieszy si\u0119 uznaniem na rynku dzi\u0119ki swojemu zaanga\u017cowaniu w jako\u015b\u0107, innowacje i szerok\u0105 gam\u0119 produkt\u00f3w.<\/p>\n<p style=\"margin: 15px 0; line-height: 1.8; clear: both; display: block; width: 100%; float: none; position: static;\">Innowacje i jako\u015b\u0107\u00a0to filary marki Maxxis. Firma inwestuje w badania i rozw\u00f3j, aby dostarcza\u0107 opony o doskona\u0142ej przyczepno\u015bci, trwa\u0142o\u015bci i komforcie jazdy. Opony Maxxis s\u0105 projektowane z my\u015bl\u0105 o r\u00f3\u017cnych warunkach na drodze, co sprawia, \u017ce s\u0105 cenione przez kierowc\u00f3w na ca\u0142ym \u015bwiecie.<\/p>\n<p style=\"margin: 15px 0; line-height: 1.8; clear: both; display: block; width: 100%; float: none; position: static;\">Szeroka oferta produkt\u00f3w\u00a0to kolejna cecha charakterystyczna marki Maxxis. Oferuje ona r\u00f3\u017cnorodne rodzaje opon dostosowane do r\u00f3\u017cnych rodzaj\u00f3w pojazd\u00f3w, od samochod\u00f3w osobowych po motocykle i pojazdy off-road. Maxxis dostarcza opony dla r\u00f3\u017cnych sezon\u00f3w, w\u0142\u0105czaj\u0105c w to opony letnie, zimowe i ca\u0142oroczne, aby zaspokoi\u0107 potrzeby kierowc\u00f3w na r\u00f3\u017cnych rynkach.<\/p>\n<p style=\"margin: 15px 0; line-height: 1.8; clear: both; display: block; width: 100%; float: none; position: static;\">Globalna obecno\u015b\u0107\u00a0marki Maxxis sprawia, \u017ce jej produkty s\u0105 dost\u0119pne na rynkach na ca\u0142ym \u015bwiecie. Firma zdoby\u0142a uznanie zar\u00f3wno w Azji, jak i w innych regionach, gdzie kierowcy doceniaj\u0105 jako\u015b\u0107 i wydajno\u015b\u0107 swoich opon. Maxxis to marka, kt\u00f3ra stawia na innowacje i niezawodno\u015b\u0107 na drodze.<\/p>\n<\/div>\n<\/div>\n<\/div>\n<div style=\"clear: both; display: block; margin: 10px 0;\">\n<div style=\"clear: both; display: block; margin: 10px 0;\">\n<div style=\"clear: both; display: block; margin: 10px 0;\">\n<div  style=\"max-width:920px;max-height:1120px\">\n<div style=\"clear: both; display: block; margin: 10px 0;\">\n<div style=\"clear: both; width: 100%; display: block; margin: 20px 0; padding: 0; float: none; position: static; text-align: center;\"><img decoding=\"async\"  src=\"https:\/\/a.allegroimg.com\/original\/115f63\/dd4a6aac4a4e91572d7ba1c158f3\/2x-MAXXIS-AT781-RBL-3PMSF-265-60R20-115-T\" srcset=\"https:\/\/a.allegroimg.com\/original\/115f63\/dd4a6aac4a4e91572d7ba1c158f3\/2x-MAXXIS-AT781-RBL-3PMSF-265-60R20-115-T 295w,https:\/\/a.allegroimg.com\/original\/115f63\/dd4a6aac4a4e91572d7ba1c158f3\/2x-MAXXIS-AT781-RBL-3PMSF-265-60R20-115-T 591w,https:\/\/a.allegroimg.com\/original\/115f63\/dd4a6aac4a4e91572d7ba1c158f3\/2x-MAXXIS-AT781-RBL-3PMSF-265-60R20-115-T 841w,https:\/\/a.allegroimg.com\/original\/115f63\/dd4a6aac4a4e91572d7ba1c158f3\/2x-MAXXIS-AT781-RBL-3PMSF-265-60R20-115-T 920w,https:\/\/a.allegroimg.com\/original\/115f63\/dd4a6aac4a4e91572d7ba1c158f3\/2x-MAXXIS-AT781-RBL-3PMSF-265-60R20-115-T 920w\" sizes=\"(min-width: 1200px) 560px, (min-width: 992px) 50vw, 100vw\" width=\"920px\" alt=\"2x MAXXIS AT781 RBL 3PMSF 265\/60R20 115 T\"\/ style=\"max-width: 100%; height: auto; display: block; margin: 0 auto;\"><\/div>\n<\/div>\n<\/div>\n<\/div>\n<\/div>\n<div style=\"clear: both; display: block; margin: 10px 0;\">\n<div style=\"clear: both; display: block; margin: 10px 0;\">\n<p style=\"margin: 15px 0; line-height: 1.8; clear: both; display: block; width: 100%; float: none; position: static;\">Dlaczego warto kupowa\u0107 u Nas ?<\/p>\n<p style=\"margin: 15px 0; line-height: 1.8; clear: both; display: block; width: 100%; float: none; position: static;\">Jeste\u015bmy firm\u0105, kt\u00f3ra na podstawie wieloletniego do\u015bwiadczenia z zaanga\u017cowaniem pomaga klientom w doborze oraz kupnie opon.<\/p>\n<p style=\"margin: 15px 0; line-height: 1.8; clear: both; display: block; width: 100%; float: none; position: static;\">Posiadamy szerok\u0105 game opon do aut osobowych, dostawczych, cie\u017carowych, motocyki jak i opon przemys\u0142owych.<\/p>\n<p style=\"margin: 15px 0; line-height: 1.8; clear: both; display: block; width: 100%; float: none; position: static;\">Gwarancja satysfakcjii oraz bezpiecznie przejechanych kilometr\u00f3w.<\/p>\n<p style=\"margin: 15px 0; line-height: 1.8; clear: both; display: block; width: 100%; float: none; position: static;\">Zosta\u0144 naszym kolejnym zadowolonym klientem.<\/p>\n<p style=\"margin: 15px 0; line-height: 1.8; clear: both; display: block; width: 100%; float: none; position: static;\">ZAPRASZAMY DO ZAKUP\u00d3W.<\/p>\n<\/div>\n<\/div>\n<\/div>\n<\/div>\n<\/div>\n<\/div>\n<div style=\"clear: both; display: block; margin: 10px 0;\">\n","protected":false},"excerpt":{"rendered":"<p>2x MAXXIS AT781 RBL 3PMSF 265\/60R20 115 T<\/p>\n<p>Ca\u0142oroczne opony MAXXIS AT781 RBL 3PMSF XL 265\/60 R20 115 T<\/p>\n<p>Opony MAXXIS AT781 RBL 3PMSF XL to znacz\u0105cy model w portfolio producenta.\u00a0<\/p>\n<p>Opony klasy ekonomicznej maj\u0105 \u015bwietny stosunek jako\u015bci do ceny.<\/p>\n<p>Stan:\u00a0Nowy<\/p>\n<p>EAN:\u00a04717784362472<\/p>\n<p>Producent: MAXXIS<\/p>\n<p>Model: AT781 RBL 3PMSF XL<\/p>\n","protected":false},"featured_media":11150,"template":"","meta":{"_uag_custom_page_level_css":""},"product_brand":[445],"product_cat":[416,414,413,412],"product_tag":[],"class_list":{"0":"post-11149","1":"product","2":"type-product","3":"status-publish","4":"has-post-thumbnail","6":"product_brand-maxxis","7":"product_cat-caloroczne","8":"product_cat-do-samochodow-osobowych-i-suv","9":"product_cat-opony","10":"product_cat-opony-i-felgi","12":"first","13":"instock","14":"shipping-taxable","15":"purchasable","16":"product-type-simple"},"uagb_featured_image_src":{"full":["https:\/\/oponixo.shop\/tire\/wp-content\/uploads\/2025\/12\/allegro-image-11149.jpg",920,1120,false],"thumbnail":["https:\/\/oponixo.shop\/tire\/wp-content\/uploads\/2025\/12\/allegro-image-11149-150x150.jpg",150,150,true],"medium":["https:\/\/oponixo.shop\/tire\/wp-content\/uploads\/2025\/12\/allegro-image-11149-246x300.jpg",246,300,true],"medium_large":["https:\/\/oponixo.shop\/tire\/wp-content\/uploads\/2025\/12\/allegro-image-11149-768x935.jpg",768,935,true],"large":["https:\/\/oponixo.shop\/tire\/wp-content\/uploads\/2025\/12\/allegro-image-11149-841x1024.jpg",841,1024,true],"1536x1536":["https:\/\/oponixo.shop\/tire\/wp-content\/uploads\/2025\/12\/allegro-image-11149.jpg",920,1120,false],"2048x2048":["https:\/\/oponixo.shop\/tire\/wp-content\/uploads\/2025\/12\/allegro-image-11149.jpg",920,1120,false],"woocommerce_thumbnail":["https:\/\/oponixo.shop\/tire\/wp-content\/uploads\/2025\/12\/allegro-image-11149-300x300.jpg",300,300,true],"woocommerce_single":["https:\/\/oponixo.shop\/tire\/wp-content\/uploads\/2025\/12\/allegro-image-11149-600x730.jpg",600,730,true],"woocommerce_gallery_thumbnail":["https:\/\/oponixo.shop\/tire\/wp-content\/uploads\/2025\/12\/allegro-image-11149-100x100.jpg",100,100,true]},"uagb_author_info":{"display_name":"admin","author_link":"https:\/\/oponixo.shop\/tire\/author\/"},"uagb_comment_info":0,"uagb_excerpt":"2x MAXXIS AT781 RBL 3PMSF 265\/60R20 115 T Ca\u0142oroczne opony MAXXIS AT781 RBL 3PMSF XL 265\/60 R20 115 T Opony MAXXIS AT781 RBL 3PMSF XL to znacz\u0105cy model w portfolio producenta.\u00a0 Opony klasy ekonomicznej maj\u0105 \u015bwietny stosunek jako\u015bci do ceny. Stan:\u00a0Nowy EAN:\u00a04717784362472 Producent: MAXXIS Model: AT781 RBL 3PMSF XL","_links":{"self":[{"href":"https:\/\/oponixo.shop\/tire\/wp-json\/wp\/v2\/product\/11149","targetHints":{"allow":["GET"]}}],"collection":[{"href":"https:\/\/oponixo.shop\/tire\/wp-json\/wp\/v2\/product"}],"about":[{"href":"https:\/\/oponixo.shop\/tire\/wp-json\/wp\/v2\/types\/product"}],"wp:featuredmedia":[{"embeddable":true,"href":"https:\/\/oponixo.shop\/tire\/wp-json\/wp\/v2\/media\/11150"}],"wp:attachment":[{"href":"https:\/\/oponixo.shop\/tire\/wp-json\/wp\/v2\/media?parent=11149"}],"wp:term":[{"taxonomy":"product_brand","embeddable":true,"href":"https:\/\/oponixo.shop\/tire\/wp-json\/wp\/v2\/product_brand?post=11149"},{"taxonomy":"product_cat","embeddable":true,"href":"https:\/\/oponixo.shop\/tire\/wp-json\/wp\/v2\/product_cat?post=11149"},{"taxonomy":"product_tag","embeddable":true,"href":"https:\/\/oponixo.shop\/tire\/wp-json\/wp\/v2\/product_tag?post=11149"}],"curies":[{"name":"wp","href":"https:\/\/api.w.org\/{rel}","templated":true}]}}