{"id":11222,"date":"2025-12-31T04:37:52","date_gmt":"2025-12-31T04:37:52","guid":{"rendered":"https:\/\/oponyexpert.shop\/xef5\/produkt\/2x-goodyear-efficientgrip-suv-255-65r17-110-h\/"},"modified":"2025-12-31T04:37:53","modified_gmt":"2025-12-31T04:37:53","slug":"2x-goodyear-efficientgrip-suv-255-65r17-110-h","status":"publish","type":"product","link":"https:\/\/oponixo.shop\/tire\/produkt\/2x-goodyear-efficientgrip-suv-255-65r17-110-h\/","title":{"rendered":"2x GOODYEAR EFFICIENTGRIP SUV 255\/65R17 110 H"},"content":{"rendered":"<div style=\"font-family: Arial, sans-serif; line-height: 1.6; color: #333; padding: 20px; clear: both; display: block; width: 100%; float: none; position: static; overflow: hidden;\">\n<div style=\"clear: both; display: block; margin: 10px 0;\">\n<div style=\"clear: both; display: block; margin: 10px 0;\">\n<div style=\"clear: both; display: block; margin: 10px 0;\">\n<h2>2x GOODYEAR EFFICIENTGRIP SUV 255\/65R17 110 H<\/h2>\n<\/div>\n<\/div>\n<\/div>\n<div style=\"clear: both; display: block; margin: 10px 0;\">\n<div style=\"clear: both; display: block; margin: 10px 0;\">\n<div style=\"clear: both; display: block; margin: 10px 0;\">\n<div  style=\"max-width:920px;max-height:1120px\">\n<div style=\"clear: both; display: block; margin: 10px 0;\">\n<div style=\"clear: both; width: 100%; display: block; margin: 20px 0; padding: 0; float: none; position: static; text-align: center;\"><img decoding=\"async\"  src=\"https:\/\/a.allegroimg.com\/original\/1111d6\/d9d141f746499a6626bd613cfa13\/2x-GOODYEAR-EFFICIENTGRIP-SUV-255-65R17-110-H\" srcset=\"https:\/\/a.allegroimg.com\/original\/1111d6\/d9d141f746499a6626bd613cfa13\/2x-GOODYEAR-EFFICIENTGRIP-SUV-255-65R17-110-H 295w,https:\/\/a.allegroimg.com\/original\/1111d6\/d9d141f746499a6626bd613cfa13\/2x-GOODYEAR-EFFICIENTGRIP-SUV-255-65R17-110-H 591w,https:\/\/a.allegroimg.com\/original\/1111d6\/d9d141f746499a6626bd613cfa13\/2x-GOODYEAR-EFFICIENTGRIP-SUV-255-65R17-110-H 841w,https:\/\/a.allegroimg.com\/original\/1111d6\/d9d141f746499a6626bd613cfa13\/2x-GOODYEAR-EFFICIENTGRIP-SUV-255-65R17-110-H 920w,https:\/\/a.allegroimg.com\/original\/1111d6\/d9d141f746499a6626bd613cfa13\/2x-GOODYEAR-EFFICIENTGRIP-SUV-255-65R17-110-H 920w\" sizes=\"(min-width: 1200px) 560px, (min-width: 992px) 50vw, 100vw\" width=\"920px\" alt=\"2x GOODYEAR EFFICIENTGRIP SUV 255\/65R17 110 H\"\/ style=\"max-width: 100%; height: auto; display: block; margin: 0 auto;\"><\/div>\n<\/div>\n<\/div>\n<\/div>\n<\/div>\n<div style=\"clear: both; display: block; margin: 10px 0;\">\n<div style=\"clear: both; display: block; margin: 10px 0;\">\n<h2>Letnie opony GOODYEAR EFFICIENTGRIP SUV 255\/65 R17 110 H<\/h2>\n<p style=\"margin: 15px 0; line-height: 1.8; clear: both; display: block; width: 100%; float: none; position: static;\">Opony GOODYEAR EFFICIENTGRIP SUV to znacz\u0105cy model w portfolio producenta.\u00a0<\/p>\n<p style=\"margin: 15px 0; line-height: 1.8; clear: both; display: block; width: 100%; float: none; position: static;\">Charakteryzuje si\u0119 niskim oporem toczenia Opony klasy Premium s\u0105 wytwarzane z zastosowaniem najbardziej zaawansowanych technologii na \u015bwiecie.<\/p>\n<ul style=\"margin: 15px 0; padding-left: 20px; clear: both; display: block; width: 100%; float: none; position: static;\">\n<li style=\"margin: 5px 0; padding: 2px 0; clear: both; display: list-item; float: none; position: static;\"><b>Stan:<\/b>\u00a0Nowy<\/li>\n<li style=\"margin: 5px 0; padding: 2px 0; clear: both; display: list-item; float: none; position: static;\"><b>EAN:<\/b>\u00a05452000676115<\/li>\n<li style=\"margin: 5px 0; padding: 2px 0; clear: both; display: list-item; float: none; position: static;\"><b>Producent:<\/b> GOODYEAR<\/li>\n<li style=\"margin: 5px 0; padding: 2px 0; clear: both; display: list-item; float: none; position: static;\"><b>Model:<\/b> EFFICIENTGRIP SUV<\/li>\n<li style=\"margin: 5px 0; padding: 2px 0; clear: both; display: list-item; float: none; position: static;\"><b>Rozmiar:<\/b> 255\/65 R17<\/li>\n<li style=\"margin: 5px 0; padding: 2px 0; clear: both; display: list-item; float: none; position: static;\"><b>Indeks no\u015bno\u015bci:<\/b> 110<\/li>\n<li style=\"margin: 5px 0; padding: 2px 0; clear: both; display: list-item; float: none; position: static;\"><b>Indeks pr\u0119dko\u015bci:<\/b> H<\/li>\n<li style=\"margin: 5px 0; padding: 2px 0; clear: both; display: list-item; float: none; position: static;\"><b>Ha\u0142as db:<\/b>\u00a068<\/li>\n<li style=\"margin: 5px 0; padding: 2px 0; clear: both; display: list-item; float: none; position: static;\"><b>Sezon:<\/b> Letnie<\/li>\n<li style=\"margin: 5px 0; padding: 2px 0; clear: both; display: list-item; float: none; position: static;\"><b>Rok produkcji:<\/b> nie starsze ni\u017c 36 miesi\u0119cy<\/li>\n<li style=\"margin: 5px 0; padding: 2px 0; clear: both; display: list-item; float: none; position: static;\"><b>Przeznaczenie:<\/b> SUV\/4&#215;4<\/li>\n<li style=\"margin: 5px 0; padding: 2px 0; clear: both; display: list-item; float: none; position: static;\"><b>Kl. przycz. na mokrej naw.:<\/b>\u00a0B<\/li>\n<li style=\"margin: 5px 0; padding: 2px 0; clear: both; display: list-item; float: none; position: static;\"><b>Kl. efekt. paliwowej:\u00a0<\/b>B<\/li>\n<\/ul>\n<\/div>\n<\/div>\n<\/div>\n<div style=\"clear: both; display: block; margin: 10px 0;\">\n<div style=\"clear: both; display: block; margin: 10px 0;\">\n<div style=\"clear: both; display: block; margin: 10px 0;\">\n<div  style=\"max-width:1232px;max-height:496px\">\n<div style=\"clear: both; display: block; margin: 10px 0;\">\n<div style=\"clear: both; width: 100%; display: block; margin: 20px 0; padding: 0; float: none; position: static; text-align: center;\"><img decoding=\"async\"  src=\"https:\/\/a.allegroimg.com\/original\/11afc7\/4e76a58c48f3883f45cc8a4ee80c\/2x-GOODYEAR-EFFICIENTGRIP-SUV-255-65R17-110-H-Liczba-opon-w-ofercie-2-szt\" srcset=\"https:\/\/a.allegroimg.com\/original\/11afc7\/4e76a58c48f3883f45cc8a4ee80c\/2x-GOODYEAR-EFFICIENTGRIP-SUV-255-65R17-110-H-Liczba-opon-w-ofercie-2-szt 360w,https:\/\/a.allegroimg.com\/original\/11afc7\/4e76a58c48f3883f45cc8a4ee80c\/2x-GOODYEAR-EFFICIENTGRIP-SUV-255-65R17-110-H-Liczba-opon-w-ofercie-2-szt 720w,https:\/\/a.allegroimg.com\/original\/11afc7\/4e76a58c48f3883f45cc8a4ee80c\/2x-GOODYEAR-EFFICIENTGRIP-SUV-255-65R17-110-H-Liczba-opon-w-ofercie-2-szt 1024w,https:\/\/a.allegroimg.com\/original\/11afc7\/4e76a58c48f3883f45cc8a4ee80c\/2x-GOODYEAR-EFFICIENTGRIP-SUV-255-65R17-110-H-Liczba-opon-w-ofercie-2-szt 1232w,https:\/\/a.allegroimg.com\/original\/11afc7\/4e76a58c48f3883f45cc8a4ee80c\/2x-GOODYEAR-EFFICIENTGRIP-SUV-255-65R17-110-H-Liczba-opon-w-ofercie-2-szt 1232w\" sizes=\"100vw\" width=\"1232px\" alt=\"2x GOODYEAR EFFICIENTGRIP SUV 255\/65R17 110 H Liczba opon w ofercie 2 szt.\"\/ style=\"max-width: 100%; height: auto; display: block; margin: 0 auto;\"><\/div>\n<\/div>\n<\/div>\n<\/div>\n<\/div>\n<\/div>\n<div style=\"clear: both; display: block; margin: 10px 0;\">\n<div style=\"clear: both; display: block; margin: 10px 0;\">\n<div style=\"clear: both; display: block; margin: 10px 0;\">\n<p style=\"margin: 15px 0; line-height: 1.8; clear: both; display: block; width: 100%; float: none; position: static;\">Firma Goodyear zosta\u0142a za\u0142o\u017cona przez ameryka\u0144skiego przedsi\u0119biorc\u0119 Franka Seiberlinga w 1898 roku. Obecnie g\u0142\u00f3wna siedziba koncernu znajduje si\u0119 w Akron w stanie Ohio.<\/p>\n<p style=\"margin: 15px 0; line-height: 1.8; clear: both; display: block; width: 100%; float: none; position: static;\">Koncern produkuje opony na potrzeby przemys\u0142u samochodowego, lotniczego, sport\u00f3w motorowych, ci\u0119\u017ckich maszyn przemys\u0142owych. Marka zyska\u0142a du\u017c\u0105 popularno\u015b\u0107 dzi\u0119ki produkcji opon umo\u017cliwiaj\u0105cych poczucie komfortu i bezpiecze\u0144stwa na ka\u017cdej nawierzchni, w ka\u017cdych warunkach przy zachowaniu niewyg\u00f3rowanej ceny.<\/p>\n<p style=\"margin: 15px 0; line-height: 1.8; clear: both; display: block; width: 100%; float: none; position: static;\">Wieloletnia dzia\u0142alno\u015b\u0107 i stawianie na wysokiej jako\u015bci rozwi\u0105zania sprawi\u0142y, \u017ce obecnie jest to jeden z najwi\u0119kszych producent\u00f3w ogumienia do samochod\u00f3w osobowych na \u015bwiecie. Marka zawdzi\u0119cza swoj\u0105 reputacj\u0119 doskona\u0142ym wynikom w testach ogumienia.<\/p>\n<p style=\"margin: 15px 0; line-height: 1.8; clear: both; display: block; width: 100%; float: none; position: static;\">Goodyear jest r\u00f3wnie\u017c inwestorem strategicznym T.C. D\u0119bica S.A. Inwestycje firmy pozwoli\u0142y unowocze\u015bni\u0107 fabryk\u0119 w D\u0119bicy w Polsce. Obecnie jest to najwi\u0119kszy zak\u0142ad produkcyjny koncernu Goodyear w Europie i trzeci pod wzgl\u0119dem wielko\u015bci na \u015bwiecie.<\/p>\n<\/div>\n<\/div>\n<\/div>\n<div style=\"clear: both; display: block; margin: 10px 0;\">\n<div style=\"clear: both; display: block; margin: 10px 0;\">\n<div style=\"clear: both; display: block; margin: 10px 0;\">\n<div  style=\"max-width:1200px;max-height:1758px\">\n<div style=\"clear: both; display: block; margin: 10px 0;\">\n<div style=\"clear: both; width: 100%; display: block; margin: 20px 0; padding: 0; float: none; position: static; text-align: center;\"><img decoding=\"async\"  src=\"https:\/\/a.allegroimg.com\/original\/11ff21\/9c9d210e4fe19694ffa6b4fd16e0\/2x-GOODYEAR-EFFICIENTGRIP-SUV-255-65R17-110-H-Marka-Goodyear\" srcset=\"https:\/\/a.allegroimg.com\/original\/11ff21\/9c9d210e4fe19694ffa6b4fd16e0\/2x-GOODYEAR-EFFICIENTGRIP-SUV-255-65R17-110-H-Marka-Goodyear 245w,https:\/\/a.allegroimg.com\/original\/11ff21\/9c9d210e4fe19694ffa6b4fd16e0\/2x-GOODYEAR-EFFICIENTGRIP-SUV-255-65R17-110-H-Marka-Goodyear 491w,https:\/\/a.allegroimg.com\/original\/11ff21\/9c9d210e4fe19694ffa6b4fd16e0\/2x-GOODYEAR-EFFICIENTGRIP-SUV-255-65R17-110-H-Marka-Goodyear 698w,https:\/\/a.allegroimg.com\/original\/11ff21\/9c9d210e4fe19694ffa6b4fd16e0\/2x-GOODYEAR-EFFICIENTGRIP-SUV-255-65R17-110-H-Marka-Goodyear 982w,https:\/\/a.allegroimg.com\/original\/11ff21\/9c9d210e4fe19694ffa6b4fd16e0\/2x-GOODYEAR-EFFICIENTGRIP-SUV-255-65R17-110-H-Marka-Goodyear 1200w\" sizes=\"(min-width: 1200px) 560px, (min-width: 992px) 50vw, 100vw\" width=\"1200px\" alt=\"2x GOODYEAR EFFICIENTGRIP SUV 255\/65R17 110 H Marka Goodyear\"\/ style=\"max-width: 100%; height: auto; display: block; margin: 0 auto;\"><\/div>\n<\/div>\n<\/div>\n<\/div>\n<\/div>\n<div style=\"clear: both; display: block; margin: 10px 0;\">\n<div style=\"clear: both; display: block; margin: 10px 0;\">\n<p style=\"margin: 15px 0; line-height: 1.8; clear: both; display: block; width: 100%; float: none; position: static;\">Dlaczego warto kupowa\u0107 u Nas ?<\/p>\n<p style=\"margin: 15px 0; line-height: 1.8; clear: both; display: block; width: 100%; float: none; position: static;\">Jeste\u015bmy firm\u0105, kt\u00f3ra na podstawie wieloletniego do\u015bwiadczenia z zaanga\u017cowaniem pomaga klientom w doborze oraz kupnie opon.<\/p>\n<p style=\"margin: 15px 0; line-height: 1.8; clear: both; display: block; width: 100%; float: none; position: static;\">Posiadamy szerok\u0105 game opon do aut osobowych, dostawczych, cie\u017carowych, motocyki jak i opon przemys\u0142owych.<\/p>\n<p style=\"margin: 15px 0; line-height: 1.8; clear: both; display: block; width: 100%; float: none; position: static;\">Gwarancja satysfakcjii oraz bezpiecznie przejechanych kilometr\u00f3w.<\/p>\n<p style=\"margin: 15px 0; line-height: 1.8; clear: both; display: block; width: 100%; float: none; position: static;\">Zosta\u0144 naszym kolejnym zadowolonym klientem.<\/p>\n<p style=\"margin: 15px 0; line-height: 1.8; clear: both; display: block; width: 100%; float: none; position: static;\">ZAPRASZAMY DO ZAKUP\u00d3W.<\/p>\n<\/div>\n<\/div>\n<\/div>\n<\/div>\n<\/div>\n<\/div>\n<div style=\"clear: both; display: block; margin: 10px 0;\">\n","protected":false},"excerpt":{"rendered":"<p>2x GOODYEAR EFFICIENTGRIP SUV 255\/65R17 110 H<\/p>\n<p>Letnie opony GOODYEAR EFFICIENTGRIP SUV 255\/65 R17 110 H<\/p>\n<p>Opony GOODYEAR EFFICIENTGRIP SUV to znacz\u0105cy model w portfolio producenta.\u00a0<\/p>\n<p>Charakteryzuje si\u0119 niskim oporem toczenia Opony klasy Premium s\u0105 wytwarzane z zastosowaniem najbardziej zaawansowanych technologii na \u015bwiecie.<\/p>\n<p>Stan:\u00a0Nowy<\/p>\n<p>EAN:\u00a05452000676115<\/p>\n<p>Producent: GOODYEAR<\/p>\n<p>Model: EFFICIENTGRIP SUV<\/p>\n","protected":false},"featured_media":11223,"template":"","meta":{"_uag_custom_page_level_css":""},"product_brand":[437],"product_cat":[414,418,413,412],"product_tag":[],"class_list":{"0":"post-11222","1":"product","2":"type-product","3":"status-publish","4":"has-post-thumbnail","6":"product_brand-goodyear","7":"product_cat-do-samochodow-osobowych-i-suv","8":"product_cat-letnie","9":"product_cat-opony","10":"product_cat-opony-i-felgi","12":"first","13":"instock","14":"shipping-taxable","15":"purchasable","16":"product-type-simple"},"uagb_featured_image_src":{"full":["https:\/\/oponixo.shop\/tire\/wp-content\/uploads\/2025\/12\/allegro-image-11222.jpg",920,1120,false],"thumbnail":["https:\/\/oponixo.shop\/tire\/wp-content\/uploads\/2025\/12\/allegro-image-11222-150x150.jpg",150,150,true],"medium":["https:\/\/oponixo.shop\/tire\/wp-content\/uploads\/2025\/12\/allegro-image-11222-246x300.jpg",246,300,true],"medium_large":["https:\/\/oponixo.shop\/tire\/wp-content\/uploads\/2025\/12\/allegro-image-11222-768x935.jpg",768,935,true],"large":["https:\/\/oponixo.shop\/tire\/wp-content\/uploads\/2025\/12\/allegro-image-11222-841x1024.jpg",841,1024,true],"1536x1536":["https:\/\/oponixo.shop\/tire\/wp-content\/uploads\/2025\/12\/allegro-image-11222.jpg",920,1120,false],"2048x2048":["https:\/\/oponixo.shop\/tire\/wp-content\/uploads\/2025\/12\/allegro-image-11222.jpg",920,1120,false],"woocommerce_thumbnail":["https:\/\/oponixo.shop\/tire\/wp-content\/uploads\/2025\/12\/allegro-image-11222-300x300.jpg",300,300,true],"woocommerce_single":["https:\/\/oponixo.shop\/tire\/wp-content\/uploads\/2025\/12\/allegro-image-11222-600x730.jpg",600,730,true],"woocommerce_gallery_thumbnail":["https:\/\/oponixo.shop\/tire\/wp-content\/uploads\/2025\/12\/allegro-image-11222-100x100.jpg",100,100,true]},"uagb_author_info":{"display_name":"admin","author_link":"https:\/\/oponixo.shop\/tire\/author\/"},"uagb_comment_info":0,"uagb_excerpt":"2x GOODYEAR EFFICIENTGRIP SUV 255\/65R17 110 H Letnie opony GOODYEAR EFFICIENTGRIP SUV 255\/65 R17 110 H Opony GOODYEAR EFFICIENTGRIP SUV to znacz\u0105cy model w portfolio producenta.\u00a0 Charakteryzuje si\u0119 niskim oporem toczenia Opony klasy Premium s\u0105 wytwarzane z zastosowaniem najbardziej zaawansowanych technologii na \u015bwiecie. Stan:\u00a0Nowy EAN:\u00a05452000676115 Producent: GOODYEAR Model: EFFICIENTGRIP SUV","_links":{"self":[{"href":"https:\/\/oponixo.shop\/tire\/wp-json\/wp\/v2\/product\/11222","targetHints":{"allow":["GET"]}}],"collection":[{"href":"https:\/\/oponixo.shop\/tire\/wp-json\/wp\/v2\/product"}],"about":[{"href":"https:\/\/oponixo.shop\/tire\/wp-json\/wp\/v2\/types\/product"}],"wp:featuredmedia":[{"embeddable":true,"href":"https:\/\/oponixo.shop\/tire\/wp-json\/wp\/v2\/media\/11223"}],"wp:attachment":[{"href":"https:\/\/oponixo.shop\/tire\/wp-json\/wp\/v2\/media?parent=11222"}],"wp:term":[{"taxonomy":"product_brand","embeddable":true,"href":"https:\/\/oponixo.shop\/tire\/wp-json\/wp\/v2\/product_brand?post=11222"},{"taxonomy":"product_cat","embeddable":true,"href":"https:\/\/oponixo.shop\/tire\/wp-json\/wp\/v2\/product_cat?post=11222"},{"taxonomy":"product_tag","embeddable":true,"href":"https:\/\/oponixo.shop\/tire\/wp-json\/wp\/v2\/product_tag?post=11222"}],"curies":[{"name":"wp","href":"https:\/\/api.w.org\/{rel}","templated":true}]}}