{"id":11228,"date":"2025-12-31T04:41:20","date_gmt":"2025-12-31T04:41:20","guid":{"rendered":"https:\/\/oponyexpert.shop\/xef5\/produkt\/2x-continental-sportcontact-7-265-35r18-97y-xl-fr\/"},"modified":"2025-12-31T04:41:21","modified_gmt":"2025-12-31T04:41:21","slug":"2x-continental-sportcontact-7-265-35r18-97y-xl-fr","status":"publish","type":"product","link":"https:\/\/oponixo.shop\/tire\/produkt\/2x-continental-sportcontact-7-265-35r18-97y-xl-fr\/","title":{"rendered":"2x Continental SportContact 7 265\/35R18 97Y XL FR"},"content":{"rendered":"<div style=\"font-family: Arial, sans-serif; line-height: 1.6; color: #333; padding: 20px; clear: both; display: block; width: 100%; float: none; position: static; overflow: hidden;\">\n<div style=\"clear: both; display: block; margin: 10px 0;\">\n<div style=\"clear: both; display: block; margin: 10px 0;\">\n<div style=\"clear: both; display: block; margin: 10px 0;\">\n<h1>Continental SportContact 7 <\/h1>\n<h1>265\/35 R18 97Y do 300 km\/h<\/h1>\n<h2>Kod produktu: 4019238078947<\/h2>\n<p style=\"margin: 15px 0; line-height: 1.8; clear: both; display: block; width: 100%; float: none; position: static;\">CONTINENTAL SportContact 7 &#8211; to opona LETNIA &#8211; przeznaczona do r\u00f3\u017cnych aut z wi\u0119kszymi ko\u0142ami tj. od19-23 cali. Pocz\u0105wszy od Golfa, po Porshe 4S GT, Lamborghini czy te\u017c McLaren. Mo\u017cna j\u0105 zaliczy\u0107 do opon sportowych. \u0141adnie wygl\u0105daj\u0105cy bie\u017cnik podkre\u015bla charakterystyk\u0119 opony. Mieszanka jest supermi\u0119kka \u2013 a opona supersztywna. Tak mo\u017cna by okre\u015bli\u0107 now\u0105 opon\u0119 CONTINENTAL SportContact 7. Dzieki temu opona pozwala nam jecha\u0107 szybciej, lepiej hamuje \u2013 drog\u0119 hamowania skr\u00f3cono o 6%, a  na mokrej powierzchnio o 8%. Trwa\u0142o\u015b\u0107 jej wyd\u0142u\u017cono o 17%. Ci\u0119\u017car jest ciut wi\u0119kszy od poprzednika \u2013 ale to za spraw\u0105 wi\u0119kszej ilo\u015bci gumy, ale bior\u0105c pod uwag\u0119 charakterystyk\u0119 sportow\u0105 uzyskano niskie opory toczenia \u2013 co znacznie wyd\u0142u\u017ca czas eksploatacji.Op Opona ta zapewnia \u0142atwiejsze prowadzenie auta \u2013 kt\u00f3re jest bardziej stabilne, w szczeg\u00f3lno\u015bci wida\u0107 to podczas pokonywania zakr\u0119t\u00f3w  z du\u017c\u0105 pr\u0119dko\u015bci\u0105. SportContact 7 \u2013 jest to opona bezpieczna a zarazem bardzo szybka<\/p>\n<h2>Zakupione na tej aukcji opony mo\u017cesz odebra\u0107 i wymieni\u0107 w jednym z naszych serwis\u00f3w: MOTOHURT MARKI &#8211; MOTOHURT WOLA &#8211; MOTOHURT MOKOT\u00d3W<\/h2>\n<\/div>\n<\/div>\n<div style=\"clear: both; display: block; margin: 10px 0;\">\n<div style=\"clear: both; display: block; margin: 10px 0;\">\n<div  style=\"max-width:750px;max-height:1024px\">\n<div style=\"clear: both; display: block; margin: 10px 0;\">\n<div style=\"clear: both; width: 100%; display: block; margin: 20px 0; padding: 0; float: none; position: static; text-align: center;\"><img decoding=\"async\"  src=\"https:\/\/a.allegroimg.com\/original\/1139f5\/269cd3fe4397841a1110bd24f297\/2x-Continental-SportContact-7-265-35R18-97Y-XL-FR\" srcset=\"https:\/\/a.allegroimg.com\/original\/1139f5\/269cd3fe4397841a1110bd24f297\/2x-Continental-SportContact-7-265-35R18-97Y-XL-FR 263w,https:\/\/a.allegroimg.com\/original\/1139f5\/269cd3fe4397841a1110bd24f297\/2x-Continental-SportContact-7-265-35R18-97Y-XL-FR 527w,https:\/\/a.allegroimg.com\/original\/1139f5\/269cd3fe4397841a1110bd24f297\/2x-Continental-SportContact-7-265-35R18-97Y-XL-FR 750w,https:\/\/a.allegroimg.com\/original\/1139f5\/269cd3fe4397841a1110bd24f297\/2x-Continental-SportContact-7-265-35R18-97Y-XL-FR 750w\" sizes=\"(min-width: 1200px) 560px, (min-width: 992px) 50vw, 100vw\" width=\"750px\" alt=\"2x Continental SportContact 7 265\/35R18 97Y XL FR\"\/ style=\"max-width: 100%; height: auto; display: block; margin: 0 auto;\"><\/div>\n<\/div>\n<\/div>\n<\/div>\n<\/div>\n<\/div>\n<div style=\"clear: both; display: block; margin: 10px 0;\">\n<div style=\"clear: both; display: block; margin: 10px 0;\">\n<div style=\"clear: both; display: block; margin: 10px 0;\">\n<div  style=\"max-width:212px;max-height:305px\">\n<div style=\"clear: both; display: block; margin: 10px 0;\">\n<div style=\"clear: both; width: 100%; display: block; margin: 20px 0; padding: 0; float: none; position: static; text-align: center;\"><img decoding=\"async\"  src=\"https:\/\/a.allegroimg.com\/original\/11fcc1\/d7fc06c1473c9a73fa64c1cf3c26\/2x-Continental-SportContact-7-265-35R18-97Y-XL-FR-Liczba-opon-w-ofercie-2-szt\" srcset=\"https:\/\/a.allegroimg.com\/original\/11fcc1\/d7fc06c1473c9a73fa64c1cf3c26\/2x-Continental-SportContact-7-265-35R18-97Y-XL-FR-Liczba-opon-w-ofercie-2-szt 212w,https:\/\/a.allegroimg.com\/original\/11fcc1\/d7fc06c1473c9a73fa64c1cf3c26\/2x-Continental-SportContact-7-265-35R18-97Y-XL-FR-Liczba-opon-w-ofercie-2-szt 212w\" sizes=\"(min-width: 1200px) 560px, (min-width: 992px) 50vw, 100vw\" width=\"212px\" alt=\"2x Continental SportContact 7 265\/35R18 97Y XL FR Liczba opon w ofercie 2 szt.\"\/ style=\"max-width: 100%; height: auto; display: block; margin: 0 auto;\"><\/div>\n<\/div>\n<\/div>\n<\/div>\n<\/div>\n<div style=\"clear: both; display: block; margin: 10px 0;\">\n<div style=\"clear: both; display: block; margin: 10px 0;\">\n<h2>Marka: Continental<\/h2>\n<h2>Liczba opon w ofercie: 2<\/h2>\n<h2>Rok produkcji: <\/h2>\n<h2>Szeroko\u015b\u0107 opony: 265 mm<\/h2>\n<h2>Profil opony: 35<\/h2>\n<h2>\u015arednica: 18<\/h2>\n<h2>Indeks no\u015bno\u015bci: 97<\/h2>\n<h2>Indeks pr\u0119dko\u015bci: Y do 300 km\/h<\/h2>\n<h2>Op\u00f3r toczenia: Klasa C<\/h2>\n<h2>Przyczepno\u015b\u0107 na mokrej nawierzchni: Klasa A<\/h2>\n<h2>Ha\u0142as zewn\u0119trzny: 72 dB<\/h2>\n<h2>Kod producenta: 03131640000<\/h2>\n<h2>Sezon: Letnie<\/h2>\n<\/div>\n<\/div>\n<\/div>\n<\/div>\n<\/div>\n<\/div>\n<div style=\"clear: both; display: block; margin: 10px 0;\">\n","protected":false},"excerpt":{"rendered":"<p>Continental SportContact 7<\/p>\n<p>265\/35 R18 97Y do 300 km\/h<\/p>\n<p>Kod produktu: 4019238078947<\/p>\n","protected":false},"featured_media":11229,"template":"","meta":{"_uag_custom_page_level_css":""},"product_brand":[396],"product_cat":[414,418,413,412],"product_tag":[],"class_list":{"0":"post-11228","1":"product","2":"type-product","3":"status-publish","4":"has-post-thumbnail","6":"product_brand-continental","7":"product_cat-do-samochodow-osobowych-i-suv","8":"product_cat-letnie","9":"product_cat-opony","10":"product_cat-opony-i-felgi","12":"first","13":"instock","14":"shipping-taxable","15":"purchasable","16":"product-type-simple"},"uagb_featured_image_src":{"full":["https:\/\/oponixo.shop\/tire\/wp-content\/uploads\/2025\/12\/allegro-image-11228.jpg",750,1024,false],"thumbnail":["https:\/\/oponixo.shop\/tire\/wp-content\/uploads\/2025\/12\/allegro-image-11228-150x150.jpg",150,150,true],"medium":["https:\/\/oponixo.shop\/tire\/wp-content\/uploads\/2025\/12\/allegro-image-11228-220x300.jpg",220,300,true],"medium_large":["https:\/\/oponixo.shop\/tire\/wp-content\/uploads\/2025\/12\/allegro-image-11228.jpg",750,1024,false],"large":["https:\/\/oponixo.shop\/tire\/wp-content\/uploads\/2025\/12\/allegro-image-11228.jpg",750,1024,false],"1536x1536":["https:\/\/oponixo.shop\/tire\/wp-content\/uploads\/2025\/12\/allegro-image-11228.jpg",750,1024,false],"2048x2048":["https:\/\/oponixo.shop\/tire\/wp-content\/uploads\/2025\/12\/allegro-image-11228.jpg",750,1024,false],"woocommerce_thumbnail":["https:\/\/oponixo.shop\/tire\/wp-content\/uploads\/2025\/12\/allegro-image-11228-300x300.jpg",300,300,true],"woocommerce_single":["https:\/\/oponixo.shop\/tire\/wp-content\/uploads\/2025\/12\/allegro-image-11228-600x819.jpg",600,819,true],"woocommerce_gallery_thumbnail":["https:\/\/oponixo.shop\/tire\/wp-content\/uploads\/2025\/12\/allegro-image-11228-100x100.jpg",100,100,true]},"uagb_author_info":{"display_name":"admin","author_link":"https:\/\/oponixo.shop\/tire\/author\/"},"uagb_comment_info":0,"uagb_excerpt":"Continental SportContact 7 265\/35 R18 97Y do 300 km\/h Kod produktu: 4019238078947","_links":{"self":[{"href":"https:\/\/oponixo.shop\/tire\/wp-json\/wp\/v2\/product\/11228","targetHints":{"allow":["GET"]}}],"collection":[{"href":"https:\/\/oponixo.shop\/tire\/wp-json\/wp\/v2\/product"}],"about":[{"href":"https:\/\/oponixo.shop\/tire\/wp-json\/wp\/v2\/types\/product"}],"wp:featuredmedia":[{"embeddable":true,"href":"https:\/\/oponixo.shop\/tire\/wp-json\/wp\/v2\/media\/11229"}],"wp:attachment":[{"href":"https:\/\/oponixo.shop\/tire\/wp-json\/wp\/v2\/media?parent=11228"}],"wp:term":[{"taxonomy":"product_brand","embeddable":true,"href":"https:\/\/oponixo.shop\/tire\/wp-json\/wp\/v2\/product_brand?post=11228"},{"taxonomy":"product_cat","embeddable":true,"href":"https:\/\/oponixo.shop\/tire\/wp-json\/wp\/v2\/product_cat?post=11228"},{"taxonomy":"product_tag","embeddable":true,"href":"https:\/\/oponixo.shop\/tire\/wp-json\/wp\/v2\/product_tag?post=11228"}],"curies":[{"name":"wp","href":"https:\/\/api.w.org\/{rel}","templated":true}]}}