{"id":11444,"date":"2026-01-01T21:54:44","date_gmt":"2026-01-01T20:54:44","guid":{"rendered":"https:\/\/oponyexpert.shop\/xef5\/produkt\/2x-opony-zimowe-225-50r19-falken-eurowinter-hs02-pro-96-v\/"},"modified":"2026-01-01T21:54:44","modified_gmt":"2026-01-01T20:54:44","slug":"2x-opony-zimowe-225-50r19-falken-eurowinter-hs02-pro-96-v","status":"publish","type":"product","link":"https:\/\/oponixo.shop\/tire\/produkt\/2x-opony-zimowe-225-50r19-falken-eurowinter-hs02-pro-96-v\/","title":{"rendered":"2x opony zimowe 225\/50R19 FALKEN EUROWINTER HS02 PRO 96 V"},"content":{"rendered":"<div style=\"font-family: Arial, sans-serif; line-height: 1.6; color: #333; padding: 20px; clear: both; display: block; width: 100%; float: none; position: static; overflow: hidden;\">\n<div style=\"clear: both; display: block; margin: 10px 0;\">\n<div style=\"clear: both; display: block; margin: 10px 0;\">\n<div style=\"clear: both; display: block; margin: 10px 0;\">\n<h2>Opona zimowa Falken Eurowinter HS02 PRO 225\/50R19 96 V oznaczenie M+S (mud and snow), przyczepno\u015b\u0107 na \u015bniegu (3PMSF), rant ochronny, wzmocnienie (XL)<\/h2>\n<p style=\"margin: 15px 0; line-height: 1.8; clear: both; display: block; width: 100%; float: none; position: static;\">Opona zimowa Falken Eurowinter HS02PRO 225\/50R19 96 V<\/p>\n<p style=\"margin: 15px 0; line-height: 1.8; clear: both; display: block; width: 100%; float: none; position: static;\">Cechy produktu:<\/p>\n<ul style=\"margin: 15px 0; padding-left: 20px; clear: both; display: block; width: 100%; float: none; position: static;\">\n<li style=\"margin: 5px 0; padding: 2px 0; clear: both; display: list-item; float: none; position: static;\">sezon: zimowe<\/li>\n<li style=\"margin: 5px 0; padding: 2px 0; clear: both; display: list-item; float: none; position: static;\">szeroko\u015b\u0107\/profil\/\u015brednica: 225\/50R19<\/li>\n<li style=\"margin: 5px 0; padding: 2px 0; clear: both; display: list-item; float: none; position: static;\">indeks no\u015bno\u015bci: 96 &#8211; 710 kg<\/li>\n<li style=\"margin: 5px 0; padding: 2px 0; clear: both; display: list-item; float: none; position: static;\">indeks pr\u0119dko\u015bci: V do 240 km\/h<\/li>\n<li style=\"margin: 5px 0; padding: 2px 0; clear: both; display: list-item; float: none; position: static;\">wzmocnienie (XL)<\/li>\n<li style=\"margin: 5px 0; padding: 2px 0; clear: both; display: list-item; float: none; position: static;\">oznaczenie M+S (mud and snow)<\/li>\n<li style=\"margin: 5px 0; padding: 2px 0; clear: both; display: list-item; float: none; position: static;\">przyczepno\u015b\u0107 na \u015bniegu (3PMSF)<\/li>\n<\/ul>\n<\/div>\n<\/div>\n<div style=\"clear: both; display: block; margin: 10px 0;\">\n<div style=\"clear: both; display: block; margin: 10px 0;\">\n<div  style=\"max-width:381px;max-height:500px\">\n<div style=\"clear: both; display: block; margin: 10px 0;\">\n<div style=\"clear: both; width: 100%; display: block; margin: 20px 0; padding: 0; float: none; position: static; text-align: center;\"><img decoding=\"async\"  src=\"https:\/\/a.allegroimg.com\/original\/118f4f\/700476144f0fbdb4599867a9e041\/2x-opony-zimowe-225-50R19-FALKEN-EUROWINTER-HS02-PRO-96-V\" srcset=\"https:\/\/a.allegroimg.com\/original\/118f4f\/700476144f0fbdb4599867a9e041\/2x-opony-zimowe-225-50R19-FALKEN-EUROWINTER-HS02-PRO-96-V 274w,https:\/\/a.allegroimg.com\/original\/118f4f\/700476144f0fbdb4599867a9e041\/2x-opony-zimowe-225-50R19-FALKEN-EUROWINTER-HS02-PRO-96-V 381w,https:\/\/a.allegroimg.com\/original\/118f4f\/700476144f0fbdb4599867a9e041\/2x-opony-zimowe-225-50R19-FALKEN-EUROWINTER-HS02-PRO-96-V 381w\" sizes=\"(min-width: 1200px) 560px, (min-width: 992px) 50vw, 100vw\" width=\"381px\" alt=\"2x opony zimowe 225\/50R19 FALKEN EUROWINTER HS02 PRO 96 V\"\/ style=\"max-width: 100%; height: auto; display: block; margin: 0 auto;\"><\/div>\n<\/div>\n<\/div>\n<\/div>\n<\/div>\n<\/div>\n<div style=\"clear: both; display: block; margin: 10px 0;\">\n<div style=\"clear: both; display: block; margin: 10px 0;\">\n<div style=\"clear: both; display: block; margin: 10px 0;\">\n<h3 style=\"color: #2c5aa0; font-size: 18px; margin: 30px 0 15px 0; font-weight: bold; clear: both; display: block; width: 100%; float: none; position: static;\">Informacje dodatkowe:<\/h3>\n<ul style=\"margin: 15px 0; padding-left: 20px; clear: both; display: block; width: 100%; float: none; position: static;\">\n<li style=\"margin: 5px 0; padding: 2px 0; clear: both; display: list-item; float: none; position: static;\">rok produkcji: 2024\/2025 (kupuj\u0105c z tej oferty otrzymasz opony fabrycznie nowe, pe\u0142nowarto\u015bciowe) <\/li>\n<li style=\"margin: 5px 0; padding: 2px 0; clear: both; display: list-item; float: none; position: static;\">stan: fabrycznie nowe <\/li>\n<\/ul>\n<\/div>\n<\/div>\n<\/div>\n<div style=\"clear: both; display: block; margin: 10px 0;\">\n<div style=\"clear: both; display: block; margin: 10px 0;\">\n<div style=\"clear: both; display: block; margin: 10px 0;\">\n<div  style=\"max-width:381px;max-height:500px\">\n<div style=\"clear: both; display: block; margin: 10px 0;\">\n<div style=\"clear: both; width: 100%; display: block; margin: 20px 0; padding: 0; float: none; position: static; text-align: center;\"><img decoding=\"async\"  src=\"https:\/\/a.allegroimg.com\/original\/118f4f\/700476144f0fbdb4599867a9e041\/2x-opony-zimowe-225-50R19-FALKEN-EUROWINTER-HS02-PRO-96-V\" srcset=\"https:\/\/a.allegroimg.com\/original\/118f4f\/700476144f0fbdb4599867a9e041\/2x-opony-zimowe-225-50R19-FALKEN-EUROWINTER-HS02-PRO-96-V 274w,https:\/\/a.allegroimg.com\/original\/118f4f\/700476144f0fbdb4599867a9e041\/2x-opony-zimowe-225-50R19-FALKEN-EUROWINTER-HS02-PRO-96-V 381w,https:\/\/a.allegroimg.com\/original\/118f4f\/700476144f0fbdb4599867a9e041\/2x-opony-zimowe-225-50R19-FALKEN-EUROWINTER-HS02-PRO-96-V 381w\" sizes=\"100vw\" width=\"381px\" alt=\"2x opony zimowe 225\/50R19 FALKEN EUROWINTER HS02 PRO 96 V\"\/ style=\"max-width: 100%; height: auto; display: block; margin: 0 auto;\"><\/div>\n<\/div>\n<\/div>\n<\/div>\n<\/div>\n<\/div>\n<\/div>\n<\/div>\n<\/div>\n<div style=\"clear: both; display: block; margin: 10px 0;\">\n","protected":false},"excerpt":{"rendered":"<p>Opona zimowa Falken Eurowinter HS02 PRO 225\/50R19 96 V oznaczenie M+S (mud and snow), przyczepno\u015b\u0107 na \u015bniegu (3PMSF), rant ochronny, wzmocnienie (XL)<\/p>\n<p>Opona zimowa Falken Eurowinter HS02PRO 225\/50R19 96 V<\/p>\n<p>Cechy produktu:<\/p>\n<p>sezon: zimowe<\/p>\n<p>szeroko\u015b\u0107\/profil\/\u015brednica: 225\/50R19<\/p>\n<p>indeks no\u015bno\u015bci: 96 &#8211; 710 kg<\/p>\n<p>indeks pr\u0119dko\u015bci: V do 240 km\/h<\/p>\n<p>wzmocnienie (XL)<\/p>\n","protected":false},"featured_media":11445,"template":"","meta":{"_uag_custom_page_level_css":""},"product_brand":[451],"product_cat":[414,413,412,415],"product_tag":[],"class_list":{"0":"post-11444","1":"product","2":"type-product","3":"status-publish","4":"has-post-thumbnail","6":"product_brand-falken","7":"product_cat-do-samochodow-osobowych-i-suv","8":"product_cat-opony","9":"product_cat-opony-i-felgi","10":"product_cat-zimowe","12":"first","13":"instock","14":"shipping-taxable","15":"purchasable","16":"product-type-simple"},"uagb_featured_image_src":{"full":["https:\/\/oponixo.shop\/tire\/wp-content\/uploads\/2026\/01\/allegro-image-11444.jpg",381,500,false],"thumbnail":["https:\/\/oponixo.shop\/tire\/wp-content\/uploads\/2026\/01\/allegro-image-11444-150x150.jpg",150,150,true],"medium":["https:\/\/oponixo.shop\/tire\/wp-content\/uploads\/2026\/01\/allegro-image-11444-229x300.jpg",229,300,true],"medium_large":["https:\/\/oponixo.shop\/tire\/wp-content\/uploads\/2026\/01\/allegro-image-11444.jpg",381,500,false],"large":["https:\/\/oponixo.shop\/tire\/wp-content\/uploads\/2026\/01\/allegro-image-11444.jpg",381,500,false],"1536x1536":["https:\/\/oponixo.shop\/tire\/wp-content\/uploads\/2026\/01\/allegro-image-11444.jpg",381,500,false],"2048x2048":["https:\/\/oponixo.shop\/tire\/wp-content\/uploads\/2026\/01\/allegro-image-11444.jpg",381,500,false],"woocommerce_thumbnail":["https:\/\/oponixo.shop\/tire\/wp-content\/uploads\/2026\/01\/allegro-image-11444-300x300.jpg",300,300,true],"woocommerce_single":["https:\/\/oponixo.shop\/tire\/wp-content\/uploads\/2026\/01\/allegro-image-11444.jpg",381,500,false],"woocommerce_gallery_thumbnail":["https:\/\/oponixo.shop\/tire\/wp-content\/uploads\/2026\/01\/allegro-image-11444-100x100.jpg",100,100,true]},"uagb_author_info":{"display_name":"admin","author_link":"https:\/\/oponixo.shop\/tire\/author\/"},"uagb_comment_info":0,"uagb_excerpt":"Opona zimowa Falken Eurowinter HS02 PRO 225\/50R19 96 V oznaczenie M+S (mud and snow), przyczepno\u015b\u0107 na \u015bniegu (3PMSF), rant ochronny, wzmocnienie (XL) Opona zimowa Falken Eurowinter HS02PRO 225\/50R19 96 V Cechy produktu: sezon: zimowe szeroko\u015b\u0107\/profil\/\u015brednica: 225\/50R19 indeks no\u015bno\u015bci: 96 - 710 kg indeks pr\u0119dko\u015bci: V do 240 km\/h wzmocnienie (XL)","_links":{"self":[{"href":"https:\/\/oponixo.shop\/tire\/wp-json\/wp\/v2\/product\/11444","targetHints":{"allow":["GET"]}}],"collection":[{"href":"https:\/\/oponixo.shop\/tire\/wp-json\/wp\/v2\/product"}],"about":[{"href":"https:\/\/oponixo.shop\/tire\/wp-json\/wp\/v2\/types\/product"}],"wp:featuredmedia":[{"embeddable":true,"href":"https:\/\/oponixo.shop\/tire\/wp-json\/wp\/v2\/media\/11445"}],"wp:attachment":[{"href":"https:\/\/oponixo.shop\/tire\/wp-json\/wp\/v2\/media?parent=11444"}],"wp:term":[{"taxonomy":"product_brand","embeddable":true,"href":"https:\/\/oponixo.shop\/tire\/wp-json\/wp\/v2\/product_brand?post=11444"},{"taxonomy":"product_cat","embeddable":true,"href":"https:\/\/oponixo.shop\/tire\/wp-json\/wp\/v2\/product_cat?post=11444"},{"taxonomy":"product_tag","embeddable":true,"href":"https:\/\/oponixo.shop\/tire\/wp-json\/wp\/v2\/product_tag?post=11444"}],"curies":[{"name":"wp","href":"https:\/\/api.w.org\/{rel}","templated":true}]}}

<div style="font-family: Arial, sans-serif; line-height: 1.6; color: #333; padding: 20px; clear: both; display: block; width: 100%; float: none; position: static; overflow: hidden;">
<div style="clear: both; display: block; margin: 10px 0;">
<div style="clear: both; display: block; margin: 10px 0;">
<div style="clear: both; display: block; margin: 10px 0;">
<h2>Opona zimowa Falken Eurowinter HS02 PRO 225/50R19 96 V oznaczenie M+S (mud and snow), przyczepność na śniegu (3PMSF), rant ochronny, wzmocnienie (XL)</h2>
<p style="margin: 15px 0; line-height: 1.8; clear: both; display: block; width: 100%; float: none; position: static;">Opona zimowa Falken Eurowinter HS02PRO 225/50R19 96 V</p>
<p style="margin: 15px 0; line-height: 1.8; clear: both; display: block; width: 100%; float: none; position: static;">Cechy produktu:</p>
<ul style="margin: 15px 0; padding-left: 20px; clear: both; display: block; width: 100%; float: none; position: static;">
<li style="margin: 5px 0; padding: 2px 0; clear: both; display: list-item; float: none; position: static;">sezon: zimowe</li>
<li style="margin: 5px 0; padding: 2px 0; clear: both; display: list-item; float: none; position: static;">szerokość/profil/średnica: 225/50R19</li>
<li style="margin: 5px 0; padding: 2px 0; clear: both; display: list-item; float: none; position: static;">indeks nośności: 96 &#8211; 710 kg</li>
<li style="margin: 5px 0; padding: 2px 0; clear: both; display: list-item; float: none; position: static;">indeks prędkości: V do 240 km/h</li>
<li style="margin: 5px 0; padding: 2px 0; clear: both; display: list-item; float: none; position: static;">wzmocnienie (XL)</li>
<li style="margin: 5px 0; padding: 2px 0; clear: both; display: list-item; float: none; position: static;">oznaczenie M+S (mud and snow)</li>
<li style="margin: 5px 0; padding: 2px 0; clear: both; display: list-item; float: none; position: static;">przyczepność na śniegu (3PMSF)</li>
</ul>
</div>
</div>
<div style="clear: both; display: block; margin: 10px 0;">
<div style="clear: both; display: block; margin: 10px 0;">
<div  style="max-width:381px;max-height:500px">
<div style="clear: both; display: block; margin: 10px 0;">
<div style="clear: both; width: 100%; display: block; margin: 20px 0; padding: 0; float: none; position: static; text-align: center;"><img decoding="async"  src="https://a.allegroimg.com/original/118f4f/700476144f0fbdb4599867a9e041/2x-opony-zimowe-225-50R19-FALKEN-EUROWINTER-HS02-PRO-96-V" srcset="https://a.allegroimg.com/original/118f4f/700476144f0fbdb4599867a9e041/2x-opony-zimowe-225-50R19-FALKEN-EUROWINTER-HS02-PRO-96-V 274w,https://a.allegroimg.com/original/118f4f/700476144f0fbdb4599867a9e041/2x-opony-zimowe-225-50R19-FALKEN-EUROWINTER-HS02-PRO-96-V 381w,https://a.allegroimg.com/original/118f4f/700476144f0fbdb4599867a9e041/2x-opony-zimowe-225-50R19-FALKEN-EUROWINTER-HS02-PRO-96-V 381w" sizes="(min-width: 1200px) 560px, (min-width: 992px) 50vw, 100vw" width="381px" alt="2x opony zimowe 225/50R19 FALKEN EUROWINTER HS02 PRO 96 V"/ style="max-width: 100%; height: auto; display: block; margin: 0 auto;"></div>
</div>
</div>
</div>
</div>
</div>
<div style="clear: both; display: block; margin: 10px 0;">
<div style="clear: both; display: block; margin: 10px 0;">
<div style="clear: both; display: block; margin: 10px 0;">
<h3 style="color: #2c5aa0; font-size: 18px; margin: 30px 0 15px 0; font-weight: bold; clear: both; display: block; width: 100%; float: none; position: static;">Informacje dodatkowe:</h3>
<ul style="margin: 15px 0; padding-left: 20px; clear: both; display: block; width: 100%; float: none; position: static;">
<li style="margin: 5px 0; padding: 2px 0; clear: both; display: list-item; float: none; position: static;">rok produkcji: 2024/2025 (kupując z tej oferty otrzymasz opony fabrycznie nowe, pełnowartościowe) </li>
<li style="margin: 5px 0; padding: 2px 0; clear: both; display: list-item; float: none; position: static;">stan: fabrycznie nowe </li>
</ul>
</div>
</div>
</div>
<div style="clear: both; display: block; margin: 10px 0;">
<div style="clear: both; display: block; margin: 10px 0;">
<div style="clear: both; display: block; margin: 10px 0;">
<div  style="max-width:381px;max-height:500px">
<div style="clear: both; display: block; margin: 10px 0;">
<div style="clear: both; width: 100%; display: block; margin: 20px 0; padding: 0; float: none; position: static; text-align: center;"><img decoding="async"  src="https://a.allegroimg.com/original/118f4f/700476144f0fbdb4599867a9e041/2x-opony-zimowe-225-50R19-FALKEN-EUROWINTER-HS02-PRO-96-V" srcset="https://a.allegroimg.com/original/118f4f/700476144f0fbdb4599867a9e041/2x-opony-zimowe-225-50R19-FALKEN-EUROWINTER-HS02-PRO-96-V 274w,https://a.allegroimg.com/original/118f4f/700476144f0fbdb4599867a9e041/2x-opony-zimowe-225-50R19-FALKEN-EUROWINTER-HS02-PRO-96-V 381w,https://a.allegroimg.com/original/118f4f/700476144f0fbdb4599867a9e041/2x-opony-zimowe-225-50R19-FALKEN-EUROWINTER-HS02-PRO-96-V 381w" sizes="100vw" width="381px" alt="2x opony zimowe 225/50R19 FALKEN EUROWINTER HS02 PRO 96 V"/ style="max-width: 100%; height: auto; display: block; margin: 0 auto;"></div>
</div>
</div>
</div>
</div>
</div>
</div>
</div>
</div>
<div style="clear: both; display: block; margin: 10px 0;">

<p>Opona zimowa Falken Eurowinter HS02 PRO 225/50R19 96 V oznaczenie M+S (mud and snow), przyczepność na śniegu (3PMSF), rant ochronny, wzmocnienie (XL)</p>
<p>Opona zimowa Falken Eurowinter HS02PRO 225/50R19 96 V</p>
<p>Cechy produktu:</p>
<p>sezon: zimowe</p>
<p>szerokość/profil/średnica: 225/50R19</p>
<p>indeks nośności: 96 &#8211; 710 kg</p>
<p>indeks prędkości: V do 240 km/h</p>
<p>wzmocnienie (XL)</p>

Opona zimowa Falken Eurowinter HS02 PRO 225/50R19 96 V oznaczenie M+S (mud and snow), przyczepność na śniegu (3PMSF), rant ochronny, wzmocnienie (XL) Opona zimowa Falken Eurowinter HS02PRO 225/50R19 96 V Cechy produktu: sezon: zimowe szerokość/profil/średnica: 225/50R19 indeks nośności: 96 - 710 kg indeks prędkości: V do 240 km/h wzmocnienie (XL)
