{"id":11883,"date":"2026-01-03T09:57:52","date_gmt":"2026-01-03T08:57:52","guid":{"rendered":"https:\/\/oponyexpert.shop\/xef5\/produkt\/2x-hankook-225-65-r17-102t-winter-ipike-x-w429a-kolce\/"},"modified":"2026-01-03T09:57:52","modified_gmt":"2026-01-03T08:57:52","slug":"2x-hankook-225-65-r17-102t-winter-ipike-x-w429a-kolce","status":"publish","type":"product","link":"https:\/\/oponixo.shop\/tire\/produkt\/2x-hankook-225-65-r17-102t-winter-ipike-x-w429a-kolce\/","title":{"rendered":"2x Hankook 225\/65 R17 102T Winter i*pike X W429A kolce"},"content":{"rendered":"<div style=\"font-family: Arial, sans-serif; line-height: 1.6; color: #333; padding: 20px; clear: both; display: block; width: 100%; float: none; position: static; overflow: hidden;\">\n<div style=\"clear: both; display: block; margin: 10px 0;\">\n<div style=\"clear: both; display: block; margin: 10px 0;\">\n<div style=\"clear: both; display: block; margin: 10px 0;\">\n<h1>Hankook 225\/65 R17 102T Winter i*pike X W429A kolce<\/h1>\n<p style=\"margin: 15px 0; line-height: 1.8; clear: both; display: block; width: 100%; float: none; position: static;\">Eksperci Polskiego Zwi\u0105zku Przemys\u0142u Oponiarskiego (PZPO) wskazuj\u0105, \u017ce kilkuletnie nowe, przechowywane w odpowiednich warunkach opony s\u0105 pe\u0142nowarto\u015bciowym produktem, kt\u00f3ry jako\u015bci\u0105 niczym nie odbiega od opon z aktualnej produkcji.<\/p>\n<p style=\"margin: 15px 0; line-height: 1.8; clear: both; display: block; width: 100%; float: none; position: static;\">Dodatkowo, aby przeciwdzia\u0142a\u0107 temu zjawisku, od kilkunastu lat mieszanki gumowe, z kt\u00f3rych wykonane s\u0105 opony &#8211; zawieraj\u0105 substancje przeciwstarzeniowe. Dzi\u0119ki temu mamy gwarancj\u0119, \u017ce opona sk\u0142adowana w prawid\u0142owy spos\u00f3b nawet przez wiele lat, dzi\u0119ki swym odpowiednim w\u0142a\u015bciwo\u015bciom, zachowuje cechy nowej opony. Opony starzej\u0105 si\u0119 wy\u0142\u0105cznie na skutek fizycznych i chemicznych proces\u00f3w takich jak promieniowanie UV, du\u017ca wilgotno\u015b\u0107, wysoka temperatura czy kontakt z substancjami typu benzyna, oleje, smary czy inne p\u0142yny samochodowe. Nasze opony przechowujemy w suchym, klimatyzowanym i ciemnym magazynie z dala od wilgoci, substancji szkodliwych oraz promieniowania s\u0142onecznego (UV).<\/p>\n<\/div>\n<\/div>\n<\/div>\n<\/div>\n<\/div>\n<\/div>\n<div style=\"clear: both; display: block; margin: 10px 0;\">\n","protected":false},"excerpt":{"rendered":"<p>Hankook 225\/65 R17 102T Winter i*pike X W429A kolce<\/p>\n<p>Eksperci Polskiego Zwi\u0105zku Przemys\u0142u Oponiarskiego (PZPO) wskazuj\u0105, \u017ce kilkuletnie nowe, przechowywane w odpowiednich warunkach opony s\u0105 pe\u0142nowarto\u015bciowym produktem, kt\u00f3ry jako\u015bci\u0105 niczym nie odbiega od opon z aktualnej produkcji.<\/p>\n","protected":false},"featured_media":11884,"template":"","meta":{"_uag_custom_page_level_css":""},"product_brand":[411],"product_cat":[414,413,412,415],"product_tag":[],"class_list":{"0":"post-11883","1":"product","2":"type-product","3":"status-publish","4":"has-post-thumbnail","6":"product_brand-hankook","7":"product_cat-do-samochodow-osobowych-i-suv","8":"product_cat-opony","9":"product_cat-opony-i-felgi","10":"product_cat-zimowe","12":"first","13":"instock","14":"shipping-taxable","15":"purchasable","16":"product-type-simple"},"uagb_featured_image_src":{"full":["https:\/\/oponixo.shop\/tire\/wp-content\/uploads\/2026\/01\/allegro-image-11883.jpg",193,260,false],"thumbnail":["https:\/\/oponixo.shop\/tire\/wp-content\/uploads\/2026\/01\/allegro-image-11883-150x150.jpg",150,150,true],"medium":["https:\/\/oponixo.shop\/tire\/wp-content\/uploads\/2026\/01\/allegro-image-11883.jpg",193,260,false],"medium_large":["https:\/\/oponixo.shop\/tire\/wp-content\/uploads\/2026\/01\/allegro-image-11883.jpg",193,260,false],"large":["https:\/\/oponixo.shop\/tire\/wp-content\/uploads\/2026\/01\/allegro-image-11883.jpg",193,260,false],"1536x1536":["https:\/\/oponixo.shop\/tire\/wp-content\/uploads\/2026\/01\/allegro-image-11883.jpg",193,260,false],"2048x2048":["https:\/\/oponixo.shop\/tire\/wp-content\/uploads\/2026\/01\/allegro-image-11883.jpg",193,260,false],"woocommerce_thumbnail":["https:\/\/oponixo.shop\/tire\/wp-content\/uploads\/2026\/01\/allegro-image-11883.jpg",193,260,false],"woocommerce_single":["https:\/\/oponixo.shop\/tire\/wp-content\/uploads\/2026\/01\/allegro-image-11883.jpg",193,260,false],"woocommerce_gallery_thumbnail":["https:\/\/oponixo.shop\/tire\/wp-content\/uploads\/2026\/01\/allegro-image-11883-100x100.jpg",100,100,true]},"uagb_author_info":{"display_name":"admin","author_link":"https:\/\/oponixo.shop\/tire\/author\/"},"uagb_comment_info":0,"uagb_excerpt":"Hankook 225\/65 R17 102T Winter i*pike X W429A kolce Eksperci Polskiego Zwi\u0105zku Przemys\u0142u Oponiarskiego (PZPO) wskazuj\u0105, \u017ce kilkuletnie nowe, przechowywane w odpowiednich warunkach opony s\u0105 pe\u0142nowarto\u015bciowym produktem, kt\u00f3ry jako\u015bci\u0105 niczym nie odbiega od opon z aktualnej produkcji.","_links":{"self":[{"href":"https:\/\/oponixo.shop\/tire\/wp-json\/wp\/v2\/product\/11883","targetHints":{"allow":["GET"]}}],"collection":[{"href":"https:\/\/oponixo.shop\/tire\/wp-json\/wp\/v2\/product"}],"about":[{"href":"https:\/\/oponixo.shop\/tire\/wp-json\/wp\/v2\/types\/product"}],"wp:featuredmedia":[{"embeddable":true,"href":"https:\/\/oponixo.shop\/tire\/wp-json\/wp\/v2\/media\/11884"}],"wp:attachment":[{"href":"https:\/\/oponixo.shop\/tire\/wp-json\/wp\/v2\/media?parent=11883"}],"wp:term":[{"taxonomy":"product_brand","embeddable":true,"href":"https:\/\/oponixo.shop\/tire\/wp-json\/wp\/v2\/product_brand?post=11883"},{"taxonomy":"product_cat","embeddable":true,"href":"https:\/\/oponixo.shop\/tire\/wp-json\/wp\/v2\/product_cat?post=11883"},{"taxonomy":"product_tag","embeddable":true,"href":"https:\/\/oponixo.shop\/tire\/wp-json\/wp\/v2\/product_tag?post=11883"}],"curies":[{"name":"wp","href":"https:\/\/api.w.org\/{rel}","templated":true}]}}