{"id":11963,"date":"2026-01-03T10:09:12","date_gmt":"2026-01-03T09:09:12","guid":{"rendered":"https:\/\/oponyexpert.shop\/xef5\/produkt\/4x-continental-conticrosscontact-lx2-265-70r17-115t-w10a\/"},"modified":"2026-01-03T10:09:13","modified_gmt":"2026-01-03T09:09:13","slug":"4x-continental-conticrosscontact-lx2-265-70r17-115t-w10a","status":"publish","type":"product","link":"https:\/\/oponixo.shop\/tire\/produkt\/4x-continental-conticrosscontact-lx2-265-70r17-115t-w10a\/","title":{"rendered":"4x Continental ContiCrossContact LX2 265\/70R17 115T W10A"},"content":{"rendered":"<div style=\"font-family: Arial, sans-serif; line-height: 1.6; color: #333; padding: 20px; clear: both; display: block; width: 100%; float: none; position: static; overflow: hidden;\">\n<div style=\"clear: both; display: block; margin: 10px 0;\">\n<div style=\"clear: both; display: block; margin: 10px 0;\">\n<div style=\"clear: both; display: block; margin: 10px 0;\">\n<h1>Continental ContiCrossContact LX2<\/h1>\n<p style=\"margin: 15px 0; line-height: 1.8; clear: both; display: block; width: 100%; float: none; position: static;\">SZEROKO\u015a\u0106 OPONY &#8211; 265<\/p>\n<p style=\"margin: 15px 0; line-height: 1.8; clear: both; display: block; width: 100%; float: none; position: static;\">WYSOKO\u015a\u0106 OPONY &#8211; 70<\/p>\n<p style=\"margin: 15px 0; line-height: 1.8; clear: both; display: block; width: 100%; float: none; position: static;\">\u015aREDNICA &#8211; 17<\/p>\n<p style=\"margin: 15px 0; line-height: 1.8; clear: both; display: block; width: 100%; float: none; position: static;\">ROCZNIK &#8211; 2018<\/p>\n<p style=\"margin: 15px 0; line-height: 1.8; clear: both; display: block; width: 100%; float: none; position: static;\">MAGAZYN &#8211; W10A<\/p>\n<\/div>\n<\/div>\n<div style=\"clear: both; display: block; margin: 10px 0;\">\n<div style=\"clear: both; display: block; margin: 10px 0;\">\n<div  style=\"max-width:354px;max-height:705px\">\n<div style=\"clear: both; display: block; margin: 10px 0;\">\n<div style=\"clear: both; width: 100%; display: block; margin: 20px 0; padding: 0; float: none; position: static; text-align: center;\"><img decoding=\"async\"  src=\"https:\/\/a.allegroimg.com\/original\/11c0af\/8682a0384758a7bda9ac6967479d\/4x-Continental-ContiCrossContact-LX2-265-70R17-115T-W10A\" srcset=\"https:\/\/a.allegroimg.com\/original\/11c0af\/8682a0384758a7bda9ac6967479d\/4x-Continental-ContiCrossContact-LX2-265-70R17-115T-W10A 180w,https:\/\/a.allegroimg.com\/original\/11c0af\/8682a0384758a7bda9ac6967479d\/4x-Continental-ContiCrossContact-LX2-265-70R17-115T-W10A 354w,https:\/\/a.allegroimg.com\/original\/11c0af\/8682a0384758a7bda9ac6967479d\/4x-Continental-ContiCrossContact-LX2-265-70R17-115T-W10A 354w\" sizes=\"(min-width: 1200px) 560px, (min-width: 992px) 50vw, 100vw\" width=\"354px\" alt=\"4x Continental ContiCrossContact LX2 265\/70R17 115T W10A\"\/ style=\"max-width: 100%; height: auto; display: block; margin: 0 auto;\"><\/div>\n<\/div>\n<\/div>\n<\/div>\n<\/div>\n<\/div>\n<div style=\"clear: both; display: block; margin: 10px 0;\">\n<div style=\"clear: both; display: block; margin: 10px 0;\">\n<div style=\"clear: both; display: block; margin: 10px 0;\">\n<div  style=\"max-width:2560px;max-height:477px\">\n<div style=\"clear: both; display: block; margin: 10px 0;\">\n<div style=\"clear: both; width: 100%; display: block; margin: 20px 0; padding: 0; float: none; position: static; text-align: center;\"><img decoding=\"async\"  src=\"https:\/\/a.allegroimg.com\/original\/11417f\/f9c8a1744f3ab9b8066eaee98c50\/4x-Continental-ContiCrossContact-LX2-265-70R17-115T-W10A-Indeks-predkosci-T-do-190-km-h\" srcset=\"https:\/\/a.allegroimg.com\/original\/11417f\/f9c8a1744f3ab9b8066eaee98c50\/4x-Continental-ContiCrossContact-LX2-265-70R17-115T-W10A-Indeks-predkosci-T-do-190-km-h 360w,https:\/\/a.allegroimg.com\/original\/11417f\/f9c8a1744f3ab9b8066eaee98c50\/4x-Continental-ContiCrossContact-LX2-265-70R17-115T-W10A-Indeks-predkosci-T-do-190-km-h 720w,https:\/\/a.allegroimg.com\/original\/11417f\/f9c8a1744f3ab9b8066eaee98c50\/4x-Continental-ContiCrossContact-LX2-265-70R17-115T-W10A-Indeks-predkosci-T-do-190-km-h 1024w,https:\/\/a.allegroimg.com\/original\/11417f\/f9c8a1744f3ab9b8066eaee98c50\/4x-Continental-ContiCrossContact-LX2-265-70R17-115T-W10A-Indeks-predkosci-T-do-190-km-h 1440w,https:\/\/a.allegroimg.com\/original\/11417f\/f9c8a1744f3ab9b8066eaee98c50\/4x-Continental-ContiCrossContact-LX2-265-70R17-115T-W10A-Indeks-predkosci-T-do-190-km-h 2560w\" sizes=\"100vw\" width=\"2560px\" alt=\"4x Continental ContiCrossContact LX2 265\/70R17 115T W10A Indeks pr\u0119dko\u015bci T do 190 km\/h\"\/ style=\"max-width: 100%; height: auto; display: block; margin: 0 auto;\"><\/div>\n<\/div>\n<\/div>\n<\/div>\n<\/div>\n<\/div>\n<div style=\"clear: both; display: block; margin: 10px 0;\">\n<div style=\"clear: both; display: block; margin: 10px 0;\">\n<div style=\"clear: both; display: block; margin: 10px 0;\">\n<div  style=\"max-width:1300px;max-height:2560px\">\n<div style=\"clear: both; display: block; margin: 10px 0;\">\n<div style=\"clear: both; width: 100%; display: block; margin: 20px 0; padding: 0; float: none; position: static; text-align: center;\"><img decoding=\"async\"  src=\"https:\/\/a.allegroimg.com\/original\/11779e\/271f49af4b20bbee3227c700daa1\/4x-Continental-ContiCrossContact-LX2-265-70R17-115T-W10A-Marka-Continental\" srcset=\"https:\/\/a.allegroimg.com\/original\/11779e\/271f49af4b20bbee3227c700daa1\/4x-Continental-ContiCrossContact-LX2-265-70R17-115T-W10A-Marka-Continental 182w,https:\/\/a.allegroimg.com\/original\/11779e\/271f49af4b20bbee3227c700daa1\/4x-Continental-ContiCrossContact-LX2-265-70R17-115T-W10A-Marka-Continental 365w,https:\/\/a.allegroimg.com\/original\/11779e\/271f49af4b20bbee3227c700daa1\/4x-Continental-ContiCrossContact-LX2-265-70R17-115T-W10A-Marka-Continental 520w,https:\/\/a.allegroimg.com\/original\/11779e\/271f49af4b20bbee3227c700daa1\/4x-Continental-ContiCrossContact-LX2-265-70R17-115T-W10A-Marka-Continental 731w,https:\/\/a.allegroimg.com\/original\/11779e\/271f49af4b20bbee3227c700daa1\/4x-Continental-ContiCrossContact-LX2-265-70R17-115T-W10A-Marka-Continental 1300w\" sizes=\"(min-width: 1200px) 560px, (min-width: 992px) 50vw, 100vw\" width=\"1300px\" alt=\"4x Continental ContiCrossContact LX2 265\/70R17 115T W10A Marka Continental\"\/ style=\"max-width: 100%; height: auto; display: block; margin: 0 auto;\"><\/div>\n<\/div>\n<\/div>\n<\/div>\n<\/div>\n<div style=\"clear: both; display: block; margin: 10px 0;\">\n<div style=\"clear: both; display: block; margin: 10px 0;\">\n<div  style=\"max-width:1302px;max-height:2560px\">\n<div style=\"clear: both; display: block; margin: 10px 0;\">\n<div style=\"clear: both; width: 100%; display: block; margin: 20px 0; padding: 0; float: none; position: static; text-align: center;\"><img decoding=\"async\"  src=\"https:\/\/a.allegroimg.com\/original\/11d8bc\/477d53e245fe93c7f2094c2c9036\/4x-Continental-ContiCrossContact-LX2-265-70R17-115T-W10A-Model-ContiCrossContact-LX\" srcset=\"https:\/\/a.allegroimg.com\/original\/11d8bc\/477d53e245fe93c7f2094c2c9036\/4x-Continental-ContiCrossContact-LX2-265-70R17-115T-W10A-Model-ContiCrossContact-LX 183w,https:\/\/a.allegroimg.com\/original\/11d8bc\/477d53e245fe93c7f2094c2c9036\/4x-Continental-ContiCrossContact-LX2-265-70R17-115T-W10A-Model-ContiCrossContact-LX 366w,https:\/\/a.allegroimg.com\/original\/11d8bc\/477d53e245fe93c7f2094c2c9036\/4x-Continental-ContiCrossContact-LX2-265-70R17-115T-W10A-Model-ContiCrossContact-LX 520w,https:\/\/a.allegroimg.com\/original\/11d8bc\/477d53e245fe93c7f2094c2c9036\/4x-Continental-ContiCrossContact-LX2-265-70R17-115T-W10A-Model-ContiCrossContact-LX 732w,https:\/\/a.allegroimg.com\/original\/11d8bc\/477d53e245fe93c7f2094c2c9036\/4x-Continental-ContiCrossContact-LX2-265-70R17-115T-W10A-Model-ContiCrossContact-LX 1302w\" sizes=\"(min-width: 1200px) 560px, (min-width: 992px) 50vw, 100vw\" width=\"1302px\" alt=\"4x Continental ContiCrossContact LX2 265\/70R17 115T W10A Model ContiCrossContact LX\"\/ style=\"max-width: 100%; height: auto; display: block; margin: 0 auto;\"><\/div>\n<\/div>\n<\/div>\n<\/div>\n<\/div>\n<\/div>\n<div style=\"clear: both; display: block; margin: 10px 0;\">\n<div style=\"clear: both; display: block; margin: 10px 0;\">\n<div style=\"clear: both; display: block; margin: 10px 0;\">\n<div  style=\"max-width:1614px;max-height:2560px\">\n<div style=\"clear: both; display: block; margin: 10px 0;\">\n<div style=\"clear: both; width: 100%; display: block; margin: 20px 0; padding: 0; float: none; position: static; text-align: center;\"><img decoding=\"async\"  src=\"https:\/\/a.allegroimg.com\/original\/11a9f7\/55bb9412494fab7158837d70a845\/4x-Continental-ContiCrossContact-LX2-265-70R17-115T-W10A-Klasa-premium\" srcset=\"https:\/\/a.allegroimg.com\/original\/11a9f7\/55bb9412494fab7158837d70a845\/4x-Continental-ContiCrossContact-LX2-265-70R17-115T-W10A-Klasa-premium 226w,https:\/\/a.allegroimg.com\/original\/11a9f7\/55bb9412494fab7158837d70a845\/4x-Continental-ContiCrossContact-LX2-265-70R17-115T-W10A-Klasa-premium 453w,https:\/\/a.allegroimg.com\/original\/11a9f7\/55bb9412494fab7158837d70a845\/4x-Continental-ContiCrossContact-LX2-265-70R17-115T-W10A-Klasa-premium 645w,https:\/\/a.allegroimg.com\/original\/11a9f7\/55bb9412494fab7158837d70a845\/4x-Continental-ContiCrossContact-LX2-265-70R17-115T-W10A-Klasa-premium 907w,https:\/\/a.allegroimg.com\/original\/11a9f7\/55bb9412494fab7158837d70a845\/4x-Continental-ContiCrossContact-LX2-265-70R17-115T-W10A-Klasa-premium 1614w\" sizes=\"100vw\" width=\"1614px\" alt=\"4x Continental ContiCrossContact LX2 265\/70R17 115T W10A Klasa premium\"\/ style=\"max-width: 100%; height: auto; display: block; margin: 0 auto;\"><\/div>\n<\/div>\n<\/div>\n<\/div>\n<\/div>\n<\/div>\n<div style=\"clear: both; display: block; margin: 10px 0;\">\n<div style=\"clear: both; display: block; margin: 10px 0;\">\n<div style=\"clear: both; display: block; margin: 10px 0;\">\n<div  style=\"max-width:2560px;max-height:1222px\">\n<div style=\"clear: both; display: block; margin: 10px 0;\">\n<div style=\"clear: both; width: 100%; display: block; margin: 20px 0; padding: 0; float: none; position: static; text-align: center;\"><img decoding=\"async\"  src=\"https:\/\/a.allegroimg.com\/original\/116425\/e861ffa540dcbb70d0ed702c45dc\/4x-Continental-ContiCrossContact-LX2-265-70R17-115T-W10A-Profil-opony-70\" srcset=\"https:\/\/a.allegroimg.com\/original\/116425\/e861ffa540dcbb70d0ed702c45dc\/4x-Continental-ContiCrossContact-LX2-265-70R17-115T-W10A-Profil-opony-70 360w,https:\/\/a.allegroimg.com\/original\/116425\/e861ffa540dcbb70d0ed702c45dc\/4x-Continental-ContiCrossContact-LX2-265-70R17-115T-W10A-Profil-opony-70 720w,https:\/\/a.allegroimg.com\/original\/116425\/e861ffa540dcbb70d0ed702c45dc\/4x-Continental-ContiCrossContact-LX2-265-70R17-115T-W10A-Profil-opony-70 1024w,https:\/\/a.allegroimg.com\/original\/116425\/e861ffa540dcbb70d0ed702c45dc\/4x-Continental-ContiCrossContact-LX2-265-70R17-115T-W10A-Profil-opony-70 1440w,https:\/\/a.allegroimg.com\/original\/116425\/e861ffa540dcbb70d0ed702c45dc\/4x-Continental-ContiCrossContact-LX2-265-70R17-115T-W10A-Profil-opony-70 2560w\" sizes=\"(min-width: 1200px) 560px, (min-width: 992px) 50vw, 100vw\" width=\"2560px\" alt=\"4x Continental ContiCrossContact LX2 265\/70R17 115T W10A Profil opony 70\"\/ style=\"max-width: 100%; height: auto; display: block; margin: 0 auto;\"><\/div>\n<\/div>\n<\/div>\n<\/div>\n<\/div>\n<div style=\"clear: both; display: block; margin: 10px 0;\">\n<div style=\"clear: both; display: block; margin: 10px 0;\">\n<div  style=\"max-width:2560px;max-height:1362px\">\n<div style=\"clear: both; display: block; margin: 10px 0;\">\n<div style=\"clear: both; width: 100%; display: block; margin: 20px 0; padding: 0; float: none; position: static; text-align: center;\"><img decoding=\"async\"  src=\"https:\/\/a.allegroimg.com\/original\/111f2f\/400bc7c74d8693ab18bf50d0e880\/4x-Continental-ContiCrossContact-LX2-265-70R17-115T-W10A-Liczba-opon-w-ofercie-Komplet-4-szt\" srcset=\"https:\/\/a.allegroimg.com\/original\/111f2f\/400bc7c74d8693ab18bf50d0e880\/4x-Continental-ContiCrossContact-LX2-265-70R17-115T-W10A-Liczba-opon-w-ofercie-Komplet-4-szt 360w,https:\/\/a.allegroimg.com\/original\/111f2f\/400bc7c74d8693ab18bf50d0e880\/4x-Continental-ContiCrossContact-LX2-265-70R17-115T-W10A-Liczba-opon-w-ofercie-Komplet-4-szt 720w,https:\/\/a.allegroimg.com\/original\/111f2f\/400bc7c74d8693ab18bf50d0e880\/4x-Continental-ContiCrossContact-LX2-265-70R17-115T-W10A-Liczba-opon-w-ofercie-Komplet-4-szt 1024w,https:\/\/a.allegroimg.com\/original\/111f2f\/400bc7c74d8693ab18bf50d0e880\/4x-Continental-ContiCrossContact-LX2-265-70R17-115T-W10A-Liczba-opon-w-ofercie-Komplet-4-szt 1440w,https:\/\/a.allegroimg.com\/original\/111f2f\/400bc7c74d8693ab18bf50d0e880\/4x-Continental-ContiCrossContact-LX2-265-70R17-115T-W10A-Liczba-opon-w-ofercie-Komplet-4-szt 2560w\" sizes=\"(min-width: 1200px) 560px, (min-width: 992px) 50vw, 100vw\" width=\"2560px\" alt=\"4x Continental ContiCrossContact LX2 265\/70R17 115T W10A Liczba opon w ofercie Komplet 4 szt.\"\/ style=\"max-width: 100%; height: auto; display: block; margin: 0 auto;\"><\/div>\n<\/div>\n<\/div>\n<\/div>\n<\/div>\n<\/div>\n<div style=\"clear: both; display: block; margin: 10px 0;\">\n<div style=\"clear: both; display: block; margin: 10px 0;\">\n<div style=\"clear: both; display: block; margin: 10px 0;\">\n<div  style=\"max-width:2560px;max-height:1640px\">\n<div style=\"clear: both; display: block; margin: 10px 0;\">\n<div style=\"clear: both; width: 100%; display: block; margin: 20px 0; padding: 0; float: none; position: static; text-align: center;\"><img decoding=\"async\"  src=\"https:\/\/a.allegroimg.com\/original\/116134\/50cf11734fdfb50b8072dfb620a9\/4x-Continental-ContiCrossContact-LX2-265-70R17-115T-W10A-Szerokosc-opony-265-mm\" srcset=\"https:\/\/a.allegroimg.com\/original\/116134\/50cf11734fdfb50b8072dfb620a9\/4x-Continental-ContiCrossContact-LX2-265-70R17-115T-W10A-Szerokosc-opony-265-mm 360w,https:\/\/a.allegroimg.com\/original\/116134\/50cf11734fdfb50b8072dfb620a9\/4x-Continental-ContiCrossContact-LX2-265-70R17-115T-W10A-Szerokosc-opony-265-mm 720w,https:\/\/a.allegroimg.com\/original\/116134\/50cf11734fdfb50b8072dfb620a9\/4x-Continental-ContiCrossContact-LX2-265-70R17-115T-W10A-Szerokosc-opony-265-mm 1024w,https:\/\/a.allegroimg.com\/original\/116134\/50cf11734fdfb50b8072dfb620a9\/4x-Continental-ContiCrossContact-LX2-265-70R17-115T-W10A-Szerokosc-opony-265-mm 1440w,https:\/\/a.allegroimg.com\/original\/116134\/50cf11734fdfb50b8072dfb620a9\/4x-Continental-ContiCrossContact-LX2-265-70R17-115T-W10A-Szerokosc-opony-265-mm 2560w\" sizes=\"100vw\" width=\"2560px\" alt=\"4x Continental ContiCrossContact LX2 265\/70R17 115T W10A Szeroko\u015b\u0107 opony 265 mm\"\/ style=\"max-width: 100%; height: auto; display: block; margin: 0 auto;\"><\/div>\n<\/div>\n<\/div>\n<\/div>\n<\/div>\n<\/div>\n<div style=\"clear: both; display: block; margin: 10px 0;\">\n<div style=\"clear: both; display: block; margin: 10px 0;\">\n<div style=\"clear: both; display: block; margin: 10px 0;\">\n<div  style=\"max-width:2560px;max-height:1519px\">\n<div style=\"clear: both; display: block; margin: 10px 0;\">\n<div style=\"clear: both; width: 100%; display: block; margin: 20px 0; padding: 0; float: none; position: static; text-align: center;\"><img decoding=\"async\"  src=\"https:\/\/a.allegroimg.com\/original\/11433f\/90ac55c5472da8016637b1b237f8\/4x-Continental-ContiCrossContact-LX2-265-70R17-115T-W10A-Srednica-17\" srcset=\"https:\/\/a.allegroimg.com\/original\/11433f\/90ac55c5472da8016637b1b237f8\/4x-Continental-ContiCrossContact-LX2-265-70R17-115T-W10A-Srednica-17 360w,https:\/\/a.allegroimg.com\/original\/11433f\/90ac55c5472da8016637b1b237f8\/4x-Continental-ContiCrossContact-LX2-265-70R17-115T-W10A-Srednica-17 720w,https:\/\/a.allegroimg.com\/original\/11433f\/90ac55c5472da8016637b1b237f8\/4x-Continental-ContiCrossContact-LX2-265-70R17-115T-W10A-Srednica-17 1024w,https:\/\/a.allegroimg.com\/original\/11433f\/90ac55c5472da8016637b1b237f8\/4x-Continental-ContiCrossContact-LX2-265-70R17-115T-W10A-Srednica-17 1440w,https:\/\/a.allegroimg.com\/original\/11433f\/90ac55c5472da8016637b1b237f8\/4x-Continental-ContiCrossContact-LX2-265-70R17-115T-W10A-Srednica-17 2560w\" sizes=\"(min-width: 1200px) 560px, (min-width: 992px) 50vw, 100vw\" width=\"2560px\" alt=\"4x Continental ContiCrossContact LX2 265\/70R17 115T W10A \u015arednica 17&quot;\"\/ style=\"max-width: 100%; height: auto; display: block; margin: 0 auto;\"><\/div>\n<\/div>\n<\/div>\n<\/div>\n<\/div>\n<div style=\"clear: both; display: block; margin: 10px 0;\">\n<div style=\"clear: both; display: block; margin: 10px 0;\">\n<div  style=\"max-width:2560px;max-height:1607px\">\n<div style=\"clear: both; display: block; margin: 10px 0;\">\n<div style=\"clear: both; width: 100%; display: block; margin: 20px 0; padding: 0; float: none; position: static; text-align: center;\"><img decoding=\"async\"  src=\"https:\/\/a.allegroimg.com\/original\/119e3a\/5701ff67417584cca0e1db4d7501\/4x-Continental-ContiCrossContact-LX2-265-70R17-115T-W10A-Rok-produkcji-2018\" srcset=\"https:\/\/a.allegroimg.com\/original\/119e3a\/5701ff67417584cca0e1db4d7501\/4x-Continental-ContiCrossContact-LX2-265-70R17-115T-W10A-Rok-produkcji-2018 360w,https:\/\/a.allegroimg.com\/original\/119e3a\/5701ff67417584cca0e1db4d7501\/4x-Continental-ContiCrossContact-LX2-265-70R17-115T-W10A-Rok-produkcji-2018 720w,https:\/\/a.allegroimg.com\/original\/119e3a\/5701ff67417584cca0e1db4d7501\/4x-Continental-ContiCrossContact-LX2-265-70R17-115T-W10A-Rok-produkcji-2018 1024w,https:\/\/a.allegroimg.com\/original\/119e3a\/5701ff67417584cca0e1db4d7501\/4x-Continental-ContiCrossContact-LX2-265-70R17-115T-W10A-Rok-produkcji-2018 1440w,https:\/\/a.allegroimg.com\/original\/119e3a\/5701ff67417584cca0e1db4d7501\/4x-Continental-ContiCrossContact-LX2-265-70R17-115T-W10A-Rok-produkcji-2018 2560w\" sizes=\"(min-width: 1200px) 560px, (min-width: 992px) 50vw, 100vw\" width=\"2560px\" alt=\"4x Continental ContiCrossContact LX2 265\/70R17 115T W10A Rok produkcji 2018\"\/ style=\"max-width: 100%; height: auto; display: block; margin: 0 auto;\"><\/div>\n<\/div>\n<\/div>\n<\/div>\n<\/div>\n<\/div>\n<\/div>\n<\/div>\n<\/div>\n<div style=\"clear: both; display: block; margin: 10px 0;\">\n","protected":false},"excerpt":{"rendered":"<p>Continental ContiCrossContact LX2<\/p>\n<p>SZEROKO\u015a\u0106 OPONY &#8211; 265<\/p>\n<p>WYSOKO\u015a\u0106 OPONY &#8211; 70<\/p>\n<p>\u015aREDNICA &#8211; 17<\/p>\n<p>ROCZNIK &#8211; 2018<\/p>\n<p>MAGAZYN &#8211; W10A<\/p>\n","protected":false},"featured_media":11964,"template":"","meta":{"_uag_custom_page_level_css":""},"product_brand":[396],"product_cat":[414,418,413,412],"product_tag":[],"class_list":{"0":"post-11963","1":"product","2":"type-product","3":"status-publish","4":"has-post-thumbnail","6":"product_brand-continental","7":"product_cat-do-samochodow-osobowych-i-suv","8":"product_cat-letnie","9":"product_cat-opony","10":"product_cat-opony-i-felgi","12":"first","13":"instock","14":"shipping-taxable","15":"purchasable","16":"product-type-simple"},"uagb_featured_image_src":{"full":["https:\/\/oponixo.shop\/tire\/wp-content\/uploads\/2026\/01\/allegro-image-11963.jpg",354,705,false],"thumbnail":["https:\/\/oponixo.shop\/tire\/wp-content\/uploads\/2026\/01\/allegro-image-11963-150x150.jpg",150,150,true],"medium":["https:\/\/oponixo.shop\/tire\/wp-content\/uploads\/2026\/01\/allegro-image-11963-151x300.jpg",151,300,true],"medium_large":["https:\/\/oponixo.shop\/tire\/wp-content\/uploads\/2026\/01\/allegro-image-11963.jpg",354,705,false],"large":["https:\/\/oponixo.shop\/tire\/wp-content\/uploads\/2026\/01\/allegro-image-11963.jpg",354,705,false],"1536x1536":["https:\/\/oponixo.shop\/tire\/wp-content\/uploads\/2026\/01\/allegro-image-11963.jpg",354,705,false],"2048x2048":["https:\/\/oponixo.shop\/tire\/wp-content\/uploads\/2026\/01\/allegro-image-11963.jpg",354,705,false],"woocommerce_thumbnail":["https:\/\/oponixo.shop\/tire\/wp-content\/uploads\/2026\/01\/allegro-image-11963-300x300.jpg",300,300,true],"woocommerce_single":["https:\/\/oponixo.shop\/tire\/wp-content\/uploads\/2026\/01\/allegro-image-11963.jpg",354,705,false],"woocommerce_gallery_thumbnail":["https:\/\/oponixo.shop\/tire\/wp-content\/uploads\/2026\/01\/allegro-image-11963-100x100.jpg",100,100,true]},"uagb_author_info":{"display_name":"admin","author_link":"https:\/\/oponixo.shop\/tire\/author\/"},"uagb_comment_info":0,"uagb_excerpt":"Continental ContiCrossContact LX2 SZEROKO\u015a\u0106 OPONY - 265 WYSOKO\u015a\u0106 OPONY - 70 \u015aREDNICA - 17 ROCZNIK - 2018 MAGAZYN - W10A","_links":{"self":[{"href":"https:\/\/oponixo.shop\/tire\/wp-json\/wp\/v2\/product\/11963","targetHints":{"allow":["GET"]}}],"collection":[{"href":"https:\/\/oponixo.shop\/tire\/wp-json\/wp\/v2\/product"}],"about":[{"href":"https:\/\/oponixo.shop\/tire\/wp-json\/wp\/v2\/types\/product"}],"wp:featuredmedia":[{"embeddable":true,"href":"https:\/\/oponixo.shop\/tire\/wp-json\/wp\/v2\/media\/11964"}],"wp:attachment":[{"href":"https:\/\/oponixo.shop\/tire\/wp-json\/wp\/v2\/media?parent=11963"}],"wp:term":[{"taxonomy":"product_brand","embeddable":true,"href":"https:\/\/oponixo.shop\/tire\/wp-json\/wp\/v2\/product_brand?post=11963"},{"taxonomy":"product_cat","embeddable":true,"href":"https:\/\/oponixo.shop\/tire\/wp-json\/wp\/v2\/product_cat?post=11963"},{"taxonomy":"product_tag","embeddable":true,"href":"https:\/\/oponixo.shop\/tire\/wp-json\/wp\/v2\/product_tag?post=11963"}],"curies":[{"name":"wp","href":"https:\/\/api.w.org\/{rel}","templated":true}]}}