{"id":12029,"date":"2026-01-03T10:13:40","date_gmt":"2026-01-03T09:13:40","guid":{"rendered":"https:\/\/oponyexpert.shop\/xef5\/produkt\/4x-continental-wintercontact-ts-860-s-225-40r19-93h-xl-fr-ssr-2024-r\/"},"modified":"2026-01-03T10:13:40","modified_gmt":"2026-01-03T09:13:40","slug":"4x-continental-wintercontact-ts-860-s-225-40r19-93h-xl-fr-ssr-2024-r","status":"publish","type":"product","link":"https:\/\/oponixo.shop\/tire\/produkt\/4x-continental-wintercontact-ts-860-s-225-40r19-93h-xl-fr-ssr-2024-r\/","title":{"rendered":"4x CONTINENTAL WinterContact TS 860 S 225\/40R19 93H XL FR SSR * 2024 r"},"content":{"rendered":"<div style=\"font-family: Arial, sans-serif; line-height: 1.6; color: #333; padding: 20px; clear: both; display: block; width: 100%; float: none; position: static; overflow: hidden;\">\n<div style=\"clear: both; display: block; margin: 10px 0;\">\n<div style=\"clear: both; display: block; margin: 10px 0;\">\n<div style=\"clear: both; display: block; margin: 10px 0;\">\n<h1>Rok produkcji: 2024<\/h1>\n<\/div>\n<\/div>\n<\/div>\n<div style=\"clear: both; display: block; margin: 10px 0;\">\n<div style=\"clear: both; display: block; margin: 10px 0;\">\n<div style=\"clear: both; display: block; margin: 10px 0;\">\n<div  style=\"max-width:1200px;max-height:1126px\">\n<div style=\"clear: both; display: block; margin: 10px 0;\">\n<div style=\"clear: both; width: 100%; display: block; margin: 20px 0; padding: 0; float: none; position: static; text-align: center;\"><img decoding=\"async\"  src=\"https:\/\/a.allegroimg.com\/original\/11793b\/7c3b50f4468a9d90d521deeafd65\/4x-CONTINENTAL-WinterContact-TS-860-S-225-40R19-93H-XL-FR-SSR-2024-r\" srcset=\"https:\/\/a.allegroimg.com\/original\/11793b\/7c3b50f4468a9d90d521deeafd65\/4x-CONTINENTAL-WinterContact-TS-860-S-225-40R19-93H-XL-FR-SSR-2024-r 360w,https:\/\/a.allegroimg.com\/original\/11793b\/7c3b50f4468a9d90d521deeafd65\/4x-CONTINENTAL-WinterContact-TS-860-S-225-40R19-93H-XL-FR-SSR-2024-r 720w,https:\/\/a.allegroimg.com\/original\/11793b\/7c3b50f4468a9d90d521deeafd65\/4x-CONTINENTAL-WinterContact-TS-860-S-225-40R19-93H-XL-FR-SSR-2024-r 1024w,https:\/\/a.allegroimg.com\/original\/11793b\/7c3b50f4468a9d90d521deeafd65\/4x-CONTINENTAL-WinterContact-TS-860-S-225-40R19-93H-XL-FR-SSR-2024-r 1200w,https:\/\/a.allegroimg.com\/original\/11793b\/7c3b50f4468a9d90d521deeafd65\/4x-CONTINENTAL-WinterContact-TS-860-S-225-40R19-93H-XL-FR-SSR-2024-r 1200w\" sizes=\"(min-width: 1200px) 560px, (min-width: 992px) 50vw, 100vw\" width=\"1200px\" alt=\"4x CONTINENTAL WinterContact TS 860 S 225\/40R19 93H XL FR SSR * 2024 r\"\/ style=\"max-width: 100%; height: auto; display: block; margin: 0 auto;\"><\/div>\n<\/div>\n<\/div>\n<\/div>\n<\/div>\n<div style=\"clear: both; display: block; margin: 10px 0;\">\n<div style=\"clear: both; display: block; margin: 10px 0;\">\n<h1>CONTINENTAL WinterContact TS 860 S 225\/40R19 93H XL FR SSR *<\/h1>\n<h2>G15WO3<\/h2>\n<ul style=\"margin: 15px 0; padding-left: 20px; clear: both; display: block; width: 100%; float: none; position: static;\">\n<li style=\"margin: 5px 0; padding: 2px 0; clear: both; display: list-item; float: none; position: static;\"><b>additional-feature2 :<\/b> BMW<\/li>\n<li style=\"margin: 5px 0; padding: 2px 0; clear: both; display: list-item; float: none; position: static;\"><b>additional-feature3 :<\/b> BMW<\/li>\n<li style=\"margin: 5px 0; padding: 2px 0; clear: both; display: list-item; float: none; position: static;\"><b>Budowa opony :<\/b> SSR<\/li>\n<li style=\"margin: 5px 0; padding: 2px 0; clear: both; display: list-item; float: none; position: static;\"><b>Data produkcji :<\/b> 2024<\/li>\n<li style=\"margin: 5px 0; padding: 2px 0; clear: both; display: list-item; float: none; position: static;\"><b>Hamowanie na mokrej nawierzchni :<\/b> C<\/li>\n<li style=\"margin: 5px 0; padding: 2px 0; clear: both; display: list-item; float: none; position: static;\"><b>Indeks :<\/b> 225\/40R19 ZOCO 93H 860SBS<\/li>\n<li style=\"margin: 5px 0; padding: 2px 0; clear: both; display: list-item; float: none; position: static;\"><b>Indeks no\u015bno\u015bci :<\/b> 93.0<\/li>\n<li style=\"margin: 5px 0; padding: 2px 0; clear: both; display: list-item; float: none; position: static;\"><b>Indeks pr\u0119dko\u015bci :<\/b> H &#8211; 210 km\/h<\/li>\n<li style=\"margin: 5px 0; padding: 2px 0; clear: both; display: list-item; float: none; position: static;\"><b>Karta informacyjna produktu :<\/b> https:\/\/eprel.ec.europa.eu\/qr\/479718<\/li>\n<li style=\"margin: 5px 0; padding: 2px 0; clear: both; display: list-item; float: none; position: static;\"><b>Kl. efekt. paliwowej :<\/b> C<\/li>\n<li style=\"margin: 5px 0; padding: 2px 0; clear: both; display: list-item; float: none; position: static;\"><b>Kl. przycz. na mokrej naw. :<\/b> C<\/li>\n<li style=\"margin: 5px 0; padding: 2px 0; clear: both; display: list-item; float: none; position: static;\"><b>Kl. zew. ha\u0142asu tocz. :<\/b> B<\/li>\n<li style=\"margin: 5px 0; padding: 2px 0; clear: both; display: list-item; float: none; position: static;\"><b>Klasa opony :<\/b> premium<\/li>\n<li style=\"margin: 5px 0; padding: 2px 0; clear: both; display: list-item; float: none; position: static;\"><b>Kod EAN :<\/b> 4019238097498.0<\/li>\n<li style=\"margin: 5px 0; padding: 2px 0; clear: both; display: list-item; float: none; position: static;\"><b>Kod producenta :<\/b> 3557060000.0<\/li>\n<li style=\"margin: 5px 0; padding: 2px 0; clear: both; display: list-item; float: none; position: static;\"><b>Liczba decybeli :<\/b> 72.0<\/li>\n<li style=\"margin: 5px 0; padding: 2px 0; clear: both; display: list-item; float: none; position: static;\"><b>Model bie\u017cnika :<\/b> WinterContact TS 860 S<\/li>\n<li style=\"margin: 5px 0; padding: 2px 0; clear: both; display: list-item; float: none; position: static;\"><b>Nazwa produktu :<\/b> CONTINENTAL WinterContact TS 860 S 225\/40R19 93H XL FR SSR *<\/li>\n<li style=\"margin: 5px 0; padding: 2px 0; clear: both; display: list-item; float: none; position: static;\"><b>No\u015bno\u015b\u0107 opony :<\/b> XL<\/li>\n<li style=\"margin: 5px 0; padding: 2px 0; clear: both; display: list-item; float: none; position: static;\"><b>Op\u00f3r toczenia :<\/b> C<\/li>\n<li style=\"margin: 5px 0; padding: 2px 0; clear: both; display: list-item; float: none; position: static;\"><b>Poziom emisji ha\u0142asu :<\/b> B<\/li>\n<li style=\"margin: 5px 0; padding: 2px 0; clear: both; display: list-item; float: none; position: static;\"><b>Producent :<\/b> CONTINENTAL<\/li>\n<li style=\"margin: 5px 0; padding: 2px 0; clear: both; display: list-item; float: none; position: static;\"><b>Profil :<\/b> 40.0, 40<\/li>\n<li style=\"margin: 5px 0; padding: 2px 0; clear: both; display: list-item; float: none; position: static;\"><b>Przeznaczenie :<\/b> samochody osobowe, SUV\/4&#215;4<\/li>\n<li style=\"margin: 5px 0; padding: 2px 0; clear: both; display: list-item; float: none; position: static;\"><b>Przyczepno\u015b\u0107 na lodzie :<\/b> Nie<\/li>\n<li style=\"margin: 5px 0; padding: 2px 0; clear: both; display: list-item; float: none; position: static;\"><b>Przyczepno\u015b\u0107 na \u015bniegu :<\/b> Tak<\/li>\n<li style=\"margin: 5px 0; padding: 2px 0; clear: both; display: list-item; float: none; position: static;\"><b>QR kod :<\/b> https:\/\/eprel.ec.europa.eu\/qr\/479718<\/li>\n<li style=\"margin: 5px 0; padding: 2px 0; clear: both; display: list-item; float: none; position: static;\"><b>Rant opony :<\/b> FR<\/li>\n<li style=\"margin: 5px 0; padding: 2px 0; clear: both; display: list-item; float: none; position: static;\"><b>Sezon :<\/b> zimowa<\/li>\n<li style=\"margin: 5px 0; padding: 2px 0; clear: both; display: list-item; float: none; position: static;\"><b>\u015arednica :<\/b> 19.0, 19&#8243;<\/li>\n<li style=\"margin: 5px 0; padding: 2px 0; clear: both; display: list-item; float: none; position: static;\"><b>Szeroko\u015b\u0107 :<\/b> 225.0, 225<\/li>\n<li style=\"margin: 5px 0; padding: 2px 0; clear: both; display: list-item; float: none; position: static;\"><b>Wart. pom. i kl. zew. ha\u0142asu tocz. [dB] :<\/b> 72<\/li>\n<\/ul>\n<\/div>\n<\/div>\n<\/div>\n<div style=\"clear: both; display: block; margin: 10px 0;\">\n<div style=\"clear: both; display: block; margin: 10px 0;\">\n<div style=\"clear: both; display: block; margin: 10px 0;\">\n<p style=\"margin: 15px 0; line-height: 1.8; clear: both; display: block; width: 100%; float: none; position: static;\">POZNAJ WinterContact\u2122 TS 860 S<\/p>\n<h2>Tak si\u0119 osi\u0105ga najwy\u017csze osi\u0105gi<\/h2>\n<p style=\"margin: 15px 0; line-height: 1.8; clear: both; display: block; width: 100%; float: none; position: static;\">Zimowa opona UHP do samochod\u00f3w sportowych z segmentu premium<\/p>\n<\/div>\n<\/div>\n<div style=\"clear: both; display: block; margin: 10px 0;\">\n<div style=\"clear: both; display: block; margin: 10px 0;\">\n<div  style=\"max-width:886px;max-height:1299px\">\n<div style=\"clear: both; display: block; margin: 10px 0;\">\n<div style=\"clear: both; width: 100%; display: block; margin: 20px 0; padding: 0; float: none; position: static; text-align: center;\"><img decoding=\"async\"  src=\"https:\/\/a.allegroimg.com\/original\/113a35\/9fa82574423baacc2206b0f7345d\/4x-CONTINENTAL-WinterContact-TS-860-S-225-40R19-93H-XL-FR-SSR-2024-r-Srednica-19\" srcset=\"https:\/\/a.allegroimg.com\/original\/113a35\/9fa82574423baacc2206b0f7345d\/4x-CONTINENTAL-WinterContact-TS-860-S-225-40R19-93H-XL-FR-SSR-2024-r-Srednica-19 245w,https:\/\/a.allegroimg.com\/original\/113a35\/9fa82574423baacc2206b0f7345d\/4x-CONTINENTAL-WinterContact-TS-860-S-225-40R19-93H-XL-FR-SSR-2024-r-Srednica-19 491w,https:\/\/a.allegroimg.com\/original\/113a35\/9fa82574423baacc2206b0f7345d\/4x-CONTINENTAL-WinterContact-TS-860-S-225-40R19-93H-XL-FR-SSR-2024-r-Srednica-19 698w,https:\/\/a.allegroimg.com\/original\/113a35\/9fa82574423baacc2206b0f7345d\/4x-CONTINENTAL-WinterContact-TS-860-S-225-40R19-93H-XL-FR-SSR-2024-r-Srednica-19 886w,https:\/\/a.allegroimg.com\/original\/113a35\/9fa82574423baacc2206b0f7345d\/4x-CONTINENTAL-WinterContact-TS-860-S-225-40R19-93H-XL-FR-SSR-2024-r-Srednica-19 886w\" sizes=\"(min-width: 1200px) 560px, (min-width: 992px) 50vw, 100vw\" width=\"886px\" alt=\"4x CONTINENTAL WinterContact TS 860 S 225\/40R19 93H XL FR SSR * 2024 r \u015arednica 19&quot;\"\/ style=\"max-width: 100%; height: auto; display: block; margin: 0 auto;\"><\/div>\n<\/div>\n<\/div>\n<\/div>\n<\/div>\n<\/div>\n<div style=\"clear: both; display: block; margin: 10px 0;\">\n<div style=\"clear: both; display: block; margin: 10px 0;\">\n<div style=\"clear: both; display: block; margin: 10px 0;\">\n<h2>WinterContact\u2122 TS 860 S<\/h2>\n<h1>Niemiecka technologia stworzona dla najwy\u017cszych osi\u0105g\u00f3w<\/h1>\n<\/div>\n<\/div>\n<\/div>\n<div style=\"clear: both; display: block; margin: 10px 0;\">\n<div style=\"clear: both; display: block; margin: 10px 0;\">\n<div style=\"clear: both; display: block; margin: 10px 0;\">\n<h2>Pohamuj zap\u0119dy zimy<\/h2>\n<p style=\"margin: 15px 0; line-height: 1.8; clear: both; display: block; width: 100%; float: none; position: static;\"><b>Sportowy charakter<\/b> to r\u00f3wnowaga mi\u0119dzy wysok\u0105<br \/>\npr\u0119dko\u015bci\u0105 i pewnym prowadzeniem. Cienkie boczne rowki<br \/>\nrozdzielaj\u0105ce bloki bie\u017cnika <b>zwi\u0119kszaj\u0105 przyczepno\u015b\u0107<br \/>\ni skracaj\u0105 drog\u0119 hamowania w zimowych warunkach<\/b>,<br \/>\na ty zachowujesz pe\u0142n\u0105 kontrol\u0119.<\/p>\n<\/div>\n<\/div>\n<div style=\"clear: both; display: block; margin: 10px 0;\">\n<div style=\"clear: both; display: block; margin: 10px 0;\">\n<div  style=\"max-width:794px;max-height:675px\">\n<div style=\"clear: both; display: block; margin: 10px 0;\">\n<div style=\"clear: both; width: 100%; display: block; margin: 20px 0; padding: 0; float: none; position: static; text-align: center;\"><img decoding=\"async\"  src=\"https:\/\/a.allegroimg.com\/original\/1184d5\/a425d17f4641bed4220cf5cfc326\/4x-CONTINENTAL-WinterContact-TS-860-S-225-40R19-93H-XL-FR-SSR-2024-r-Waga-produktu-z-opakowaniem-jednostkowym-32-kg\" srcset=\"https:\/\/a.allegroimg.com\/original\/1184d5\/a425d17f4641bed4220cf5cfc326\/4x-CONTINENTAL-WinterContact-TS-860-S-225-40R19-93H-XL-FR-SSR-2024-r-Waga-produktu-z-opakowaniem-jednostkowym-32-kg 360w,https:\/\/a.allegroimg.com\/original\/1184d5\/a425d17f4641bed4220cf5cfc326\/4x-CONTINENTAL-WinterContact-TS-860-S-225-40R19-93H-XL-FR-SSR-2024-r-Waga-produktu-z-opakowaniem-jednostkowym-32-kg 720w,https:\/\/a.allegroimg.com\/original\/1184d5\/a425d17f4641bed4220cf5cfc326\/4x-CONTINENTAL-WinterContact-TS-860-S-225-40R19-93H-XL-FR-SSR-2024-r-Waga-produktu-z-opakowaniem-jednostkowym-32-kg 794w,https:\/\/a.allegroimg.com\/original\/1184d5\/a425d17f4641bed4220cf5cfc326\/4x-CONTINENTAL-WinterContact-TS-860-S-225-40R19-93H-XL-FR-SSR-2024-r-Waga-produktu-z-opakowaniem-jednostkowym-32-kg 794w\" sizes=\"(min-width: 1200px) 560px, (min-width: 992px) 50vw, 100vw\" width=\"794px\" alt=\"4x CONTINENTAL WinterContact TS 860 S 225\/40R19 93H XL FR SSR * 2024 r Waga produktu z opakowaniem jednostkowym 32 kg\"\/ style=\"max-width: 100%; height: auto; display: block; margin: 0 auto;\"><\/div>\n<\/div>\n<\/div>\n<\/div>\n<\/div>\n<\/div>\n<div style=\"clear: both; display: block; margin: 10px 0;\">\n<div style=\"clear: both; display: block; margin: 10px 0;\">\n<div style=\"clear: both; display: block; margin: 10px 0;\">\n<div  style=\"max-width:781px;max-height:692px\">\n<div style=\"clear: both; display: block; margin: 10px 0;\">\n<div style=\"clear: both; width: 100%; display: block; margin: 20px 0; padding: 0; float: none; position: static; text-align: center;\"><img decoding=\"async\"  src=\"https:\/\/a.allegroimg.com\/original\/11dddb\/d58e050141e6b94d170a3ffcd956\/4x-CONTINENTAL-WinterContact-TS-860-S-225-40R19-93H-XL-FR-SSR-2024-r-Informacje-dodatkowe-przyczepnosc-na-sniegu-3PMSF-rant-ochronny-wzmocnienie-XL\" srcset=\"https:\/\/a.allegroimg.com\/original\/11dddb\/d58e050141e6b94d170a3ffcd956\/4x-CONTINENTAL-WinterContact-TS-860-S-225-40R19-93H-XL-FR-SSR-2024-r-Informacje-dodatkowe-przyczepnosc-na-sniegu-3PMSF-rant-ochronny-wzmocnienie-XL 360w,https:\/\/a.allegroimg.com\/original\/11dddb\/d58e050141e6b94d170a3ffcd956\/4x-CONTINENTAL-WinterContact-TS-860-S-225-40R19-93H-XL-FR-SSR-2024-r-Informacje-dodatkowe-przyczepnosc-na-sniegu-3PMSF-rant-ochronny-wzmocnienie-XL 720w,https:\/\/a.allegroimg.com\/original\/11dddb\/d58e050141e6b94d170a3ffcd956\/4x-CONTINENTAL-WinterContact-TS-860-S-225-40R19-93H-XL-FR-SSR-2024-r-Informacje-dodatkowe-przyczepnosc-na-sniegu-3PMSF-rant-ochronny-wzmocnienie-XL 781w,https:\/\/a.allegroimg.com\/original\/11dddb\/d58e050141e6b94d170a3ffcd956\/4x-CONTINENTAL-WinterContact-TS-860-S-225-40R19-93H-XL-FR-SSR-2024-r-Informacje-dodatkowe-przyczepnosc-na-sniegu-3PMSF-rant-ochronny-wzmocnienie-XL 781w\" sizes=\"(min-width: 1200px) 560px, (min-width: 992px) 50vw, 100vw\" width=\"781px\" alt=\"4x CONTINENTAL WinterContact TS 860 S 225\/40R19 93H XL FR SSR * 2024 r Informacje dodatkowe przyczepno\u015b\u0107 na \u015bniegu (3PMSF) rant ochronny wzmocnienie (XL)\"\/ style=\"max-width: 100%; height: auto; display: block; margin: 0 auto;\"><\/div>\n<\/div>\n<\/div>\n<\/div>\n<\/div>\n<div style=\"clear: both; display: block; margin: 10px 0;\">\n<div style=\"clear: both; display: block; margin: 10px 0;\">\n<h2>Wzorowa jak Continental<\/h2>\n<p style=\"margin: 15px 0; line-height: 1.8; clear: both; display: block; width: 100%; float: none; position: static;\"><b>Zaawansowana architektura wzoru bie\u017cnika<\/b> z nowymi<br \/>\nrowkami \u015bniegowymi sprawia, \u017ce opona wgryza si\u0119<br \/>\nw nawierzchni\u0119, a Ty cieszysz si\u0119 dynamicznym<br \/>\nprzyspieszeniem i pewnym hamowaniem<br \/>\nna za\u015bnie\u017conych drogach.<\/p>\n<\/div>\n<\/div>\n<\/div>\n<div style=\"clear: both; display: block; margin: 10px 0;\">\n<div style=\"clear: both; display: block; margin: 10px 0;\">\n<div style=\"clear: both; display: block; margin: 10px 0;\">\n<h2>Ka\u017cdy samoch\u00f3d zas\u0142uguje na najlepsze<\/h2>\n<p style=\"margin: 15px 0; line-height: 1.8; clear: both; display: block; width: 100%; float: none; position: static;\">Mieszanka wykorzystana do produkcji<br \/>\n<b>WinterContact\u2122 TS 860 S<\/b> zachowuje swoje topowe<br \/>\nparametry niezale\u017cnie od modelu samochodu i rozmiaru opon.<br \/>\nTechnologia Continental pracuje, a Ty czerpiesz rado\u015b\u0107 z jazdy.<\/p>\n<\/div>\n<\/div>\n<div style=\"clear: both; display: block; margin: 10px 0;\">\n<div style=\"clear: both; display: block; margin: 10px 0;\">\n<div  style=\"max-width:796px;max-height:682px\">\n<div style=\"clear: both; display: block; margin: 10px 0;\">\n<div style=\"clear: both; width: 100%; display: block; margin: 20px 0; padding: 0; float: none; position: static; text-align: center;\"><img decoding=\"async\"  src=\"https:\/\/a.allegroimg.com\/original\/11d3eb\/d3459735418c9fc80fda7e847bbe\/4x-CONTINENTAL-WinterContact-TS-860-S-225-40R19-93H-XL-FR-SSR-2024-r-Indeks-nosnosci-93-650-kg\" srcset=\"https:\/\/a.allegroimg.com\/original\/11d3eb\/d3459735418c9fc80fda7e847bbe\/4x-CONTINENTAL-WinterContact-TS-860-S-225-40R19-93H-XL-FR-SSR-2024-r-Indeks-nosnosci-93-650-kg 360w,https:\/\/a.allegroimg.com\/original\/11d3eb\/d3459735418c9fc80fda7e847bbe\/4x-CONTINENTAL-WinterContact-TS-860-S-225-40R19-93H-XL-FR-SSR-2024-r-Indeks-nosnosci-93-650-kg 720w,https:\/\/a.allegroimg.com\/original\/11d3eb\/d3459735418c9fc80fda7e847bbe\/4x-CONTINENTAL-WinterContact-TS-860-S-225-40R19-93H-XL-FR-SSR-2024-r-Indeks-nosnosci-93-650-kg 796w,https:\/\/a.allegroimg.com\/original\/11d3eb\/d3459735418c9fc80fda7e847bbe\/4x-CONTINENTAL-WinterContact-TS-860-S-225-40R19-93H-XL-FR-SSR-2024-r-Indeks-nosnosci-93-650-kg 796w\" sizes=\"(min-width: 1200px) 560px, (min-width: 992px) 50vw, 100vw\" width=\"796px\" alt=\"4x CONTINENTAL WinterContact TS 860 S 225\/40R19 93H XL FR SSR * 2024 r Indeks no\u015bno\u015bci 93 - 650 kg\"\/ style=\"max-width: 100%; height: auto; display: block; margin: 0 auto;\"><\/div>\n<\/div>\n<\/div>\n<\/div>\n<\/div>\n<\/div>\n<div style=\"clear: both; display: block; margin: 10px 0;\">\n<div style=\"clear: both; display: block; margin: 10px 0;\">\n<div style=\"clear: both; display: block; margin: 10px 0;\">\n<p style=\"margin: 15px 0; line-height: 1.8; clear: both; display: block; width: 100%; float: none; position: static;\">Wychodz\u0105c naprzeciw oczekiwaniom Klient\u00f3w i chc\u0105c spe\u0142nia\u0107 jak najwy\u017csze standardy obs\u0142ugi dok\u0142adamy wszelkich stara\u0144, aby podawa\u0107 precyzyjn\u0105 dat\u0119 produkcji opony (DOT). Niestety, w wyj\u0105tkowych przypadkach, mo\u017ce zdarzy\u0107 si\u0119, \u017ce opony, kt\u00f3re wy\u015blemy b\u0119d\u0105 mia\u0142y inn\u0105 dat\u0119 produkcji ni\u017c podana. Sytuacja mo\u017ce dotyczy\u0107 zar\u00f3wno opon z DOT-em wcze\u015bniejszym jak i p\u00f3\u017aniejszym. Chcieliby\u015bmy podkre\u015bli\u0107, \u017ce warunki przechowywania opon w naszych magazynach spe\u0142niaj\u0105 Polsk\u0105 Norm\u0119 PN-C-94300-7 dzi\u0119ki czemu nawet opona przechowywana 24 miesi\u0105ce ma parametry takie same jak opona z bie\u017c\u0105cego roku. Warto pami\u0119ta\u0107 tak\u017ce o fakcie, \u017ce w przypadku wielu rozmiar\u00f3w i producent\u00f3w plany produkcyjne fabryk uniemo\u017cliwiaj\u0105 zakup opony z bie\u017c\u0105cego roku.<\/p>\n<p style=\"margin: 15px 0; line-height: 1.8; clear: both; display: block; width: 100%; float: none; position: static;\">Przy zakupie opon pami\u0119taj o sprawdzeniu w instrukcji samochodu lub na w\u0142a\u015bciwej stronie internetowej, jakie ogumienie zaleca producent Twojego auta. \u0179le dobrane opony mog\u0105 negatywnie wp\u0142yn\u0105\u0107 na poziom Twojego bezpiecze\u0144stwa. Kupuj\u0105c opony zwr\u00f3\u0107 uwag\u0119 na rozmiar oraz indeksy no\u015bno\u015bci i pr\u0119dko\u015bci jakie homologowane s\u0105 do Twojego pojazdu.<\/p>\n<p style=\"margin: 15px 0; line-height: 1.8; clear: both; display: block; width: 100%; float: none; position: static;\">Zamieszczone zdj\u0119cia pe\u0142ni\u0105 funkcj\u0119 pogl\u0105dow\u0105. W zale\u017cno\u015bci od szeroko\u015bci opon, mog\u0105 wyst\u0119powa\u0107 niewielkie r\u00f3\u017cnice w wygl\u0105dzie bie\u017cnika (w obr\u0119bie jednego modelu) na przyk\u0142ad w ilo\u015bci rowk\u00f3w obwodowych lub rozmieszczeniu blok\u00f3w bie\u017cnika, co nie stanowi wady produktu.<\/p>\n<p style=\"margin: 15px 0; line-height: 1.8; clear: both; display: block; width: 100%; float: none; position: static;\">Je\u017celi otrzymane przez Ciebie opony nie spe\u0142niaj\u0105 Twoich oczekiwa\u0144 masz mo\u017cliwo\u015b\u0107 zwrotu lub wymiany nieu\u017cywanego (niemontowanego) ogumienia.<\/p>\n<\/div>\n<\/div>\n<\/div>\n<div style=\"clear: both; display: block; margin: 10px 0;\">\n<div style=\"clear: both; display: block; margin: 10px 0;\">\n<div style=\"clear: both; display: block; margin: 10px 0;\">\n<div  style=\"max-width:2000px;max-height:614px\">\n<div style=\"clear: both; display: block; margin: 10px 0;\">\n<div style=\"clear: both; width: 100%; display: block; margin: 20px 0; padding: 0; float: none; position: static; text-align: center;\"><img decoding=\"async\"  src=\"https:\/\/a.allegroimg.com\/original\/11e95e\/34cff8df42a0b007cbe8e6ea8bb4\/4x-CONTINENTAL-WinterContact-TS-860-S-225-40R19-93H-XL-FR-SSR-2024-r-Halas-zewnetrzny-72-dB\" srcset=\"https:\/\/a.allegroimg.com\/original\/11e95e\/34cff8df42a0b007cbe8e6ea8bb4\/4x-CONTINENTAL-WinterContact-TS-860-S-225-40R19-93H-XL-FR-SSR-2024-r-Halas-zewnetrzny-72-dB 360w,https:\/\/a.allegroimg.com\/original\/11e95e\/34cff8df42a0b007cbe8e6ea8bb4\/4x-CONTINENTAL-WinterContact-TS-860-S-225-40R19-93H-XL-FR-SSR-2024-r-Halas-zewnetrzny-72-dB 720w,https:\/\/a.allegroimg.com\/original\/11e95e\/34cff8df42a0b007cbe8e6ea8bb4\/4x-CONTINENTAL-WinterContact-TS-860-S-225-40R19-93H-XL-FR-SSR-2024-r-Halas-zewnetrzny-72-dB 1024w,https:\/\/a.allegroimg.com\/original\/11e95e\/34cff8df42a0b007cbe8e6ea8bb4\/4x-CONTINENTAL-WinterContact-TS-860-S-225-40R19-93H-XL-FR-SSR-2024-r-Halas-zewnetrzny-72-dB 1440w,https:\/\/a.allegroimg.com\/original\/11e95e\/34cff8df42a0b007cbe8e6ea8bb4\/4x-CONTINENTAL-WinterContact-TS-860-S-225-40R19-93H-XL-FR-SSR-2024-r-Halas-zewnetrzny-72-dB 2000w\" sizes=\"(min-width: 1200px) 560px, (min-width: 992px) 50vw, 100vw\" width=\"2000px\" alt=\"4x CONTINENTAL WinterContact TS 860 S 225\/40R19 93H XL FR SSR * 2024 r Ha\u0142as zewn\u0119trzny 72 dB\"\/ style=\"max-width: 100%; height: auto; display: block; margin: 0 auto;\"><\/div>\n<\/div>\n<\/div>\n<\/div>\n<\/div>\n<div style=\"clear: both; display: block; margin: 10px 0;\">\n<div style=\"clear: both; display: block; margin: 10px 0;\">\n<h1>Continental<\/h1>\n<p style=\"margin: 15px 0; line-height: 1.8; clear: both; display: block; width: 100%; float: none; position: static;\">Continental AG to globalny dostawca opon, inteligentnych element\u00f3w zawieszenia i system\u00f3w bezpiecze\u0144stwa. Bior\u0105c pod uwag\u0119 produkcj\u0119 opon, koncern zajmuje pierwsz\u0105 pozycje w Niemczech, drug\u0105 w Europie i czwart\u0105 na \u015bwiecie<\/p>\n<\/div>\n<\/div>\n<\/div>\n<\/div>\n<\/div>\n<\/div>\n<div style=\"clear: both; display: block; margin: 10px 0;\">\n","protected":false},"excerpt":{"rendered":"<p>Rok produkcji: 2024<\/p>\n<p>CONTINENTAL WinterContact TS 860 S 225\/40R19 93H XL FR SSR *<\/p>\n<p>G15WO3<\/p>\n<p>additional-feature2 : BMW<\/p>\n<p>additional-feature3 : BMW<\/p>\n<p>Budowa opony : SSR<\/p>\n<p>Data produkcji : 2024<\/p>\n<p>Hamowanie na mokrej nawierzchni : C<\/p>\n","protected":false},"featured_media":12030,"template":"","meta":{"_uag_custom_page_level_css":""},"product_brand":[396],"product_cat":[414,413,412,415],"product_tag":[],"class_list":{"0":"post-12029","1":"product","2":"type-product","3":"status-publish","4":"has-post-thumbnail","6":"product_brand-continental","7":"product_cat-do-samochodow-osobowych-i-suv","8":"product_cat-opony","9":"product_cat-opony-i-felgi","10":"product_cat-zimowe","12":"first","13":"instock","14":"shipping-taxable","15":"purchasable","16":"product-type-simple"},"uagb_featured_image_src":{"full":["https:\/\/oponixo.shop\/tire\/wp-content\/uploads\/2026\/01\/allegro-image-12029.jpg",1200,1126,false],"thumbnail":["https:\/\/oponixo.shop\/tire\/wp-content\/uploads\/2026\/01\/allegro-image-12029-150x150.jpg",150,150,true],"medium":["https:\/\/oponixo.shop\/tire\/wp-content\/uploads\/2026\/01\/allegro-image-12029-300x282.jpg",300,282,true],"medium_large":["https:\/\/oponixo.shop\/tire\/wp-content\/uploads\/2026\/01\/allegro-image-12029-768x721.jpg",768,721,true],"large":["https:\/\/oponixo.shop\/tire\/wp-content\/uploads\/2026\/01\/allegro-image-12029-1024x961.jpg",1024,961,true],"1536x1536":["https:\/\/oponixo.shop\/tire\/wp-content\/uploads\/2026\/01\/allegro-image-12029.jpg",1200,1126,false],"2048x2048":["https:\/\/oponixo.shop\/tire\/wp-content\/uploads\/2026\/01\/allegro-image-12029.jpg",1200,1126,false],"woocommerce_thumbnail":["https:\/\/oponixo.shop\/tire\/wp-content\/uploads\/2026\/01\/allegro-image-12029-300x300.jpg",300,300,true],"woocommerce_single":["https:\/\/oponixo.shop\/tire\/wp-content\/uploads\/2026\/01\/allegro-image-12029-600x563.jpg",600,563,true],"woocommerce_gallery_thumbnail":["https:\/\/oponixo.shop\/tire\/wp-content\/uploads\/2026\/01\/allegro-image-12029-100x100.jpg",100,100,true]},"uagb_author_info":{"display_name":"admin","author_link":"https:\/\/oponixo.shop\/tire\/author\/"},"uagb_comment_info":0,"uagb_excerpt":"Rok produkcji: 2024 CONTINENTAL WinterContact TS 860 S 225\/40R19 93H XL FR SSR * G15WO3 additional-feature2 : BMW additional-feature3 : BMW Budowa opony : SSR Data produkcji : 2024 Hamowanie na mokrej nawierzchni : C","_links":{"self":[{"href":"https:\/\/oponixo.shop\/tire\/wp-json\/wp\/v2\/product\/12029","targetHints":{"allow":["GET"]}}],"collection":[{"href":"https:\/\/oponixo.shop\/tire\/wp-json\/wp\/v2\/product"}],"about":[{"href":"https:\/\/oponixo.shop\/tire\/wp-json\/wp\/v2\/types\/product"}],"wp:featuredmedia":[{"embeddable":true,"href":"https:\/\/oponixo.shop\/tire\/wp-json\/wp\/v2\/media\/12030"}],"wp:attachment":[{"href":"https:\/\/oponixo.shop\/tire\/wp-json\/wp\/v2\/media?parent=12029"}],"wp:term":[{"taxonomy":"product_brand","embeddable":true,"href":"https:\/\/oponixo.shop\/tire\/wp-json\/wp\/v2\/product_brand?post=12029"},{"taxonomy":"product_cat","embeddable":true,"href":"https:\/\/oponixo.shop\/tire\/wp-json\/wp\/v2\/product_cat?post=12029"},{"taxonomy":"product_tag","embeddable":true,"href":"https:\/\/oponixo.shop\/tire\/wp-json\/wp\/v2\/product_tag?post=12029"}],"curies":[{"name":"wp","href":"https:\/\/api.w.org\/{rel}","templated":true}]}}