{"id":12114,"date":"2026-01-03T11:16:47","date_gmt":"2026-01-03T10:16:47","guid":{"rendered":"https:\/\/oponyexpert.shop\/xef5\/produkt\/2-x-nexen-winguard-sport-2-suv-235-50r19-99-v-3pmsf-opona-zimowa\/"},"modified":"2026-01-03T11:16:47","modified_gmt":"2026-01-03T10:16:47","slug":"2-x-nexen-winguard-sport-2-suv-235-50r19-99-v-3pmsf-opona-zimowa","status":"publish","type":"product","link":"https:\/\/oponixo.shop\/tire\/produkt\/2-x-nexen-winguard-sport-2-suv-235-50r19-99-v-3pmsf-opona-zimowa\/","title":{"rendered":"2 x Nexen Winguard Sport 2 SUV 235\/50R19 99 V 3PMSF opona zimowa"},"content":{"rendered":"<div style=\"font-family: Arial, sans-serif; line-height: 1.6; color: #333; padding: 20px; clear: both; display: block; width: 100%; float: none; position: static; overflow: hidden;\">\n<div style=\"clear: both; display: block; margin: 10px 0;\">\n<div style=\"clear: both; display: block; margin: 10px 0;\">\n<div style=\"clear: both; display: block; margin: 10px 0;\">\n<div  style=\"max-width:155px;max-height:220px\">\n<div style=\"clear: both; display: block; margin: 10px 0;\">\n<div style=\"clear: both; width: 100%; display: block; margin: 20px 0; padding: 0; float: none; position: static; text-align: center;\"><img decoding=\"async\"  src=\"https:\/\/a.allegroimg.com\/original\/11b04d\/2961595b4181846c2cd963d16bae\/2-x-Nexen-Winguard-Sport-2-SUV-235-50R19-99-V-3PMSF-opona-zimowa\" srcset=\"https:\/\/a.allegroimg.com\/original\/11b04d\/2961595b4181846c2cd963d16bae\/2-x-Nexen-Winguard-Sport-2-SUV-235-50R19-99-V-3PMSF-opona-zimowa 155w,https:\/\/a.allegroimg.com\/original\/11b04d\/2961595b4181846c2cd963d16bae\/2-x-Nexen-Winguard-Sport-2-SUV-235-50R19-99-V-3PMSF-opona-zimowa 155w\" sizes=\"(min-width: 1200px) 560px, (min-width: 992px) 50vw, 100vw\" width=\"155px\" alt=\"2 x Nexen Winguard Sport 2 SUV 235\/50R19 99 V 3PMSF opona zimowa\"\/ style=\"max-width: 100%; height: auto; display: block; margin: 0 auto;\"><\/div>\n<\/div>\n<\/div>\n<\/div>\n<\/div>\n<div style=\"clear: both; display: block; margin: 10px 0;\">\n<div style=\"clear: both; display: block; margin: 10px 0;\">\n<h2>Nexen Winguard Sport 2 SUV 235\/50R19 99 V 3PMSF<\/h2>\n<p style=\"margin: 15px 0; line-height: 1.8; clear: both; display: block; width: 100%; float: none; position: static;\">Producent: Nexen<\/p>\n<p style=\"margin: 15px 0; line-height: 1.8; clear: both; display: block; width: 100%; float: none; position: static;\">Model: Winguard Sport 2 SUV<\/p>\n<p style=\"margin: 15px 0; line-height: 1.8; clear: both; display: block; width: 100%; float: none; position: static;\">Sezon: zimowe<\/p>\n<p style=\"margin: 15px 0; line-height: 1.8; clear: both; display: block; width: 100%; float: none; position: static;\">Rozmiar: 235\/50R19<\/p>\n<p style=\"margin: 15px 0; line-height: 1.8; clear: both; display: block; width: 100%; float: none; position: static;\">Data produkcji: 2025<\/p>\n<p style=\"margin: 15px 0; line-height: 1.8; clear: both; display: block; width: 100%; float: none; position: static;\">Zu\u017cycie paliwa: klasa D<\/p>\n<p style=\"margin: 15px 0; line-height: 1.8; clear: both; display: block; width: 100%; float: none; position: static;\">Przyczepno\u015b\u0107 na mokrym: klasa C<\/p>\n<p style=\"margin: 15px 0; line-height: 1.8; clear: both; display: block; width: 100%; float: none; position: static;\">Poziom ha\u0142asu: 72 dB<\/p>\n<\/div>\n<\/div>\n<\/div>\n<div style=\"clear: both; display: block; margin: 10px 0;\">\n<div style=\"clear: both; display: block; margin: 10px 0;\">\n<div style=\"clear: both; display: block; margin: 10px 0;\">\n<div  style=\"max-width:760px;max-height:580px\">\n<div style=\"clear: both; display: block; margin: 10px 0;\">\n<div style=\"clear: both; width: 100%; display: block; margin: 20px 0; padding: 0; float: none; position: static; text-align: center;\"><img decoding=\"async\"  src=\"https:\/\/a.allegroimg.com\/original\/110451\/c9e6081b46ae8087a9e76093bca7\/2-x-Nexen-Winguard-Sport-2-SUV-235-50R19-99-V-3PMSF-opona-zimowa-Liczba-opon-w-ofercie-2-szt\" srcset=\"https:\/\/a.allegroimg.com\/original\/110451\/c9e6081b46ae8087a9e76093bca7\/2-x-Nexen-Winguard-Sport-2-SUV-235-50R19-99-V-3PMSF-opona-zimowa-Liczba-opon-w-ofercie-2-szt 360w,https:\/\/a.allegroimg.com\/original\/110451\/c9e6081b46ae8087a9e76093bca7\/2-x-Nexen-Winguard-Sport-2-SUV-235-50R19-99-V-3PMSF-opona-zimowa-Liczba-opon-w-ofercie-2-szt 720w,https:\/\/a.allegroimg.com\/original\/110451\/c9e6081b46ae8087a9e76093bca7\/2-x-Nexen-Winguard-Sport-2-SUV-235-50R19-99-V-3PMSF-opona-zimowa-Liczba-opon-w-ofercie-2-szt 760w,https:\/\/a.allegroimg.com\/original\/110451\/c9e6081b46ae8087a9e76093bca7\/2-x-Nexen-Winguard-Sport-2-SUV-235-50R19-99-V-3PMSF-opona-zimowa-Liczba-opon-w-ofercie-2-szt 760w\" sizes=\"(min-width: 1200px) 560px, (min-width: 992px) 50vw, 100vw\" width=\"760px\" alt=\"2 x Nexen Winguard Sport 2 SUV 235\/50R19 99 V 3PMSF opona zimowa Liczba opon w ofercie 2 szt.\"\/ style=\"max-width: 100%; height: auto; display: block; margin: 0 auto;\"><\/div>\n<\/div>\n<\/div>\n<\/div>\n<\/div>\n<div style=\"clear: both; display: block; margin: 10px 0;\">\n<div style=\"clear: both; display: block; margin: 10px 0;\">\n<h1>Nexen Winguard Sport 2 SUV \u2013 solidno\u015b\u0107 w wymagaj\u0105cych warunkach<\/h1>\n<p style=\"margin: 15px 0; line-height: 1.8; clear: both; display: block; width: 100%; float: none; position: static;\">Nexen Winguard Sport 2 SUV to model zimowy klasy ekonomicznej, zaprojektowany z my\u015bl\u0105 o dynamicznych SUV-ach i pojazdach z nap\u0119dem na cztery ko\u0142a. Zadebiutowa\u0142 w 2018 roku jako rozszerzenie popularnej serii Winguard Sport 2. Kierunkowy bie\u017cnik w kszta\u0142cie litery V, szerokie rowki odprowadzaj\u0105ce oraz zaawansowane lamele czyni\u0105 z tej opony realne wsparcie w trudnych, zimowych warunkach. Opona zosta\u0142a wyr\u00f3\u017cniona symbolem 3PMSF, potwierdzaj\u0105cym jej skuteczno\u015b\u0107 na \u015bniegu.<\/p>\n<\/div>\n<\/div>\n<\/div>\n<div style=\"clear: both; display: block; margin: 10px 0;\">\n<div style=\"clear: both; display: block; margin: 10px 0;\">\n<div style=\"clear: both; display: block; margin: 10px 0;\">\n<div  style=\"max-width:760px;max-height:582px\">\n<div style=\"clear: both; display: block; margin: 10px 0;\">\n<div style=\"clear: both; width: 100%; display: block; margin: 20px 0; padding: 0; float: none; position: static; text-align: center;\"><img decoding=\"async\"  src=\"https:\/\/a.allegroimg.com\/original\/110086\/b547f23d4faabd891a3f50f3e135\/2-x-Nexen-Winguard-Sport-2-SUV-235-50R19-99-V-3PMSF-opona-zimowa-Rok-produkcji-2025\" srcset=\"https:\/\/a.allegroimg.com\/original\/110086\/b547f23d4faabd891a3f50f3e135\/2-x-Nexen-Winguard-Sport-2-SUV-235-50R19-99-V-3PMSF-opona-zimowa-Rok-produkcji-2025 360w,https:\/\/a.allegroimg.com\/original\/110086\/b547f23d4faabd891a3f50f3e135\/2-x-Nexen-Winguard-Sport-2-SUV-235-50R19-99-V-3PMSF-opona-zimowa-Rok-produkcji-2025 720w,https:\/\/a.allegroimg.com\/original\/110086\/b547f23d4faabd891a3f50f3e135\/2-x-Nexen-Winguard-Sport-2-SUV-235-50R19-99-V-3PMSF-opona-zimowa-Rok-produkcji-2025 760w,https:\/\/a.allegroimg.com\/original\/110086\/b547f23d4faabd891a3f50f3e135\/2-x-Nexen-Winguard-Sport-2-SUV-235-50R19-99-V-3PMSF-opona-zimowa-Rok-produkcji-2025 760w\" sizes=\"(min-width: 1200px) 560px, (min-width: 992px) 50vw, 100vw\" width=\"760px\" alt=\"2 x Nexen Winguard Sport 2 SUV 235\/50R19 99 V 3PMSF opona zimowa Rok produkcji 2025\"\/ style=\"max-width: 100%; height: auto; display: block; margin: 0 auto;\"><\/div>\n<\/div>\n<\/div>\n<\/div>\n<\/div>\n<div style=\"clear: both; display: block; margin: 10px 0;\">\n<div style=\"clear: both; display: block; margin: 10px 0;\">\n<h1>\n","protected":false},"excerpt":{"rendered":"<p>Nexen Winguard Sport 2 SUV 235\/50R19 99 V 3PMSF<\/p>\n<p>Producent: Nexen<\/p>\n<p>Model: Winguard Sport 2 SUV<\/p>\n<p>Sezon: zimowe<\/p>\n<p>Rozmiar: 235\/50R19<\/p>\n<p>Data produkcji: 2025<\/p>\n<p>Zu\u017cycie paliwa: klasa D<\/p>\n<p>Przyczepno\u015b\u0107 na mokrym: klasa C<\/p>\n","protected":false},"featured_media":12115,"template":"","meta":{"_uag_custom_page_level_css":""},"product_brand":[392],"product_cat":[414,413,412,415],"product_tag":[],"class_list":{"0":"post-12114","1":"product","2":"type-product","3":"status-publish","4":"has-post-thumbnail","6":"product_brand-nexen","7":"product_cat-do-samochodow-osobowych-i-suv","8":"product_cat-opony","9":"product_cat-opony-i-felgi","10":"product_cat-zimowe","12":"first","13":"instock","14":"shipping-taxable","15":"purchasable","16":"product-type-simple"},"uagb_featured_image_src":{"full":["https:\/\/oponixo.shop\/tire\/wp-content\/uploads\/2026\/01\/allegro-image-12114.jpg",155,220,false],"thumbnail":["https:\/\/oponixo.shop\/tire\/wp-content\/uploads\/2026\/01\/allegro-image-12114-150x150.jpg",150,150,true],"medium":["https:\/\/oponixo.shop\/tire\/wp-content\/uploads\/2026\/01\/allegro-image-12114.jpg",155,220,false],"medium_large":["https:\/\/oponixo.shop\/tire\/wp-content\/uploads\/2026\/01\/allegro-image-12114.jpg",155,220,false],"large":["https:\/\/oponixo.shop\/tire\/wp-content\/uploads\/2026\/01\/allegro-image-12114.jpg",155,220,false],"1536x1536":["https:\/\/oponixo.shop\/tire\/wp-content\/uploads\/2026\/01\/allegro-image-12114.jpg",155,220,false],"2048x2048":["https:\/\/oponixo.shop\/tire\/wp-content\/uploads\/2026\/01\/allegro-image-12114.jpg",155,220,false],"woocommerce_thumbnail":["https:\/\/oponixo.shop\/tire\/wp-content\/uploads\/2026\/01\/allegro-image-12114.jpg",155,220,false],"woocommerce_single":["https:\/\/oponixo.shop\/tire\/wp-content\/uploads\/2026\/01\/allegro-image-12114.jpg",155,220,false],"woocommerce_gallery_thumbnail":["https:\/\/oponixo.shop\/tire\/wp-content\/uploads\/2026\/01\/allegro-image-12114-100x100.jpg",100,100,true]},"uagb_author_info":{"display_name":"admin","author_link":"https:\/\/oponixo.shop\/tire\/author\/"},"uagb_comment_info":0,"uagb_excerpt":"Nexen Winguard Sport 2 SUV 235\/50R19 99 V 3PMSF Producent: Nexen Model: Winguard Sport 2 SUV Sezon: zimowe Rozmiar: 235\/50R19 Data produkcji: 2025 Zu\u017cycie paliwa: klasa D Przyczepno\u015b\u0107 na mokrym: klasa C","_links":{"self":[{"href":"https:\/\/oponixo.shop\/tire\/wp-json\/wp\/v2\/product\/12114","targetHints":{"allow":["GET"]}}],"collection":[{"href":"https:\/\/oponixo.shop\/tire\/wp-json\/wp\/v2\/product"}],"about":[{"href":"https:\/\/oponixo.shop\/tire\/wp-json\/wp\/v2\/types\/product"}],"wp:featuredmedia":[{"embeddable":true,"href":"https:\/\/oponixo.shop\/tire\/wp-json\/wp\/v2\/media\/12115"}],"wp:attachment":[{"href":"https:\/\/oponixo.shop\/tire\/wp-json\/wp\/v2\/media?parent=12114"}],"wp:term":[{"taxonomy":"product_brand","embeddable":true,"href":"https:\/\/oponixo.shop\/tire\/wp-json\/wp\/v2\/product_brand?post=12114"},{"taxonomy":"product_cat","embeddable":true,"href":"https:\/\/oponixo.shop\/tire\/wp-json\/wp\/v2\/product_cat?post=12114"},{"taxonomy":"product_tag","embeddable":true,"href":"https:\/\/oponixo.shop\/tire\/wp-json\/wp\/v2\/product_tag?post=12114"}],"curies":[{"name":"wp","href":"https:\/\/api.w.org\/{rel}","templated":true}]}}