{"id":12302,"date":"2026-01-03T20:00:53","date_gmt":"2026-01-03T19:00:53","guid":{"rendered":"https:\/\/oponyexpert.shop\/xef5\/produkt\/2x-bfgoodrich-trail-terrain-t-a-255-65r18-111-t\/"},"modified":"2026-01-03T20:00:54","modified_gmt":"2026-01-03T19:00:54","slug":"2x-bfgoodrich-trail-terrain-t-a-255-65r18-111-t","status":"publish","type":"product","link":"https:\/\/oponixo.shop\/tire\/produkt\/2x-bfgoodrich-trail-terrain-t-a-255-65r18-111-t\/","title":{"rendered":"2x BFGOODRICH TRAIL TERRAIN T\/A 255\/65R18 111 T"},"content":{"rendered":"<div style=\"font-family: Arial, sans-serif; line-height: 1.6; color: #333; padding: 20px; clear: both; display: block; width: 100%; float: none; position: static; overflow: hidden;\">\n<div style=\"clear: both; display: block; margin: 10px 0;\">\n<div style=\"clear: both; display: block; margin: 10px 0;\">\n<div style=\"clear: both; display: block; margin: 10px 0;\">\n<h2>2x BFGOODRICH TRAIL TERRAIN T\/A 255\/65R18 111 T<\/h2>\n<\/div>\n<\/div>\n<\/div>\n<div style=\"clear: both; display: block; margin: 10px 0;\">\n<div style=\"clear: both; display: block; margin: 10px 0;\">\n<div style=\"clear: both; display: block; margin: 10px 0;\">\n<div  style=\"max-width:920px;max-height:1120px\">\n<div style=\"clear: both; display: block; margin: 10px 0;\">\n<div style=\"clear: both; width: 100%; display: block; margin: 20px 0; padding: 0; float: none; position: static; text-align: center;\"><img decoding=\"async\"  src=\"https:\/\/a.allegroimg.com\/original\/11d97c\/6f23da3542529a1b50e015a0fe23\/2x-BFGOODRICH-TRAIL-TERRAIN-T-A-255-65R18-111-T\" srcset=\"https:\/\/a.allegroimg.com\/original\/11d97c\/6f23da3542529a1b50e015a0fe23\/2x-BFGOODRICH-TRAIL-TERRAIN-T-A-255-65R18-111-T 295w,https:\/\/a.allegroimg.com\/original\/11d97c\/6f23da3542529a1b50e015a0fe23\/2x-BFGOODRICH-TRAIL-TERRAIN-T-A-255-65R18-111-T 591w,https:\/\/a.allegroimg.com\/original\/11d97c\/6f23da3542529a1b50e015a0fe23\/2x-BFGOODRICH-TRAIL-TERRAIN-T-A-255-65R18-111-T 841w,https:\/\/a.allegroimg.com\/original\/11d97c\/6f23da3542529a1b50e015a0fe23\/2x-BFGOODRICH-TRAIL-TERRAIN-T-A-255-65R18-111-T 920w,https:\/\/a.allegroimg.com\/original\/11d97c\/6f23da3542529a1b50e015a0fe23\/2x-BFGOODRICH-TRAIL-TERRAIN-T-A-255-65R18-111-T 920w\" sizes=\"(min-width: 1200px) 560px, (min-width: 992px) 50vw, 100vw\" width=\"920px\" alt=\"2x BFGOODRICH TRAIL TERRAIN T\/A 255\/65R18 111 T\"\/ style=\"max-width: 100%; height: auto; display: block; margin: 0 auto;\"><\/div>\n<\/div>\n<\/div>\n<\/div>\n<\/div>\n<div style=\"clear: both; display: block; margin: 10px 0;\">\n<div style=\"clear: both; display: block; margin: 10px 0;\">\n<h2>Ca\u0142oroczne opony BFGOODRICH TRAIL-TERRAIN T\/A ORWL 255\/65 R18 111 T<\/h2>\n<p style=\"margin: 15px 0; line-height: 1.8; clear: both; display: block; width: 100%; float: none; position: static;\">Opony BFGOODRICH TRAIL-TERRAIN T\/A ORWL to znacz\u0105cy model w portfolio producenta.\u00a0<\/p>\n<p style=\"margin: 15px 0; line-height: 1.8; clear: both; display: block; width: 100%; float: none; position: static;\"> Opony klasy \u015bredniej cechuj\u0105 si\u0119 najbardziej optymalnymi parametrami jezdnymi przy zachowaniu dobrej ceny.<\/p>\n<ul style=\"margin: 15px 0; padding-left: 20px; clear: both; display: block; width: 100%; float: none; position: static;\">\n<li style=\"margin: 5px 0; padding: 2px 0; clear: both; display: list-item; float: none; position: static;\"><b>Stan:<\/b>\u00a0Nowy<\/li>\n<li style=\"margin: 5px 0; padding: 2px 0; clear: both; display: list-item; float: none; position: static;\"><b>EAN:<\/b>\u00a03528706766589<\/li>\n<li style=\"margin: 5px 0; padding: 2px 0; clear: both; display: list-item; float: none; position: static;\"><b>Producent:<\/b> BFGOODRICH<\/li>\n<li style=\"margin: 5px 0; padding: 2px 0; clear: both; display: list-item; float: none; position: static;\"><b>Model:<\/b> TRAIL-TERRAIN T\/A ORWL<\/li>\n<li style=\"margin: 5px 0; padding: 2px 0; clear: both; display: list-item; float: none; position: static;\"><b>Rozmiar:<\/b> 255\/65 R18<\/li>\n<li style=\"margin: 5px 0; padding: 2px 0; clear: both; display: list-item; float: none; position: static;\"><b>Indeks no\u015bno\u015bci:<\/b> 111<\/li>\n<li style=\"margin: 5px 0; padding: 2px 0; clear: both; display: list-item; float: none; position: static;\"><b>Indeks pr\u0119dko\u015bci:<\/b> T<\/li>\n<li style=\"margin: 5px 0; padding: 2px 0; clear: both; display: list-item; float: none; position: static;\"><b>Ha\u0142as db:<\/b>\u00a072<\/li>\n<li style=\"margin: 5px 0; padding: 2px 0; clear: both; display: list-item; float: none; position: static;\"><b>Sezon:<\/b> Ca\u0142oroczne<\/li>\n<li style=\"margin: 5px 0; padding: 2px 0; clear: both; display: list-item; float: none; position: static;\"><b>Rok produkcji:<\/b> nie starsze ni\u017c 36 miesi\u0119cy<\/li>\n<li style=\"margin: 5px 0; padding: 2px 0; clear: both; display: list-item; float: none; position: static;\"><b>Przeznaczenie:<\/b> SUV\/4&#215;4<\/li>\n<li style=\"margin: 5px 0; padding: 2px 0; clear: both; display: list-item; float: none; position: static;\"><b>Kl. przycz. na mokrej naw.:<\/b>\u00a0E<\/li>\n<li style=\"margin: 5px 0; padding: 2px 0; clear: both; display: list-item; float: none; position: static;\"><b>Kl. efekt. paliwowej:\u00a0<\/b>E<\/li>\n<\/ul>\n<\/div>\n<\/div>\n<\/div>\n<div style=\"clear: both; display: block; margin: 10px 0;\">\n<div style=\"clear: both; display: block; margin: 10px 0;\">\n<div style=\"clear: both; display: block; margin: 10px 0;\">\n<div  style=\"max-width:445px;max-height:135px\">\n<div style=\"clear: both; display: block; margin: 10px 0;\">\n<div style=\"clear: both; width: 100%; display: block; margin: 20px 0; padding: 0; float: none; position: static; text-align: center;\"><img decoding=\"async\"  src=\"https:\/\/a.allegroimg.com\/original\/11ba91\/a703b2ab41d4b38a1f644a56e9e4\/2x-BFGOODRICH-TRAIL-TERRAIN-T-A-255-65R18-111-T-Liczba-opon-w-ofercie-2-szt\" srcset=\"https:\/\/a.allegroimg.com\/original\/11ba91\/a703b2ab41d4b38a1f644a56e9e4\/2x-BFGOODRICH-TRAIL-TERRAIN-T-A-255-65R18-111-T-Liczba-opon-w-ofercie-2-szt 360w,https:\/\/a.allegroimg.com\/original\/11ba91\/a703b2ab41d4b38a1f644a56e9e4\/2x-BFGOODRICH-TRAIL-TERRAIN-T-A-255-65R18-111-T-Liczba-opon-w-ofercie-2-szt 445w,https:\/\/a.allegroimg.com\/original\/11ba91\/a703b2ab41d4b38a1f644a56e9e4\/2x-BFGOODRICH-TRAIL-TERRAIN-T-A-255-65R18-111-T-Liczba-opon-w-ofercie-2-szt 445w\" sizes=\"100vw\" width=\"445px\" alt=\"2x BFGOODRICH TRAIL TERRAIN T\/A 255\/65R18 111 T Liczba opon w ofercie 2 szt.\"\/ style=\"max-width: 100%; height: auto; display: block; margin: 0 auto;\"><\/div>\n<\/div>\n<\/div>\n<\/div>\n<\/div>\n<\/div>\n<div style=\"clear: both; display: block; margin: 10px 0;\">\n<div style=\"clear: both; display: block; margin: 10px 0;\">\n<div style=\"clear: both; display: block; margin: 10px 0;\">\n<p style=\"margin: 15px 0; line-height: 1.8; clear: both; display: block; width: 100%; float: none; position: static;\">BF Goodrich to firma ameryka\u0144ska specjalizuj\u0105ca si\u0119 w produkcji opon, a tak\u017ce w dziedzinie technologii i us\u0142ug zwi\u0105zanych z transportem. Jest to jedna z najstarszych firm w bran\u017cy oponiarskiej, maj\u0105ca ponad 150-letni\u0105 histori\u0119.<\/p>\n<p style=\"margin: 15px 0; line-height: 1.8; clear: both; display: block; width: 100%; float: none; position: static;\">BF Goodrich zosta\u0142a za\u0142o\u017cona w 1870 roku przez Benjamina Franklina Goodricha w Akron, Ohio, USA. Od samego pocz\u0105tku firma koncentrowa\u0142a si\u0119 na produkcji opon i innych produkt\u00f3w gumowych. Firma\u00a0znana jest z licznych innowacji w bran\u017cy oponiarskiej. W latach 30. XX wieku firma by\u0142a jednym z pionier\u00f3w w produkcji opon z bie\u017cnikiem zaprojektowanym do jazdy na \u015bniegu. W p\u00f3\u017aniejszych latach firma wprowadzi\u0142a wiele innych nowatorskich rozwi\u0105za\u0144, takich jak opony radialne.<\/p>\n<p style=\"margin: 15px 0; line-height: 1.8; clear: both; display: block; width: 100%; float: none; position: static;\">BF Goodrich jest znana ze swojego zaanga\u017cowania w sporty motorowe. Opony BF Goodrich by\u0142y wykorzystywane w wielu presti\u017cowych wy\u015bcigach, w tym w Rajdzie Dakar i r\u00f3\u017cnych seriach wy\u015bcigowych.<\/p>\n<\/div>\n<\/div>\n<\/div>\n<div style=\"clear: both; display: block; margin: 10px 0;\">\n<div style=\"clear: both; display: block; margin: 10px 0;\">\n<div style=\"clear: both; display: block; margin: 10px 0;\">\n<div  style=\"max-width:1200px;max-height:1758px\">\n<div style=\"clear: both; display: block; margin: 10px 0;\">\n<div style=\"clear: both; width: 100%; display: block; margin: 20px 0; padding: 0; float: none; position: static; text-align: center;\"><img decoding=\"async\"  src=\"https:\/\/a.allegroimg.com\/original\/1106c0\/c45eaa404cff9465a4001b810e4f\/2x-BFGOODRICH-TRAIL-TERRAIN-T-A-255-65R18-111-T-Marka-BFGoodrich\" srcset=\"https:\/\/a.allegroimg.com\/original\/1106c0\/c45eaa404cff9465a4001b810e4f\/2x-BFGOODRICH-TRAIL-TERRAIN-T-A-255-65R18-111-T-Marka-BFGoodrich 245w,https:\/\/a.allegroimg.com\/original\/1106c0\/c45eaa404cff9465a4001b810e4f\/2x-BFGOODRICH-TRAIL-TERRAIN-T-A-255-65R18-111-T-Marka-BFGoodrich 491w,https:\/\/a.allegroimg.com\/original\/1106c0\/c45eaa404cff9465a4001b810e4f\/2x-BFGOODRICH-TRAIL-TERRAIN-T-A-255-65R18-111-T-Marka-BFGoodrich 698w,https:\/\/a.allegroimg.com\/original\/1106c0\/c45eaa404cff9465a4001b810e4f\/2x-BFGOODRICH-TRAIL-TERRAIN-T-A-255-65R18-111-T-Marka-BFGoodrich 982w,https:\/\/a.allegroimg.com\/original\/1106c0\/c45eaa404cff9465a4001b810e4f\/2x-BFGOODRICH-TRAIL-TERRAIN-T-A-255-65R18-111-T-Marka-BFGoodrich 1200w\" sizes=\"(min-width: 1200px) 560px, (min-width: 992px) 50vw, 100vw\" width=\"1200px\" alt=\"2x BFGOODRICH TRAIL TERRAIN T\/A 255\/65R18 111 T Marka BFGoodrich\"\/ style=\"max-width: 100%; height: auto; display: block; margin: 0 auto;\"><\/div>\n<\/div>\n<\/div>\n<\/div>\n<\/div>\n<div style=\"clear: both; display: block; margin: 10px 0;\">\n<div style=\"clear: both; display: block; margin: 10px 0;\">\n<p style=\"margin: 15px 0; line-height: 1.8; clear: both; display: block; width: 100%; float: none; position: static;\">Dlaczego warto kupowa\u0107 u Nas ?<\/p>\n<p style=\"margin: 15px 0; line-height: 1.8; clear: both; display: block; width: 100%; float: none; position: static;\">Jeste\u015bmy firm\u0105, kt\u00f3ra na podstawie wieloletniego do\u015bwiadczenia z zaanga\u017cowaniem pomaga klientom w doborze oraz kupnie opon.<\/p>\n<p style=\"margin: 15px 0; line-height: 1.8; clear: both; display: block; width: 100%; float: none; position: static;\">Posiadamy szerok\u0105 game opon do aut osobowych, dostawczych, cie\u017carowych, motocyki jak i opon przemys\u0142owych.<\/p>\n<p style=\"margin: 15px 0; line-height: 1.8; clear: both; display: block; width: 100%; float: none; position: static;\">Gwarancja satysfakcjii oraz bezpiecznie przejechanych kilometr\u00f3w.<\/p>\n<p style=\"margin: 15px 0; line-height: 1.8; clear: both; display: block; width: 100%; float: none; position: static;\">Zosta\u0144 naszym kolejnym zadowolonym klientem.<\/p>\n<p style=\"margin: 15px 0; line-height: 1.8; clear: both; display: block; width: 100%; float: none; position: static;\">ZAPRASZAMY DO ZAKUP\u00d3W.<\/p>\n<\/div>\n<\/div>\n<\/div>\n<\/div>\n<\/div>\n<\/div>\n<div style=\"clear: both; display: block; margin: 10px 0;\">\n","protected":false},"excerpt":{"rendered":"<p>2x BFGOODRICH TRAIL TERRAIN T\/A 255\/65R18 111 T<\/p>\n<p>Ca\u0142oroczne opony BFGOODRICH TRAIL-TERRAIN T\/A ORWL 255\/65 R18 111 T<\/p>\n<p>Opony BFGOODRICH TRAIL-TERRAIN T\/A ORWL to znacz\u0105cy model w portfolio producenta.\u00a0<\/p>\n<p>Opony klasy \u015bredniej cechuj\u0105 si\u0119 najbardziej optymalnymi parametrami jezdnymi przy zachowaniu dobrej ceny.<\/p>\n<p>Stan:\u00a0Nowy<\/p>\n<p>EAN:\u00a03528706766589<\/p>\n<p>Producent: BFGOODRICH<\/p>\n<p>Model: TRAIL-TERRAIN T\/A ORWL<\/p>\n","protected":false},"featured_media":12303,"template":"","meta":{"_uag_custom_page_level_css":""},"product_brand":[466],"product_cat":[416,414,413,412],"product_tag":[],"class_list":{"0":"post-12302","1":"product","2":"type-product","3":"status-publish","4":"has-post-thumbnail","6":"product_brand-bfgoodrich","7":"product_cat-caloroczne","8":"product_cat-do-samochodow-osobowych-i-suv","9":"product_cat-opony","10":"product_cat-opony-i-felgi","12":"first","13":"instock","14":"shipping-taxable","15":"purchasable","16":"product-type-simple"},"uagb_featured_image_src":{"full":["https:\/\/oponixo.shop\/tire\/wp-content\/uploads\/2026\/01\/allegro-image-12302.jpg",920,1120,false],"thumbnail":["https:\/\/oponixo.shop\/tire\/wp-content\/uploads\/2026\/01\/allegro-image-12302-150x150.jpg",150,150,true],"medium":["https:\/\/oponixo.shop\/tire\/wp-content\/uploads\/2026\/01\/allegro-image-12302-246x300.jpg",246,300,true],"medium_large":["https:\/\/oponixo.shop\/tire\/wp-content\/uploads\/2026\/01\/allegro-image-12302-768x935.jpg",768,935,true],"large":["https:\/\/oponixo.shop\/tire\/wp-content\/uploads\/2026\/01\/allegro-image-12302-841x1024.jpg",841,1024,true],"1536x1536":["https:\/\/oponixo.shop\/tire\/wp-content\/uploads\/2026\/01\/allegro-image-12302.jpg",920,1120,false],"2048x2048":["https:\/\/oponixo.shop\/tire\/wp-content\/uploads\/2026\/01\/allegro-image-12302.jpg",920,1120,false],"woocommerce_thumbnail":["https:\/\/oponixo.shop\/tire\/wp-content\/uploads\/2026\/01\/allegro-image-12302-300x300.jpg",300,300,true],"woocommerce_single":["https:\/\/oponixo.shop\/tire\/wp-content\/uploads\/2026\/01\/allegro-image-12302-600x730.jpg",600,730,true],"woocommerce_gallery_thumbnail":["https:\/\/oponixo.shop\/tire\/wp-content\/uploads\/2026\/01\/allegro-image-12302-100x100.jpg",100,100,true]},"uagb_author_info":{"display_name":"admin","author_link":"https:\/\/oponixo.shop\/tire\/author\/"},"uagb_comment_info":0,"uagb_excerpt":"2x BFGOODRICH TRAIL TERRAIN T\/A 255\/65R18 111 T Ca\u0142oroczne opony BFGOODRICH TRAIL-TERRAIN T\/A ORWL 255\/65 R18 111 T Opony BFGOODRICH TRAIL-TERRAIN T\/A ORWL to znacz\u0105cy model w portfolio producenta.\u00a0 Opony klasy \u015bredniej cechuj\u0105 si\u0119 najbardziej optymalnymi parametrami jezdnymi przy zachowaniu dobrej ceny. Stan:\u00a0Nowy EAN:\u00a03528706766589 Producent: BFGOODRICH Model: TRAIL-TERRAIN T\/A ORWL","_links":{"self":[{"href":"https:\/\/oponixo.shop\/tire\/wp-json\/wp\/v2\/product\/12302","targetHints":{"allow":["GET"]}}],"collection":[{"href":"https:\/\/oponixo.shop\/tire\/wp-json\/wp\/v2\/product"}],"about":[{"href":"https:\/\/oponixo.shop\/tire\/wp-json\/wp\/v2\/types\/product"}],"wp:featuredmedia":[{"embeddable":true,"href":"https:\/\/oponixo.shop\/tire\/wp-json\/wp\/v2\/media\/12303"}],"wp:attachment":[{"href":"https:\/\/oponixo.shop\/tire\/wp-json\/wp\/v2\/media?parent=12302"}],"wp:term":[{"taxonomy":"product_brand","embeddable":true,"href":"https:\/\/oponixo.shop\/tire\/wp-json\/wp\/v2\/product_brand?post=12302"},{"taxonomy":"product_cat","embeddable":true,"href":"https:\/\/oponixo.shop\/tire\/wp-json\/wp\/v2\/product_cat?post=12302"},{"taxonomy":"product_tag","embeddable":true,"href":"https:\/\/oponixo.shop\/tire\/wp-json\/wp\/v2\/product_tag?post=12302"}],"curies":[{"name":"wp","href":"https:\/\/api.w.org\/{rel}","templated":true}]}}