{"id":12427,"date":"2026-01-03T21:24:37","date_gmt":"2026-01-03T20:24:37","guid":{"rendered":"https:\/\/oponyexpert.shop\/xef5\/produkt\/2x-opony-165-65r15-sailun-atrezzo-4-seasons-81t\/"},"modified":"2026-01-03T21:24:37","modified_gmt":"2026-01-03T20:24:37","slug":"2x-opony-165-65r15-sailun-atrezzo-4-seasons-81t","status":"publish","type":"product","link":"https:\/\/oponixo.shop\/tire\/produkt\/2x-opony-165-65r15-sailun-atrezzo-4-seasons-81t\/","title":{"rendered":"2x opony 165\/65R15 SAILUN ATREZZO 4 SEASONS 81T"},"content":{"rendered":"<div style=\"font-family: Arial, sans-serif; line-height: 1.6; color: #333; padding: 20px; clear: both; display: block; width: 100%; float: none; position: static; overflow: hidden;\">\n<div style=\"clear: both; display: block; margin: 10px 0;\">\n<div style=\"clear: both; display: block; margin: 10px 0;\">\n<div style=\"clear: both; display: block; margin: 10px 0;\">\n<h2>Opona ca\u0142oroczna Sailun Atrezzo 4SEASONS 165\/65R15 81 T przyczepno\u015b\u0107 na \u015bniegu (3PMSF)<\/h2>\n<p style=\"margin: 15px 0; line-height: 1.8; clear: both; display: block; width: 100%; float: none; position: static;\">Opona ca\u0142oroczna Sailun Atrezzo 4 Seasons 165\/65R15 81 T<\/p>\n<p style=\"margin: 15px 0; line-height: 1.8; clear: both; display: block; width: 100%; float: none; position: static;\">Cechy produktu:<\/p>\n<ul style=\"margin: 15px 0; padding-left: 20px; clear: both; display: block; width: 100%; float: none; position: static;\">\n<li style=\"margin: 5px 0; padding: 2px 0; clear: both; display: list-item; float: none; position: static;\">sezon: ca\u0142oroczne<\/li>\n<li style=\"margin: 5px 0; padding: 2px 0; clear: both; display: list-item; float: none; position: static;\">szeroko\u015b\u0107\/profil\/\u015brednica: 165\/65R15<\/li>\n<li style=\"margin: 5px 0; padding: 2px 0; clear: both; display: list-item; float: none; position: static;\">indeks no\u015bno\u015bci: 81 &#8211; 462 kg<\/li>\n<li style=\"margin: 5px 0; padding: 2px 0; clear: both; display: list-item; float: none; position: static;\">indeks pr\u0119dko\u015bci: T do 190 km\/h<\/li>\n<\/ul>\n<\/div>\n<\/div>\n<div style=\"clear: both; display: block; margin: 10px 0;\">\n<div style=\"clear: both; display: block; margin: 10px 0;\">\n<div  style=\"max-width:900px;max-height:1100px\">\n<div style=\"clear: both; display: block; margin: 10px 0;\">\n<div style=\"clear: both; width: 100%; display: block; margin: 20px 0; padding: 0; float: none; position: static; text-align: center;\"><img decoding=\"async\"  src=\"https:\/\/a.allegroimg.com\/original\/00fd30\/c3ba8f7d441f8af20078b1377d4b\/2x-opony-165-65R15-SAILUN-ATREZZO-4-SEASONS-81T\" srcset=\"https:\/\/a.allegroimg.com\/original\/00fd30\/c3ba8f7d441f8af20078b1377d4b\/2x-opony-165-65R15-SAILUN-ATREZZO-4-SEASONS-81T 294w,https:\/\/a.allegroimg.com\/original\/00fd30\/c3ba8f7d441f8af20078b1377d4b\/2x-opony-165-65R15-SAILUN-ATREZZO-4-SEASONS-81T 589w,https:\/\/a.allegroimg.com\/original\/00fd30\/c3ba8f7d441f8af20078b1377d4b\/2x-opony-165-65R15-SAILUN-ATREZZO-4-SEASONS-81T 837w,https:\/\/a.allegroimg.com\/original\/00fd30\/c3ba8f7d441f8af20078b1377d4b\/2x-opony-165-65R15-SAILUN-ATREZZO-4-SEASONS-81T 900w,https:\/\/a.allegroimg.com\/original\/00fd30\/c3ba8f7d441f8af20078b1377d4b\/2x-opony-165-65R15-SAILUN-ATREZZO-4-SEASONS-81T 900w\" sizes=\"(min-width: 1200px) 560px, (min-width: 992px) 50vw, 100vw\" width=\"900px\" alt=\"2x opony 165\/65R15 SAILUN ATREZZO 4 SEASONS 81T\"\/ style=\"max-width: 100%; height: auto; display: block; margin: 0 auto;\"><\/div>\n<\/div>\n<\/div>\n<\/div>\n<\/div>\n<\/div>\n<div style=\"clear: both; display: block; margin: 10px 0;\">\n<div style=\"clear: both; display: block; margin: 10px 0;\">\n<div style=\"clear: both; display: block; margin: 10px 0;\">\n<h3 style=\"color: #2c5aa0; font-size: 18px; margin: 30px 0 15px 0; font-weight: bold; clear: both; display: block; width: 100%; float: none; position: static;\">Informacje dodatkowe:<\/h3>\n<ul style=\"margin: 15px 0; padding-left: 20px; clear: both; display: block; width: 100%; float: none; position: static;\">\n<li style=\"margin: 5px 0; padding: 2px 0; clear: both; display: list-item; float: none; position: static;\">rok produkcji: 2024\/2025 (kupuj\u0105c z tej oferty otrzymasz opony fabrycznie nowe, pe\u0142nowarto\u015bciowe) <\/li>\n<li style=\"margin: 5px 0; padding: 2px 0; clear: both; display: list-item; float: none; position: static;\">stan: fabrycznie nowe <\/li>\n<\/ul>\n<\/div>\n<\/div>\n<\/div>\n<div style=\"clear: both; display: block; margin: 10px 0;\">\n<div style=\"clear: both; display: block; margin: 10px 0;\">\n<div style=\"clear: both; display: block; margin: 10px 0;\">\n<h3 style=\"color: #2c5aa0; font-size: 18px; margin: 30px 0 15px 0; font-weight: bold; clear: both; display: block; width: 100%; float: none; position: static;\">Przeznaczenie<\/h3>\n<p style=\"margin: 15px 0; line-height: 1.8; clear: both; display: block; width: 100%; float: none; position: static;\">Sailun Atrezzo 4 Seasons to opony ca\u0142oroczne (opony wielosezonowe) przeznaczone do montowania na ko\u0142ach samochod\u00f3w osobowych. Producent opon Atrezzo 4 Seasons po\u0142o\u017cy\u0142 nacisk na zapewnienie bezpiecze\u0144stwa, komfortu i niskich koszt\u00f3w zakupu opon.<\/p>\n<h3 style=\"color: #2c5aa0; font-size: 18px; margin: 30px 0 15px 0; font-weight: bold; clear: both; display: block; width: 100%; float: none; position: static;\">Technologia<\/h3>\n<p style=\"margin: 15px 0; line-height: 1.8; clear: both; display: block; width: 100%; float: none; position: static;\">Opony ca\u0142oroczne Sailun Atrezzo 4 Seasons wyprodukowano ze specjalnej mieszanki gumowej zachowuj\u0105cej elastyczno\u015b\u0107 w niskich i twardo\u015b\u0107 w wysokich temperaturach. Pozwala to na zachowanie optymalnej przyczepno\u015bci bie\u017cnika w ka\u017cdych warunkach pogodowych. Zastosowano bie\u017cnik asymetrycznym z cz\u0119\u015bci\u0105 zewn\u0119trzn\u0105 (opracowan\u0105 z my\u015bl\u0105 o zachowaniu optymalnych warunk\u00f3w na drogach suchych) i wewn\u0119trzn\u0105 (opracowan\u0105 z my\u015bl\u0105 o zachowaniu optymalnych warunkach na drogach mokrych). Bie\u017cnik ma r\u00f3wnie\u017c elementy chroni\u0105ce auto przed po\u015blizgiem, zwi\u0119kszaj\u0105ce przyczepno\u015b\u0107 i skracaj\u0105ce drog\u0119 hamowania (lamelki), a tak\u017ce wyciszaj\u0105ce opony podczas jazdy.<\/p>\n<h3 style=\"color: #2c5aa0; font-size: 18px; margin: 30px 0 15px 0; font-weight: bold; clear: both; display: block; width: 100%; float: none; position: static;\">Bie\u017cnik<\/h3>\n<p style=\"margin: 15px 0; line-height: 1.8; clear: both; display: block; width: 100%; float: none; position: static;\">Opony samochodowe Sailun Atrezzo 4 Seasons maj\u0105 asymetryczny bie\u017cnik. Jego g\u0142\u00f3wne elementy to wzd\u0142u\u017cne \u017cebro centralne (pokryte lamelkami), szerokie klocki na barku opony i wsp\u00f3\u0142graj\u0105ce z nimi \u017cebro z w\u0105skimi klockami, szeroki pas po wewn\u0119trznej stronie opony z zygzakowatymi \u017c\u0142obieniami, trzy wzd\u0142u\u017cne rowki do sprawnego usuwania wody, \u015bniegu i po\u015bniegowego b\u0142ota (ochrona przed po\u015blizgiem), a tak\u017ce g\u0119sta sie\u0107 lamelek (kr\u00f3tsza droga hamowania, lepsza przyczepno\u015b\u0107).<\/p>\n<h3 style=\"color: #2c5aa0; font-size: 18px; margin: 30px 0 15px 0; font-weight: bold; clear: both; display: block; width: 100%; float: none; position: static;\">Producent<\/h3>\n<p style=\"margin: 15px 0; line-height: 1.8; clear: both; display: block; width: 100%; float: none; position: static;\">Sailun to chi\u0144ski producent ogumienia samochodowego. Firma Sailun rozpocz\u0119\u0142a swoj\u0105 dzia\u0142alno\u015b\u0107 w 2002 roku w Quingdao. Sailun produkuje opony pod mark\u0105 w\u0142asn\u0105 i Rovelo. W ofercie Sailun znajduj\u0105 si\u0119 opony do samochod\u00f3w osobowych, dostawczych, ci\u0119\u017carowych i terenowych. S\u0105 one sprzedawane do wieli kraj\u00f3w \u015bwiata.<\/p>\n<\/div>\n<\/div>\n<\/div>\n<div style=\"clear: both; display: block; margin: 10px 0;\">\n<div style=\"clear: both; display: block; margin: 10px 0;\">\n<div style=\"clear: both; display: block; margin: 10px 0;\">\n<div  style=\"max-width:900px;max-height:1100px\">\n<div style=\"clear: both; display: block; margin: 10px 0;\">\n<div style=\"clear: both; width: 100%; display: block; margin: 20px 0; padding: 0; float: none; position: static; text-align: center;\"><img decoding=\"async\"  src=\"https:\/\/a.allegroimg.com\/original\/00fd30\/c3ba8f7d441f8af20078b1377d4b\/2x-opony-165-65R15-SAILUN-ATREZZO-4-SEASONS-81T\" srcset=\"https:\/\/a.allegroimg.com\/original\/00fd30\/c3ba8f7d441f8af20078b1377d4b\/2x-opony-165-65R15-SAILUN-ATREZZO-4-SEASONS-81T 294w,https:\/\/a.allegroimg.com\/original\/00fd30\/c3ba8f7d441f8af20078b1377d4b\/2x-opony-165-65R15-SAILUN-ATREZZO-4-SEASONS-81T 589w,https:\/\/a.allegroimg.com\/original\/00fd30\/c3ba8f7d441f8af20078b1377d4b\/2x-opony-165-65R15-SAILUN-ATREZZO-4-SEASONS-81T 837w,https:\/\/a.allegroimg.com\/original\/00fd30\/c3ba8f7d441f8af20078b1377d4b\/2x-opony-165-65R15-SAILUN-ATREZZO-4-SEASONS-81T 900w,https:\/\/a.allegroimg.com\/original\/00fd30\/c3ba8f7d441f8af20078b1377d4b\/2x-opony-165-65R15-SAILUN-ATREZZO-4-SEASONS-81T 900w\" sizes=\"100vw\" width=\"900px\" alt=\"2x opony 165\/65R15 SAILUN ATREZZO 4 SEASONS 81T\"\/ style=\"max-width: 100%; height: auto; display: block; margin: 0 auto;\"><\/div>\n<\/div>\n<\/div>\n<\/div>\n<\/div>\n<\/div>\n<\/div>\n<\/div>\n<\/div>\n<div style=\"clear: both; display: block; margin: 10px 0;\">\n","protected":false},"excerpt":{"rendered":"<p>Opona ca\u0142oroczna Sailun Atrezzo 4SEASONS 165\/65R15 81 T przyczepno\u015b\u0107 na \u015bniegu (3PMSF)<\/p>\n<p>Opona ca\u0142oroczna Sailun Atrezzo 4 Seasons 165\/65R15 81 T<\/p>\n<p>Cechy produktu:<\/p>\n<p>sezon: ca\u0142oroczne<\/p>\n<p>szeroko\u015b\u0107\/profil\/\u015brednica: 165\/65R15<\/p>\n<p>indeks no\u015bno\u015bci: 81 &#8211; 462 kg<\/p>\n<p>indeks pr\u0119dko\u015bci: T do 190 km\/h<\/p>\n<p>Informacje dodatkowe:<\/p>\n","protected":false},"featured_media":12428,"template":"","meta":{"_uag_custom_page_level_css":""},"product_brand":[398],"product_cat":[416,414,413,412],"product_tag":[],"class_list":{"0":"post-12427","1":"product","2":"type-product","3":"status-publish","4":"has-post-thumbnail","6":"product_brand-sailun","7":"product_cat-caloroczne","8":"product_cat-do-samochodow-osobowych-i-suv","9":"product_cat-opony","10":"product_cat-opony-i-felgi","12":"first","13":"instock","14":"shipping-taxable","15":"purchasable","16":"product-type-simple"},"uagb_featured_image_src":{"full":["https:\/\/oponixo.shop\/tire\/wp-content\/uploads\/2026\/01\/allegro-image-12427.jpg",900,1100,false],"thumbnail":["https:\/\/oponixo.shop\/tire\/wp-content\/uploads\/2026\/01\/allegro-image-12427-150x150.jpg",150,150,true],"medium":["https:\/\/oponixo.shop\/tire\/wp-content\/uploads\/2026\/01\/allegro-image-12427-245x300.jpg",245,300,true],"medium_large":["https:\/\/oponixo.shop\/tire\/wp-content\/uploads\/2026\/01\/allegro-image-12427-768x939.jpg",768,939,true],"large":["https:\/\/oponixo.shop\/tire\/wp-content\/uploads\/2026\/01\/allegro-image-12427-838x1024.jpg",838,1024,true],"1536x1536":["https:\/\/oponixo.shop\/tire\/wp-content\/uploads\/2026\/01\/allegro-image-12427.jpg",900,1100,false],"2048x2048":["https:\/\/oponixo.shop\/tire\/wp-content\/uploads\/2026\/01\/allegro-image-12427.jpg",900,1100,false],"woocommerce_thumbnail":["https:\/\/oponixo.shop\/tire\/wp-content\/uploads\/2026\/01\/allegro-image-12427-300x300.jpg",300,300,true],"woocommerce_single":["https:\/\/oponixo.shop\/tire\/wp-content\/uploads\/2026\/01\/allegro-image-12427-600x733.jpg",600,733,true],"woocommerce_gallery_thumbnail":["https:\/\/oponixo.shop\/tire\/wp-content\/uploads\/2026\/01\/allegro-image-12427-100x100.jpg",100,100,true]},"uagb_author_info":{"display_name":"admin","author_link":"https:\/\/oponixo.shop\/tire\/author\/"},"uagb_comment_info":0,"uagb_excerpt":"Opona ca\u0142oroczna Sailun Atrezzo 4SEASONS 165\/65R15 81 T przyczepno\u015b\u0107 na \u015bniegu (3PMSF) Opona ca\u0142oroczna Sailun Atrezzo 4 Seasons 165\/65R15 81 T Cechy produktu: sezon: ca\u0142oroczne szeroko\u015b\u0107\/profil\/\u015brednica: 165\/65R15 indeks no\u015bno\u015bci: 81 - 462 kg indeks pr\u0119dko\u015bci: T do 190 km\/h Informacje dodatkowe:","_links":{"self":[{"href":"https:\/\/oponixo.shop\/tire\/wp-json\/wp\/v2\/product\/12427","targetHints":{"allow":["GET"]}}],"collection":[{"href":"https:\/\/oponixo.shop\/tire\/wp-json\/wp\/v2\/product"}],"about":[{"href":"https:\/\/oponixo.shop\/tire\/wp-json\/wp\/v2\/types\/product"}],"wp:featuredmedia":[{"embeddable":true,"href":"https:\/\/oponixo.shop\/tire\/wp-json\/wp\/v2\/media\/12428"}],"wp:attachment":[{"href":"https:\/\/oponixo.shop\/tire\/wp-json\/wp\/v2\/media?parent=12427"}],"wp:term":[{"taxonomy":"product_brand","embeddable":true,"href":"https:\/\/oponixo.shop\/tire\/wp-json\/wp\/v2\/product_brand?post=12427"},{"taxonomy":"product_cat","embeddable":true,"href":"https:\/\/oponixo.shop\/tire\/wp-json\/wp\/v2\/product_cat?post=12427"},{"taxonomy":"product_tag","embeddable":true,"href":"https:\/\/oponixo.shop\/tire\/wp-json\/wp\/v2\/product_tag?post=12427"}],"curies":[{"name":"wp","href":"https:\/\/api.w.org\/{rel}","templated":true}]}}