{"id":12925,"date":"2026-01-04T14:42:28","date_gmt":"2026-01-04T13:42:28","guid":{"rendered":"https:\/\/oponyexpert.shop\/xef5\/produkt\/2x-goodyear-ultragrip-performance-suv-235-60r19\/"},"modified":"2026-01-04T14:42:28","modified_gmt":"2026-01-04T13:42:28","slug":"2x-goodyear-ultragrip-performance-suv-235-60r19","status":"publish","type":"product","link":"https:\/\/oponixo.shop\/tire\/produkt\/2x-goodyear-ultragrip-performance-suv-235-60r19\/","title":{"rendered":"2x Goodyear ULTRAGRIP PERFORMANCE + SUV 235\/60R19"},"content":{"rendered":"<div style=\"font-family: Arial, sans-serif; line-height: 1.6; color: #333; padding: 20px; clear: both; display: block; width: 100%; float: none; position: static; overflow: hidden;\">\n<div style=\"clear: both; display: block; margin: 10px 0;\">\n<div style=\"clear: both; display: block; margin: 10px 0;\">\n<div style=\"clear: both; display: block; margin: 10px 0;\">\n<h1>2x nowe opony zimowe GOODYEAR ULTRAGRIP PERFORMANCE + SUV 235\/60R19 107H<\/h1>\n<p style=\"margin: 15px 0; line-height: 1.8; clear: both; display: block; width: 100%; float: none; position: static;\">Cechy produktu<\/p>\n<ul style=\"margin: 15px 0; padding-left: 20px; clear: both; display: block; width: 100%; float: none; position: static;\">\n<li style=\"margin: 5px 0; padding: 2px 0; clear: both; display: list-item; float: none; position: static;\">Marka: Goodyear<\/li>\n<li style=\"margin: 5px 0; padding: 2px 0; clear: both; display: list-item; float: none; position: static;\">Model: ULTRAGRIP PERFORMANCE + SUV<\/li>\n<li style=\"margin: 5px 0; padding: 2px 0; clear: both; display: list-item; float: none; position: static;\">Szeroko\u015b\u0107\/profil\/\u015brednica: 235\/60R19<\/li>\n<li style=\"margin: 5px 0; padding: 2px 0; clear: both; display: list-item; float: none; position: static;\">Indeks no\u015bno\u015bci: do 107 (975 kg na opon\u0119)<\/li>\n<li style=\"margin: 5px 0; padding: 2px 0; clear: both; display: list-item; float: none; position: static;\">Indeks pr\u0119dko\u015bci: H (do 210 km\/h)<\/li>\n<li style=\"margin: 5px 0; padding: 2px 0; clear: both; display: list-item; float: none; position: static;\">Sezon: zimowe<\/li>\n<li style=\"margin: 5px 0; padding: 2px 0; clear: both; display: list-item; float: none; position: static;\">Typ pojazdu: 4&#215;4<\/li>\n<li style=\"margin: 5px 0; padding: 2px 0; clear: both; display: list-item; float: none; position: static;\">Klasa energetyczna: C<\/li>\n<li style=\"margin: 5px 0; padding: 2px 0; clear: both; display: list-item; float: none; position: static;\">Klasa przyczepno\u015bci: B<\/li>\n<li style=\"margin: 5px 0; padding: 2px 0; clear: both; display: list-item; float: none; position: static;\">Poziom ha\u0142asu: 72<\/li>\n<li style=\"margin: 5px 0; padding: 2px 0; clear: both; display: list-item; float: none; position: static;\">Klasa ha\u0142asu: B<\/li>\n<li style=\"margin: 5px 0; padding: 2px 0; clear: both; display: list-item; float: none; position: static;\">Rok produkcji: 2025<\/li>\n<li style=\"margin: 5px 0; padding: 2px 0; clear: both; display: list-item; float: none; position: static;\">Oznaczenia_dodatkowe: XL<\/li>\n<\/ul>\n<\/div>\n<\/div>\n<div style=\"clear: both; display: block; margin: 10px 0;\">\n<div style=\"clear: both; display: block; margin: 10px 0;\">\n<div  style=\"max-width:568px;max-height:800px\">\n<div style=\"clear: both; display: block; margin: 10px 0;\">\n<div style=\"clear: both; width: 100%; display: block; margin: 20px 0; padding: 0; float: none; position: static; text-align: center;\"><img decoding=\"async\"  src=\"https:\/\/a.allegroimg.com\/original\/11e324\/fd347ac44200bcc496906ddf2d90\/2x-Goodyear-ULTRAGRIP-PERFORMANCE-SUV-235-60R19\" srcset=\"https:\/\/a.allegroimg.com\/original\/11e324\/fd347ac44200bcc496906ddf2d90\/2x-Goodyear-ULTRAGRIP-PERFORMANCE-SUV-235-60R19 255w,https:\/\/a.allegroimg.com\/original\/11e324\/fd347ac44200bcc496906ddf2d90\/2x-Goodyear-ULTRAGRIP-PERFORMANCE-SUV-235-60R19 511w,https:\/\/a.allegroimg.com\/original\/11e324\/fd347ac44200bcc496906ddf2d90\/2x-Goodyear-ULTRAGRIP-PERFORMANCE-SUV-235-60R19 568w,https:\/\/a.allegroimg.com\/original\/11e324\/fd347ac44200bcc496906ddf2d90\/2x-Goodyear-ULTRAGRIP-PERFORMANCE-SUV-235-60R19 568w\" sizes=\"(min-width: 1200px) 560px, (min-width: 992px) 50vw, 100vw\" width=\"568px\" alt=\"2x Goodyear ULTRAGRIP PERFORMANCE + SUV 235\/60R19\"\/ style=\"max-width: 100%; height: auto; display: block; margin: 0 auto;\"><\/div>\n<\/div>\n<\/div>\n<\/div>\n<\/div>\n<\/div>\n<div style=\"clear: both; display: block; margin: 10px 0;\">\n<div style=\"clear: both; display: block; margin: 10px 0;\">\n<div style=\"clear: both; display: block; margin: 10px 0;\">\n<div  style=\"max-width:212px;max-height:305px\">\n<div style=\"clear: both; display: block; margin: 10px 0;\">\n<div style=\"clear: both; width: 100%; display: block; margin: 20px 0; padding: 0; float: none; position: static; text-align: center;\"><img decoding=\"async\"  src=\"https:\/\/a.allegroimg.com\/original\/11ceb0\/88a108334c5fb8c81609d69630ae\/2x-Goodyear-ULTRAGRIP-PERFORMANCE-SUV-235-60R19-Liczba-opon-w-ofercie-2-szt\" srcset=\"https:\/\/a.allegroimg.com\/original\/11ceb0\/88a108334c5fb8c81609d69630ae\/2x-Goodyear-ULTRAGRIP-PERFORMANCE-SUV-235-60R19-Liczba-opon-w-ofercie-2-szt 212w,https:\/\/a.allegroimg.com\/original\/11ceb0\/88a108334c5fb8c81609d69630ae\/2x-Goodyear-ULTRAGRIP-PERFORMANCE-SUV-235-60R19-Liczba-opon-w-ofercie-2-szt 212w\" sizes=\"(min-width: 1200px) 560px, (min-width: 992px) 50vw, 100vw\" width=\"212px\" alt=\"2x Goodyear ULTRAGRIP PERFORMANCE + SUV 235\/60R19 Liczba opon w ofercie 2 szt.\"\/ style=\"max-width: 100%; height: auto; display: block; margin: 0 auto;\"><\/div>\n<\/div>\n<\/div>\n<\/div>\n<\/div>\n<div style=\"clear: both; display: block; margin: 10px 0;\">\n<div style=\"clear: both; display: block; margin: 10px 0;\">\n<div  style=\"max-width:1024px;max-height:231px\">\n<div style=\"clear: both; display: block; margin: 10px 0;\">\n<div style=\"clear: both; width: 100%; display: block; margin: 20px 0; padding: 0; float: none; position: static; text-align: center;\"><img decoding=\"async\"  src=\"https:\/\/a.allegroimg.com\/original\/11be3e\/f64588f2461eb178e596f49f63c9\/2x-Goodyear-ULTRAGRIP-PERFORMANCE-SUV-235-60R19-Rok-produkcji-2025\" srcset=\"https:\/\/a.allegroimg.com\/original\/11be3e\/f64588f2461eb178e596f49f63c9\/2x-Goodyear-ULTRAGRIP-PERFORMANCE-SUV-235-60R19-Rok-produkcji-2025 360w,https:\/\/a.allegroimg.com\/original\/11be3e\/f64588f2461eb178e596f49f63c9\/2x-Goodyear-ULTRAGRIP-PERFORMANCE-SUV-235-60R19-Rok-produkcji-2025 720w,https:\/\/a.allegroimg.com\/original\/11be3e\/f64588f2461eb178e596f49f63c9\/2x-Goodyear-ULTRAGRIP-PERFORMANCE-SUV-235-60R19-Rok-produkcji-2025 1024w,https:\/\/a.allegroimg.com\/original\/11be3e\/f64588f2461eb178e596f49f63c9\/2x-Goodyear-ULTRAGRIP-PERFORMANCE-SUV-235-60R19-Rok-produkcji-2025 1024w\" sizes=\"(min-width: 1200px) 560px, (min-width: 992px) 50vw, 100vw\" width=\"1024px\" alt=\"2x Goodyear ULTRAGRIP PERFORMANCE + SUV 235\/60R19 Rok produkcji 2025\"\/ style=\"max-width: 100%; height: auto; display: block; margin: 0 auto;\"><\/div>\n<\/div>\n<\/div>\n<\/div>\n<\/div>\n<\/div>\n<div style=\"clear: both; display: block; margin: 10px 0;\">\n<div style=\"clear: both; display: block; margin: 10px 0;\">\n<div style=\"clear: both; display: block; margin: 10px 0;\">\n<p style=\"margin: 15px 0; line-height: 1.8; clear: both; display: block; width: 100%; float: none; position: static;\">Goodyear to marka pochodzenia ameryka\u0144skiego, obecnie jeden z najwi\u0119kszych producent\u00f3w opon na \u015bwiecie. Koncern produkuje opony do samochod\u00f3w, samolot\u00f3w, ci\u0119\u017ckich maszyn przemys\u0142owych. Grupa Goodyear to obecnie nie tylko marka w\u0142asna, ale tak\u017ce Dunlop, Fulda, Sava oraz dobrze wszystkim znana D\u0119bica. Dzi\u0119ki bogatemu portfolio obecnie co pi\u0105ta opona kupowana na \u015bwiecie nosi logo jednej z marek koncernu Goodyear<\/p>\n<p style=\"margin: 15px 0; line-height: 1.8; clear: both; display: block; width: 100%; float: none; position: static;\">Opony marki Goodyear nale\u017c\u0105 do klasy premium &#8211; to produkt najwy\u017cszej klasy jako\u015bciowej, wielokrotnie nagradzany w najbardziej presti\u017cowych europejskich testach opon. \u015awietne rezultaty opon Goodyear zaowocowa\u0142y wsp\u00f3\u0142prac\u0105 z najbardziej presti\u017cowymi producentami aut na \u015bwiecie &#8211; m.in. Audi, BMW, Mercedes<\/p>\n<\/div>\n<\/div>\n<\/div>\n<\/div>\n<\/div>\n<\/div>\n<div style=\"clear: both; display: block; margin: 10px 0;\">\n","protected":false},"excerpt":{"rendered":"<p>2x nowe opony zimowe GOODYEAR ULTRAGRIP PERFORMANCE + SUV 235\/60R19 107H<\/p>\n<p>Cechy produktu<\/p>\n<p>Marka: Goodyear<\/p>\n<p>Model: ULTRAGRIP PERFORMANCE + SUV<\/p>\n<p>Szeroko\u015b\u0107\/profil\/\u015brednica: 235\/60R19<\/p>\n<p>Indeks no\u015bno\u015bci: do 107 (975 kg na opon\u0119)<\/p>\n<p>Indeks pr\u0119dko\u015bci: H (do 210 km\/h)<\/p>\n<p>Sezon: zimowe<\/p>\n","protected":false},"featured_media":12926,"template":"","meta":{"_uag_custom_page_level_css":""},"product_brand":[437],"product_cat":[414,413,412,415],"product_tag":[],"class_list":{"0":"post-12925","1":"product","2":"type-product","3":"status-publish","4":"has-post-thumbnail","6":"product_brand-goodyear","7":"product_cat-do-samochodow-osobowych-i-suv","8":"product_cat-opony","9":"product_cat-opony-i-felgi","10":"product_cat-zimowe","12":"first","13":"instock","14":"shipping-taxable","15":"purchasable","16":"product-type-simple"},"uagb_featured_image_src":{"full":["https:\/\/oponixo.shop\/tire\/wp-content\/uploads\/2026\/01\/allegro-image-12925.jpg",568,800,false],"thumbnail":["https:\/\/oponixo.shop\/tire\/wp-content\/uploads\/2026\/01\/allegro-image-12925-150x150.jpg",150,150,true],"medium":["https:\/\/oponixo.shop\/tire\/wp-content\/uploads\/2026\/01\/allegro-image-12925-213x300.jpg",213,300,true],"medium_large":["https:\/\/oponixo.shop\/tire\/wp-content\/uploads\/2026\/01\/allegro-image-12925.jpg",568,800,false],"large":["https:\/\/oponixo.shop\/tire\/wp-content\/uploads\/2026\/01\/allegro-image-12925.jpg",568,800,false],"1536x1536":["https:\/\/oponixo.shop\/tire\/wp-content\/uploads\/2026\/01\/allegro-image-12925.jpg",568,800,false],"2048x2048":["https:\/\/oponixo.shop\/tire\/wp-content\/uploads\/2026\/01\/allegro-image-12925.jpg",568,800,false],"woocommerce_thumbnail":["https:\/\/oponixo.shop\/tire\/wp-content\/uploads\/2026\/01\/allegro-image-12925-300x300.jpg",300,300,true],"woocommerce_single":["https:\/\/oponixo.shop\/tire\/wp-content\/uploads\/2026\/01\/allegro-image-12925.jpg",568,800,false],"woocommerce_gallery_thumbnail":["https:\/\/oponixo.shop\/tire\/wp-content\/uploads\/2026\/01\/allegro-image-12925-100x100.jpg",100,100,true]},"uagb_author_info":{"display_name":"admin","author_link":"https:\/\/oponixo.shop\/tire\/author\/"},"uagb_comment_info":0,"uagb_excerpt":"2x nowe opony zimowe GOODYEAR ULTRAGRIP PERFORMANCE + SUV 235\/60R19 107H Cechy produktu Marka: Goodyear Model: ULTRAGRIP PERFORMANCE + SUV Szeroko\u015b\u0107\/profil\/\u015brednica: 235\/60R19 Indeks no\u015bno\u015bci: do 107 (975 kg na opon\u0119) Indeks pr\u0119dko\u015bci: H (do 210 km\/h) Sezon: zimowe","_links":{"self":[{"href":"https:\/\/oponixo.shop\/tire\/wp-json\/wp\/v2\/product\/12925","targetHints":{"allow":["GET"]}}],"collection":[{"href":"https:\/\/oponixo.shop\/tire\/wp-json\/wp\/v2\/product"}],"about":[{"href":"https:\/\/oponixo.shop\/tire\/wp-json\/wp\/v2\/types\/product"}],"wp:featuredmedia":[{"embeddable":true,"href":"https:\/\/oponixo.shop\/tire\/wp-json\/wp\/v2\/media\/12926"}],"wp:attachment":[{"href":"https:\/\/oponixo.shop\/tire\/wp-json\/wp\/v2\/media?parent=12925"}],"wp:term":[{"taxonomy":"product_brand","embeddable":true,"href":"https:\/\/oponixo.shop\/tire\/wp-json\/wp\/v2\/product_brand?post=12925"},{"taxonomy":"product_cat","embeddable":true,"href":"https:\/\/oponixo.shop\/tire\/wp-json\/wp\/v2\/product_cat?post=12925"},{"taxonomy":"product_tag","embeddable":true,"href":"https:\/\/oponixo.shop\/tire\/wp-json\/wp\/v2\/product_tag?post=12925"}],"curies":[{"name":"wp","href":"https:\/\/api.w.org\/{rel}","templated":true}]}}