{"id":13077,"date":"2026-01-05T20:51:28","date_gmt":"2026-01-05T19:51:28","guid":{"rendered":"https:\/\/oponyprofi.shop\/xef5\/produkt\/2x-vredestein-wintrac-pro-205-65r17-100h-xl\/"},"modified":"2026-01-05T20:51:28","modified_gmt":"2026-01-05T19:51:28","slug":"2x-vredestein-wintrac-pro-205-65r17-100h-xl","status":"publish","type":"product","link":"https:\/\/oponixo.shop\/tire\/produkt\/2x-vredestein-wintrac-pro-205-65r17-100h-xl\/","title":{"rendered":"2x Vredestein Wintrac Pro * 205\/65R17 100H XL"},"content":{"rendered":"<div style=\"font-family: Arial, sans-serif; line-height: 1.6; color: #333; padding: 20px; clear: both; display: block; width: 100%; float: none; position: static; overflow: hidden;\">\n<div style=\"clear: both; display: block; margin: 10px 0;\">\n<div style=\"clear: both; display: block; margin: 10px 0;\">\n<div style=\"clear: both; display: block; margin: 10px 0;\">\n<h1>Vredestein Wintrac Pro * <\/h1>\n<h1>205\/65 R17 100H do 210 km\/h<\/h1>\n<h2>Kod produktu: 8714692801754<\/h2>\n<h2>* &#8211; opony z homologacj\u0105 do aut BMW<\/h2>\n<p style=\"margin: 15px 0; line-height: 1.8; clear: both; display: block; width: 100%; float: none; position: static;\">Opona zimowa Wintrac Pro to nowo\u015b\u0107 marki Vredestein, kt\u00f3ra odpowiada na rosn\u0105ce potrzeby rynku w segmencie maksymalnie wydajnych opon o \u015brednicy 17 cali i wi\u0119cej. Zaletami tego produktu jest doskona\u0142a przyczepno\u015b\u0107 podczas pokonywania zakr\u0119t\u00f3w, kr\u00f3tka droga hamowania, w szczeg\u00f3lno\u015bci na mokrych nawierzchniach oraz znakomite prowadzenie na \u015bniegu, r\u00f3wnie\u017c przy du\u017cych pr\u0119dko\u015bciach. Model ten cechuje si\u0119 wytrzyma\u0142o\u015bci\u0105 i trwa\u0142o\u015bci\u0105, dzi\u0119ki czemu daje gwarancj\u0119 pe\u0142nego bezpiecze\u0144stwa i komfortu podczas podr\u00f3\u017cy. Opona zaj\u0119\u0142a 3 miejsce w te\u015bcie opon zimowych 2019 organizowanym przez Auto Motor und Sport<\/p>\n<h2>Zakupione na tej aukcji opony mo\u017cesz odebra\u0107 i wymieni\u0107 w jednym z naszych serwis\u00f3w: MOTOHURT MARKI &#8211; MOTOHURT WOLA &#8211; MOTOHURT MOKOT\u00d3W<\/h2>\n<\/div>\n<\/div>\n<div style=\"clear: both; display: block; margin: 10px 0;\">\n<div style=\"clear: both; display: block; margin: 10px 0;\">\n<div  style=\"max-width:750px;max-height:1024px\">\n<div style=\"clear: both; display: block; margin: 10px 0;\">\n<div style=\"clear: both; width: 100%; display: block; margin: 20px 0; padding: 0; float: none; position: static; text-align: center;\"><img decoding=\"async\"  src=\"https:\/\/a.allegroimg.com\/original\/115546\/e08862494cd6b72d3689ce11012f\/2x-Vredestein-Wintrac-Pro-205-65R17-100H-XL\" srcset=\"https:\/\/a.allegroimg.com\/original\/115546\/e08862494cd6b72d3689ce11012f\/2x-Vredestein-Wintrac-Pro-205-65R17-100H-XL 263w,https:\/\/a.allegroimg.com\/original\/115546\/e08862494cd6b72d3689ce11012f\/2x-Vredestein-Wintrac-Pro-205-65R17-100H-XL 527w,https:\/\/a.allegroimg.com\/original\/115546\/e08862494cd6b72d3689ce11012f\/2x-Vredestein-Wintrac-Pro-205-65R17-100H-XL 750w,https:\/\/a.allegroimg.com\/original\/115546\/e08862494cd6b72d3689ce11012f\/2x-Vredestein-Wintrac-Pro-205-65R17-100H-XL 750w\" sizes=\"(min-width: 1200px) 560px, (min-width: 992px) 50vw, 100vw\" width=\"750px\" alt=\"2x Vredestein Wintrac Pro * 205\/65R17 100H XL\"\/ style=\"max-width: 100%; height: auto; display: block; margin: 0 auto;\"><\/div>\n<\/div>\n<\/div>\n<\/div>\n<\/div>\n<\/div>\n<div style=\"clear: both; display: block; margin: 10px 0;\">\n<div style=\"clear: both; display: block; margin: 10px 0;\">\n<div style=\"clear: both; display: block; margin: 10px 0;\">\n<div  style=\"max-width:212px;max-height:305px\">\n<div style=\"clear: both; display: block; margin: 10px 0;\">\n<div style=\"clear: both; width: 100%; display: block; margin: 20px 0; padding: 0; float: none; position: static; text-align: center;\"><img decoding=\"async\"  src=\"https:\/\/a.allegroimg.com\/original\/11871e\/f77cfd6f4d18815ea8ab1b16a18a\/2x-Vredestein-Wintrac-Pro-205-65R17-100H-XL-Liczba-opon-w-ofercie-2-szt\" srcset=\"https:\/\/a.allegroimg.com\/original\/11871e\/f77cfd6f4d18815ea8ab1b16a18a\/2x-Vredestein-Wintrac-Pro-205-65R17-100H-XL-Liczba-opon-w-ofercie-2-szt 212w,https:\/\/a.allegroimg.com\/original\/11871e\/f77cfd6f4d18815ea8ab1b16a18a\/2x-Vredestein-Wintrac-Pro-205-65R17-100H-XL-Liczba-opon-w-ofercie-2-szt 212w\" sizes=\"(min-width: 1200px) 560px, (min-width: 992px) 50vw, 100vw\" width=\"212px\" alt=\"2x Vredestein Wintrac Pro * 205\/65R17 100H XL Liczba opon w ofercie 2 szt.\"\/ style=\"max-width: 100%; height: auto; display: block; margin: 0 auto;\"><\/div>\n<\/div>\n<\/div>\n<\/div>\n<\/div>\n<div style=\"clear: both; display: block; margin: 10px 0;\">\n<div style=\"clear: both; display: block; margin: 10px 0;\">\n<h2>Marka: Vredestein<\/h2>\n<h2>Liczba opon w ofercie: 2<\/h2>\n<h2>Rok produkcji: <\/h2>\n<h2>Szeroko\u015b\u0107 opony: 205 mm<\/h2>\n<h2>Profil opony: 65<\/h2>\n<h2>\u015arednica: 17<\/h2>\n<h2>Indeks no\u015bno\u015bci: 100<\/h2>\n<h2>Indeks pr\u0119dko\u015bci: H do 210 km\/h<\/h2>\n<h2>Op\u00f3r toczenia: Klasa C<\/h2>\n<h2>Przyczepno\u015b\u0107 na mokrej nawierzchni: Klasa B<\/h2>\n<h2>Ha\u0142as zewn\u0119trzny: 70 dB<\/h2>\n<h2>Kod producenta: AP20565017HWPRAB2<\/h2>\n<h2>Sezon: Zimowe<\/h2>\n<\/div>\n<\/div>\n<\/div>\n<\/div>\n<\/div>\n<\/div>\n<div style=\"clear: both; display: block; margin: 10px 0;\">\n","protected":false},"excerpt":{"rendered":"<p>Vredestein Wintrac Pro *<\/p>\n<p>205\/65 R17 100H do 210 km\/h<\/p>\n<p>Kod produktu: 8714692801754<\/p>\n<p>* &#8211; opony z homologacj\u0105 do aut BMW<\/p>\n","protected":false},"featured_media":13078,"template":"","meta":{"_uag_custom_page_level_css":""},"product_brand":[436],"product_cat":[414,413,412,415],"product_tag":[],"class_list":{"0":"post-13077","1":"product","2":"type-product","3":"status-publish","4":"has-post-thumbnail","6":"product_brand-vredestein","7":"product_cat-do-samochodow-osobowych-i-suv","8":"product_cat-opony","9":"product_cat-opony-i-felgi","10":"product_cat-zimowe","12":"first","13":"instock","14":"shipping-taxable","15":"purchasable","16":"product-type-simple"},"uagb_featured_image_src":{"full":["https:\/\/oponixo.shop\/tire\/wp-content\/uploads\/2026\/01\/allegro-image-13077.jpg",750,1024,false],"thumbnail":["https:\/\/oponixo.shop\/tire\/wp-content\/uploads\/2026\/01\/allegro-image-13077-150x150.jpg",150,150,true],"medium":["https:\/\/oponixo.shop\/tire\/wp-content\/uploads\/2026\/01\/allegro-image-13077-220x300.jpg",220,300,true],"medium_large":["https:\/\/oponixo.shop\/tire\/wp-content\/uploads\/2026\/01\/allegro-image-13077.jpg",750,1024,false],"large":["https:\/\/oponixo.shop\/tire\/wp-content\/uploads\/2026\/01\/allegro-image-13077.jpg",750,1024,false],"1536x1536":["https:\/\/oponixo.shop\/tire\/wp-content\/uploads\/2026\/01\/allegro-image-13077.jpg",750,1024,false],"2048x2048":["https:\/\/oponixo.shop\/tire\/wp-content\/uploads\/2026\/01\/allegro-image-13077.jpg",750,1024,false],"woocommerce_thumbnail":["https:\/\/oponixo.shop\/tire\/wp-content\/uploads\/2026\/01\/allegro-image-13077-300x300.jpg",300,300,true],"woocommerce_single":["https:\/\/oponixo.shop\/tire\/wp-content\/uploads\/2026\/01\/allegro-image-13077-600x819.jpg",600,819,true],"woocommerce_gallery_thumbnail":["https:\/\/oponixo.shop\/tire\/wp-content\/uploads\/2026\/01\/allegro-image-13077-100x100.jpg",100,100,true]},"uagb_author_info":{"display_name":"admin","author_link":"https:\/\/oponixo.shop\/tire\/author\/"},"uagb_comment_info":0,"uagb_excerpt":"Vredestein Wintrac Pro * 205\/65 R17 100H do 210 km\/h Kod produktu: 8714692801754 * - opony z homologacj\u0105 do aut BMW","_links":{"self":[{"href":"https:\/\/oponixo.shop\/tire\/wp-json\/wp\/v2\/product\/13077","targetHints":{"allow":["GET"]}}],"collection":[{"href":"https:\/\/oponixo.shop\/tire\/wp-json\/wp\/v2\/product"}],"about":[{"href":"https:\/\/oponixo.shop\/tire\/wp-json\/wp\/v2\/types\/product"}],"wp:featuredmedia":[{"embeddable":true,"href":"https:\/\/oponixo.shop\/tire\/wp-json\/wp\/v2\/media\/13078"}],"wp:attachment":[{"href":"https:\/\/oponixo.shop\/tire\/wp-json\/wp\/v2\/media?parent=13077"}],"wp:term":[{"taxonomy":"product_brand","embeddable":true,"href":"https:\/\/oponixo.shop\/tire\/wp-json\/wp\/v2\/product_brand?post=13077"},{"taxonomy":"product_cat","embeddable":true,"href":"https:\/\/oponixo.shop\/tire\/wp-json\/wp\/v2\/product_cat?post=13077"},{"taxonomy":"product_tag","embeddable":true,"href":"https:\/\/oponixo.shop\/tire\/wp-json\/wp\/v2\/product_tag?post=13077"}],"curies":[{"name":"wp","href":"https:\/\/api.w.org\/{rel}","templated":true}]}}