{"id":13113,"date":"2026-01-05T20:51:39","date_gmt":"2026-01-05T19:51:39","guid":{"rendered":"https:\/\/oponyprofi.shop\/xef5\/produkt\/2-x-opona-lanvigator-catchfors-a-s-185-55r14-caloroczne\/"},"modified":"2026-01-05T20:51:39","modified_gmt":"2026-01-05T19:51:39","slug":"2-x-opona-lanvigator-catchfors-a-s-185-55r14-caloroczne","status":"publish","type":"product","link":"https:\/\/oponixo.shop\/tire\/produkt\/2-x-opona-lanvigator-catchfors-a-s-185-55r14-caloroczne\/","title":{"rendered":"2 x Opona LANVIGATOR CATCHFORS A\/S 185\/55R14 Ca\u0142oroczne"},"content":{"rendered":"<div style=\"font-family: Arial, sans-serif; line-height: 1.6; color: #333; padding: 20px; clear: both; display: block; width: 100%; float: none; position: static; overflow: hidden;\">\n<div style=\"clear: both; display: block; margin: 10px 0;\">\n<div style=\"clear: both; display: block; margin: 10px 0;\">\n<div style=\"clear: both; display: block; margin: 10px 0;\">\n<p style=\"margin: 15px 0; line-height: 1.8; clear: both; display: block; width: 100%; float: none; position: static;\">OPONA Opona LANVIGATOR CATCHFORS A\/S 185\/55R14 Ca\u0142oroczne komplet 2 sztuki<\/p>\n<p style=\"margin: 15px 0; line-height: 1.8; clear: both; display: block; width: 100%; float: none; position: static;\">KATEGORIA: Opony\/Osobowe \/Ca\u0142oroczne<\/p>\n<p style=\"margin: 15px 0; line-height: 1.8; clear: both; display: block; width: 100%; float: none; position: static;\">PRODUCENT: Lanvigator<\/p>\n<ul style=\"margin: 15px 0; padding-left: 20px; clear: both; display: block; width: 100%; float: none; position: static;\">\n<li style=\"margin: 5px 0; padding: 2px 0; clear: both; display: list-item; float: none; position: static;\"><b>Sezon:<\/b> Ca\u0142oroczne<\/li>\n<li style=\"margin: 5px 0; padding: 2px 0; clear: both; display: list-item; float: none; position: static;\"><b>Szeroko\u015b\u0107:<\/b> 185<\/li>\n<li style=\"margin: 5px 0; padding: 2px 0; clear: both; display: list-item; float: none; position: static;\"><b>Profil:<\/b> 55<\/li>\n<li style=\"margin: 5px 0; padding: 2px 0; clear: both; display: list-item; float: none; position: static;\"><b>\u015arednica:<\/b> 14<\/li>\n<li style=\"margin: 5px 0; padding: 2px 0; clear: both; display: list-item; float: none; position: static;\"><b>Pr\u0119dko\u015b\u0107:<\/b> H &#8211; 210 km\/h<\/li>\n<li style=\"margin: 5px 0; padding: 2px 0; clear: both; display: list-item; float: none; position: static;\"><b>No\u015bno\u015b\u0107:<\/b> 80 &#8211; 450 kg<\/li>\n<li style=\"margin: 5px 0; padding: 2px 0; clear: both; display: list-item; float: none; position: static;\"><b>Opory toczenia:<\/b> Klasa D<\/li>\n<li style=\"margin: 5px 0; padding: 2px 0; clear: both; display: list-item; float: none; position: static;\"><b>Przyczepno\u015b\u0107 na mokrej nawierzchni:<\/b> Klasa C<\/li>\n<li style=\"margin: 5px 0; padding: 2px 0; clear: both; display: list-item; float: none; position: static;\"><b>Ha\u0142as zewn\u0119trzny:<\/b> 71 dB<\/li>\n<li style=\"margin: 5px 0; padding: 2px 0; clear: both; display: list-item; float: none; position: static;\"><b>Typ opony:<\/b> TL &#8211; bezd\u0119tkowa<\/li>\n<li style=\"margin: 5px 0; padding: 2px 0; clear: both; display: list-item; float: none; position: static;\"><b>Rok produkcji:<\/b> 2024<\/li>\n<li style=\"margin: 5px 0; padding: 2px 0; clear: both; display: list-item; float: none; position: static;\"><b>szeroko\u015b\u0107 opakowania:<\/b> 0.185<\/li>\n<li style=\"margin: 5px 0; padding: 2px 0; clear: both; display: list-item; float: none; position: static;\"><b>wysoko\u015b\u0107 opakowania:<\/b> 0.559<\/li>\n<li style=\"margin: 5px 0; padding: 2px 0; clear: both; display: list-item; float: none; position: static;\"><b>g\u0142\u0119boko\u015b\u0107 opakowania:<\/b> 0.559<\/li>\n<li style=\"margin: 5px 0; padding: 2px 0; clear: both; display: list-item; float: none; position: static;\"><b>waga opakowania:<\/b> 7.06<\/li>\n<\/ul>\n<p style=\"margin: 15px 0; line-height: 1.8; clear: both; display: block; width: 100%; float: none; position: static;\">KOD EAN: 6924064110557<\/p>\n<p style=\"margin: 15px 0; line-height: 1.8; clear: both; display: block; width: 100%; float: none; position: static;\">INDEX: K1855514LN\/C<\/p>\n<\/div>\n<\/div>\n<div style=\"clear: both; display: block; margin: 10px 0;\">\n<div style=\"clear: both; display: block; margin: 10px 0;\">\n<div  style=\"max-width:1135px;max-height:1148px\">\n<div style=\"clear: both; display: block; margin: 10px 0;\">\n<div style=\"clear: both; width: 100%; display: block; margin: 20px 0; padding: 0; float: none; position: static; text-align: center;\"><img decoding=\"async\"  src=\"https:\/\/a.allegroimg.com\/original\/11c3dd\/4a5b5dd244f4af53b0b88abd3476\/2-x-Opona-LANVIGATOR-CATCHFORS-A-S-185-55R14-Caloroczne\" srcset=\"https:\/\/a.allegroimg.com\/original\/11c3dd\/4a5b5dd244f4af53b0b88abd3476\/2-x-Opona-LANVIGATOR-CATCHFORS-A-S-185-55R14-Caloroczne 355w,https:\/\/a.allegroimg.com\/original\/11c3dd\/4a5b5dd244f4af53b0b88abd3476\/2-x-Opona-LANVIGATOR-CATCHFORS-A-S-185-55R14-Caloroczne 711w,https:\/\/a.allegroimg.com\/original\/11c3dd\/4a5b5dd244f4af53b0b88abd3476\/2-x-Opona-LANVIGATOR-CATCHFORS-A-S-185-55R14-Caloroczne 1012w,https:\/\/a.allegroimg.com\/original\/11c3dd\/4a5b5dd244f4af53b0b88abd3476\/2-x-Opona-LANVIGATOR-CATCHFORS-A-S-185-55R14-Caloroczne 1135w,https:\/\/a.allegroimg.com\/original\/11c3dd\/4a5b5dd244f4af53b0b88abd3476\/2-x-Opona-LANVIGATOR-CATCHFORS-A-S-185-55R14-Caloroczne 1135w\" sizes=\"(min-width: 1200px) 560px, (min-width: 992px) 50vw, 100vw\" width=\"1135px\" alt=\"2 x Opona LANVIGATOR CATCHFORS A\/S 185\/55R14 Ca\u0142oroczne\"\/ style=\"max-width: 100%; height: auto; display: block; margin: 0 auto;\"><\/div>\n<\/div>\n<\/div>\n<\/div>\n<\/div>\n<\/div>\n<div style=\"clear: both; display: block; margin: 10px 0;\">\n<div style=\"clear: both; display: block; margin: 10px 0;\">\n<div style=\"clear: both; display: block; margin: 10px 0;\">\n<div  style=\"max-width:2560px;max-height:2560px\">\n<div style=\"clear: both; display: block; margin: 10px 0;\">\n<div style=\"clear: both; width: 100%; display: block; margin: 20px 0; padding: 0; float: none; position: static; text-align: center;\"><img decoding=\"async\"  src=\"https:\/\/a.allegroimg.com\/original\/11d0a2\/fd78ff734011a08258fdc8301b38\/2-x-Opona-LANVIGATOR-CATCHFORS-A-S-185-55R14-Caloroczne-Liczba-opon-w-ofercie-2-szt\" srcset=\"https:\/\/a.allegroimg.com\/original\/11d0a2\/fd78ff734011a08258fdc8301b38\/2-x-Opona-LANVIGATOR-CATCHFORS-A-S-185-55R14-Caloroczne-Liczba-opon-w-ofercie-2-szt 360w,https:\/\/a.allegroimg.com\/original\/11d0a2\/fd78ff734011a08258fdc8301b38\/2-x-Opona-LANVIGATOR-CATCHFORS-A-S-185-55R14-Caloroczne-Liczba-opon-w-ofercie-2-szt 720w,https:\/\/a.allegroimg.com\/original\/11d0a2\/fd78ff734011a08258fdc8301b38\/2-x-Opona-LANVIGATOR-CATCHFORS-A-S-185-55R14-Caloroczne-Liczba-opon-w-ofercie-2-szt 1024w,https:\/\/a.allegroimg.com\/original\/11d0a2\/fd78ff734011a08258fdc8301b38\/2-x-Opona-LANVIGATOR-CATCHFORS-A-S-185-55R14-Caloroczne-Liczba-opon-w-ofercie-2-szt 1440w,https:\/\/a.allegroimg.com\/original\/11d0a2\/fd78ff734011a08258fdc8301b38\/2-x-Opona-LANVIGATOR-CATCHFORS-A-S-185-55R14-Caloroczne-Liczba-opon-w-ofercie-2-szt 2560w\" sizes=\"(min-width: 1200px) 560px, (min-width: 992px) 50vw, 100vw\" width=\"2560px\" alt=\"2 x Opona LANVIGATOR CATCHFORS A\/S 185\/55R14 Ca\u0142oroczne Liczba opon w ofercie 2 szt.\"\/ style=\"max-width: 100%; height: auto; display: block; margin: 0 auto;\"><\/div>\n<\/div>\n<\/div>\n<\/div>\n<\/div>\n<div style=\"clear: both; display: block; margin: 10px 0;\">\n<div style=\"clear: both; display: block; margin: 10px 0;\">\n<div  style=\"max-width:2560px;max-height:2560px\">\n<div style=\"clear: both; display: block; margin: 10px 0;\">\n<div style=\"clear: both; width: 100%; display: block; margin: 20px 0; padding: 0; float: none; position: static; text-align: center;\"><img decoding=\"async\"  src=\"https:\/\/a.allegroimg.com\/original\/11a4a6\/e76ad4784bf99b6ac3ea1df66874\/2-x-Opona-LANVIGATOR-CATCHFORS-A-S-185-55R14-Caloroczne-Rok-produkcji-2022\" srcset=\"https:\/\/a.allegroimg.com\/original\/11a4a6\/e76ad4784bf99b6ac3ea1df66874\/2-x-Opona-LANVIGATOR-CATCHFORS-A-S-185-55R14-Caloroczne-Rok-produkcji-2022 360w,https:\/\/a.allegroimg.com\/original\/11a4a6\/e76ad4784bf99b6ac3ea1df66874\/2-x-Opona-LANVIGATOR-CATCHFORS-A-S-185-55R14-Caloroczne-Rok-produkcji-2022 720w,https:\/\/a.allegroimg.com\/original\/11a4a6\/e76ad4784bf99b6ac3ea1df66874\/2-x-Opona-LANVIGATOR-CATCHFORS-A-S-185-55R14-Caloroczne-Rok-produkcji-2022 1024w,https:\/\/a.allegroimg.com\/original\/11a4a6\/e76ad4784bf99b6ac3ea1df66874\/2-x-Opona-LANVIGATOR-CATCHFORS-A-S-185-55R14-Caloroczne-Rok-produkcji-2022 1440w,https:\/\/a.allegroimg.com\/original\/11a4a6\/e76ad4784bf99b6ac3ea1df66874\/2-x-Opona-LANVIGATOR-CATCHFORS-A-S-185-55R14-Caloroczne-Rok-produkcji-2022 2560w\" sizes=\"(min-width: 1200px) 560px, (min-width: 992px) 50vw, 100vw\" width=\"2560px\" alt=\"2 x Opona LANVIGATOR CATCHFORS A\/S 185\/55R14 Ca\u0142oroczne Rok produkcji 2022\"\/ style=\"max-width: 100%; height: auto; display: block; margin: 0 auto;\"><\/div>\n<\/div>\n<\/div>\n<\/div>\n<\/div>\n<\/div>\n<div style=\"clear: both; display: block; margin: 10px 0;\">\n<div style=\"clear: both; display: block; margin: 10px 0;\">\n<div style=\"clear: both; display: block; margin: 10px 0;\">\n<div  style=\"max-width:2560px;max-height:2560px\">\n<div style=\"clear: both; display: block; margin: 10px 0;\">\n<div style=\"clear: both; width: 100%; display: block; margin: 20px 0; padding: 0; float: none; position: static; text-align: center;\"><img decoding=\"async\"  src=\"https:\/\/a.allegroimg.com\/original\/1106be\/055690204f758df539665de74865\/2-x-Opona-LANVIGATOR-CATCHFORS-A-S-185-55R14-Caloroczne-Kod-producenta-6-92406E-12\" srcset=\"https:\/\/a.allegroimg.com\/original\/1106be\/055690204f758df539665de74865\/2-x-Opona-LANVIGATOR-CATCHFORS-A-S-185-55R14-Caloroczne-Kod-producenta-6-92406E-12 360w,https:\/\/a.allegroimg.com\/original\/1106be\/055690204f758df539665de74865\/2-x-Opona-LANVIGATOR-CATCHFORS-A-S-185-55R14-Caloroczne-Kod-producenta-6-92406E-12 720w,https:\/\/a.allegroimg.com\/original\/1106be\/055690204f758df539665de74865\/2-x-Opona-LANVIGATOR-CATCHFORS-A-S-185-55R14-Caloroczne-Kod-producenta-6-92406E-12 1024w,https:\/\/a.allegroimg.com\/original\/1106be\/055690204f758df539665de74865\/2-x-Opona-LANVIGATOR-CATCHFORS-A-S-185-55R14-Caloroczne-Kod-producenta-6-92406E-12 1440w,https:\/\/a.allegroimg.com\/original\/1106be\/055690204f758df539665de74865\/2-x-Opona-LANVIGATOR-CATCHFORS-A-S-185-55R14-Caloroczne-Kod-producenta-6-92406E-12 2560w\" sizes=\"(min-width: 1200px) 560px, (min-width: 992px) 50vw, 100vw\" width=\"2560px\" alt=\"2 x Opona LANVIGATOR CATCHFORS A\/S 185\/55R14 Ca\u0142oroczne Kod producenta 6,92406E+12\"\/ style=\"max-width: 100%; height: auto; display: block; margin: 0 auto;\"><\/div>\n<\/div>\n<\/div>\n<\/div>\n<\/div>\n<div style=\"clear: both; display: block; margin: 10px 0;\">\n<div style=\"clear: both; display: block; margin: 10px 0;\">\n<div  style=\"max-width:2560px;max-height:2560px\">\n<div style=\"clear: both; display: block; margin: 10px 0;\">\n<div style=\"clear: both; width: 100%; display: block; margin: 20px 0; padding: 0; float: none; position: static; text-align: center;\"><img decoding=\"async\"  src=\"https:\/\/a.allegroimg.com\/original\/11e323\/828391724741ac0f1e75190085eb\/2-x-Opona-LANVIGATOR-CATCHFORS-A-S-185-55R14-Caloroczne-Marka-Lanvigator\" srcset=\"https:\/\/a.allegroimg.com\/original\/11e323\/828391724741ac0f1e75190085eb\/2-x-Opona-LANVIGATOR-CATCHFORS-A-S-185-55R14-Caloroczne-Marka-Lanvigator 360w,https:\/\/a.allegroimg.com\/original\/11e323\/828391724741ac0f1e75190085eb\/2-x-Opona-LANVIGATOR-CATCHFORS-A-S-185-55R14-Caloroczne-Marka-Lanvigator 720w,https:\/\/a.allegroimg.com\/original\/11e323\/828391724741ac0f1e75190085eb\/2-x-Opona-LANVIGATOR-CATCHFORS-A-S-185-55R14-Caloroczne-Marka-Lanvigator 1024w,https:\/\/a.allegroimg.com\/original\/11e323\/828391724741ac0f1e75190085eb\/2-x-Opona-LANVIGATOR-CATCHFORS-A-S-185-55R14-Caloroczne-Marka-Lanvigator 1440w,https:\/\/a.allegroimg.com\/original\/11e323\/828391724741ac0f1e75190085eb\/2-x-Opona-LANVIGATOR-CATCHFORS-A-S-185-55R14-Caloroczne-Marka-Lanvigator 2560w\" sizes=\"(min-width: 1200px) 560px, (min-width: 992px) 50vw, 100vw\" width=\"2560px\" alt=\"2 x Opona LANVIGATOR CATCHFORS A\/S 185\/55R14 Ca\u0142oroczne Marka Lanvigator\"\/ style=\"max-width: 100%; height: auto; display: block; margin: 0 auto;\"><\/div>\n<\/div>\n<\/div>\n<\/div>\n<\/div>\n<\/div>\n<\/div>\n<\/div>\n<\/div>\n<div style=\"clear: both; display: block; margin: 10px 0;\">\n","protected":false},"excerpt":{"rendered":"<p>OPONA Opona LANVIGATOR CATCHFORS A\/S 185\/55R14 Ca\u0142oroczne komplet 2 sztuki<\/p>\n<p>KATEGORIA: Opony\/Osobowe \/Ca\u0142oroczne<\/p>\n<p>PRODUCENT: Lanvigator<\/p>\n<p>Sezon: Ca\u0142oroczne<\/p>\n<p>Szeroko\u015b\u0107: 185<\/p>\n<p>Profil: 55<\/p>\n<p>\u015arednica: 14<\/p>\n<p>Pr\u0119dko\u015b\u0107: H &#8211; 210 km\/h<\/p>\n","protected":false},"featured_media":13114,"template":"","meta":{"_uag_custom_page_level_css":""},"product_brand":[380],"product_cat":[414,418,413,412],"product_tag":[],"class_list":{"0":"post-13113","1":"product","2":"type-product","3":"status-publish","4":"has-post-thumbnail","6":"product_brand-lanvigator","7":"product_cat-do-samochodow-osobowych-i-suv","8":"product_cat-letnie","9":"product_cat-opony","10":"product_cat-opony-i-felgi","12":"first","13":"instock","14":"shipping-taxable","15":"purchasable","16":"product-type-simple"},"uagb_featured_image_src":{"full":["https:\/\/oponixo.shop\/tire\/wp-content\/uploads\/2026\/01\/allegro-image-13113.jpg",1135,1148,false],"thumbnail":["https:\/\/oponixo.shop\/tire\/wp-content\/uploads\/2026\/01\/allegro-image-13113-150x150.jpg",150,150,true],"medium":["https:\/\/oponixo.shop\/tire\/wp-content\/uploads\/2026\/01\/allegro-image-13113-297x300.jpg",297,300,true],"medium_large":["https:\/\/oponixo.shop\/tire\/wp-content\/uploads\/2026\/01\/allegro-image-13113-768x777.jpg",768,777,true],"large":["https:\/\/oponixo.shop\/tire\/wp-content\/uploads\/2026\/01\/allegro-image-13113-1012x1024.jpg",1012,1024,true],"1536x1536":["https:\/\/oponixo.shop\/tire\/wp-content\/uploads\/2026\/01\/allegro-image-13113.jpg",1135,1148,false],"2048x2048":["https:\/\/oponixo.shop\/tire\/wp-content\/uploads\/2026\/01\/allegro-image-13113.jpg",1135,1148,false],"woocommerce_thumbnail":["https:\/\/oponixo.shop\/tire\/wp-content\/uploads\/2026\/01\/allegro-image-13113-300x300.jpg",300,300,true],"woocommerce_single":["https:\/\/oponixo.shop\/tire\/wp-content\/uploads\/2026\/01\/allegro-image-13113-600x607.jpg",600,607,true],"woocommerce_gallery_thumbnail":["https:\/\/oponixo.shop\/tire\/wp-content\/uploads\/2026\/01\/allegro-image-13113-100x100.jpg",100,100,true]},"uagb_author_info":{"display_name":"admin","author_link":"https:\/\/oponixo.shop\/tire\/author\/"},"uagb_comment_info":0,"uagb_excerpt":"OPONA Opona LANVIGATOR CATCHFORS A\/S 185\/55R14 Ca\u0142oroczne komplet 2 sztuki KATEGORIA: Opony\/Osobowe \/Ca\u0142oroczne PRODUCENT: Lanvigator Sezon: Ca\u0142oroczne Szeroko\u015b\u0107: 185 Profil: 55 \u015arednica: 14 Pr\u0119dko\u015b\u0107: H - 210 km\/h","_links":{"self":[{"href":"https:\/\/oponixo.shop\/tire\/wp-json\/wp\/v2\/product\/13113","targetHints":{"allow":["GET"]}}],"collection":[{"href":"https:\/\/oponixo.shop\/tire\/wp-json\/wp\/v2\/product"}],"about":[{"href":"https:\/\/oponixo.shop\/tire\/wp-json\/wp\/v2\/types\/product"}],"wp:featuredmedia":[{"embeddable":true,"href":"https:\/\/oponixo.shop\/tire\/wp-json\/wp\/v2\/media\/13114"}],"wp:attachment":[{"href":"https:\/\/oponixo.shop\/tire\/wp-json\/wp\/v2\/media?parent=13113"}],"wp:term":[{"taxonomy":"product_brand","embeddable":true,"href":"https:\/\/oponixo.shop\/tire\/wp-json\/wp\/v2\/product_brand?post=13113"},{"taxonomy":"product_cat","embeddable":true,"href":"https:\/\/oponixo.shop\/tire\/wp-json\/wp\/v2\/product_cat?post=13113"},{"taxonomy":"product_tag","embeddable":true,"href":"https:\/\/oponixo.shop\/tire\/wp-json\/wp\/v2\/product_tag?post=13113"}],"curies":[{"name":"wp","href":"https:\/\/api.w.org\/{rel}","templated":true}]}}