{"id":13416,"date":"2026-01-07T00:56:38","date_gmt":"2026-01-06T23:56:38","guid":{"rendered":"https:\/\/oponyprofi.shop\/xef5\/produkt\/2x-michelin-265-50r19-110w-crossclimate-2-suv-xl-fr-caloroczne-2024-r\/"},"modified":"2026-01-07T00:56:39","modified_gmt":"2026-01-06T23:56:39","slug":"2x-michelin-265-50r19-110w-crossclimate-2-suv-xl-fr-caloroczne-2024-r","status":"publish","type":"product","link":"https:\/\/oponixo.shop\/tire\/produkt\/2x-michelin-265-50r19-110w-crossclimate-2-suv-xl-fr-caloroczne-2024-r\/","title":{"rendered":"2x MICHELIN 265\/50R19 110W CrossClimate 2 SUV XL FR ca\u0142oroczne 2024 r"},"content":{"rendered":"<div style=\"font-family: Arial, sans-serif; line-height: 1.6; color: #333; padding: 20px; clear: both; display: block; width: 100%; float: none; position: static; overflow: hidden;\">\n<div style=\"clear: both; display: block; margin: 10px 0;\">\n<div style=\"clear: both; display: block; margin: 10px 0;\">\n<div style=\"clear: both; display: block; margin: 10px 0;\">\n<h1>Rok produkcji: 2024<\/h1>\n<\/div>\n<\/div>\n<\/div>\n<div style=\"clear: both; display: block; margin: 10px 0;\">\n<div style=\"clear: both; display: block; margin: 10px 0;\">\n<div style=\"clear: both; display: block; margin: 10px 0;\">\n<div  style=\"max-width:1200px;max-height:1126px\">\n<div style=\"clear: both; display: block; margin: 10px 0;\">\n<div style=\"clear: both; width: 100%; display: block; margin: 20px 0; padding: 0; float: none; position: static; text-align: center;\"><img decoding=\"async\"  src=\"https:\/\/a.allegroimg.com\/original\/1101db\/ece9ab084ba2be971c1f6fa35344\/2x-MICHELIN-265-50R19-110W-CrossClimate-2-SUV-XL-FR-caloroczne-2024-r\" srcset=\"https:\/\/a.allegroimg.com\/original\/1101db\/ece9ab084ba2be971c1f6fa35344\/2x-MICHELIN-265-50R19-110W-CrossClimate-2-SUV-XL-FR-caloroczne-2024-r 360w,https:\/\/a.allegroimg.com\/original\/1101db\/ece9ab084ba2be971c1f6fa35344\/2x-MICHELIN-265-50R19-110W-CrossClimate-2-SUV-XL-FR-caloroczne-2024-r 720w,https:\/\/a.allegroimg.com\/original\/1101db\/ece9ab084ba2be971c1f6fa35344\/2x-MICHELIN-265-50R19-110W-CrossClimate-2-SUV-XL-FR-caloroczne-2024-r 1024w,https:\/\/a.allegroimg.com\/original\/1101db\/ece9ab084ba2be971c1f6fa35344\/2x-MICHELIN-265-50R19-110W-CrossClimate-2-SUV-XL-FR-caloroczne-2024-r 1200w,https:\/\/a.allegroimg.com\/original\/1101db\/ece9ab084ba2be971c1f6fa35344\/2x-MICHELIN-265-50R19-110W-CrossClimate-2-SUV-XL-FR-caloroczne-2024-r 1200w\" sizes=\"(min-width: 1200px) 560px, (min-width: 992px) 50vw, 100vw\" width=\"1200px\" alt=\"2x MICHELIN 265\/50R19 110W CrossClimate 2 SUV XL FR ca\u0142oroczne 2024 r\" style=\"max-width: 100%; height: auto; display: block; margin: 0 auto;\"><\/div>\n<\/div>\n<\/div>\n<\/div>\n<\/div>\n<div style=\"clear: both; display: block; margin: 10px 0;\">\n<div style=\"clear: both; display: block; margin: 10px 0;\">\n<h1>MICHELIN CrossClimate 2 SUV 265\/50R19 110W XL FR<\/h1>\n<h2>G0XTET<\/h2>\n<ul style=\"margin: 15px 0; padding-left: 20px; clear: both; display: block; width: 100%; float: none; position: static;\">\n<li style=\"margin: 5px 0; padding: 2px 0; clear: both; display: list-item; float: none; position: static;\"><b>Data produkcji :<\/b> 2024<\/li>\n<li style=\"margin: 5px 0; padding: 2px 0; clear: both; display: list-item; float: none; position: static;\"><b>Indeks :<\/b> 265\/50R19 CTMI 110W CC2S<\/li>\n<li style=\"margin: 5px 0; padding: 2px 0; clear: both; display: list-item; float: none; position: static;\"><b>Indeks no\u015bno\u015bci :<\/b> 110<\/li>\n<li style=\"margin: 5px 0; padding: 2px 0; clear: both; display: list-item; float: none; position: static;\"><b>Indeks pr\u0119dko\u015bci :<\/b> W &#8211; 270 km\/h<\/li>\n<li style=\"margin: 5px 0; padding: 2px 0; clear: both; display: list-item; float: none; position: static;\"><b>Karta informacyjna produktu :<\/b> https:\/\/eprel.ec.europa.eu\/qr\/1089049<\/li>\n<li style=\"margin: 5px 0; padding: 2px 0; clear: both; display: list-item; float: none; position: static;\"><b>Kl. efekt. paliwowej :<\/b> B<\/li>\n<li style=\"margin: 5px 0; padding: 2px 0; clear: both; display: list-item; float: none; position: static;\"><b>Kl. przycz. na mokrej naw. :<\/b> B<\/li>\n<li style=\"margin: 5px 0; padding: 2px 0; clear: both; display: list-item; float: none; position: static;\"><b>Kl. zew. ha\u0142asu tocz. :<\/b> B<\/li>\n<li style=\"margin: 5px 0; padding: 2px 0; clear: both; display: list-item; float: none; position: static;\"><b>Klasa opony :<\/b> premium<\/li>\n<li style=\"margin: 5px 0; padding: 2px 0; clear: both; display: list-item; float: none; position: static;\"><b>Kod EAN :<\/b> 3528703803546<\/li>\n<li style=\"margin: 5px 0; padding: 2px 0; clear: both; display: list-item; float: none; position: static;\"><b>Kod producenta :<\/b> 380354<\/li>\n<li style=\"margin: 5px 0; padding: 2px 0; clear: both; display: list-item; float: none; position: static;\"><b>Model bie\u017cnika :<\/b> CrossClimate 2 SUV<\/li>\n<li style=\"margin: 5px 0; padding: 2px 0; clear: both; display: list-item; float: none; position: static;\"><b>Nazwa produktu :<\/b> MICHELIN 265\/50R19 110W CrossClimate 2 SUV XL FR ca\u0142oroczne<\/li>\n<li style=\"margin: 5px 0; padding: 2px 0; clear: both; display: list-item; float: none; position: static;\"><b>No\u015bno\u015b\u0107 opony :<\/b> XL<\/li>\n<li style=\"margin: 5px 0; padding: 2px 0; clear: both; display: list-item; float: none; position: static;\"><b>Producent :<\/b> MICHELIN<\/li>\n<li style=\"margin: 5px 0; padding: 2px 0; clear: both; display: list-item; float: none; position: static;\"><b>Profil :<\/b> 50<\/li>\n<li style=\"margin: 5px 0; padding: 2px 0; clear: both; display: list-item; float: none; position: static;\"><b>Przeznaczenie :<\/b> samochody osobowe\/SUV\/4&#215;4<\/li>\n<li style=\"margin: 5px 0; padding: 2px 0; clear: both; display: list-item; float: none; position: static;\"><b>Przyczepno\u015b\u0107 na lodzie :<\/b> Nie<\/li>\n<li style=\"margin: 5px 0; padding: 2px 0; clear: both; display: list-item; float: none; position: static;\"><b>Przyczepno\u015b\u0107 na \u015bniegu :<\/b> Tak<\/li>\n<li style=\"margin: 5px 0; padding: 2px 0; clear: both; display: list-item; float: none; position: static;\"><b>QR kod :<\/b> https:\/\/eprel.ec.europa.eu\/qr\/1089049<\/li>\n<li style=\"margin: 5px 0; padding: 2px 0; clear: both; display: list-item; float: none; position: static;\"><b>Rant opony :<\/b> FR<\/li>\n<li style=\"margin: 5px 0; padding: 2px 0; clear: both; display: list-item; float: none; position: static;\"><b>Sezon :<\/b> ca\u0142oroczna<\/li>\n<li style=\"margin: 5px 0; padding: 2px 0; clear: both; display: list-item; float: none; position: static;\"><b>\u015arednica :<\/b> 19&#8243;<\/li>\n<li style=\"margin: 5px 0; padding: 2px 0; clear: both; display: list-item; float: none; position: static;\"><b>Szeroko\u015b\u0107 :<\/b> 265<\/li>\n<li style=\"margin: 5px 0; padding: 2px 0; clear: both; display: list-item; float: none; position: static;\"><b>Wart. pom. i kl. zew. ha\u0142asu tocz. [dB] :<\/b> 73<\/li>\n<\/ul>\n<\/div>\n<\/div>\n<\/div>\n<div style=\"clear: both; display: block; margin: 10px 0;\">\n<div style=\"clear: both; display: block; margin: 10px 0;\">\n<div style=\"clear: both; display: block; margin: 10px 0;\">\n<p style=\"margin: 15px 0; line-height: 1.8; clear: both; display: block; width: 100%; float: none; position: static;\"> MICHELIN CrossClimate 2 SUV to ca\u0142oroczna opona najwy\u017cszej jako\u015bci, kt\u00f3ra dok\u0142adnie jak jej wersja bazowa, czyli model CrossClimate 2, jest wyj\u0105tkowa pod wzgl\u0119dem osi\u0105g\u00f3w podczas zmiennych warunk\u00f3w pogodowych &#8211; teraz jeszcze lepiej dopasowana do specyfiki pojazd\u00f3w typu SUV i crossover. Doskona\u0142e parametry hamowania, ni\u017csze zu\u017cycie paliwa i jeszcze wy\u017csza trwa\u0142o\u015b\u0107 to cechy, kt\u00f3re czyni\u0105 MICHELIN CrossClimate 2 SUV doskona\u0142y wyb\u00f3r na ca\u0142y rok. <\/p>\n<p style=\"margin: 15px 0; line-height: 1.8; clear: both; display: block; width: 100%; float: none; position: static;\"> Rze\u017aba bie\u017cnika o kszta\u0142cie roz\u0142o\u017cystego &#8222;V&#8221; wykazuje wysok\u0105 interakcj\u0119 z ka\u017cdym rodzajem nawierzchni od o\u015bnie\u017conych, przez pokryte b\u0142otem po\u015bniegowym, po mokre oraz letnie drogi asfaltowe. Wp\u0142ywa to lepsze parametry bezpiecze\u0144stwa oraz pewniejsz\u0105 i bardziej precyzyjn\u0105 jazd\u0119. Przestrzenie mi\u0119dzybie\u017cnikowe &#8211; &#8222;rampy V&#8221; wspieraj\u0105 dokona\u0142y kontakt z pod\u0142o\u017cem oraz odprowadzanie wody. <\/p>\n<p style=\"margin: 15px 0; line-height: 1.8; clear: both; display: block; width: 100%; float: none; position: static;\"> Mieszanka gumowa, wzbogacona innowacyjnym polimerem, jeszcze lepiej adaptuje si\u0119 do panuj\u0105cych temperatur, aby bez wzgl\u0119du na por\u0119 roku, zawsze oddawa\u0107 najwy\u017csze w\u0142a\u015bciwo\u015bci i dba\u0107 o wzorow\u0105 wydajno\u015b\u0107 jezdn\u0105. Rowek &#8222;P-EDGE&#8221; &#8211; zlokalizowany na klockach bie\u017cnikowych, otwiera si\u0119 w miar\u0119 zu\u017cycia, aby ubytek warstwy gumowej nie wp\u0142ywa\u0142 na osi\u0105gi opony. <\/p>\n<p style=\"margin: 15px 0; line-height: 1.8; clear: both; display: block; width: 100%; float: none; position: static;\"> Zastosowanie konstrukcji &#8222;MaxTouch&#8221; optymalizuje kontakt opony z nawierzchni\u0105, co korzystnie wp\u0142ywa na jej trwa\u0142o\u015b\u0107 i r\u00f3wnomierne zu\u017cywanie si\u0119. Technologia &#8222;Lameli LEV&#8221; oraz boki &#8222;CoolRunning&#8221; zmniejszaj\u0105 straty energii podczas jazdy, poprawiaj\u0105c efektywno\u015b\u0107 paliwow\u0105 i wyd\u0142u\u017caj\u0105c zasi\u0119g pojazd\u00f3w elektrycznych. <\/p>\n<p style=\"margin: 15px 0; line-height: 1.8; clear: both; display: block; width: 100%; float: none; position: static;\"> MICHELIN CrossClimate 2 SUV to pewno\u015b\u0107 osi\u0105g\u00f3w i bezpiecze\u0144stwa jazdy przez wszystkie sezony bez konieczno\u015bci wymiany opon. <\/p>\n<\/div>\n<\/div>\n<div style=\"clear: both; display: block; margin: 10px 0;\">\n<div style=\"clear: both; display: block; margin: 10px 0;\">\n<div  style=\"max-width:886px;max-height:1299px\">\n<div style=\"clear: both; display: block; margin: 10px 0;\">\n<div style=\"clear: both; width: 100%; display: block; margin: 20px 0; padding: 0; float: none; position: static; text-align: center;\"><img decoding=\"async\"  src=\"https:\/\/a.allegroimg.com\/original\/115e75\/1c182cfe4e96a4cbdd95f27018f9\/2x-MICHELIN-265-50R19-110W-CrossClimate-2-SUV-XL-FR-caloroczne-2024-r-Srednica-19\" srcset=\"https:\/\/a.allegroimg.com\/original\/115e75\/1c182cfe4e96a4cbdd95f27018f9\/2x-MICHELIN-265-50R19-110W-CrossClimate-2-SUV-XL-FR-caloroczne-2024-r-Srednica-19 245w,https:\/\/a.allegroimg.com\/original\/115e75\/1c182cfe4e96a4cbdd95f27018f9\/2x-MICHELIN-265-50R19-110W-CrossClimate-2-SUV-XL-FR-caloroczne-2024-r-Srednica-19 491w,https:\/\/a.allegroimg.com\/original\/115e75\/1c182cfe4e96a4cbdd95f27018f9\/2x-MICHELIN-265-50R19-110W-CrossClimate-2-SUV-XL-FR-caloroczne-2024-r-Srednica-19 698w,https:\/\/a.allegroimg.com\/original\/115e75\/1c182cfe4e96a4cbdd95f27018f9\/2x-MICHELIN-265-50R19-110W-CrossClimate-2-SUV-XL-FR-caloroczne-2024-r-Srednica-19 886w,https:\/\/a.allegroimg.com\/original\/115e75\/1c182cfe4e96a4cbdd95f27018f9\/2x-MICHELIN-265-50R19-110W-CrossClimate-2-SUV-XL-FR-caloroczne-2024-r-Srednica-19 886w\" sizes=\"(min-width: 1200px) 560px, (min-width: 992px) 50vw, 100vw\" width=\"886px\" alt=\"2x MICHELIN 265\/50R19 110W CrossClimate 2 SUV XL FR ca\u0142oroczne 2024 r \u015arednica 19&quot;\" style=\"max-width: 100%; height: auto; display: block; margin: 0 auto;\"><\/div>\n<\/div>\n<\/div>\n<\/div>\n<\/div>\n<\/div>\n<div style=\"clear: both; display: block; margin: 10px 0;\">\n<div style=\"clear: both; display: block; margin: 10px 0;\">\n<div style=\"clear: both; display: block; margin: 10px 0;\">\n<p style=\"margin: 15px 0; line-height: 1.8; clear: both; display: block; width: 100%; float: none; position: static;\">Wychodz\u0105c naprzeciw oczekiwaniom Klient\u00f3w i chc\u0105c spe\u0142nia\u0107 jak najwy\u017csze standardy obs\u0142ugi dok\u0142adamy wszelkich stara\u0144, aby podawa\u0107 precyzyjn\u0105 dat\u0119 produkcji opony (DOT). Niestety, w wyj\u0105tkowych przypadkach, mo\u017ce zdarzy\u0107 si\u0119, \u017ce opony, kt\u00f3re wy\u015blemy b\u0119d\u0105 mia\u0142y inn\u0105 dat\u0119 produkcji ni\u017c podana. Sytuacja mo\u017ce dotyczy\u0107 zar\u00f3wno opon z DOT-em wcze\u015bniejszym jak i p\u00f3\u017aniejszym. Chcieliby\u015bmy podkre\u015bli\u0107, \u017ce warunki przechowywania opon w naszych magazynach spe\u0142niaj\u0105 Polsk\u0105 Norm\u0119 PN-C-94300-7 dzi\u0119ki czemu nawet opona przechowywana 24 miesi\u0105ce ma parametry takie same jak opona z bie\u017c\u0105cego roku. Warto pami\u0119ta\u0107 tak\u017ce o fakcie, \u017ce w przypadku wielu rozmiar\u00f3w i producent\u00f3w plany produkcyjne fabryk uniemo\u017cliwiaj\u0105 zakup opony z bie\u017c\u0105cego roku.<\/p>\n<p style=\"margin: 15px 0; line-height: 1.8; clear: both; display: block; width: 100%; float: none; position: static;\">Przy zakupie opon pami\u0119taj o sprawdzeniu w instrukcji samochodu lub na w\u0142a\u015bciwej stronie internetowej, jakie ogumienie zaleca producent Twojego auta. \u0179le dobrane opony mog\u0105 negatywnie wp\u0142yn\u0105\u0107 na poziom Twojego bezpiecze\u0144stwa. Kupuj\u0105c opony zwr\u00f3\u0107 uwag\u0119 na rozmiar oraz indeksy no\u015bno\u015bci i pr\u0119dko\u015bci jakie homologowane s\u0105 do Twojego pojazdu.<\/p>\n<p style=\"margin: 15px 0; line-height: 1.8; clear: both; display: block; width: 100%; float: none; position: static;\">Zamieszczone zdj\u0119cia pe\u0142ni\u0105 funkcj\u0119 pogl\u0105dow\u0105. W zale\u017cno\u015bci od szeroko\u015bci opon, mog\u0105 wyst\u0119powa\u0107 niewielkie r\u00f3\u017cnice w wygl\u0105dzie bie\u017cnika (w obr\u0119bie jednego modelu) na przyk\u0142ad w ilo\u015bci rowk\u00f3w obwodowych lub rozmieszczeniu blok\u00f3w bie\u017cnika, co nie stanowi wady produktu.<\/p>\n<p style=\"margin: 15px 0; line-height: 1.8; clear: both; display: block; width: 100%; float: none; position: static;\">Je\u017celi otrzymane przez Ciebie opony nie spe\u0142niaj\u0105 Twoich oczekiwa\u0144 masz mo\u017cliwo\u015b\u0107 zwrotu lub wymiany nieu\u017cywanego (niemontowanego) ogumienia.<\/p>\n<\/div>\n<\/div>\n<\/div>\n<div style=\"clear: both; display: block; margin: 10px 0;\">\n<div style=\"clear: both; display: block; margin: 10px 0;\">\n<div style=\"clear: both; display: block; margin: 10px 0;\">\n<div  style=\"max-width:2204px;max-height:1173px\">\n<div style=\"clear: both; display: block; margin: 10px 0;\">\n<div style=\"clear: both; width: 100%; display: block; margin: 20px 0; padding: 0; float: none; position: static; text-align: center;\"><img decoding=\"async\"  src=\"https:\/\/a.allegroimg.com\/original\/11428d\/5296316c471cbbcd4938094ab0f4\/2x-MICHELIN-265-50R19-110W-CrossClimate-2-SUV-XL-FR-caloroczne-2024-r-Halas-zewnetrzny-73-dB\" srcset=\"https:\/\/a.allegroimg.com\/original\/11428d\/5296316c471cbbcd4938094ab0f4\/2x-MICHELIN-265-50R19-110W-CrossClimate-2-SUV-XL-FR-caloroczne-2024-r-Halas-zewnetrzny-73-dB 360w,https:\/\/a.allegroimg.com\/original\/11428d\/5296316c471cbbcd4938094ab0f4\/2x-MICHELIN-265-50R19-110W-CrossClimate-2-SUV-XL-FR-caloroczne-2024-r-Halas-zewnetrzny-73-dB 720w,https:\/\/a.allegroimg.com\/original\/11428d\/5296316c471cbbcd4938094ab0f4\/2x-MICHELIN-265-50R19-110W-CrossClimate-2-SUV-XL-FR-caloroczne-2024-r-Halas-zewnetrzny-73-dB 1024w,https:\/\/a.allegroimg.com\/original\/11428d\/5296316c471cbbcd4938094ab0f4\/2x-MICHELIN-265-50R19-110W-CrossClimate-2-SUV-XL-FR-caloroczne-2024-r-Halas-zewnetrzny-73-dB 1440w,https:\/\/a.allegroimg.com\/original\/11428d\/5296316c471cbbcd4938094ab0f4\/2x-MICHELIN-265-50R19-110W-CrossClimate-2-SUV-XL-FR-caloroczne-2024-r-Halas-zewnetrzny-73-dB 2204w\" sizes=\"(min-width: 1200px) 560px, (min-width: 992px) 50vw, 100vw\" width=\"2204px\" alt=\"2x MICHELIN 265\/50R19 110W CrossClimate 2 SUV XL FR ca\u0142oroczne 2024 r Ha\u0142as zewn\u0119trzny 73 dB\" style=\"max-width: 100%; height: auto; display: block; margin: 0 auto;\"><\/div>\n<\/div>\n<\/div>\n<\/div>\n<\/div>\n<div style=\"clear: both; display: block; margin: 10px 0;\">\n<div style=\"clear: both; display: block; margin: 10px 0;\">\n<h1>Michelin<\/h1>\n<p style=\"margin: 15px 0; line-height: 1.8; clear: both; display: block; width: 100%; float: none; position: static;\">Aby zapewni\u0107 jak najwi\u0119ksze bezpiecze\u0144stwo prowadzenia pojazd\u00f3w i osi\u0105gi opon, firma Michelin zaleca stosowanie opon samochodowych o jednakowym stopniu zu\u017cycia na jednej osi.<\/p>\n<p>Grupa Michelin jest liderem technologicznym \u015bwiatowej bran\u017cy opon. Firma produkuje, sprzedaje i promuje produkty, us\u0142ugi oraz serwisy w dziedzinie mobilno\u015bci. Michelin to producent opon do samochod\u00f3w osobowych, ci\u0119\u017carowych, sprz\u0119tu rolniczego i budowlanego, samolot\u00f3w, motocykli i rower\u00f3w, a tak\u017ce przewodnik\u00f3w, map, atlas\u00f3w i us\u0142ug digitalowych  <\/p>\n<p>Siedzib\u0105 Grupy jest Clermont-Ferrand we Francji. Firma zatrudnia na \u015bwiecie ponad 123,600 tys. os\u00f3b i jest obecna w 170 krajach. Michelin ma 71 zak\u0142ad\u00f3w produkcyjnych, kt\u00f3re w 2020 r. \u0142\u0105cznie wyprodukowa\u0142y oko\u0142o 170 mln opon. W Polsce Grupa Michelin ma fabryk\u0119 opon w Olsztynie oraz Dyrekcj\u0119 Handlow\u0105 w Warszawie.<\/p>\n<\/div>\n<\/div>\n<\/div>\n<\/div>\n<\/div>\n<\/div>\n<div style=\"clear: both; display: block; margin: 10px 0;\">\n","protected":false},"excerpt":{"rendered":"<p>Rok produkcji: 2024<\/p>\n<p>MICHELIN CrossClimate 2 SUV 265\/50R19 110W XL FR<\/p>\n<p>G0XTET<\/p>\n<p>Data produkcji : 2024<\/p>\n<p>Indeks : 265\/50R19 CTMI 110W CC2S<\/p>\n<p>Indeks no\u015bno\u015bci : 110<\/p>\n<p>Indeks pr\u0119dko\u015bci : W &#8211; 270 km\/h<\/p>\n<p>Karta informacyjna produktu : https:\/\/eprel.ec.europa.eu\/qr\/1089049<\/p>\n","protected":false},"featured_media":13417,"template":"","meta":{"_uag_custom_page_level_css":""},"product_brand":[429],"product_cat":[416,414,413,412],"product_tag":[],"class_list":{"0":"post-13416","1":"product","2":"type-product","3":"status-publish","4":"has-post-thumbnail","6":"product_brand-michelin","7":"product_cat-caloroczne","8":"product_cat-do-samochodow-osobowych-i-suv","9":"product_cat-opony","10":"product_cat-opony-i-felgi","12":"first","13":"instock","14":"shipping-taxable","15":"purchasable","16":"product-type-simple"},"uagb_featured_image_src":{"full":["https:\/\/oponixo.shop\/tire\/wp-content\/uploads\/2026\/01\/allegro-image-13416.jpg",1200,1126,false],"thumbnail":["https:\/\/oponixo.shop\/tire\/wp-content\/uploads\/2026\/01\/allegro-image-13416-150x150.jpg",150,150,true],"medium":["https:\/\/oponixo.shop\/tire\/wp-content\/uploads\/2026\/01\/allegro-image-13416-300x282.jpg",300,282,true],"medium_large":["https:\/\/oponixo.shop\/tire\/wp-content\/uploads\/2026\/01\/allegro-image-13416-768x721.jpg",768,721,true],"large":["https:\/\/oponixo.shop\/tire\/wp-content\/uploads\/2026\/01\/allegro-image-13416-1024x961.jpg",1024,961,true],"1536x1536":["https:\/\/oponixo.shop\/tire\/wp-content\/uploads\/2026\/01\/allegro-image-13416.jpg",1200,1126,false],"2048x2048":["https:\/\/oponixo.shop\/tire\/wp-content\/uploads\/2026\/01\/allegro-image-13416.jpg",1200,1126,false],"woocommerce_thumbnail":["https:\/\/oponixo.shop\/tire\/wp-content\/uploads\/2026\/01\/allegro-image-13416-300x300.jpg",300,300,true],"woocommerce_single":["https:\/\/oponixo.shop\/tire\/wp-content\/uploads\/2026\/01\/allegro-image-13416-600x563.jpg",600,563,true],"woocommerce_gallery_thumbnail":["https:\/\/oponixo.shop\/tire\/wp-content\/uploads\/2026\/01\/allegro-image-13416-100x100.jpg",100,100,true]},"uagb_author_info":{"display_name":"admin","author_link":"https:\/\/oponixo.shop\/tire\/author\/"},"uagb_comment_info":0,"uagb_excerpt":"Rok produkcji: 2024 MICHELIN CrossClimate 2 SUV 265\/50R19 110W XL FR G0XTET Data produkcji : 2024 Indeks : 265\/50R19 CTMI 110W CC2S Indeks no\u015bno\u015bci : 110 Indeks pr\u0119dko\u015bci : W - 270 km\/h Karta informacyjna produktu : https:\/\/eprel.ec.europa.eu\/qr\/1089049","_links":{"self":[{"href":"https:\/\/oponixo.shop\/tire\/wp-json\/wp\/v2\/product\/13416","targetHints":{"allow":["GET"]}}],"collection":[{"href":"https:\/\/oponixo.shop\/tire\/wp-json\/wp\/v2\/product"}],"about":[{"href":"https:\/\/oponixo.shop\/tire\/wp-json\/wp\/v2\/types\/product"}],"wp:featuredmedia":[{"embeddable":true,"href":"https:\/\/oponixo.shop\/tire\/wp-json\/wp\/v2\/media\/13417"}],"wp:attachment":[{"href":"https:\/\/oponixo.shop\/tire\/wp-json\/wp\/v2\/media?parent=13416"}],"wp:term":[{"taxonomy":"product_brand","embeddable":true,"href":"https:\/\/oponixo.shop\/tire\/wp-json\/wp\/v2\/product_brand?post=13416"},{"taxonomy":"product_cat","embeddable":true,"href":"https:\/\/oponixo.shop\/tire\/wp-json\/wp\/v2\/product_cat?post=13416"},{"taxonomy":"product_tag","embeddable":true,"href":"https:\/\/oponixo.shop\/tire\/wp-json\/wp\/v2\/product_tag?post=13416"}],"curies":[{"name":"wp","href":"https:\/\/api.w.org\/{rel}","templated":true}]}}