{"id":13446,"date":"2026-01-07T00:56:47","date_gmt":"2026-01-06T23:56:47","guid":{"rendered":"https:\/\/oponyprofi.shop\/xef5\/produkt\/2x-opona-zimowa-bridgestone-blizzak-lm005-215-70r17-105h-xl\/"},"modified":"2026-01-07T00:56:48","modified_gmt":"2026-01-06T23:56:48","slug":"2x-opona-zimowa-bridgestone-blizzak-lm005-215-70r17-105h-xl","status":"publish","type":"product","link":"https:\/\/oponixo.shop\/tire\/produkt\/2x-opona-zimowa-bridgestone-blizzak-lm005-215-70r17-105h-xl\/","title":{"rendered":"2x Opona zimowa Bridgestone BLIZZAK LM005 215\/70R17 105H XL"},"content":{"rendered":"<div style=\"font-family: Arial, sans-serif; line-height: 1.6; color: #333; padding: 20px; clear: both; display: block; width: 100%; float: none; position: static; overflow: hidden;\">\n<div style=\"clear: both; display: block; margin: 10px 0;\">\n<div style=\"clear: both; display: block; margin: 10px 0;\">\n<div style=\"clear: both; display: block; margin: 10px 0;\">\n<h3 style=\"color: #2c5aa0; font-size: 18px; margin: 30px 0 15px 0; font-weight: bold; clear: both; display: block; width: 100%; float: none; position: static;\">2x Opona zimowa Bridgestone BLIZZAK LM005 215\/70R17 105H XL R0<\/h3>\n<\/div>\n<\/div>\n<\/div>\n<div style=\"clear: both; display: block; margin: 10px 0;\">\n<div style=\"clear: both; display: block; margin: 10px 0;\">\n<div style=\"clear: both; display: block; margin: 10px 0;\">\n<div  style=\"max-width:500px;max-height:500px\">\n<div style=\"clear: both; display: block; margin: 10px 0;\">\n<div style=\"clear: both; width: 100%; display: block; margin: 20px 0; padding: 0; float: none; position: static; text-align: center;\"><img decoding=\"async\"  src=\"https:\/\/a.allegroimg.com\/original\/11c492\/c8ba5bf74d9fa6c75d1b60dca1b5\/2x-Opona-zimowa-Bridgestone-BLIZZAK-LM005-215-70R17-105H-XL\" srcset=\"https:\/\/a.allegroimg.com\/original\/11c492\/c8ba5bf74d9fa6c75d1b60dca1b5\/2x-Opona-zimowa-Bridgestone-BLIZZAK-LM005-215-70R17-105H-XL 360w,https:\/\/a.allegroimg.com\/original\/11c492\/c8ba5bf74d9fa6c75d1b60dca1b5\/2x-Opona-zimowa-Bridgestone-BLIZZAK-LM005-215-70R17-105H-XL 500w,https:\/\/a.allegroimg.com\/original\/11c492\/c8ba5bf74d9fa6c75d1b60dca1b5\/2x-Opona-zimowa-Bridgestone-BLIZZAK-LM005-215-70R17-105H-XL 500w\" sizes=\"(min-width: 1200px) 560px, (min-width: 992px) 50vw, 100vw\" width=\"500px\" alt=\"2x Opona zimowa Bridgestone BLIZZAK LM005 215\/70R17 105H XL\" style=\"max-width: 100%; height: auto; display: block; margin: 0 auto;\"><\/div>\n<\/div>\n<\/div>\n<\/div>\n<\/div>\n<div style=\"clear: both; display: block; margin: 10px 0;\">\n<div style=\"clear: both; display: block; margin: 10px 0;\">\n<ul style=\"margin: 15px 0; padding-left: 20px; clear: both; display: block; width: 100%; float: none; position: static;\">\n<li style=\"margin: 5px 0; padding: 2px 0; clear: both; display: list-item; float: none; position: static;\">Marka: <b>Bridgestone<\/b><\/li>\n<li style=\"margin: 5px 0; padding: 2px 0; clear: both; display: list-item; float: none; position: static;\">Liczba opon w ofercie: <b>2 szt.<\/b><\/li>\n<li style=\"margin: 5px 0; padding: 2px 0; clear: both; display: list-item; float: none; position: static;\">Sezon: <b>Zimowe<\/b><\/li>\n<li style=\"margin: 5px 0; padding: 2px 0; clear: both; display: list-item; float: none; position: static;\">Model: <b>BLIZZAK LM005<\/b><\/li>\n<li style=\"margin: 5px 0; padding: 2px 0; clear: both; display: list-item; float: none; position: static;\">Szeroko\u015b\u0107: <b>215<\/b><\/li>\n<li style=\"margin: 5px 0; padding: 2px 0; clear: both; display: list-item; float: none; position: static;\">Profil: <b>70<\/b><\/li>\n<li style=\"margin: 5px 0; padding: 2px 0; clear: both; display: list-item; float: none; position: static;\">\u015arednica: <b>17<\/b><\/li>\n<li style=\"margin: 5px 0; padding: 2px 0; clear: both; display: list-item; float: none; position: static;\">Index no\u015bno\u015bci: <b>105<\/b><\/li>\n<li style=\"margin: 5px 0; padding: 2px 0; clear: both; display: list-item; float: none; position: static;\">Index pr\u0119dko\u015bci: <b>H<\/b><\/li>\n<li style=\"margin: 5px 0; padding: 2px 0; clear: both; display: list-item; float: none; position: static;\">Hamowanie na mokrym: <b>A<\/b><\/li>\n<li style=\"margin: 5px 0; padding: 2px 0; clear: both; display: list-item; float: none; position: static;\">Op\u00f3r toczenia: <b>C<\/b><\/li>\n<li style=\"margin: 5px 0; padding: 2px 0; clear: both; display: list-item; float: none; position: static;\">Ha\u0142as zewn\u0119trzny: <b>71dB<\/b><\/li>\n<li style=\"margin: 5px 0; padding: 2px 0; clear: both; display: list-item; float: none; position: static;\">SAP: <b>26756<\/b><\/li>\n<li style=\"margin: 5px 0; padding: 2px 0; clear: both; display: list-item; float: none; position: static;\">EAN: <b>3286342675619<\/b><\/li>\n<\/ul>\n<\/div>\n<\/div>\n<\/div>\n<div style=\"clear: both; display: block; margin: 10px 0;\">\n<div style=\"clear: both; display: block; margin: 10px 0;\">\n<div style=\"clear: both; display: block; margin: 10px 0;\">\n<h3 style=\"color: #2c5aa0; font-size: 18px; margin: 30px 0 15px 0; font-weight: bold; clear: both; display: block; width: 100%; float: none; position: static;\">Rok produkcji (DOT): 2025\/2024 &#8211; kupuj\u0105c z tej oferty otrzymasz opony fabrycznie nowe.<\/h3>\n<p style=\"margin: 15px 0; line-height: 1.8; clear: both; display: block; width: 100%; float: none; position: static;\">Specjali\u015bci z Polskiego Zwi\u0105zku Przemys\u0142u Oponiarskiego (PZPO) podkre\u015blaj\u0105, \u017ce nowe opony, przechowywane w odpowiednich warunkach, zachowuj\u0105 pe\u0142n\u0105 warto\u015b\u0107 i nie r\u00f3\u017cni\u0105 si\u0119 jako\u015bciowo od tych pochodz\u0105cych z bie\u017c\u0105cej produkcji. Wynika to z faktu, \u017ce proces starzenia si\u0119 opon nast\u0119puje wy\u0142\u0105cznie podczas ich eksploatacji, a nie w trakcie przechowywania.<\/p>\n<\/div>\n<\/div>\n<\/div>\n<div style=\"clear: both; display: block; margin: 10px 0;\">\n<div style=\"clear: both; display: block; margin: 10px 0;\">\n<div style=\"clear: both; display: block; margin: 10px 0;\">\n<h3 style=\"color: #2c5aa0; font-size: 18px; margin: 30px 0 15px 0; font-weight: bold; clear: both; display: block; width: 100%; float: none; position: static;\">Rok produkcji opony znajdziesz na jej boku, przy oznaczeniu DOT. Cztery ostatnie cyfry m\u00f3wi\u0105, kiedy opona zosta\u0142a wyprodukowana:<\/h3>\n<ul style=\"margin: 15px 0; padding-left: 20px; clear: both; display: block; width: 100%; float: none; position: static;\">\n<li style=\"margin: 5px 0; padding: 2px 0; clear: both; display: list-item; float: none; position: static;\">Pierwsze dwie \u2013 tydzie\u0144 produkcji,<\/li>\n<li style=\"margin: 5px 0; padding: 2px 0; clear: both; display: list-item; float: none; position: static;\">Ostatnie dwie \u2013 rok produkcji.&nbsp;<\/li>\n<\/ul>\n<p style=\"margin: 15px 0; line-height: 1.8; clear: both; display: block; width: 100%; float: none; position: static;\">Przyk\u0142ad: 1924 oznacza, \u017ce opona zosta\u0142a wyprodukowana w 19 tygodniu 2024 roku.<\/p>\n<\/div>\n<\/div>\n<\/div>\n<div style=\"clear: both; display: block; margin: 10px 0;\">\n<div style=\"clear: both; display: block; margin: 10px 0;\">\n<div style=\"clear: both; display: block; margin: 10px 0;\">\n<h3 style=\"color: #2c5aa0; font-size: 18px; margin: 30px 0 15px 0; font-weight: bold; clear: both; display: block; width: 100%; float: none; position: static;\">Pewno\u015b\u0107 w zimowych warunkach.<\/h3>\n<ul style=\"margin: 15px 0; padding-left: 20px; clear: both; display: block; width: 100%; float: none; position: static;\">\n<li style=\"margin: 5px 0; padding: 2px 0; clear: both; display: list-item; float: none; position: static;\">Model Bridgestone Blizzak LM005 powsta\u0142 dzi\u0119ki analizie opinii 20 tysi\u0119cy kierowc\u00f3w, aby w pe\u0142ni odpowiada\u0107 na ich oczekiwania w rzeczywistych warunkach drogowych, a nie tylko w testach laboratoryjnych.<\/li>\n<li style=\"margin: 5px 0; padding: 2px 0; clear: both; display: list-item; float: none; position: static;\">Bie\u017cnik BRIGESTONE LM005 zosta\u0142 zaprojektowany tak, aby sprosta\u0107 r\u00f3\u017cnorodnym zimowym warunkom. Zwi\u0119kszona liczba rowk\u00f3w w obr\u0119czy barkowej poprawia przyczepno\u015b\u0107 na \u015bniegu i lodzie.<\/li>\n<li style=\"margin: 5px 0; padding: 2px 0; clear: both; display: list-item; float: none; position: static;\">Dodatkowo, centralna cz\u0119\u015b\u0107 opony skutecznie odprowadza wod\u0119 i b\u0142oto po\u015bniegowe, zapewniaj\u0105c bezpieczne prowadzenie w trudnych zimowych warunkach.<\/li>\n<\/ul>\n<p style=\"margin: 15px 0; line-height: 1.8; clear: both; display: block; width: 100%; float: none; position: static;\"><b>Maksymalna przyczepno\u015b\u0107 i doskona\u0142a trakcja dzi\u0119ki zaawansowanemu wzorowi bie\u017cnika.<\/b>Opona BRIDGESTONE LM005 zosta\u0142a stworzona, aby zapewni\u0107 kierowcom pewno\u015b\u0107 i bezpiecze\u0144stwo na za\u015bnie\u017conych oraz mokrych nawierzchniach. Dzi\u0119ki wyra\u017anym, g\u0142\u0119bokim rowkom oraz zygzakowatemu wzorowi bie\u017cnika woda, b\u0142oto po\u015bniegowe i \u015bnieg s\u0105 skutecznie odprowadzane z powierzchni opony, co znacz\u0105co zmniejsza ryzyko po\u015blizgu.<b>NanoPro-Tech\u2122 dla maksymalnej przyczepno\u015bci.<\/b>Mieszanka gumowa z dodatkiem krzemionki, zastosowana w BRIDGESTONE LM005, wykorzystuje technologi\u0119 NanoPro-Tech\u2122 \u2013 umo\u017cliwiaj\u0105c\u0105 precyzyjn\u0105 kontrol\u0119 struktury opony na poziomie nanocz\u0105steczek. Dzi\u0119ki temu model zachowuje elastyczno\u015b\u0107 i przyczepno\u015b\u0107, bez wzgl\u0119du na temperatur\u0119, co przek\u0142ada si\u0119 na niezawodno\u015b\u0107 w ka\u017cdych warunkach.<b>Podw\u00f3jna technologia lameli dla pe\u0142nej kontroli na drodze.<\/b>Zastosowanie kombinacji lameli 2D i 3D zwi\u0119ksza przyczepno\u015b\u0107 i stabilno\u015b\u0107 podczas jazdy w trudnych warunkach. Lamele 2D poprawiaj\u0105 trakcj\u0119 na prostej nawierzchni, natomiast 3D zwi\u0119kszaj\u0105 sztywno\u015b\u0107 bie\u017cnika podczas hamowania i pokonywania zakr\u0119t\u00f3w. Dzi\u0119ki temu, opona BRIDGESTONE LM005 zapewnia pe\u0142n\u0105 kontrol\u0119 i bezpiecze\u0144stwo niezale\u017cnie od tego, czy droga jest mokra, czy o\u015bnie\u017cona.<\/p>\n<\/div>\n<\/div>\n<\/div>\n<\/div>\n<\/div>\n<\/div>\n<div style=\"clear: both; display: block; margin: 10px 0;\">\n","protected":false},"excerpt":{"rendered":"<p>2x Opona zimowa Bridgestone BLIZZAK LM005 215\/70R17 105H XL R0<\/p>\n<p>Marka: Bridgestone<\/p>\n<p>Liczba opon w ofercie: 2 szt.<\/p>\n<p>Sezon: Zimowe<\/p>\n<p>Model: BLIZZAK LM005<\/p>\n<p>Szeroko\u015b\u0107: 215<\/p>\n<p>Profil: 70<\/p>\n<p>\u015arednica: 17<\/p>\n","protected":false},"featured_media":13447,"template":"","meta":{"_uag_custom_page_level_css":""},"product_brand":[397],"product_cat":[414,413,412,415],"product_tag":[],"class_list":{"0":"post-13446","1":"product","2":"type-product","3":"status-publish","4":"has-post-thumbnail","6":"product_brand-bridgestone","7":"product_cat-do-samochodow-osobowych-i-suv","8":"product_cat-opony","9":"product_cat-opony-i-felgi","10":"product_cat-zimowe","12":"first","13":"instock","14":"shipping-taxable","15":"purchasable","16":"product-type-simple"},"uagb_featured_image_src":{"full":["https:\/\/oponixo.shop\/tire\/wp-content\/uploads\/2026\/01\/allegro-image-13446.jpg",500,500,false],"thumbnail":["https:\/\/oponixo.shop\/tire\/wp-content\/uploads\/2026\/01\/allegro-image-13446-150x150.jpg",150,150,true],"medium":["https:\/\/oponixo.shop\/tire\/wp-content\/uploads\/2026\/01\/allegro-image-13446-300x300.jpg",300,300,true],"medium_large":["https:\/\/oponixo.shop\/tire\/wp-content\/uploads\/2026\/01\/allegro-image-13446.jpg",500,500,false],"large":["https:\/\/oponixo.shop\/tire\/wp-content\/uploads\/2026\/01\/allegro-image-13446.jpg",500,500,false],"1536x1536":["https:\/\/oponixo.shop\/tire\/wp-content\/uploads\/2026\/01\/allegro-image-13446.jpg",500,500,false],"2048x2048":["https:\/\/oponixo.shop\/tire\/wp-content\/uploads\/2026\/01\/allegro-image-13446.jpg",500,500,false],"woocommerce_thumbnail":["https:\/\/oponixo.shop\/tire\/wp-content\/uploads\/2026\/01\/allegro-image-13446-300x300.jpg",300,300,true],"woocommerce_single":["https:\/\/oponixo.shop\/tire\/wp-content\/uploads\/2026\/01\/allegro-image-13446.jpg",500,500,false],"woocommerce_gallery_thumbnail":["https:\/\/oponixo.shop\/tire\/wp-content\/uploads\/2026\/01\/allegro-image-13446-100x100.jpg",100,100,true]},"uagb_author_info":{"display_name":"admin","author_link":"https:\/\/oponixo.shop\/tire\/author\/"},"uagb_comment_info":0,"uagb_excerpt":"2x Opona zimowa Bridgestone BLIZZAK LM005 215\/70R17 105H XL R0 Marka: Bridgestone Liczba opon w ofercie: 2 szt. Sezon: Zimowe Model: BLIZZAK LM005 Szeroko\u015b\u0107: 215 Profil: 70 \u015arednica: 17","_links":{"self":[{"href":"https:\/\/oponixo.shop\/tire\/wp-json\/wp\/v2\/product\/13446","targetHints":{"allow":["GET"]}}],"collection":[{"href":"https:\/\/oponixo.shop\/tire\/wp-json\/wp\/v2\/product"}],"about":[{"href":"https:\/\/oponixo.shop\/tire\/wp-json\/wp\/v2\/types\/product"}],"wp:featuredmedia":[{"embeddable":true,"href":"https:\/\/oponixo.shop\/tire\/wp-json\/wp\/v2\/media\/13447"}],"wp:attachment":[{"href":"https:\/\/oponixo.shop\/tire\/wp-json\/wp\/v2\/media?parent=13446"}],"wp:term":[{"taxonomy":"product_brand","embeddable":true,"href":"https:\/\/oponixo.shop\/tire\/wp-json\/wp\/v2\/product_brand?post=13446"},{"taxonomy":"product_cat","embeddable":true,"href":"https:\/\/oponixo.shop\/tire\/wp-json\/wp\/v2\/product_cat?post=13446"},{"taxonomy":"product_tag","embeddable":true,"href":"https:\/\/oponixo.shop\/tire\/wp-json\/wp\/v2\/product_tag?post=13446"}],"curies":[{"name":"wp","href":"https:\/\/api.w.org\/{rel}","templated":true}]}}