{"id":13513,"date":"2026-01-07T01:36:30","date_gmt":"2026-01-07T00:36:30","guid":{"rendered":"https:\/\/oponyprofi.shop\/xef5\/produkt\/2-x-pirelli-scorpion-all-season-sf2-255-45r20-105-y-xl-fr-3pmsf-opona\/"},"modified":"2026-01-07T01:36:30","modified_gmt":"2026-01-07T00:36:30","slug":"2-x-pirelli-scorpion-all-season-sf2-255-45r20-105-y-xl-fr-3pmsf-opona","status":"publish","type":"product","link":"https:\/\/oponixo.shop\/tire\/produkt\/2-x-pirelli-scorpion-all-season-sf2-255-45r20-105-y-xl-fr-3pmsf-opona\/","title":{"rendered":"2 x Pirelli Scorpion All Season SF2 255\/45R20 105 Y XL FR 3PMSF opona"},"content":{"rendered":"<div style=\"font-family: Arial, sans-serif; line-height: 1.6; color: #333; padding: 20px; clear: both; display: block; width: 100%; float: none; position: static; overflow: hidden;\">\n<div style=\"clear: both; display: block; margin: 10px 0;\">\n<div style=\"clear: both; display: block; margin: 10px 0;\">\n<div style=\"clear: both; display: block; margin: 10px 0;\">\n<div  style=\"max-width:330px;max-height:500px\">\n<div style=\"clear: both; display: block; margin: 10px 0;\">\n<div style=\"clear: both; width: 100%; display: block; margin: 20px 0; padding: 0; float: none; position: static; text-align: center;\"><img decoding=\"async\"  src=\"https:\/\/a.allegroimg.com\/original\/113e02\/0ab76ff54270868c804dce94d4a7\/2-x-Pirelli-Scorpion-All-Season-SF2-255-45R20-105-Y-XL-FR-3PMSF-opona\" srcset=\"https:\/\/a.allegroimg.com\/original\/113e02\/0ab76ff54270868c804dce94d4a7\/2-x-Pirelli-Scorpion-All-Season-SF2-255-45R20-105-Y-XL-FR-3PMSF-opona 237w,https:\/\/a.allegroimg.com\/original\/113e02\/0ab76ff54270868c804dce94d4a7\/2-x-Pirelli-Scorpion-All-Season-SF2-255-45R20-105-Y-XL-FR-3PMSF-opona 330w,https:\/\/a.allegroimg.com\/original\/113e02\/0ab76ff54270868c804dce94d4a7\/2-x-Pirelli-Scorpion-All-Season-SF2-255-45R20-105-Y-XL-FR-3PMSF-opona 330w\" sizes=\"(min-width: 1200px) 560px, (min-width: 992px) 50vw, 100vw\" width=\"330px\" alt=\"2 x Pirelli Scorpion All Season SF2 255\/45R20 105 Y XL FR 3PMSF opona\" style=\"max-width: 100%; height: auto; display: block; margin: 0 auto;\"><\/div>\n<\/div>\n<\/div>\n<\/div>\n<\/div>\n<div style=\"clear: both; display: block; margin: 10px 0;\">\n<div style=\"clear: both; display: block; margin: 10px 0;\">\n<h2>Pirelli Scorpion All Season SF2 255\/45R20 105 Y XL FR 3PMSF<\/h2>\n<p style=\"margin: 15px 0; line-height: 1.8; clear: both; display: block; width: 100%; float: none; position: static;\">Producent: Pirelli<\/p>\n<p style=\"margin: 15px 0; line-height: 1.8; clear: both; display: block; width: 100%; float: none; position: static;\">Model: Scorpion All Season SF2<\/p>\n<p style=\"margin: 15px 0; line-height: 1.8; clear: both; display: block; width: 100%; float: none; position: static;\">Sezon: ca\u0142oroczne<\/p>\n<p style=\"margin: 15px 0; line-height: 1.8; clear: both; display: block; width: 100%; float: none; position: static;\">Rozmiar: 255\/45R20<\/p>\n<p style=\"margin: 15px 0; line-height: 1.8; clear: both; display: block; width: 100%; float: none; position: static;\">Data produkcji: 2025<\/p>\n<p style=\"margin: 15px 0; line-height: 1.8; clear: both; display: block; width: 100%; float: none; position: static;\">Zu\u017cycie paliwa: klasa B<\/p>\n<p style=\"margin: 15px 0; line-height: 1.8; clear: both; display: block; width: 100%; float: none; position: static;\">Przyczepno\u015b\u0107 na mokrym: klasa A<\/p>\n<p style=\"margin: 15px 0; line-height: 1.8; clear: both; display: block; width: 100%; float: none; position: static;\">Poziom ha\u0142asu: 70 dB<\/p>\n<\/div>\n<\/div>\n<\/div>\n<div style=\"clear: both; display: block; margin: 10px 0;\">\n<div style=\"clear: both; display: block; margin: 10px 0;\">\n<div style=\"clear: both; display: block; margin: 10px 0;\">\n<div  style=\"max-width:760px;max-height:580px\">\n<div style=\"clear: both; display: block; margin: 10px 0;\">\n<div style=\"clear: both; width: 100%; display: block; margin: 20px 0; padding: 0; float: none; position: static; text-align: center;\"><img decoding=\"async\"  src=\"https:\/\/a.allegroimg.com\/original\/119946\/6c97ef7247f3b42d3b81ed4c443b\/2-x-Pirelli-Scorpion-All-Season-SF2-255-45R20-105-Y-XL-FR-3PMSF-opona-Liczba-opon-w-ofercie-2-szt\" srcset=\"https:\/\/a.allegroimg.com\/original\/119946\/6c97ef7247f3b42d3b81ed4c443b\/2-x-Pirelli-Scorpion-All-Season-SF2-255-45R20-105-Y-XL-FR-3PMSF-opona-Liczba-opon-w-ofercie-2-szt 360w,https:\/\/a.allegroimg.com\/original\/119946\/6c97ef7247f3b42d3b81ed4c443b\/2-x-Pirelli-Scorpion-All-Season-SF2-255-45R20-105-Y-XL-FR-3PMSF-opona-Liczba-opon-w-ofercie-2-szt 720w,https:\/\/a.allegroimg.com\/original\/119946\/6c97ef7247f3b42d3b81ed4c443b\/2-x-Pirelli-Scorpion-All-Season-SF2-255-45R20-105-Y-XL-FR-3PMSF-opona-Liczba-opon-w-ofercie-2-szt 760w,https:\/\/a.allegroimg.com\/original\/119946\/6c97ef7247f3b42d3b81ed4c443b\/2-x-Pirelli-Scorpion-All-Season-SF2-255-45R20-105-Y-XL-FR-3PMSF-opona-Liczba-opon-w-ofercie-2-szt 760w\" sizes=\"(min-width: 1200px) 560px, (min-width: 992px) 50vw, 100vw\" width=\"760px\" alt=\"2 x Pirelli Scorpion All Season SF2 255\/45R20 105 Y XL FR 3PMSF opona Liczba opon w ofercie 2 szt.\" style=\"max-width: 100%; height: auto; display: block; margin: 0 auto;\"><\/div>\n<\/div>\n<\/div>\n<\/div>\n<\/div>\n<div style=\"clear: both; display: block; margin: 10px 0;\">\n<div style=\"clear: both; display: block; margin: 10px 0;\">\n<h1>Pirelli Scorpion All Season SF2 \u2013 ca\u0142oroczna kontrola i bezpiecze\u0144stwo dla SUV\u2011\u00f3w<\/h1>\n<p style=\"margin: 15px 0; line-height: 1.8; clear: both; display: block; width: 100%; float: none; position: static;\">Pirelli Scorpion All Season SF2 to nowoczesna opona ca\u0142oroczna zaprojektowana z my\u015bl\u0105 o wymaganiach kierowc\u00f3w SUV\u2011\u00f3w. Oferuje certyfikat 3PMSF, co oznacza, \u017ce jest przystosowana nie tylko do codziennej jazdy, ale tak\u017ce do trudnych warunk\u00f3w zimowych. Opona eliminuje konieczno\u015b\u0107 sezonowej wymiany, zapewniaj\u0105c komfort, oszcz\u0119dno\u015b\u0107 i bezpiecze\u0144stwo przez ca\u0142y rok \u2013 niezale\u017cnie od tego, czy je\u017adzisz po suchym asfalcie, mokrej nawierzchni czy \u015bniegu.<\/p>\n<\/div>\n<\/div>\n<\/div>\n<div style=\"clear: both; display: block; margin: 10px 0;\">\n<div style=\"clear: both; display: block; margin: 10px 0;\">\n<div style=\"clear: both; display: block; margin: 10px 0;\">\n<div  style=\"max-width:760px;max-height:582px\">\n<div style=\"clear: both; display: block; margin: 10px 0;\">\n<div style=\"clear: both; width: 100%; display: block; margin: 20px 0; padding: 0; float: none; position: static; text-align: center;\"><img decoding=\"async\"  src=\"https:\/\/a.allegroimg.com\/original\/119df3\/cc0971d644adac88579ac6c20e3e\/2-x-Pirelli-Scorpion-All-Season-SF2-255-45R20-105-Y-XL-FR-3PMSF-opona-Rok-produkcji-2025\" srcset=\"https:\/\/a.allegroimg.com\/original\/119df3\/cc0971d644adac88579ac6c20e3e\/2-x-Pirelli-Scorpion-All-Season-SF2-255-45R20-105-Y-XL-FR-3PMSF-opona-Rok-produkcji-2025 360w,https:\/\/a.allegroimg.com\/original\/119df3\/cc0971d644adac88579ac6c20e3e\/2-x-Pirelli-Scorpion-All-Season-SF2-255-45R20-105-Y-XL-FR-3PMSF-opona-Rok-produkcji-2025 720w,https:\/\/a.allegroimg.com\/original\/119df3\/cc0971d644adac88579ac6c20e3e\/2-x-Pirelli-Scorpion-All-Season-SF2-255-45R20-105-Y-XL-FR-3PMSF-opona-Rok-produkcji-2025 760w,https:\/\/a.allegroimg.com\/original\/119df3\/cc0971d644adac88579ac6c20e3e\/2-x-Pirelli-Scorpion-All-Season-SF2-255-45R20-105-Y-XL-FR-3PMSF-opona-Rok-produkcji-2025 760w\" sizes=\"(min-width: 1200px) 560px, (min-width: 992px) 50vw, 100vw\" width=\"760px\" alt=\"2 x Pirelli Scorpion All Season SF2 255\/45R20 105 Y XL FR 3PMSF opona Rok produkcji 2025\" style=\"max-width: 100%; height: auto; display: block; margin: 0 auto;\"><\/div>\n<\/div>\n<\/div>\n<\/div>\n<\/div>\n<div style=\"clear: both; display: block; margin: 10px 0;\">\n<div style=\"clear: both; display: block; margin: 10px 0;\">\n<h1>Bie\u017cnik V-Shaped i zaawansowane rowkowanie<\/h1>\n<p style=\"margin: 15px 0; line-height: 1.8; clear: both; display: block; width: 100%; float: none; position: static;\">Sercem modelu Scorpion All Season SF2 jest kierunkowy bie\u017cnik o strukturze samoblokuj\u0105cej V-Shaped, kt\u00f3ry zosta\u0142 specjalnie dostosowany do specyfiki pojazd\u00f3w z podwy\u017cszonym prze\u015bwitem. Centralne bloki zwi\u0119kszaj\u0105 stabilno\u015b\u0107 i precyzj\u0119 prowadzenia, nawet przy wysokim \u015brodku ci\u0119\u017cko\u015bci typowym dla SUV\u2011\u00f3w. Zygzakowate naci\u0119cia w \u015brodkowej cz\u0119\u015bci bie\u017cnika oraz rowki o zmiennej geometrii na barkach skutecznie odprowadzaj\u0105 wod\u0119, zwi\u0119kszaj\u0105c odporno\u015b\u0107 na aquaplaning i poprawiaj\u0105c panowanie nad pojazdem na mokrej nawierzchni.<\/p>\n<\/div>\n<\/div>\n<\/div>\n<div style=\"clear: both; display: block; margin: 10px 0;\">\n<div style=\"clear: both; display: block; margin: 10px 0;\">\n<div style=\"clear: both; display: block; margin: 10px 0;\">\n<div  style=\"max-width:760px;max-height:624px\">\n<div style=\"clear: both; display: block; margin: 10px 0;\">\n<div style=\"clear: both; width: 100%; display: block; margin: 20px 0; padding: 0; float: none; position: static; text-align: center;\"><img decoding=\"async\"  src=\"https:\/\/a.allegroimg.com\/original\/11bf68\/b0903104420da83d1c72b2ee0c82\/2-x-Pirelli-Scorpion-All-Season-SF2-255-45R20-105-Y-XL-FR-3PMSF-opona-Marka-Pirelli\" srcset=\"https:\/\/a.allegroimg.com\/original\/11bf68\/b0903104420da83d1c72b2ee0c82\/2-x-Pirelli-Scorpion-All-Season-SF2-255-45R20-105-Y-XL-FR-3PMSF-opona-Marka-Pirelli 360w,https:\/\/a.allegroimg.com\/original\/11bf68\/b0903104420da83d1c72b2ee0c82\/2-x-Pirelli-Scorpion-All-Season-SF2-255-45R20-105-Y-XL-FR-3PMSF-opona-Marka-Pirelli 720w,https:\/\/a.allegroimg.com\/original\/11bf68\/b0903104420da83d1c72b2ee0c82\/2-x-Pirelli-Scorpion-All-Season-SF2-255-45R20-105-Y-XL-FR-3PMSF-opona-Marka-Pirelli 760w,https:\/\/a.allegroimg.com\/original\/11bf68\/b0903104420da83d1c72b2ee0c82\/2-x-Pirelli-Scorpion-All-Season-SF2-255-45R20-105-Y-XL-FR-3PMSF-opona-Marka-Pirelli 760w\" sizes=\"(min-width: 1200px) 560px, (min-width: 992px) 50vw, 100vw\" width=\"760px\" alt=\"2 x Pirelli Scorpion All Season SF2 255\/45R20 105 Y XL FR 3PMSF opona Marka Pirelli\" style=\"max-width: 100%; height: auto; display: block; margin: 0 auto;\"><\/div>\n<\/div>\n<\/div>\n<\/div>\n<\/div>\n<div style=\"clear: both; display: block; margin: 10px 0;\">\n<div style=\"clear: both; display: block; margin: 10px 0;\">\n<h1>Lepsza przyczepno\u015b\u0107 i kr\u00f3tsza droga hamowania<\/h1>\n<p style=\"margin: 15px 0; line-height: 1.8; clear: both; display: block; width: 100%; float: none; position: static;\">W ca\u0142ej konstrukcji opony zastosowano zaawansowane lamele 3D Diamond Sipes, kt\u00f3re wspomagaj\u0105 trakcj\u0119 na \u015bniegu i znacz\u0105co skracaj\u0105 drog\u0119 hamowania we wszystkich warunkach pogodowych. Ta technologia nie tylko poprawia osi\u0105gi zimowe, ale tak\u017ce sprzyja r\u00f3wnomiernemu zu\u017cyciu bie\u017cnika i wyd\u0142u\u017ca przebieg opony. To rozwi\u0105zanie, kt\u00f3re zapewnia kierowcom poczucie pewno\u015bci zar\u00f3wno podczas pierwszego sezonu u\u017cytkowania, jak i po kilku latach eksploatacji.<\/p>\n<\/div>\n<\/div>\n<\/div>\n<div style=\"clear: both; display: block; margin: 10px 0;\">\n<div style=\"clear: both; display: block; margin: 10px 0;\">\n<div style=\"clear: both; display: block; margin: 10px 0;\">\n<div  style=\"max-width:760px;max-height:624px\">\n<div style=\"clear: both; display: block; margin: 10px 0;\">\n<div style=\"clear: both; width: 100%; display: block; margin: 20px 0; padding: 0; float: none; position: static; text-align: center;\"><img decoding=\"async\"  src=\"https:\/\/a.allegroimg.com\/original\/116297\/43869cea433ea0bff63c4fc0a79d\/2-x-Pirelli-Scorpion-All-Season-SF2-255-45R20-105-Y-XL-FR-3PMSF-opona-Szerokosc-opony-255-mm\" srcset=\"https:\/\/a.allegroimg.com\/original\/116297\/43869cea433ea0bff63c4fc0a79d\/2-x-Pirelli-Scorpion-All-Season-SF2-255-45R20-105-Y-XL-FR-3PMSF-opona-Szerokosc-opony-255-mm 360w,https:\/\/a.allegroimg.com\/original\/116297\/43869cea433ea0bff63c4fc0a79d\/2-x-Pirelli-Scorpion-All-Season-SF2-255-45R20-105-Y-XL-FR-3PMSF-opona-Szerokosc-opony-255-mm 720w,https:\/\/a.allegroimg.com\/original\/116297\/43869cea433ea0bff63c4fc0a79d\/2-x-Pirelli-Scorpion-All-Season-SF2-255-45R20-105-Y-XL-FR-3PMSF-opona-Szerokosc-opony-255-mm 760w,https:\/\/a.allegroimg.com\/original\/116297\/43869cea433ea0bff63c4fc0a79d\/2-x-Pirelli-Scorpion-All-Season-SF2-255-45R20-105-Y-XL-FR-3PMSF-opona-Szerokosc-opony-255-mm 760w\" sizes=\"(min-width: 1200px) 560px, (min-width: 992px) 50vw, 100vw\" width=\"760px\" alt=\"2 x Pirelli Scorpion All Season SF2 255\/45R20 105 Y XL FR 3PMSF opona Szeroko\u015b\u0107 opony 255 mm\" style=\"max-width: 100%; height: auto; display: block; margin: 0 auto;\"><\/div>\n<\/div>\n<\/div>\n<\/div>\n<\/div>\n<div style=\"clear: both; display: block; margin: 10px 0;\">\n<div style=\"clear: both; display: block; margin: 10px 0;\">\n<h1>Komfort jazdy i cicha praca przez ca\u0142y rok<\/h1>\n<p style=\"margin: 15px 0; line-height: 1.8; clear: both; display: block; width: 100%; float: none; position: static;\">In\u017cynierowie Pirelli zadbali r\u00f3wnie\u017c o akustyk\u0119 i wygod\u0119 podr\u00f3\u017cowania. Optymalna sekwencja naci\u0119\u0107 w strefach barkowych oraz zoptymalizowana rze\u017aba bie\u017cnika skutkuj\u0105 ni\u017cszym poziomem ha\u0142asu toczenia i p\u0142ynniejszym prowadzeniem. W efekcie Scorpion All Season SF2 oferuje nie tylko wysok\u0105 jako\u015b\u0107 prowadzenia, ale te\u017c komfortow\u0105, cich\u0105 i stabiln\u0105 jazd\u0119 niezale\u017cnie od pory roku. To propozycja dla kierowc\u00f3w, kt\u00f3rzy nie chc\u0105 kompromis\u00f3w mi\u0119dzy osi\u0105gami a wygod\u0105.<\/p>\n<\/div>\n<\/div>\n<\/div>\n<\/div>\n<\/div>\n<\/div>\n<div style=\"clear: both; display: block; margin: 10px 0;\">\n","protected":false},"excerpt":{"rendered":"<p>Pirelli Scorpion All Season SF2 255\/45R20 105 Y XL FR 3PMSF<\/p>\n<p>Producent: Pirelli<\/p>\n<p>Model: Scorpion All Season SF2<\/p>\n<p>Sezon: ca\u0142oroczne<\/p>\n<p>Rozmiar: 255\/45R20<\/p>\n<p>Data produkcji: 2025<\/p>\n<p>Zu\u017cycie paliwa: klasa B<\/p>\n<p>Przyczepno\u015b\u0107 na mokrym: klasa A<\/p>\n","protected":false},"featured_media":13514,"template":"","meta":{"_uag_custom_page_level_css":""},"product_brand":[433],"product_cat":[416,414,413,412],"product_tag":[],"class_list":{"0":"post-13513","1":"product","2":"type-product","3":"status-publish","4":"has-post-thumbnail","6":"product_brand-pirelli","7":"product_cat-caloroczne","8":"product_cat-do-samochodow-osobowych-i-suv","9":"product_cat-opony","10":"product_cat-opony-i-felgi","12":"first","13":"instock","14":"shipping-taxable","15":"purchasable","16":"product-type-simple"},"uagb_featured_image_src":{"full":["https:\/\/oponixo.shop\/tire\/wp-content\/uploads\/2026\/01\/allegro-image-13513.jpg",330,500,false],"thumbnail":["https:\/\/oponixo.shop\/tire\/wp-content\/uploads\/2026\/01\/allegro-image-13513-150x150.jpg",150,150,true],"medium":["https:\/\/oponixo.shop\/tire\/wp-content\/uploads\/2026\/01\/allegro-image-13513-198x300.jpg",198,300,true],"medium_large":["https:\/\/oponixo.shop\/tire\/wp-content\/uploads\/2026\/01\/allegro-image-13513.jpg",330,500,false],"large":["https:\/\/oponixo.shop\/tire\/wp-content\/uploads\/2026\/01\/allegro-image-13513.jpg",330,500,false],"1536x1536":["https:\/\/oponixo.shop\/tire\/wp-content\/uploads\/2026\/01\/allegro-image-13513.jpg",330,500,false],"2048x2048":["https:\/\/oponixo.shop\/tire\/wp-content\/uploads\/2026\/01\/allegro-image-13513.jpg",330,500,false],"woocommerce_thumbnail":["https:\/\/oponixo.shop\/tire\/wp-content\/uploads\/2026\/01\/allegro-image-13513-300x300.jpg",300,300,true],"woocommerce_single":["https:\/\/oponixo.shop\/tire\/wp-content\/uploads\/2026\/01\/allegro-image-13513.jpg",330,500,false],"woocommerce_gallery_thumbnail":["https:\/\/oponixo.shop\/tire\/wp-content\/uploads\/2026\/01\/allegro-image-13513-100x100.jpg",100,100,true]},"uagb_author_info":{"display_name":"admin","author_link":"https:\/\/oponixo.shop\/tire\/author\/"},"uagb_comment_info":0,"uagb_excerpt":"Pirelli Scorpion All Season SF2 255\/45R20 105 Y XL FR 3PMSF Producent: Pirelli Model: Scorpion All Season SF2 Sezon: ca\u0142oroczne Rozmiar: 255\/45R20 Data produkcji: 2025 Zu\u017cycie paliwa: klasa B Przyczepno\u015b\u0107 na mokrym: klasa A","_links":{"self":[{"href":"https:\/\/oponixo.shop\/tire\/wp-json\/wp\/v2\/product\/13513","targetHints":{"allow":["GET"]}}],"collection":[{"href":"https:\/\/oponixo.shop\/tire\/wp-json\/wp\/v2\/product"}],"about":[{"href":"https:\/\/oponixo.shop\/tire\/wp-json\/wp\/v2\/types\/product"}],"wp:featuredmedia":[{"embeddable":true,"href":"https:\/\/oponixo.shop\/tire\/wp-json\/wp\/v2\/media\/13514"}],"wp:attachment":[{"href":"https:\/\/oponixo.shop\/tire\/wp-json\/wp\/v2\/media?parent=13513"}],"wp:term":[{"taxonomy":"product_brand","embeddable":true,"href":"https:\/\/oponixo.shop\/tire\/wp-json\/wp\/v2\/product_brand?post=13513"},{"taxonomy":"product_cat","embeddable":true,"href":"https:\/\/oponixo.shop\/tire\/wp-json\/wp\/v2\/product_cat?post=13513"},{"taxonomy":"product_tag","embeddable":true,"href":"https:\/\/oponixo.shop\/tire\/wp-json\/wp\/v2\/product_tag?post=13513"}],"curies":[{"name":"wp","href":"https:\/\/api.w.org\/{rel}","templated":true}]}}