{"id":13952,"date":"2026-01-09T15:15:56","date_gmt":"2026-01-09T14:15:56","guid":{"rendered":"https:\/\/oponyspeed.shop\/xef5\/produkt\/opona-zimowa-goodyear-ultra-grip-performance-205-50r19-94v-xl-3pmsf-rant\/"},"modified":"2026-01-09T15:15:56","modified_gmt":"2026-01-09T14:15:56","slug":"opona-zimowa-goodyear-ultra-grip-performance-205-50r19-94v-xl-3pmsf-rant","status":"publish","type":"product","link":"https:\/\/oponixo.shop\/tire\/produkt\/opona-zimowa-goodyear-ultra-grip-performance-205-50r19-94v-xl-3pmsf-rant\/","title":{"rendered":"Opona zimowa Goodyear Ultra Grip Performance + 205\/50R19 94V XL 3PMSF rant"},"content":{"rendered":"<div style=\"font-family: Arial, sans-serif; line-height: 1.6; color: #333; padding: 20px; clear: both; display: block; width: 100%; float: none; position: static; overflow: hidden;\">\n<div style=\"clear: both; display: block; margin: 10px 0;\">\n<div style=\"clear: both; display: block; margin: 10px 0;\">\n<div style=\"clear: both; display: block; margin: 10px 0;\">\n<p style=\"margin: 15px 0; line-height: 1.8; clear: both; display: block; width: 100%; float: none; position: static;\">Opona zimowa Goodyear Ultra Grip Performance + 205\/50R19 94 V<\/p>\n<p style=\"margin: 15px 0; line-height: 1.8; clear: both; display: block; width: 100%; float: none; position: static;\">Cechy produktu:<\/p>\n<ul style=\"margin: 15px 0; padding-left: 20px; clear: both; display: block; width: 100%; float: none; position: static;\">\n<li style=\"margin: 5px 0; padding: 2px 0; clear: both; display: list-item; float: none; position: static;\">sezon: zimowe<\/li>\n<li style=\"margin: 5px 0; padding: 2px 0; clear: both; display: list-item; float: none; position: static;\">szeroko\u015b\u0107\/profil\/\u015brednica: 205\/50R19<\/li>\n<li style=\"margin: 5px 0; padding: 2px 0; clear: both; display: list-item; float: none; position: static;\">indeks pr\u0119dko\u015bci: V do 240 km\/h<\/li>\n<li style=\"margin: 5px 0; padding: 2px 0; clear: both; display: list-item; float: none; position: static;\">indeks no\u015bno\u015bci: 94 &#8211; 670 kg<\/li>\n<li style=\"margin: 5px 0; padding: 2px 0; clear: both; display: list-item; float: none; position: static;\">rant ochronny<\/li>\n<li style=\"margin: 5px 0; padding: 2px 0; clear: both; display: list-item; float: none; position: static;\">wzmocnienie (XL)<\/li>\n<li style=\"margin: 5px 0; padding: 2px 0; clear: both; display: list-item; float: none; position: static;\"><b>rok produkcji: 2020 (le\u017cak magazynowy)<\/b><\/li>\n<\/ul>\n<\/div>\n<\/div>\n<div style=\"clear: both; display: block; margin: 10px 0;\">\n<div style=\"clear: both; display: block; margin: 10px 0;\">\n<div  style=\"max-width:1200px;max-height:1200px\">\n<div style=\"clear: both; display: block; margin: 10px 0;\">\n<div style=\"clear: both; width: 100%; display: block; margin: 20px 0; padding: 0; float: none; position: static; text-align: center;\"><img decoding=\"async\"  src=\"https:\/\/a.allegroimg.com\/original\/111589\/f94fee8e432bbeaafa8ad435e91c\/Opona-zimowa-Goodyear-Ultra-Grip-Performance-205-50R19-94V-XL-3PMSF-rant\" srcset=\"https:\/\/a.allegroimg.com\/original\/111589\/f94fee8e432bbeaafa8ad435e91c\/Opona-zimowa-Goodyear-Ultra-Grip-Performance-205-50R19-94V-XL-3PMSF-rant 360w,https:\/\/a.allegroimg.com\/original\/111589\/f94fee8e432bbeaafa8ad435e91c\/Opona-zimowa-Goodyear-Ultra-Grip-Performance-205-50R19-94V-XL-3PMSF-rant 720w,https:\/\/a.allegroimg.com\/original\/111589\/f94fee8e432bbeaafa8ad435e91c\/Opona-zimowa-Goodyear-Ultra-Grip-Performance-205-50R19-94V-XL-3PMSF-rant 1024w,https:\/\/a.allegroimg.com\/original\/111589\/f94fee8e432bbeaafa8ad435e91c\/Opona-zimowa-Goodyear-Ultra-Grip-Performance-205-50R19-94V-XL-3PMSF-rant 1200w,https:\/\/a.allegroimg.com\/original\/111589\/f94fee8e432bbeaafa8ad435e91c\/Opona-zimowa-Goodyear-Ultra-Grip-Performance-205-50R19-94V-XL-3PMSF-rant 1200w\" sizes=\"(min-width: 1200px) 560px, (min-width: 992px) 50vw, 100vw\" width=\"1200px\" alt=\"Opona zimowa Goodyear Ultra Grip Performance + 205\/50R19 94V XL 3PMSF rant\" style=\"max-width: 100%; height: auto; display: block; margin: 0 auto;\"><\/div>\n<\/div>\n<\/div>\n<\/div>\n<\/div>\n<\/div>\n<div style=\"clear: both; display: block; margin: 10px 0;\">\n<div style=\"clear: both; display: block; margin: 10px 0;\">\n<div style=\"clear: both; display: block; margin: 10px 0;\">\n<h3 style=\"color: #2c5aa0; font-size: 18px; margin: 30px 0 15px 0; font-weight: bold; clear: both; display: block; width: 100%; float: none; position: static;\">Przeznaczenie<\/h3>\n<p style=\"margin: 15px 0; line-height: 1.8; clear: both; display: block; width: 100%; float: none; position: static;\">Opony Goodyear Ultra Grip Performance + to ogumienie zimowe przeznaczone do montowania na ko\u0142ach samochod\u00f3w osobowych. Producent opon Ultra Grip Performance + po\u0142o\u017cy\u0142 nacisk na zapewnienie jak najlepszych osi\u0105g\u00f3w i bezpiecze\u0144stwa na suchych i mokrych nawierzchniach podczas zimy.<\/p>\n<h3 style=\"color: #2c5aa0; font-size: 18px; margin: 30px 0 15px 0; font-weight: bold; clear: both; display: block; width: 100%; float: none; position: static;\">Technologia<\/h3>\n<p style=\"margin: 15px 0; line-height: 1.8; clear: both; display: block; width: 100%; float: none; position: static;\">Zimowe opony samochodowe Ultra Grip Performance + wyprodukowano z nowoczesnej mieszanki gumowej Winter Grip Technology, kt\u00f3r\u0105 wzbogacono mi\u0119dzy innymi dodatkiem \u017cywic. Sk\u0142adniki mieszanki gumowej dobierano tak, aby opony zachowywa\u0142y odpowiedni\u0105 elastyczno\u015b\u0107 przy niskich temperaturach, na drogach suchych i mokrych. Elastyczno\u015b\u0107 bie\u017cnika przek\u0142ada si\u0119 na przyczepno\u015b\u0107 oraz kr\u00f3tk\u0105 drog\u0119 hamowania. Producent zastosowa\u0142 szereg nowoczesnych technologii, mi\u0119dzy innymi Traction Protect, kt\u00f3ra zwi\u0119ksza przyczepno\u015b\u0107 podczas hamowania. Nowoczesny bie\u017cnik opon dba o przyczepno\u015b\u0107, skuteczne usuwanie \u015bniegu, po\u015bniegowego b\u0142ota oraz wody sprzed czo\u0142a opony. Ma on r\u00f3wnie\u017c za zadanie wyciszenie opon podczas jazdy, aby zwi\u0119kszy\u0107 komfort.<\/p>\n<h3 style=\"color: #2c5aa0; font-size: 18px; margin: 30px 0 15px 0; font-weight: bold; clear: both; display: block; width: 100%; float: none; position: static;\">Bie\u017cnik<\/h3>\n<p style=\"margin: 15px 0; line-height: 1.8; clear: both; display: block; width: 100%; float: none; position: static;\">Opony samochodowe Ultra Grip Performance + maj\u0105 kierunkowy bie\u017cnik. Na czole opony znajduje si\u0119 szeroki pas, na kt\u00f3rym krzy\u017cuj\u0105 si\u0119 rowki poprowadzone z bok\u00f3w opony. Wyznaczaj\u0105 one r\u00f3wnocze\u015bnie kszta\u0142t klock\u00f3w. Opony maj\u0105 tak\u017ce dwa rowki wzd\u0142u\u017cne i szerokie klocki na barkach, zwi\u0119kszaj\u0105ce stabilno\u015b\u0107 podczas jazdy po zakr\u0119tach.<\/p>\n<h3 style=\"color: #2c5aa0; font-size: 18px; margin: 30px 0 15px 0; font-weight: bold; clear: both; display: block; width: 100%; float: none; position: static;\">Producent<\/h3>\n<p style=\"margin: 15px 0; line-height: 1.8; clear: both; display: block; width: 100%; float: none; position: static;\">Goodyear to jeden z najwi\u0119kszych producent\u00f3w ogumienia samochodowego. Firma powsta\u0142a w 1898 roku. Obecnie ma ponad 50 fabryk na ca\u0142ym \u015bwiecie i zatrudnia prawie 70 tys. pracownik\u00f3w. W 1904 roku in\u017cynierowie Goodyear wprowadzili na rynek pierwsze zdejmowane opony. W 1985 roku firma dostarczy\u0142a pierwsze opony radialne. W 2012 roku in\u017cynierowie Goodyear uczestniczyli w opracowywaniu europejskiego systemu oznaczania opon. Goodyear produkuje opony samochodowe, ci\u0119\u017carowe i lotnicze. W wielu z nich zastosowano innowacyjne technologie.<\/p>\n<\/div>\n<\/div>\n<\/div>\n<div style=\"clear: both; display: block; margin: 10px 0;\">\n<div style=\"clear: both; display: block; margin: 10px 0;\">\n<div style=\"clear: both; display: block; margin: 10px 0;\">\n<div  style=\"max-width:1200px;max-height:1200px\">\n<div style=\"clear: both; display: block; margin: 10px 0;\">\n<div style=\"clear: both; width: 100%; display: block; margin: 20px 0; padding: 0; float: none; position: static; text-align: center;\"><img decoding=\"async\"  src=\"https:\/\/a.allegroimg.com\/original\/111589\/f94fee8e432bbeaafa8ad435e91c\/Opona-zimowa-Goodyear-Ultra-Grip-Performance-205-50R19-94V-XL-3PMSF-rant\" srcset=\"https:\/\/a.allegroimg.com\/original\/111589\/f94fee8e432bbeaafa8ad435e91c\/Opona-zimowa-Goodyear-Ultra-Grip-Performance-205-50R19-94V-XL-3PMSF-rant 360w,https:\/\/a.allegroimg.com\/original\/111589\/f94fee8e432bbeaafa8ad435e91c\/Opona-zimowa-Goodyear-Ultra-Grip-Performance-205-50R19-94V-XL-3PMSF-rant 720w,https:\/\/a.allegroimg.com\/original\/111589\/f94fee8e432bbeaafa8ad435e91c\/Opona-zimowa-Goodyear-Ultra-Grip-Performance-205-50R19-94V-XL-3PMSF-rant 1024w,https:\/\/a.allegroimg.com\/original\/111589\/f94fee8e432bbeaafa8ad435e91c\/Opona-zimowa-Goodyear-Ultra-Grip-Performance-205-50R19-94V-XL-3PMSF-rant 1200w,https:\/\/a.allegroimg.com\/original\/111589\/f94fee8e432bbeaafa8ad435e91c\/Opona-zimowa-Goodyear-Ultra-Grip-Performance-205-50R19-94V-XL-3PMSF-rant 1200w\" sizes=\"100vw\" width=\"1200px\" alt=\"Opona zimowa Goodyear Ultra Grip Performance + 205\/50R19 94V XL 3PMSF rant\" style=\"max-width: 100%; height: auto; display: block; margin: 0 auto;\"><\/div>\n<\/div>\n<\/div>\n<\/div>\n<\/div>\n<\/div>\n<\/div>\n<\/div>\n<\/div>\n<div style=\"clear: both; display: block; margin: 10px 0;\">\n","protected":false},"excerpt":{"rendered":"<p>Opona zimowa Goodyear Ultra Grip Performance + 205\/50R19 94 V<\/p>\n<p>Cechy produktu:<\/p>\n<p>sezon: zimowe<\/p>\n<p>szeroko\u015b\u0107\/profil\/\u015brednica: 205\/50R19<\/p>\n<p>indeks pr\u0119dko\u015bci: V do 240 km\/h<\/p>\n<p>indeks no\u015bno\u015bci: 94 &#8211; 670 kg<\/p>\n<p>rant ochronny<\/p>\n<p>wzmocnienie (XL)<\/p>\n","protected":false},"featured_media":13953,"template":"","meta":{"_uag_custom_page_level_css":""},"product_brand":[437],"product_cat":[414,413,412,415],"product_tag":[],"class_list":{"0":"post-13952","1":"product","2":"type-product","3":"status-publish","4":"has-post-thumbnail","6":"product_brand-goodyear","7":"product_cat-do-samochodow-osobowych-i-suv","8":"product_cat-opony","9":"product_cat-opony-i-felgi","10":"product_cat-zimowe","12":"first","13":"instock","14":"shipping-taxable","15":"purchasable","16":"product-type-simple"},"uagb_featured_image_src":{"full":["https:\/\/oponixo.shop\/tire\/wp-content\/uploads\/2026\/01\/allegro-image-13952.jpg",1200,1200,false],"thumbnail":["https:\/\/oponixo.shop\/tire\/wp-content\/uploads\/2026\/01\/allegro-image-13952-150x150.jpg",150,150,true],"medium":["https:\/\/oponixo.shop\/tire\/wp-content\/uploads\/2026\/01\/allegro-image-13952-300x300.jpg",300,300,true],"medium_large":["https:\/\/oponixo.shop\/tire\/wp-content\/uploads\/2026\/01\/allegro-image-13952-768x768.jpg",768,768,true],"large":["https:\/\/oponixo.shop\/tire\/wp-content\/uploads\/2026\/01\/allegro-image-13952-1024x1024.jpg",1024,1024,true],"1536x1536":["https:\/\/oponixo.shop\/tire\/wp-content\/uploads\/2026\/01\/allegro-image-13952.jpg",1200,1200,false],"2048x2048":["https:\/\/oponixo.shop\/tire\/wp-content\/uploads\/2026\/01\/allegro-image-13952.jpg",1200,1200,false],"woocommerce_thumbnail":["https:\/\/oponixo.shop\/tire\/wp-content\/uploads\/2026\/01\/allegro-image-13952-300x300.jpg",300,300,true],"woocommerce_single":["https:\/\/oponixo.shop\/tire\/wp-content\/uploads\/2026\/01\/allegro-image-13952-600x600.jpg",600,600,true],"woocommerce_gallery_thumbnail":["https:\/\/oponixo.shop\/tire\/wp-content\/uploads\/2026\/01\/allegro-image-13952-100x100.jpg",100,100,true]},"uagb_author_info":{"display_name":"admin","author_link":"https:\/\/oponixo.shop\/tire\/author\/"},"uagb_comment_info":0,"uagb_excerpt":"Opona zimowa Goodyear Ultra Grip Performance + 205\/50R19 94 V Cechy produktu: sezon: zimowe szeroko\u015b\u0107\/profil\/\u015brednica: 205\/50R19 indeks pr\u0119dko\u015bci: V do 240 km\/h indeks no\u015bno\u015bci: 94 - 670 kg rant ochronny wzmocnienie (XL)","_links":{"self":[{"href":"https:\/\/oponixo.shop\/tire\/wp-json\/wp\/v2\/product\/13952","targetHints":{"allow":["GET"]}}],"collection":[{"href":"https:\/\/oponixo.shop\/tire\/wp-json\/wp\/v2\/product"}],"about":[{"href":"https:\/\/oponixo.shop\/tire\/wp-json\/wp\/v2\/types\/product"}],"wp:featuredmedia":[{"embeddable":true,"href":"https:\/\/oponixo.shop\/tire\/wp-json\/wp\/v2\/media\/13953"}],"wp:attachment":[{"href":"https:\/\/oponixo.shop\/tire\/wp-json\/wp\/v2\/media?parent=13952"}],"wp:term":[{"taxonomy":"product_brand","embeddable":true,"href":"https:\/\/oponixo.shop\/tire\/wp-json\/wp\/v2\/product_brand?post=13952"},{"taxonomy":"product_cat","embeddable":true,"href":"https:\/\/oponixo.shop\/tire\/wp-json\/wp\/v2\/product_cat?post=13952"},{"taxonomy":"product_tag","embeddable":true,"href":"https:\/\/oponixo.shop\/tire\/wp-json\/wp\/v2\/product_tag?post=13952"}],"curies":[{"name":"wp","href":"https:\/\/api.w.org\/{rel}","templated":true}]}}