{"id":14078,"date":"2026-01-11T23:39:52","date_gmt":"2026-01-11T22:39:52","guid":{"rendered":"https:\/\/oponyspeed.shop\/xef5\/produkt\/2x-bridgestone-blizzak-lm001-185-60r16-86h-z171a\/"},"modified":"2026-01-11T23:39:52","modified_gmt":"2026-01-11T22:39:52","slug":"2x-bridgestone-blizzak-lm001-185-60r16-86h-z171a","status":"publish","type":"product","link":"https:\/\/oponixo.shop\/tire\/produkt\/2x-bridgestone-blizzak-lm001-185-60r16-86h-z171a\/","title":{"rendered":"2x Bridgestone Blizzak LM001 185\/60R16 86H Z171A"},"content":{"rendered":"<div style=\"font-family: Arial, sans-serif; line-height: 1.6; color: #333; padding: 20px; clear: both; display: block; width: 100%; float: none; position: static; overflow: hidden;\">\n<div style=\"clear: both; display: block; margin: 10px 0;\">\n<div style=\"clear: both; display: block; margin: 10px 0;\">\n<div style=\"clear: both; display: block; margin: 10px 0;\">\n<div  style=\"max-width:1024px;max-height:126px\">\n<div style=\"clear: both; display: block; margin: 10px 0;\">\n<div style=\"clear: both; width: 100%; display: block; margin: 20px 0; padding: 0; float: none; position: static; text-align: center;\"><img decoding=\"async\"  src=\"https:\/\/a.allegroimg.com\/original\/111c11\/4ca3ec364f8287bb6f6326310dd8\/2x-Bridgestone-Blizzak-LM001-185-60R16-86H-Z171A-Indeks-predkosci-H-do-210-km-h\" srcset=\"https:\/\/a.allegroimg.com\/original\/111c11\/4ca3ec364f8287bb6f6326310dd8\/2x-Bridgestone-Blizzak-LM001-185-60R16-86H-Z171A-Indeks-predkosci-H-do-210-km-h 360w,https:\/\/a.allegroimg.com\/original\/111c11\/4ca3ec364f8287bb6f6326310dd8\/2x-Bridgestone-Blizzak-LM001-185-60R16-86H-Z171A-Indeks-predkosci-H-do-210-km-h 720w,https:\/\/a.allegroimg.com\/original\/111c11\/4ca3ec364f8287bb6f6326310dd8\/2x-Bridgestone-Blizzak-LM001-185-60R16-86H-Z171A-Indeks-predkosci-H-do-210-km-h 1024w,https:\/\/a.allegroimg.com\/original\/111c11\/4ca3ec364f8287bb6f6326310dd8\/2x-Bridgestone-Blizzak-LM001-185-60R16-86H-Z171A-Indeks-predkosci-H-do-210-km-h 1024w\" sizes=\"100vw\" width=\"1024px\" alt=\"2x Bridgestone Blizzak LM001 185\/60R16 86H Z171A Indeks pr\u0119dko\u015bci H do 210 km\/h\" style=\"max-width: 100%; height: auto; display: block; margin: 0 auto;\"><\/div>\n<\/div>\n<\/div>\n<\/div>\n<\/div>\n<\/div>\n<div style=\"clear: both; display: block; margin: 10px 0;\">\n<div style=\"clear: both; display: block; margin: 10px 0;\">\n<div style=\"clear: both; display: block; margin: 10px 0;\">\n<h1>Bridgestone Blizzak LM001 185\/60R16 90H XL<\/h1>\n<\/div>\n<\/div>\n<\/div>\n<div style=\"clear: both; display: block; margin: 10px 0;\">\n<div style=\"clear: both; display: block; margin: 10px 0;\">\n<div style=\"clear: both; display: block; margin: 10px 0;\">\n<div  style=\"max-width:703px;max-height:1024px\">\n<div style=\"clear: both; display: block; margin: 10px 0;\">\n<div style=\"clear: both; width: 100%; display: block; margin: 20px 0; padding: 0; float: none; position: static; text-align: center;\"><img decoding=\"async\"  src=\"https:\/\/a.allegroimg.com\/original\/115c4d\/f451b26f4e58b08de2de4b4acfde\/2x-Bridgestone-Blizzak-LM001-185-60R16-86H-Z171A-Liczba-opon-w-ofercie-2-szt\" srcset=\"https:\/\/a.allegroimg.com\/original\/115c4d\/f451b26f4e58b08de2de4b4acfde\/2x-Bridgestone-Blizzak-LM001-185-60R16-86H-Z171A-Liczba-opon-w-ofercie-2-szt 247w,https:\/\/a.allegroimg.com\/original\/115c4d\/f451b26f4e58b08de2de4b4acfde\/2x-Bridgestone-Blizzak-LM001-185-60R16-86H-Z171A-Liczba-opon-w-ofercie-2-szt 494w,https:\/\/a.allegroimg.com\/original\/115c4d\/f451b26f4e58b08de2de4b4acfde\/2x-Bridgestone-Blizzak-LM001-185-60R16-86H-Z171A-Liczba-opon-w-ofercie-2-szt 703w,https:\/\/a.allegroimg.com\/original\/115c4d\/f451b26f4e58b08de2de4b4acfde\/2x-Bridgestone-Blizzak-LM001-185-60R16-86H-Z171A-Liczba-opon-w-ofercie-2-szt 703w\" sizes=\"(min-width: 1200px) 560px, (min-width: 992px) 50vw, 100vw\" width=\"703px\" alt=\"2x Bridgestone Blizzak LM001 185\/60R16 86H Z171A Liczba opon w ofercie 2 szt.\" style=\"max-width: 100%; height: auto; display: block; margin: 0 auto;\"><\/div>\n<\/div>\n<\/div>\n<\/div>\n<\/div>\n<div style=\"clear: both; display: block; margin: 10px 0;\">\n<div style=\"clear: both; display: block; margin: 10px 0;\">\n<h1>Bridgestone Blizzak LM001<\/h1>\n<p style=\"margin: 15px 0; line-height: 1.8; clear: both; display: block; width: 100%; float: none; position: static;\">SZEROKO\u015a\u0106 OPONY &#8211; 185<\/p>\n<p style=\"margin: 15px 0; line-height: 1.8; clear: both; display: block; width: 100%; float: none; position: static;\">WYSOKO\u015a\u0106 OPONY &#8211; 60<\/p>\n<p style=\"margin: 15px 0; line-height: 1.8; clear: both; display: block; width: 100%; float: none; position: static;\">\u015aREDNICA &#8211; 16<\/p>\n<p style=\"margin: 15px 0; line-height: 1.8; clear: both; display: block; width: 100%; float: none; position: static;\">ROCZNIK &#8211; 2018<\/p>\n<p style=\"margin: 15px 0; line-height: 1.8; clear: both; display: block; width: 100%; float: none; position: static;\">MAGAZYN &#8211; Z171A<\/p>\n<\/div>\n<\/div>\n<\/div>\n<div style=\"clear: both; display: block; margin: 10px 0;\">\n<div style=\"clear: both; display: block; margin: 10px 0;\">\n<div style=\"clear: both; display: block; margin: 10px 0;\">\n<div  style=\"max-width:1024px;max-height:126px\">\n<div style=\"clear: both; display: block; margin: 10px 0;\">\n<div style=\"clear: both; width: 100%; display: block; margin: 20px 0; padding: 0; float: none; position: static; text-align: center;\"><img decoding=\"async\"  src=\"https:\/\/a.allegroimg.com\/original\/111c11\/4ca3ec364f8287bb6f6326310dd8\/2x-Bridgestone-Blizzak-LM001-185-60R16-86H-Z171A-Indeks-predkosci-H-do-210-km-h\" srcset=\"https:\/\/a.allegroimg.com\/original\/111c11\/4ca3ec364f8287bb6f6326310dd8\/2x-Bridgestone-Blizzak-LM001-185-60R16-86H-Z171A-Indeks-predkosci-H-do-210-km-h 360w,https:\/\/a.allegroimg.com\/original\/111c11\/4ca3ec364f8287bb6f6326310dd8\/2x-Bridgestone-Blizzak-LM001-185-60R16-86H-Z171A-Indeks-predkosci-H-do-210-km-h 720w,https:\/\/a.allegroimg.com\/original\/111c11\/4ca3ec364f8287bb6f6326310dd8\/2x-Bridgestone-Blizzak-LM001-185-60R16-86H-Z171A-Indeks-predkosci-H-do-210-km-h 1024w,https:\/\/a.allegroimg.com\/original\/111c11\/4ca3ec364f8287bb6f6326310dd8\/2x-Bridgestone-Blizzak-LM001-185-60R16-86H-Z171A-Indeks-predkosci-H-do-210-km-h 1024w\" sizes=\"100vw\" width=\"1024px\" alt=\"2x Bridgestone Blizzak LM001 185\/60R16 86H Z171A Indeks pr\u0119dko\u015bci H do 210 km\/h\" style=\"max-width: 100%; height: auto; display: block; margin: 0 auto;\"><\/div>\n<\/div>\n<\/div>\n<\/div>\n<\/div>\n<\/div>\n<div style=\"clear: both; display: block; margin: 10px 0;\">\n<div style=\"clear: both; display: block; margin: 10px 0;\">\n<div style=\"clear: both; display: block; margin: 10px 0;\">\n<div  style=\"max-width:1024px;max-height:628px\">\n<div style=\"clear: both; display: block; margin: 10px 0;\">\n<div style=\"clear: both; width: 100%; display: block; margin: 20px 0; padding: 0; float: none; position: static; text-align: center;\"><img decoding=\"async\"  src=\"https:\/\/a.allegroimg.com\/original\/1191d8\/4eef3c6149408318042e84dfa1c1\/2x-Bridgestone-Blizzak-LM001-185-60R16-86H-Z171A-Model-Blizzak-LM001\" srcset=\"https:\/\/a.allegroimg.com\/original\/1191d8\/4eef3c6149408318042e84dfa1c1\/2x-Bridgestone-Blizzak-LM001-185-60R16-86H-Z171A-Model-Blizzak-LM001 360w,https:\/\/a.allegroimg.com\/original\/1191d8\/4eef3c6149408318042e84dfa1c1\/2x-Bridgestone-Blizzak-LM001-185-60R16-86H-Z171A-Model-Blizzak-LM001 720w,https:\/\/a.allegroimg.com\/original\/1191d8\/4eef3c6149408318042e84dfa1c1\/2x-Bridgestone-Blizzak-LM001-185-60R16-86H-Z171A-Model-Blizzak-LM001 1024w,https:\/\/a.allegroimg.com\/original\/1191d8\/4eef3c6149408318042e84dfa1c1\/2x-Bridgestone-Blizzak-LM001-185-60R16-86H-Z171A-Model-Blizzak-LM001 1024w\" sizes=\"100vw\" width=\"1024px\" alt=\"2x Bridgestone Blizzak LM001 185\/60R16 86H Z171A Model Blizzak LM001\" style=\"max-width: 100%; height: auto; display: block; margin: 0 auto;\"><\/div>\n<\/div>\n<\/div>\n<\/div>\n<\/div>\n<\/div>\n<div style=\"clear: both; display: block; margin: 10px 0;\">\n<div style=\"clear: both; display: block; margin: 10px 0;\">\n<div style=\"clear: both; display: block; margin: 10px 0;\">\n<div  style=\"max-width:719px;max-height:1024px\">\n<div style=\"clear: both; display: block; margin: 10px 0;\">\n<div style=\"clear: both; width: 100%; display: block; margin: 20px 0; padding: 0; float: none; position: static; text-align: center;\"><img decoding=\"async\"  src=\"https:\/\/a.allegroimg.com\/original\/1144a6\/aadc19e04921a4fdc993b6b04552\/2x-Bridgestone-Blizzak-LM001-185-60R16-86H-Z171A-Rok-produkcji-2021\" srcset=\"https:\/\/a.allegroimg.com\/original\/1144a6\/aadc19e04921a4fdc993b6b04552\/2x-Bridgestone-Blizzak-LM001-185-60R16-86H-Z171A-Rok-produkcji-2021 252w,https:\/\/a.allegroimg.com\/original\/1144a6\/aadc19e04921a4fdc993b6b04552\/2x-Bridgestone-Blizzak-LM001-185-60R16-86H-Z171A-Rok-produkcji-2021 505w,https:\/\/a.allegroimg.com\/original\/1144a6\/aadc19e04921a4fdc993b6b04552\/2x-Bridgestone-Blizzak-LM001-185-60R16-86H-Z171A-Rok-produkcji-2021 719w,https:\/\/a.allegroimg.com\/original\/1144a6\/aadc19e04921a4fdc993b6b04552\/2x-Bridgestone-Blizzak-LM001-185-60R16-86H-Z171A-Rok-produkcji-2021 719w\" sizes=\"100vw\" width=\"719px\" alt=\"2x Bridgestone Blizzak LM001 185\/60R16 86H Z171A Rok produkcji 2021\" style=\"max-width: 100%; height: auto; display: block; margin: 0 auto;\"><\/div>\n<\/div>\n<\/div>\n<\/div>\n<\/div>\n<\/div>\n<div style=\"clear: both; display: block; margin: 10px 0;\">\n<div style=\"clear: both; display: block; margin: 10px 0;\">\n<div style=\"clear: both; display: block; margin: 10px 0;\">\n<div  style=\"max-width:588px;max-height:1024px\">\n<div style=\"clear: both; display: block; margin: 10px 0;\">\n<div style=\"clear: both; width: 100%; display: block; margin: 20px 0; padding: 0; float: none; position: static; text-align: center;\"><img decoding=\"async\"  src=\"https:\/\/a.allegroimg.com\/original\/11b42c\/616697714ba08488d1b2fd96da47\/2x-Bridgestone-Blizzak-LM001-185-60R16-86H-Z171A-Marka-Bridgestone\" srcset=\"https:\/\/a.allegroimg.com\/original\/11b42c\/616697714ba08488d1b2fd96da47\/2x-Bridgestone-Blizzak-LM001-185-60R16-86H-Z171A-Marka-Bridgestone 206w,https:\/\/a.allegroimg.com\/original\/11b42c\/616697714ba08488d1b2fd96da47\/2x-Bridgestone-Blizzak-LM001-185-60R16-86H-Z171A-Marka-Bridgestone 413w,https:\/\/a.allegroimg.com\/original\/11b42c\/616697714ba08488d1b2fd96da47\/2x-Bridgestone-Blizzak-LM001-185-60R16-86H-Z171A-Marka-Bridgestone 588w,https:\/\/a.allegroimg.com\/original\/11b42c\/616697714ba08488d1b2fd96da47\/2x-Bridgestone-Blizzak-LM001-185-60R16-86H-Z171A-Marka-Bridgestone 588w\" sizes=\"(min-width: 1200px) 560px, (min-width: 992px) 50vw, 100vw\" width=\"588px\" alt=\"2x Bridgestone Blizzak LM001 185\/60R16 86H Z171A Marka Bridgestone\" style=\"max-width: 100%; height: auto; display: block; margin: 0 auto;\"><\/div>\n<\/div>\n<\/div>\n<\/div>\n<\/div>\n<div style=\"clear: both; display: block; margin: 10px 0;\">\n<div style=\"clear: both; display: block; margin: 10px 0;\">\n<div  style=\"max-width:522px;max-height:1024px\">\n<div style=\"clear: both; display: block; margin: 10px 0;\">\n<div style=\"clear: both; width: 100%; display: block; margin: 20px 0; padding: 0; float: none; position: static; text-align: center;\"><img decoding=\"async\"  src=\"https:\/\/a.allegroimg.com\/original\/1144fd\/d4447f3c40a980958aa9ec83b536\/2x-Bridgestone-Blizzak-LM001-185-60R16-86H-Z171A-Kod-producenta-25741\" srcset=\"https:\/\/a.allegroimg.com\/original\/1144fd\/d4447f3c40a980958aa9ec83b536\/2x-Bridgestone-Blizzak-LM001-185-60R16-86H-Z171A-Kod-producenta-25741 183w,https:\/\/a.allegroimg.com\/original\/1144fd\/d4447f3c40a980958aa9ec83b536\/2x-Bridgestone-Blizzak-LM001-185-60R16-86H-Z171A-Kod-producenta-25741 367w,https:\/\/a.allegroimg.com\/original\/1144fd\/d4447f3c40a980958aa9ec83b536\/2x-Bridgestone-Blizzak-LM001-185-60R16-86H-Z171A-Kod-producenta-25741 522w,https:\/\/a.allegroimg.com\/original\/1144fd\/d4447f3c40a980958aa9ec83b536\/2x-Bridgestone-Blizzak-LM001-185-60R16-86H-Z171A-Kod-producenta-25741 522w\" sizes=\"(min-width: 1200px) 560px, (min-width: 992px) 50vw, 100vw\" width=\"522px\" alt=\"2x Bridgestone Blizzak LM001 185\/60R16 86H Z171A Kod producenta 25741\" style=\"max-width: 100%; height: auto; display: block; margin: 0 auto;\"><\/div>\n<\/div>\n<\/div>\n<\/div>\n<\/div>\n<\/div>\n<div style=\"clear: both; display: block; margin: 10px 0;\">\n<div style=\"clear: both; display: block; margin: 10px 0;\">\n<div style=\"clear: both; display: block; margin: 10px 0;\">\n<div  style=\"max-width:1024px;max-height:437px\">\n<div style=\"clear: both; display: block; margin: 10px 0;\">\n<div style=\"clear: both; width: 100%; display: block; margin: 20px 0; padding: 0; float: none; position: static; text-align: center;\"><img decoding=\"async\"  src=\"https:\/\/a.allegroimg.com\/original\/11f298\/59527557406ca148d20b85d6dc6f\/2x-Bridgestone-Blizzak-LM001-185-60R16-86H-Z171A-Klasa-premium\" srcset=\"https:\/\/a.allegroimg.com\/original\/11f298\/59527557406ca148d20b85d6dc6f\/2x-Bridgestone-Blizzak-LM001-185-60R16-86H-Z171A-Klasa-premium 360w,https:\/\/a.allegroimg.com\/original\/11f298\/59527557406ca148d20b85d6dc6f\/2x-Bridgestone-Blizzak-LM001-185-60R16-86H-Z171A-Klasa-premium 720w,https:\/\/a.allegroimg.com\/original\/11f298\/59527557406ca148d20b85d6dc6f\/2x-Bridgestone-Blizzak-LM001-185-60R16-86H-Z171A-Klasa-premium 1024w,https:\/\/a.allegroimg.com\/original\/11f298\/59527557406ca148d20b85d6dc6f\/2x-Bridgestone-Blizzak-LM001-185-60R16-86H-Z171A-Klasa-premium 1024w\" sizes=\"(min-width: 1200px) 560px, (min-width: 992px) 50vw, 100vw\" width=\"1024px\" alt=\"2x Bridgestone Blizzak LM001 185\/60R16 86H Z171A Klasa premium\" style=\"max-width: 100%; height: auto; display: block; margin: 0 auto;\"><\/div>\n<\/div>\n<\/div>\n<\/div>\n<\/div>\n<div style=\"clear: both; display: block; margin: 10px 0;\">\n<div style=\"clear: both; display: block; margin: 10px 0;\">\n<div  style=\"max-width:1024px;max-height:495px\">\n<div style=\"clear: both; display: block; margin: 10px 0;\">\n<div style=\"clear: both; width: 100%; display: block; margin: 20px 0; padding: 0; float: none; position: static; text-align: center;\"><img decoding=\"async\"  src=\"https:\/\/a.allegroimg.com\/original\/11d6d5\/4f75ca4849588d70f8cfbde97880\/2x-Bridgestone-Blizzak-LM001-185-60R16-86H-Z171A-Szerokosc-opony-185-mm\" srcset=\"https:\/\/a.allegroimg.com\/original\/11d6d5\/4f75ca4849588d70f8cfbde97880\/2x-Bridgestone-Blizzak-LM001-185-60R16-86H-Z171A-Szerokosc-opony-185-mm 360w,https:\/\/a.allegroimg.com\/original\/11d6d5\/4f75ca4849588d70f8cfbde97880\/2x-Bridgestone-Blizzak-LM001-185-60R16-86H-Z171A-Szerokosc-opony-185-mm 720w,https:\/\/a.allegroimg.com\/original\/11d6d5\/4f75ca4849588d70f8cfbde97880\/2x-Bridgestone-Blizzak-LM001-185-60R16-86H-Z171A-Szerokosc-opony-185-mm 1024w,https:\/\/a.allegroimg.com\/original\/11d6d5\/4f75ca4849588d70f8cfbde97880\/2x-Bridgestone-Blizzak-LM001-185-60R16-86H-Z171A-Szerokosc-opony-185-mm 1024w\" sizes=\"(min-width: 1200px) 560px, (min-width: 992px) 50vw, 100vw\" width=\"1024px\" alt=\"2x Bridgestone Blizzak LM001 185\/60R16 86H Z171A Szeroko\u015b\u0107 opony 185 mm\" style=\"max-width: 100%; height: auto; display: block; margin: 0 auto;\"><\/div>\n<\/div>\n<\/div>\n<\/div>\n<\/div>\n<\/div>\n<div style=\"clear: both; display: block; margin: 10px 0;\">\n<div style=\"clear: both; display: block; margin: 10px 0;\">\n<div style=\"clear: both; display: block; margin: 10px 0;\">\n<div  style=\"max-width:1024px;max-height:535px\">\n<div style=\"clear: both; display: block; margin: 10px 0;\">\n<div style=\"clear: both; width: 100%; display: block; margin: 20px 0; padding: 0; float: none; position: static; text-align: center;\"><img decoding=\"async\"  src=\"https:\/\/a.allegroimg.com\/original\/11142c\/d3d2b91740e7a051527c69a030c6\/2x-Bridgestone-Blizzak-LM001-185-60R16-86H-Z171A-Srednica-16\" srcset=\"https:\/\/a.allegroimg.com\/original\/11142c\/d3d2b91740e7a051527c69a030c6\/2x-Bridgestone-Blizzak-LM001-185-60R16-86H-Z171A-Srednica-16 360w,https:\/\/a.allegroimg.com\/original\/11142c\/d3d2b91740e7a051527c69a030c6\/2x-Bridgestone-Blizzak-LM001-185-60R16-86H-Z171A-Srednica-16 720w,https:\/\/a.allegroimg.com\/original\/11142c\/d3d2b91740e7a051527c69a030c6\/2x-Bridgestone-Blizzak-LM001-185-60R16-86H-Z171A-Srednica-16 1024w,https:\/\/a.allegroimg.com\/original\/11142c\/d3d2b91740e7a051527c69a030c6\/2x-Bridgestone-Blizzak-LM001-185-60R16-86H-Z171A-Srednica-16 1024w\" sizes=\"(min-width: 1200px) 560px, (min-width: 992px) 50vw, 100vw\" width=\"1024px\" alt=\"2x Bridgestone Blizzak LM001 185\/60R16 86H Z171A \u015arednica 16&quot;\" style=\"max-width: 100%; height: auto; display: block; margin: 0 auto;\"><\/div>\n<\/div>\n<\/div>\n<\/div>\n<\/div>\n<div style=\"clear: both; display: block; margin: 10px 0;\">\n<div style=\"clear: both; display: block; margin: 10px 0;\">\n<div  style=\"max-width:1024px;max-height:575px\">\n<div style=\"clear: both; display: block; margin: 10px 0;\">\n<div style=\"clear: both; width: 100%; display: block; margin: 20px 0; padding: 0; float: none; position: static; text-align: center;\"><img decoding=\"async\"  src=\"https:\/\/a.allegroimg.com\/original\/11f01a\/2db724b84d8785a885f12e098366\/2x-Bridgestone-Blizzak-LM001-185-60R16-86H-Z171A-Profil-opony-60\" srcset=\"https:\/\/a.allegroimg.com\/original\/11f01a\/2db724b84d8785a885f12e098366\/2x-Bridgestone-Blizzak-LM001-185-60R16-86H-Z171A-Profil-opony-60 360w,https:\/\/a.allegroimg.com\/original\/11f01a\/2db724b84d8785a885f12e098366\/2x-Bridgestone-Blizzak-LM001-185-60R16-86H-Z171A-Profil-opony-60 720w,https:\/\/a.allegroimg.com\/original\/11f01a\/2db724b84d8785a885f12e098366\/2x-Bridgestone-Blizzak-LM001-185-60R16-86H-Z171A-Profil-opony-60 1024w,https:\/\/a.allegroimg.com\/original\/11f01a\/2db724b84d8785a885f12e098366\/2x-Bridgestone-Blizzak-LM001-185-60R16-86H-Z171A-Profil-opony-60 1024w\" sizes=\"(min-width: 1200px) 560px, (min-width: 992px) 50vw, 100vw\" width=\"1024px\" alt=\"2x Bridgestone Blizzak LM001 185\/60R16 86H Z171A Profil opony 60\" style=\"max-width: 100%; height: auto; display: block; margin: 0 auto;\"><\/div>\n<\/div>\n<\/div>\n<\/div>\n<\/div>\n<\/div>\n<div style=\"clear: both; display: block; margin: 10px 0;\">\n<div style=\"clear: both; display: block; margin: 10px 0;\">\n<div style=\"clear: both; display: block; margin: 10px 0;\">\n<div  style=\"max-width:454px;max-height:1181px\">\n<div style=\"clear: both; display: block; margin: 10px 0;\">\n<div style=\"clear: both; width: 100%; display: block; margin: 20px 0; padding: 0; float: none; position: static; text-align: center;\"><img decoding=\"async\"  src=\"https:\/\/a.allegroimg.com\/original\/00eaef\/cbfd9fc34ecb9ba5234a3158aafb\/2x-Bridgestone-Blizzak-LM001-185-60R16-86H-Z171A-Kod-EPREL-25741\" srcset=\"https:\/\/a.allegroimg.com\/original\/00eaef\/cbfd9fc34ecb9ba5234a3158aafb\/2x-Bridgestone-Blizzak-LM001-185-60R16-86H-Z171A-Kod-EPREL-25741 138w,https:\/\/a.allegroimg.com\/original\/00eaef\/cbfd9fc34ecb9ba5234a3158aafb\/2x-Bridgestone-Blizzak-LM001-185-60R16-86H-Z171A-Kod-EPREL-25741 276w,https:\/\/a.allegroimg.com\/original\/00eaef\/cbfd9fc34ecb9ba5234a3158aafb\/2x-Bridgestone-Blizzak-LM001-185-60R16-86H-Z171A-Kod-EPREL-25741 393w,https:\/\/a.allegroimg.com\/original\/00eaef\/cbfd9fc34ecb9ba5234a3158aafb\/2x-Bridgestone-Blizzak-LM001-185-60R16-86H-Z171A-Kod-EPREL-25741 454w,https:\/\/a.allegroimg.com\/original\/00eaef\/cbfd9fc34ecb9ba5234a3158aafb\/2x-Bridgestone-Blizzak-LM001-185-60R16-86H-Z171A-Kod-EPREL-25741 454w\" sizes=\"100vw\" width=\"454px\" alt=\"2x Bridgestone Blizzak LM001 185\/60R16 86H Z171A Kod EPREL 25741\" style=\"max-width: 100%; height: auto; display: block; margin: 0 auto;\"><\/div>\n<\/div>\n<\/div>\n<\/div>\n<\/div>\n<\/div>\n<div style=\"clear: both; display: block; margin: 10px 0;\">\n<div style=\"clear: both; display: block; margin: 10px 0;\">\n<div style=\"clear: both; display: block; margin: 10px 0;\">\n<div  style=\"max-width:1024px;max-height:126px\">\n<div style=\"clear: both; display: block; margin: 10px 0;\">\n<div style=\"clear: both; width: 100%; display: block; margin: 20px 0; padding: 0; float: none; position: static; text-align: center;\"><img decoding=\"async\"  src=\"https:\/\/a.allegroimg.com\/original\/111c11\/4ca3ec364f8287bb6f6326310dd8\/2x-Bridgestone-Blizzak-LM001-185-60R16-86H-Z171A-Indeks-predkosci-H-do-210-km-h\" srcset=\"https:\/\/a.allegroimg.com\/original\/111c11\/4ca3ec364f8287bb6f6326310dd8\/2x-Bridgestone-Blizzak-LM001-185-60R16-86H-Z171A-Indeks-predkosci-H-do-210-km-h 360w,https:\/\/a.allegroimg.com\/original\/111c11\/4ca3ec364f8287bb6f6326310dd8\/2x-Bridgestone-Blizzak-LM001-185-60R16-86H-Z171A-Indeks-predkosci-H-do-210-km-h 720w,https:\/\/a.allegroimg.com\/original\/111c11\/4ca3ec364f8287bb6f6326310dd8\/2x-Bridgestone-Blizzak-LM001-185-60R16-86H-Z171A-Indeks-predkosci-H-do-210-km-h 1024w,https:\/\/a.allegroimg.com\/original\/111c11\/4ca3ec364f8287bb6f6326310dd8\/2x-Bridgestone-Blizzak-LM001-185-60R16-86H-Z171A-Indeks-predkosci-H-do-210-km-h 1024w\" sizes=\"100vw\" width=\"1024px\" alt=\"2x Bridgestone Blizzak LM001 185\/60R16 86H Z171A Indeks pr\u0119dko\u015bci H do 210 km\/h\" style=\"max-width: 100%; height: auto; display: block; margin: 0 auto;\"><\/div>\n<\/div>\n<\/div>\n<\/div>\n<\/div>\n<\/div>\n<\/div>\n<\/div>\n<\/div>\n<div style=\"clear: both; display: block; margin: 10px 0;\">\n","protected":false},"excerpt":{"rendered":"<p>Bridgestone Blizzak LM001 185\/60R16 90H XL<\/p>\n<p>Bridgestone Blizzak LM001<\/p>\n<p>SZEROKO\u015a\u0106 OPONY &#8211; 185<\/p>\n<p>WYSOKO\u015a\u0106 OPONY &#8211; 60<\/p>\n<p>\u015aREDNICA &#8211; 16<\/p>\n<p>ROCZNIK &#8211; 2018<\/p>\n<p>MAGAZYN &#8211; Z171A<\/p>\n","protected":false},"featured_media":14079,"template":"","meta":{"_uag_custom_page_level_css":""},"product_brand":[397],"product_cat":[414,413,412,415],"product_tag":[],"class_list":{"0":"post-14078","1":"product","2":"type-product","3":"status-publish","4":"has-post-thumbnail","6":"product_brand-bridgestone","7":"product_cat-do-samochodow-osobowych-i-suv","8":"product_cat-opony","9":"product_cat-opony-i-felgi","10":"product_cat-zimowe","12":"first","13":"instock","14":"shipping-taxable","15":"purchasable","16":"product-type-simple"},"uagb_featured_image_src":{"full":["https:\/\/oponixo.shop\/tire\/wp-content\/uploads\/2026\/01\/allegro-image-14078.jpg",414,603,false],"thumbnail":["https:\/\/oponixo.shop\/tire\/wp-content\/uploads\/2026\/01\/allegro-image-14078-150x150.jpg",150,150,true],"medium":["https:\/\/oponixo.shop\/tire\/wp-content\/uploads\/2026\/01\/allegro-image-14078-206x300.jpg",206,300,true],"medium_large":["https:\/\/oponixo.shop\/tire\/wp-content\/uploads\/2026\/01\/allegro-image-14078.jpg",414,603,false],"large":["https:\/\/oponixo.shop\/tire\/wp-content\/uploads\/2026\/01\/allegro-image-14078.jpg",414,603,false],"1536x1536":["https:\/\/oponixo.shop\/tire\/wp-content\/uploads\/2026\/01\/allegro-image-14078.jpg",414,603,false],"2048x2048":["https:\/\/oponixo.shop\/tire\/wp-content\/uploads\/2026\/01\/allegro-image-14078.jpg",414,603,false],"woocommerce_thumbnail":["https:\/\/oponixo.shop\/tire\/wp-content\/uploads\/2026\/01\/allegro-image-14078-300x300.jpg",300,300,true],"woocommerce_single":["https:\/\/oponixo.shop\/tire\/wp-content\/uploads\/2026\/01\/allegro-image-14078.jpg",414,603,false],"woocommerce_gallery_thumbnail":["https:\/\/oponixo.shop\/tire\/wp-content\/uploads\/2026\/01\/allegro-image-14078-100x100.jpg",100,100,true]},"uagb_author_info":{"display_name":"admin","author_link":"https:\/\/oponixo.shop\/tire\/author\/"},"uagb_comment_info":0,"uagb_excerpt":"Bridgestone Blizzak LM001 185\/60R16 90H XL Bridgestone Blizzak LM001 SZEROKO\u015a\u0106 OPONY - 185 WYSOKO\u015a\u0106 OPONY - 60 \u015aREDNICA - 16 ROCZNIK - 2018 MAGAZYN - Z171A","_links":{"self":[{"href":"https:\/\/oponixo.shop\/tire\/wp-json\/wp\/v2\/product\/14078","targetHints":{"allow":["GET"]}}],"collection":[{"href":"https:\/\/oponixo.shop\/tire\/wp-json\/wp\/v2\/product"}],"about":[{"href":"https:\/\/oponixo.shop\/tire\/wp-json\/wp\/v2\/types\/product"}],"wp:featuredmedia":[{"embeddable":true,"href":"https:\/\/oponixo.shop\/tire\/wp-json\/wp\/v2\/media\/14079"}],"wp:attachment":[{"href":"https:\/\/oponixo.shop\/tire\/wp-json\/wp\/v2\/media?parent=14078"}],"wp:term":[{"taxonomy":"product_brand","embeddable":true,"href":"https:\/\/oponixo.shop\/tire\/wp-json\/wp\/v2\/product_brand?post=14078"},{"taxonomy":"product_cat","embeddable":true,"href":"https:\/\/oponixo.shop\/tire\/wp-json\/wp\/v2\/product_cat?post=14078"},{"taxonomy":"product_tag","embeddable":true,"href":"https:\/\/oponixo.shop\/tire\/wp-json\/wp\/v2\/product_tag?post=14078"}],"curies":[{"name":"wp","href":"https:\/\/api.w.org\/{rel}","templated":true}]}}