{"id":14222,"date":"2026-01-12T01:34:59","date_gmt":"2026-01-12T00:34:59","guid":{"rendered":"https:\/\/oponyspeed.shop\/xef5\/produkt\/4x-205-60r16-opony-letnie-kumho-ecsta-ps71-d087\/"},"modified":"2026-01-12T01:35:00","modified_gmt":"2026-01-12T00:35:00","slug":"4x-205-60r16-opony-letnie-kumho-ecsta-ps71-d087","status":"publish","type":"product","link":"https:\/\/oponixo.shop\/tire\/produkt\/4x-205-60r16-opony-letnie-kumho-ecsta-ps71-d087\/","title":{"rendered":"4x 205\/60R16 opony letnie Kumho Ecsta PS71 (D087)"},"content":{"rendered":"<div style=\"font-family: Arial, sans-serif; line-height: 1.6; color: #333; padding: 20px; clear: both; display: block; width: 100%; float: none; position: static; overflow: hidden;\">\n<div style=\"clear: both; display: block; margin: 10px 0;\">\n<div style=\"clear: both; display: block; margin: 10px 0;\">\n<div style=\"clear: both; display: block; margin: 10px 0;\">\n<div  style=\"max-width:1652px;max-height:660px\">\n<div style=\"clear: both; display: block; margin: 10px 0;\">\n<div style=\"clear: both; width: 100%; display: block; margin: 20px 0; padding: 0; float: none; position: static; text-align: center;\"><img decoding=\"async\"  src=\"https:\/\/a.allegroimg.com\/original\/118a0f\/e0a87ed1465682e2e7e761140b5a\/4x-205-60R16-opony-letnie-Kumho-Ecsta-PS71-D087-Marka-Kumho\" srcset=\"https:\/\/a.allegroimg.com\/original\/118a0f\/e0a87ed1465682e2e7e761140b5a\/4x-205-60R16-opony-letnie-Kumho-Ecsta-PS71-D087-Marka-Kumho 360w,https:\/\/a.allegroimg.com\/original\/118a0f\/e0a87ed1465682e2e7e761140b5a\/4x-205-60R16-opony-letnie-Kumho-Ecsta-PS71-D087-Marka-Kumho 720w,https:\/\/a.allegroimg.com\/original\/118a0f\/e0a87ed1465682e2e7e761140b5a\/4x-205-60R16-opony-letnie-Kumho-Ecsta-PS71-D087-Marka-Kumho 1024w,https:\/\/a.allegroimg.com\/original\/118a0f\/e0a87ed1465682e2e7e761140b5a\/4x-205-60R16-opony-letnie-Kumho-Ecsta-PS71-D087-Marka-Kumho 1440w,https:\/\/a.allegroimg.com\/original\/118a0f\/e0a87ed1465682e2e7e761140b5a\/4x-205-60R16-opony-letnie-Kumho-Ecsta-PS71-D087-Marka-Kumho 1652w\" sizes=\"100vw\" width=\"1652px\" alt=\"4x 205\/60R16 opony letnie Kumho Ecsta PS71 (D087) Marka Kumho\" style=\"max-width: 100%; height: auto; display: block; margin: 0 auto;\"><\/div>\n<\/div>\n<\/div>\n<\/div>\n<\/div>\n<\/div>\n<div style=\"clear: both; display: block; margin: 10px 0;\">\n<div style=\"clear: both; display: block; margin: 10px 0;\">\n<div style=\"clear: both; display: block; margin: 10px 0;\">\n<div  style=\"max-width:1045px;max-height:486px\">\n<div style=\"clear: both; display: block; margin: 10px 0;\">\n<div style=\"clear: both; width: 100%; display: block; margin: 20px 0; padding: 0; float: none; position: static; text-align: center;\"><img decoding=\"async\"  src=\"https:\/\/a.allegroimg.com\/original\/1147c2\/e9f79207484a892791d2d10c71ab\/4x-205-60R16-opony-letnie-Kumho-Ecsta-PS71-D087\" srcset=\"https:\/\/a.allegroimg.com\/original\/1147c2\/e9f79207484a892791d2d10c71ab\/4x-205-60R16-opony-letnie-Kumho-Ecsta-PS71-D087 360w,https:\/\/a.allegroimg.com\/original\/1147c2\/e9f79207484a892791d2d10c71ab\/4x-205-60R16-opony-letnie-Kumho-Ecsta-PS71-D087 720w,https:\/\/a.allegroimg.com\/original\/1147c2\/e9f79207484a892791d2d10c71ab\/4x-205-60R16-opony-letnie-Kumho-Ecsta-PS71-D087 1024w,https:\/\/a.allegroimg.com\/original\/1147c2\/e9f79207484a892791d2d10c71ab\/4x-205-60R16-opony-letnie-Kumho-Ecsta-PS71-D087 1045w,https:\/\/a.allegroimg.com\/original\/1147c2\/e9f79207484a892791d2d10c71ab\/4x-205-60R16-opony-letnie-Kumho-Ecsta-PS71-D087 1045w\" sizes=\"(min-width: 1200px) 560px, (min-width: 992px) 50vw, 100vw\" width=\"1045px\" alt=\"4x 205\/60R16 opony letnie Kumho Ecsta PS71 (D087)\" style=\"max-width: 100%; height: auto; display: block; margin: 0 auto;\"><\/div>\n<\/div>\n<\/div>\n<\/div>\n<\/div>\n<div style=\"clear: both; display: block; margin: 10px 0;\">\n<div style=\"clear: both; display: block; margin: 10px 0;\">\n<h3 style=\"color: #2c5aa0; font-size: 18px; margin: 30px 0 15px 0; font-weight: bold; clear: both; display: block; width: 100%; float: none; position: static;\">Opony letnie Kumho Ecsta PS71<\/h3>\n<ul style=\"margin: 15px 0; padding-left: 20px; clear: both; display: block; width: 100%; float: none; position: static;\">\n<li style=\"margin: 5px 0; padding: 2px 0; clear: both; display: list-item; float: none; position: static;\">Rozmiar:&nbsp;<b>205\/60R16 92V<\/b><\/li>\n<li style=\"margin: 5px 0; padding: 2px 0; clear: both; display: list-item; float: none; position: static;\">Producent:&nbsp;<b>Kumho<\/b><\/li>\n<li style=\"margin: 5px 0; padding: 2px 0; clear: both; display: list-item; float: none; position: static;\">Model:&nbsp;<b>Ecsta PS71<\/b><\/li>\n<li style=\"margin: 5px 0; padding: 2px 0; clear: both; display: list-item; float: none; position: static;\">indeks no\u015bno\u015bci:&nbsp;<b>92<\/b>&nbsp;(max&nbsp;<b>630 kg<\/b>&nbsp;na opon\u0119)<\/li>\n<li style=\"margin: 5px 0; padding: 2px 0; clear: both; display: list-item; float: none; position: static;\">indeks pr\u0119dko\u015bci:&nbsp;<b>V<\/b>&nbsp;(do&nbsp;<b>240 km\/h)<\/b><\/li>\n<li style=\"margin: 5px 0; padding: 2px 0; clear: both; display: list-item; float: none; position: static;\">Sezon:&nbsp;<b>lato<\/b><\/li>\n<li style=\"margin: 5px 0; padding: 2px 0; clear: both; display: list-item; float: none; position: static;\">Rok produkcji:&nbsp;<b>2023<\/b><\/li>\n<li style=\"margin: 5px 0; padding: 2px 0; clear: both; display: list-item; float: none; position: static;\">Numer magazynowy:&nbsp;<b>D087<\/b><\/li>\n<li style=\"margin: 5px 0; padding: 2px 0; clear: both; display: list-item; float: none; position: static;\">Podana cena dotyczy 4szt opon<\/li>\n<\/ul>\n<\/div>\n<\/div>\n<\/div>\n<div style=\"clear: both; display: block; margin: 10px 0;\">\n<div style=\"clear: both; display: block; margin: 10px 0;\">\n<div style=\"clear: both; display: block; margin: 10px 0;\">\n<h2>W tej aukcji oferujemy nowe opony z nowego samochodu. Posiadaj\u0105 minimalny przebieg wynikaj\u0105cy z przejazdu auta z fabryki do salonu sprzeda\u017cy. Opony maj\u0105 100% bie\u017cnika. Zdj\u0119cia poni\u017cej przedstawiaj\u0105 rzeczywisty stan opon.<\/h2>\n<h2>Opony posiadaj\u0105 24 miesi\u0105ce gwarancji.<\/h2>\n<\/div>\n<\/div>\n<div style=\"clear: both; display: block; margin: 10px 0;\">\n<div style=\"clear: both; display: block; margin: 10px 0;\">\n<div  style=\"max-width:650px;max-height:655px\">\n<div style=\"clear: both; display: block; margin: 10px 0;\">\n<div style=\"clear: both; width: 100%; display: block; margin: 20px 0; padding: 0; float: none; position: static; text-align: center;\"><img decoding=\"async\"  src=\"https:\/\/a.allegroimg.com\/original\/113c25\/05c8747f49c1b2741fb464513282\/4x-205-60R16-opony-letnie-Kumho-Ecsta-PS71-D087-Liczba-opon-w-ofercie-Komplet-4-szt\" srcset=\"https:\/\/a.allegroimg.com\/original\/113c25\/05c8747f49c1b2741fb464513282\/4x-205-60R16-opony-letnie-Kumho-Ecsta-PS71-D087-Liczba-opon-w-ofercie-Komplet-4-szt 357w,https:\/\/a.allegroimg.com\/original\/113c25\/05c8747f49c1b2741fb464513282\/4x-205-60R16-opony-letnie-Kumho-Ecsta-PS71-D087-Liczba-opon-w-ofercie-Komplet-4-szt 650w,https:\/\/a.allegroimg.com\/original\/113c25\/05c8747f49c1b2741fb464513282\/4x-205-60R16-opony-letnie-Kumho-Ecsta-PS71-D087-Liczba-opon-w-ofercie-Komplet-4-szt 650w\" sizes=\"(min-width: 1200px) 560px, (min-width: 992px) 50vw, 100vw\" width=\"650px\" alt=\"4x 205\/60R16 opony letnie Kumho Ecsta PS71 (D087) Liczba opon w ofercie Komplet 4 szt.\" style=\"max-width: 100%; height: auto; display: block; margin: 0 auto;\"><\/div>\n<\/div>\n<\/div>\n<\/div>\n<\/div>\n<\/div>\n<div style=\"clear: both; display: block; margin: 10px 0;\">\n<div style=\"clear: both; display: block; margin: 10px 0;\">\n<div style=\"clear: both; display: block; margin: 10px 0;\">\n<div  style=\"max-width:507px;max-height:706px\">\n<div style=\"clear: both; display: block; margin: 10px 0;\">\n<div style=\"clear: both; width: 100%; display: block; margin: 20px 0; padding: 0; float: none; position: static; text-align: center;\"><img decoding=\"async\"  src=\"https:\/\/a.allegroimg.com\/original\/1180af\/9b093efd470081f90c251843bbdc\/4x-205-60R16-opony-letnie-Kumho-Ecsta-PS71-D087-Rok-produkcji-2023\" srcset=\"https:\/\/a.allegroimg.com\/original\/1180af\/9b093efd470081f90c251843bbdc\/4x-205-60R16-opony-letnie-Kumho-Ecsta-PS71-D087-Rok-produkcji-2023 258w,https:\/\/a.allegroimg.com\/original\/1180af\/9b093efd470081f90c251843bbdc\/4x-205-60R16-opony-letnie-Kumho-Ecsta-PS71-D087-Rok-produkcji-2023 507w,https:\/\/a.allegroimg.com\/original\/1180af\/9b093efd470081f90c251843bbdc\/4x-205-60R16-opony-letnie-Kumho-Ecsta-PS71-D087-Rok-produkcji-2023 507w\" sizes=\"(min-width: 1200px) 560px, (min-width: 992px) 50vw, 100vw\" width=\"507px\" alt=\"4x 205\/60R16 opony letnie Kumho Ecsta PS71 (D087) Rok produkcji 2023\" style=\"max-width: 100%; height: auto; display: block; margin: 0 auto;\"><\/div>\n<\/div>\n<\/div>\n<\/div>\n<\/div>\n<div style=\"clear: both; display: block; margin: 10px 0;\">\n<div style=\"clear: both; display: block; margin: 10px 0;\">\n<div  style=\"max-width:1147px;max-height:766px\">\n<div style=\"clear: both; display: block; margin: 10px 0;\">\n<div style=\"clear: both; width: 100%; display: block; margin: 20px 0; padding: 0; float: none; position: static; text-align: center;\"><img decoding=\"async\"  src=\"https:\/\/a.allegroimg.com\/original\/1193a8\/12a7b0c54e9baf2ea9de3b6073fb\/4x-205-60R16-opony-letnie-Kumho-Ecsta-PS71-D087-Kod-producenta-2278953\" srcset=\"https:\/\/a.allegroimg.com\/original\/1193a8\/12a7b0c54e9baf2ea9de3b6073fb\/4x-205-60R16-opony-letnie-Kumho-Ecsta-PS71-D087-Kod-producenta-2278953 360w,https:\/\/a.allegroimg.com\/original\/1193a8\/12a7b0c54e9baf2ea9de3b6073fb\/4x-205-60R16-opony-letnie-Kumho-Ecsta-PS71-D087-Kod-producenta-2278953 720w,https:\/\/a.allegroimg.com\/original\/1193a8\/12a7b0c54e9baf2ea9de3b6073fb\/4x-205-60R16-opony-letnie-Kumho-Ecsta-PS71-D087-Kod-producenta-2278953 1024w,https:\/\/a.allegroimg.com\/original\/1193a8\/12a7b0c54e9baf2ea9de3b6073fb\/4x-205-60R16-opony-letnie-Kumho-Ecsta-PS71-D087-Kod-producenta-2278953 1147w,https:\/\/a.allegroimg.com\/original\/1193a8\/12a7b0c54e9baf2ea9de3b6073fb\/4x-205-60R16-opony-letnie-Kumho-Ecsta-PS71-D087-Kod-producenta-2278953 1147w\" sizes=\"(min-width: 1200px) 560px, (min-width: 992px) 50vw, 100vw\" width=\"1147px\" alt=\"4x 205\/60R16 opony letnie Kumho Ecsta PS71 (D087) Kod producenta 2278953\" style=\"max-width: 100%; height: auto; display: block; margin: 0 auto;\"><\/div>\n<\/div>\n<\/div>\n<\/div>\n<\/div>\n<\/div>\n<\/div>\n<\/div>\n<\/div>\n<div style=\"clear: both; display: block; margin: 10px 0;\">\n","protected":false},"excerpt":{"rendered":"<p>Opony letnie Kumho Ecsta PS71<\/p>\n<p>Rozmiar:&nbsp;205\/60R16 92V<\/p>\n<p>Producent:&nbsp;Kumho<\/p>\n<p>Model:&nbsp;Ecsta PS71<\/p>\n<p>indeks no\u015bno\u015bci:&nbsp;92&nbsp;(max&nbsp;630 kg&nbsp;na opon\u0119)<\/p>\n<p>indeks pr\u0119dko\u015bci:&nbsp;V&nbsp;(do&nbsp;240 km\/h)<\/p>\n<p>Sezon:&nbsp;lato<\/p>\n<p>Rok produkcji:&nbsp;2023<\/p>\n","protected":false},"featured_media":14223,"template":"","meta":{"_uag_custom_page_level_css":""},"product_brand":[390],"product_cat":[414,418,413,412],"product_tag":[],"class_list":{"0":"post-14222","1":"product","2":"type-product","3":"status-publish","4":"has-post-thumbnail","6":"product_brand-kumho","7":"product_cat-do-samochodow-osobowych-i-suv","8":"product_cat-letnie","9":"product_cat-opony","10":"product_cat-opony-i-felgi","12":"first","13":"instock","14":"shipping-taxable","15":"purchasable","16":"product-type-simple"},"uagb_featured_image_src":{"full":["https:\/\/oponixo.shop\/tire\/wp-content\/uploads\/2026\/01\/allegro-image-14222.jpg",1045,486,false],"thumbnail":["https:\/\/oponixo.shop\/tire\/wp-content\/uploads\/2026\/01\/allegro-image-14222-150x150.jpg",150,150,true],"medium":["https:\/\/oponixo.shop\/tire\/wp-content\/uploads\/2026\/01\/allegro-image-14222-300x140.jpg",300,140,true],"medium_large":["https:\/\/oponixo.shop\/tire\/wp-content\/uploads\/2026\/01\/allegro-image-14222-768x357.jpg",768,357,true],"large":["https:\/\/oponixo.shop\/tire\/wp-content\/uploads\/2026\/01\/allegro-image-14222-1024x476.jpg",1024,476,true],"1536x1536":["https:\/\/oponixo.shop\/tire\/wp-content\/uploads\/2026\/01\/allegro-image-14222.jpg",1045,486,false],"2048x2048":["https:\/\/oponixo.shop\/tire\/wp-content\/uploads\/2026\/01\/allegro-image-14222.jpg",1045,486,false],"woocommerce_thumbnail":["https:\/\/oponixo.shop\/tire\/wp-content\/uploads\/2026\/01\/allegro-image-14222-300x300.jpg",300,300,true],"woocommerce_single":["https:\/\/oponixo.shop\/tire\/wp-content\/uploads\/2026\/01\/allegro-image-14222-600x279.jpg",600,279,true],"woocommerce_gallery_thumbnail":["https:\/\/oponixo.shop\/tire\/wp-content\/uploads\/2026\/01\/allegro-image-14222-100x100.jpg",100,100,true]},"uagb_author_info":{"display_name":"admin","author_link":"https:\/\/oponixo.shop\/tire\/author\/"},"uagb_comment_info":0,"uagb_excerpt":"Opony letnie Kumho Ecsta PS71 Rozmiar:&nbsp;205\/60R16 92V Producent:&nbsp;Kumho Model:&nbsp;Ecsta PS71 indeks no\u015bno\u015bci:&nbsp;92&nbsp;(max&nbsp;630 kg&nbsp;na opon\u0119) indeks pr\u0119dko\u015bci:&nbsp;V&nbsp;(do&nbsp;240 km\/h) Sezon:&nbsp;lato Rok produkcji:&nbsp;2023","_links":{"self":[{"href":"https:\/\/oponixo.shop\/tire\/wp-json\/wp\/v2\/product\/14222","targetHints":{"allow":["GET"]}}],"collection":[{"href":"https:\/\/oponixo.shop\/tire\/wp-json\/wp\/v2\/product"}],"about":[{"href":"https:\/\/oponixo.shop\/tire\/wp-json\/wp\/v2\/types\/product"}],"wp:featuredmedia":[{"embeddable":true,"href":"https:\/\/oponixo.shop\/tire\/wp-json\/wp\/v2\/media\/14223"}],"wp:attachment":[{"href":"https:\/\/oponixo.shop\/tire\/wp-json\/wp\/v2\/media?parent=14222"}],"wp:term":[{"taxonomy":"product_brand","embeddable":true,"href":"https:\/\/oponixo.shop\/tire\/wp-json\/wp\/v2\/product_brand?post=14222"},{"taxonomy":"product_cat","embeddable":true,"href":"https:\/\/oponixo.shop\/tire\/wp-json\/wp\/v2\/product_cat?post=14222"},{"taxonomy":"product_tag","embeddable":true,"href":"https:\/\/oponixo.shop\/tire\/wp-json\/wp\/v2\/product_tag?post=14222"}],"curies":[{"name":"wp","href":"https:\/\/api.w.org\/{rel}","templated":true}]}}