{"id":14284,"date":"2026-01-12T01:35:16","date_gmt":"2026-01-12T00:35:16","guid":{"rendered":"https:\/\/oponyspeed.shop\/xef5\/produkt\/2x-opona-letnia-goodyear-efficientgrip-245-45r18-100-y-rant-ochronny-xl-ao\/"},"modified":"2026-01-12T01:35:17","modified_gmt":"2026-01-12T00:35:17","slug":"2x-opona-letnia-goodyear-efficientgrip-245-45r18-100-y-rant-ochronny-xl-ao","status":"publish","type":"product","link":"https:\/\/oponixo.shop\/tire\/produkt\/2x-opona-letnia-goodyear-efficientgrip-245-45r18-100-y-rant-ochronny-xl-ao\/","title":{"rendered":"2x OPONA LETNIA Goodyear EfficientGrip 245\/45R18 100 Y rant ochronny, XL AO"},"content":{"rendered":"<div style=\"font-family: Arial, sans-serif; line-height: 1.6; color: #333; padding: 20px; clear: both; display: block; width: 100%; float: none; position: static; overflow: hidden;\">\n<div style=\"clear: both; display: block; margin: 10px 0;\">\n<div style=\"clear: both; display: block; margin: 10px 0;\">\n<div style=\"clear: both; display: block; margin: 10px 0;\">\n<p style=\"margin: 15px 0; line-height: 1.8; clear: both; display: block; width: 100%; float: none; position: static;\">\n<\/div>\n<\/div>\n<\/div>\n<div style=\"clear: both; display: block; margin: 10px 0;\">\n<div style=\"clear: both; display: block; margin: 10px 0;\">\n<div style=\"clear: both; display: block; margin: 10px 0;\">\n<h1>2 x Opona letnia Goodyear EFFICIENTGRIP 245\/45 R18 100 Y XL &#8211; rant ochronny wzmocnienie<\/h1>\n<p style=\"margin: 15px 0; line-height: 1.8; clear: both; display: block; width: 100%; float: none; position: static;\">\u2705 Stan : Fabrycznie nowe<\/p>\n<p style=\"margin: 15px 0; line-height: 1.8; clear: both; display: block; width: 100%; float: none; position: static;\">\u2705 Gwarancja jako\u015bci \/ guarantee of quality<\/p>\n<p style=\"margin: 15px 0; line-height: 1.8; clear: both; display: block; width: 100%; float: none; position: static;\">\u2705 Szybka dostawa \/ fast delivery<\/p>\n<p style=\"margin: 15px 0; line-height: 1.8; clear: both; display: block; width: 100%; float: none; position: static;\">Parametry opony<\/p>\n<p style=\"margin: 15px 0; line-height: 1.8; clear: both; display: block; width: 100%; float: none; position: static;\">Typ: Osobowe Sezon: Letnie<\/p>\n<p style=\"margin: 15px 0; line-height: 1.8; clear: both; display: block; width: 100%; float: none; position: static;\">Rozmiar:245\/45 R18<\/p>\n<p style=\"margin: 15px 0; line-height: 1.8; clear: both; display: block; width: 100%; float: none; position: static;\">Indeks pr\u0119dko\u015bci:Y = max 300 km\/h<\/p>\n<p style=\"margin: 15px 0; line-height: 1.8; clear: both; display: block; width: 100%; float: none; position: static;\">Indeks no\u015bno\u015bci:100 = max 800 kg<\/p>\n<p style=\"margin: 15px 0; line-height: 1.8; clear: both; display: block; width: 100%; float: none; position: static;\">Inne: Wzmacniane<\/p>\n<p style=\"margin: 15px 0; line-height: 1.8; clear: both; display: block; width: 100%; float: none; position: static;\">Rok produkcji: 2022<\/p>\n<p style=\"margin: 15px 0; line-height: 1.8; clear: both; display: block; width: 100%; float: none; position: static;\">Homologacja: Audi<\/p>\n<\/div>\n<\/div>\n<div style=\"clear: both; display: block; margin: 10px 0;\">\n<div style=\"clear: both; display: block; margin: 10px 0;\">\n<div  style=\"max-width:2182px;max-height:1453px\">\n<div style=\"clear: both; display: block; margin: 10px 0;\">\n<div style=\"clear: both; width: 100%; display: block; margin: 20px 0; padding: 0; float: none; position: static; text-align: center;\"><img decoding=\"async\"  src=\"https:\/\/a.allegroimg.com\/original\/1196cf\/dec94a124010a76e1dc7da103303\/2x-OPONA-LETNIA-Goodyear-EfficientGrip-245-45R18-100-Y-rant-ochronny-XL-AO-EAN-GTIN-5452000724700\" srcset=\"https:\/\/a.allegroimg.com\/original\/1196cf\/dec94a124010a76e1dc7da103303\/2x-OPONA-LETNIA-Goodyear-EfficientGrip-245-45R18-100-Y-rant-ochronny-XL-AO-EAN-GTIN-5452000724700 360w,https:\/\/a.allegroimg.com\/original\/1196cf\/dec94a124010a76e1dc7da103303\/2x-OPONA-LETNIA-Goodyear-EfficientGrip-245-45R18-100-Y-rant-ochronny-XL-AO-EAN-GTIN-5452000724700 720w,https:\/\/a.allegroimg.com\/original\/1196cf\/dec94a124010a76e1dc7da103303\/2x-OPONA-LETNIA-Goodyear-EfficientGrip-245-45R18-100-Y-rant-ochronny-XL-AO-EAN-GTIN-5452000724700 1024w,https:\/\/a.allegroimg.com\/original\/1196cf\/dec94a124010a76e1dc7da103303\/2x-OPONA-LETNIA-Goodyear-EfficientGrip-245-45R18-100-Y-rant-ochronny-XL-AO-EAN-GTIN-5452000724700 1440w,https:\/\/a.allegroimg.com\/original\/1196cf\/dec94a124010a76e1dc7da103303\/2x-OPONA-LETNIA-Goodyear-EfficientGrip-245-45R18-100-Y-rant-ochronny-XL-AO-EAN-GTIN-5452000724700 2182w\" sizes=\"(min-width: 1200px) 560px, (min-width: 992px) 50vw, 100vw\" width=\"2182px\" alt=\"2x OPONA LETNIA Goodyear EfficientGrip 245\/45R18 100 Y rant ochronny, XL AO EAN (GTIN) 5452000724700\" style=\"max-width: 100%; height: auto; display: block; margin: 0 auto;\"><\/div>\n<\/div>\n<\/div>\n<\/div>\n<\/div>\n<\/div>\n<div style=\"clear: both; display: block; margin: 10px 0;\">\n<div style=\"clear: both; display: block; margin: 10px 0;\">\n<div style=\"clear: both; display: block; margin: 10px 0;\">\n<div  style=\"max-width:1217px;max-height:475px\">\n<div style=\"clear: both; display: block; margin: 10px 0;\">\n<div style=\"clear: both; width: 100%; display: block; margin: 20px 0; padding: 0; float: none; position: static; text-align: center;\"><img decoding=\"async\"  src=\"https:\/\/a.allegroimg.com\/original\/11d0bf\/40ac12e049d792c95d125a5586ee\/2x-OPONA-LETNIA-Goodyear-EfficientGrip-245-45R18-100-Y-rant-ochronny-XL-AO-Klasa-premium\" srcset=\"https:\/\/a.allegroimg.com\/original\/11d0bf\/40ac12e049d792c95d125a5586ee\/2x-OPONA-LETNIA-Goodyear-EfficientGrip-245-45R18-100-Y-rant-ochronny-XL-AO-Klasa-premium 360w,https:\/\/a.allegroimg.com\/original\/11d0bf\/40ac12e049d792c95d125a5586ee\/2x-OPONA-LETNIA-Goodyear-EfficientGrip-245-45R18-100-Y-rant-ochronny-XL-AO-Klasa-premium 720w,https:\/\/a.allegroimg.com\/original\/11d0bf\/40ac12e049d792c95d125a5586ee\/2x-OPONA-LETNIA-Goodyear-EfficientGrip-245-45R18-100-Y-rant-ochronny-XL-AO-Klasa-premium 1024w,https:\/\/a.allegroimg.com\/original\/11d0bf\/40ac12e049d792c95d125a5586ee\/2x-OPONA-LETNIA-Goodyear-EfficientGrip-245-45R18-100-Y-rant-ochronny-XL-AO-Klasa-premium 1217w,https:\/\/a.allegroimg.com\/original\/11d0bf\/40ac12e049d792c95d125a5586ee\/2x-OPONA-LETNIA-Goodyear-EfficientGrip-245-45R18-100-Y-rant-ochronny-XL-AO-Klasa-premium 1217w\" sizes=\"100vw\" width=\"1217px\" alt=\"2x OPONA LETNIA Goodyear EfficientGrip 245\/45R18 100 Y rant ochronny, XL AO Klasa premium\" style=\"max-width: 100%; height: auto; display: block; margin: 0 auto;\"><\/div>\n<\/div>\n<\/div>\n<\/div>\n<\/div>\n<\/div>\n<div style=\"clear: both; display: block; margin: 10px 0;\">\n<div style=\"clear: both; display: block; margin: 10px 0;\">\n<div style=\"clear: both; display: block; margin: 10px 0;\">\n<p style=\"margin: 15px 0; line-height: 1.8; clear: both; display: block; width: 100%; float: none; position: static;\">Goodyear EfficientGrip to opona letnia do samochod\u00f3w osobowych. Model oferuje bardzo dobre parametry trakcyjne, a jego konstrukcja zosta\u0142a zoptymalizowana pod k\u0105tem zmniejszenia zu\u017cycia paliwa. Opona charakteryzuje si\u0119 dobrymi osi\u0105gami na suchej i mokrej nawierzchni, du\u017c\u0105 niezawodno\u015bci\u0105 i trwa\u0142o\u015bci\u0105, a dodatkowo zapewnia komfort cichej jazdy.<\/p>\n<p style=\"margin: 15px 0; line-height: 1.8; clear: both; display: block; width: 100%; float: none; position: static;\">Nowoczesny projekt bie\u017cnika zwi\u0119ksza skuteczno\u015b\u0107 hamowania na mokrej nawierzchni. Szerokie kana\u0142y obwodowe, kana\u0142y poprzeczne oraz lamele na blokach bie\u017cnika odpowiadaj\u0105 za efektywne odprowadzanie wody poza profil opony.<\/p>\n<p style=\"margin: 15px 0; line-height: 1.8; clear: both; display: block; width: 100%; float: none; position: static;\">Opona zachowuje sta\u0142y kontakt z pod\u0142o\u017cem, przez co zapewnia skuteczne przekazywanie si\u0142 nap\u0119dowych i hamuj\u0105cych. D\u0142ugie przebiegi dzi\u0119ki zaawansowanej mieszance krzemionkowej. Jej specjalna receptura wyd\u0142u\u017ca okres przydatno\u015bci opony, dzi\u0119ki czemu przez ca\u0142y okres eksploatacji zachowuje ona doskona\u0142e parametry u\u017cytkowe. Wp\u0142ywaj\u0105 one nie tylko na doskona\u0142e w\u0142a\u015bciwo\u015bci jezdne, ale r\u00f3wnie\u017c na nisk\u0105 \u015bcieralno\u015b\u0107 i zwi\u0119kszon\u0105 trwa\u0142o\u015b\u0107.<\/p>\n<p style=\"margin: 15px 0; line-height: 1.8; clear: both; display: block; width: 100%; float: none; position: static;\">Przy projektowaniu bie\u017cnika wzi\u0119to pod uwag\u0119 zar\u00f3wno parametry trakcyjne, jak i komfort jazdy. Konstrukcja klock\u00f3w pozwoli\u0142a na zredukowanie emisji ha\u0142asu, co przek\u0142ada si\u0119 na lepszy komfort akustyczny i wi\u0119ksz\u0105 przyjemno\u015b\u0107 z jazdy. Oszcz\u0119dzaj\u0105ca paliwo i przyjazna dla \u015brodowiska eksploatacja. Technologia Fuel Saving ma za zadanie zredukowa\u0107 spalanie i zmniejszy\u0107 emisj\u0119 spalin. Lekka konstrukcja i zaawansowana mieszanka zmniejszaj\u0105 opory toczenia, dzi\u0119ki czemu wzrasta efektywno\u015b\u0107 energetyczna opony.<\/p>\n<\/div>\n<\/div>\n<\/div>\n<div style=\"clear: both; display: block; margin: 10px 0;\">\n<div style=\"clear: both; display: block; margin: 10px 0;\">\n<div style=\"clear: both; display: block; margin: 10px 0;\">\n<div  style=\"max-width:579px;max-height:826px\">\n<div style=\"clear: both; display: block; margin: 10px 0;\">\n<div style=\"clear: both; width: 100%; display: block; margin: 20px 0; padding: 0; float: none; position: static; text-align: center;\"><img decoding=\"async\"  src=\"https:\/\/a.allegroimg.com\/original\/1162ce\/b4d93a6b47f8aeea9d5730652143\/2x-OPONA-LETNIA-Goodyear-EfficientGrip-245-45R18-100-Y-rant-ochronny-XL-AO-Marka-Goodyear\" srcset=\"https:\/\/a.allegroimg.com\/original\/1162ce\/b4d93a6b47f8aeea9d5730652143\/2x-OPONA-LETNIA-Goodyear-EfficientGrip-245-45R18-100-Y-rant-ochronny-XL-AO-Marka-Goodyear 252w,https:\/\/a.allegroimg.com\/original\/1162ce\/b4d93a6b47f8aeea9d5730652143\/2x-OPONA-LETNIA-Goodyear-EfficientGrip-245-45R18-100-Y-rant-ochronny-XL-AO-Marka-Goodyear 504w,https:\/\/a.allegroimg.com\/original\/1162ce\/b4d93a6b47f8aeea9d5730652143\/2x-OPONA-LETNIA-Goodyear-EfficientGrip-245-45R18-100-Y-rant-ochronny-XL-AO-Marka-Goodyear 579w,https:\/\/a.allegroimg.com\/original\/1162ce\/b4d93a6b47f8aeea9d5730652143\/2x-OPONA-LETNIA-Goodyear-EfficientGrip-245-45R18-100-Y-rant-ochronny-XL-AO-Marka-Goodyear 579w\" sizes=\"100vw\" width=\"579px\" alt=\"2x OPONA LETNIA Goodyear EfficientGrip 245\/45R18 100 Y rant ochronny, XL AO Marka Goodyear\" style=\"max-width: 100%; height: auto; display: block; margin: 0 auto;\"><\/div>\n<\/div>\n<\/div>\n<\/div>\n<\/div>\n<\/div>\n<div style=\"clear: both; display: block; margin: 10px 0;\">\n<div style=\"clear: both; display: block; margin: 10px 0;\">\n<div style=\"clear: both; display: block; margin: 10px 0;\">\n<div  style=\"max-width:670px;max-height:501px\">\n<div style=\"clear: both; display: block; margin: 10px 0;\">\n<div style=\"clear: both; width: 100%; display: block; margin: 20px 0; padding: 0; float: none; position: static; text-align: center;\"><img decoding=\"async\"  src=\"https:\/\/a.allegroimg.com\/original\/111d2f\/aecaa1154250b528ef85b6ed0967\/2x-OPONA-LETNIA-Goodyear-EfficientGrip-245-45R18-100-Y-rant-ochronny-XL-AO-Kod-producenta-544893\" srcset=\"https:\/\/a.allegroimg.com\/original\/111d2f\/aecaa1154250b528ef85b6ed0967\/2x-OPONA-LETNIA-Goodyear-EfficientGrip-245-45R18-100-Y-rant-ochronny-XL-AO-Kod-producenta-544893 360w,https:\/\/a.allegroimg.com\/original\/111d2f\/aecaa1154250b528ef85b6ed0967\/2x-OPONA-LETNIA-Goodyear-EfficientGrip-245-45R18-100-Y-rant-ochronny-XL-AO-Kod-producenta-544893 670w,https:\/\/a.allegroimg.com\/original\/111d2f\/aecaa1154250b528ef85b6ed0967\/2x-OPONA-LETNIA-Goodyear-EfficientGrip-245-45R18-100-Y-rant-ochronny-XL-AO-Kod-producenta-544893 670w\" sizes=\"(min-width: 1200px) 560px, (min-width: 992px) 50vw, 100vw\" width=\"670px\" alt=\"2x OPONA LETNIA Goodyear EfficientGrip 245\/45R18 100 Y rant ochronny, XL AO Kod producenta 544893\" style=\"max-width: 100%; height: auto; display: block; margin: 0 auto;\"><\/div>\n<\/div>\n<\/div>\n<\/div>\n<\/div>\n<div style=\"clear: both; display: block; margin: 10px 0;\">\n<div style=\"clear: both; display: block; margin: 10px 0;\">\n<div  style=\"max-width:2182px;max-height:1453px\">\n<div style=\"clear: both; display: block; margin: 10px 0;\">\n<div style=\"clear: both; width: 100%; display: block; margin: 20px 0; padding: 0; float: none; position: static; text-align: center;\"><img decoding=\"async\"  src=\"https:\/\/a.allegroimg.com\/original\/1196cf\/dec94a124010a76e1dc7da103303\/2x-OPONA-LETNIA-Goodyear-EfficientGrip-245-45R18-100-Y-rant-ochronny-XL-AO-EAN-GTIN-5452000724700\" srcset=\"https:\/\/a.allegroimg.com\/original\/1196cf\/dec94a124010a76e1dc7da103303\/2x-OPONA-LETNIA-Goodyear-EfficientGrip-245-45R18-100-Y-rant-ochronny-XL-AO-EAN-GTIN-5452000724700 360w,https:\/\/a.allegroimg.com\/original\/1196cf\/dec94a124010a76e1dc7da103303\/2x-OPONA-LETNIA-Goodyear-EfficientGrip-245-45R18-100-Y-rant-ochronny-XL-AO-EAN-GTIN-5452000724700 720w,https:\/\/a.allegroimg.com\/original\/1196cf\/dec94a124010a76e1dc7da103303\/2x-OPONA-LETNIA-Goodyear-EfficientGrip-245-45R18-100-Y-rant-ochronny-XL-AO-EAN-GTIN-5452000724700 1024w,https:\/\/a.allegroimg.com\/original\/1196cf\/dec94a124010a76e1dc7da103303\/2x-OPONA-LETNIA-Goodyear-EfficientGrip-245-45R18-100-Y-rant-ochronny-XL-AO-EAN-GTIN-5452000724700 1440w,https:\/\/a.allegroimg.com\/original\/1196cf\/dec94a124010a76e1dc7da103303\/2x-OPONA-LETNIA-Goodyear-EfficientGrip-245-45R18-100-Y-rant-ochronny-XL-AO-EAN-GTIN-5452000724700 2182w\" sizes=\"(min-width: 1200px) 560px, (min-width: 992px) 50vw, 100vw\" width=\"2182px\" alt=\"2x OPONA LETNIA Goodyear EfficientGrip 245\/45R18 100 Y rant ochronny, XL AO EAN (GTIN) 5452000724700\" style=\"max-width: 100%; height: auto; display: block; margin: 0 auto;\"><\/div>\n<\/div>\n<\/div>\n<\/div>\n<\/div>\n<\/div>\n<div style=\"clear: both; display: block; margin: 10px 0;\">\n<div style=\"clear: both; display: block; margin: 10px 0;\">\n<div style=\"clear: both; display: block; margin: 10px 0;\">\n<div  style=\"max-width:666px;max-height:486px\">\n<div style=\"clear: both; display: block; margin: 10px 0;\">\n<div style=\"clear: both; width: 100%; display: block; margin: 20px 0; padding: 0; float: none; position: static; text-align: center;\"><img decoding=\"async\"  src=\"https:\/\/a.allegroimg.com\/original\/11db2a\/56468cab4b0fa02766c1865d6eab\/2x-OPONA-LETNIA-Goodyear-EfficientGrip-245-45R18-100-Y-rant-ochronny-XL-AO-Model-EfficientGrip\" srcset=\"https:\/\/a.allegroimg.com\/original\/11db2a\/56468cab4b0fa02766c1865d6eab\/2x-OPONA-LETNIA-Goodyear-EfficientGrip-245-45R18-100-Y-rant-ochronny-XL-AO-Model-EfficientGrip 360w,https:\/\/a.allegroimg.com\/original\/11db2a\/56468cab4b0fa02766c1865d6eab\/2x-OPONA-LETNIA-Goodyear-EfficientGrip-245-45R18-100-Y-rant-ochronny-XL-AO-Model-EfficientGrip 666w,https:\/\/a.allegroimg.com\/original\/11db2a\/56468cab4b0fa02766c1865d6eab\/2x-OPONA-LETNIA-Goodyear-EfficientGrip-245-45R18-100-Y-rant-ochronny-XL-AO-Model-EfficientGrip 666w\" sizes=\"100vw\" width=\"666px\" alt=\"2x OPONA LETNIA Goodyear EfficientGrip 245\/45R18 100 Y rant ochronny, XL AO Model EfficientGrip\" style=\"max-width: 100%; height: auto; display: block; margin: 0 auto;\"><\/div>\n<\/div>\n<\/div>\n<\/div>\n<\/div>\n<\/div>\n<\/div>\n<\/div>\n<\/div>\n<div style=\"clear: both; display: block; margin: 10px 0;\">\n","protected":false},"excerpt":{"rendered":"<p>2 x Opona letnia Goodyear EFFICIENTGRIP 245\/45 R18 100 Y XL &#8211; rant ochronny wzmocnienie<\/p>\n<p>\u2705 Stan : Fabrycznie nowe<\/p>\n<p>\u2705 Gwarancja jako\u015bci \/ guarantee of quality<\/p>\n<p>\u2705 Szybka dostawa \/ fast delivery<\/p>\n<p>Parametry opony<\/p>\n<p>Typ: Osobowe Sezon: Letnie<\/p>\n<p>Rozmiar:245\/45 R18<\/p>\n<p>Indeks pr\u0119dko\u015bci:Y = max 300 km\/h<\/p>\n","protected":false},"featured_media":14285,"template":"","meta":{"_uag_custom_page_level_css":""},"product_brand":[437],"product_cat":[414,418,413,412],"product_tag":[],"class_list":{"0":"post-14284","1":"product","2":"type-product","3":"status-publish","4":"has-post-thumbnail","6":"product_brand-goodyear","7":"product_cat-do-samochodow-osobowych-i-suv","8":"product_cat-letnie","9":"product_cat-opony","10":"product_cat-opony-i-felgi","12":"first","13":"instock","14":"shipping-taxable","15":"purchasable","16":"product-type-simple"},"uagb_featured_image_src":{"full":["https:\/\/oponixo.shop\/tire\/wp-content\/uploads\/2026\/01\/allegro-image-14284.jpg",928,828,false],"thumbnail":["https:\/\/oponixo.shop\/tire\/wp-content\/uploads\/2026\/01\/allegro-image-14284-150x150.jpg",150,150,true],"medium":["https:\/\/oponixo.shop\/tire\/wp-content\/uploads\/2026\/01\/allegro-image-14284-300x268.jpg",300,268,true],"medium_large":["https:\/\/oponixo.shop\/tire\/wp-content\/uploads\/2026\/01\/allegro-image-14284-768x685.jpg",768,685,true],"large":["https:\/\/oponixo.shop\/tire\/wp-content\/uploads\/2026\/01\/allegro-image-14284.jpg",928,828,false],"1536x1536":["https:\/\/oponixo.shop\/tire\/wp-content\/uploads\/2026\/01\/allegro-image-14284.jpg",928,828,false],"2048x2048":["https:\/\/oponixo.shop\/tire\/wp-content\/uploads\/2026\/01\/allegro-image-14284.jpg",928,828,false],"woocommerce_thumbnail":["https:\/\/oponixo.shop\/tire\/wp-content\/uploads\/2026\/01\/allegro-image-14284-300x300.jpg",300,300,true],"woocommerce_single":["https:\/\/oponixo.shop\/tire\/wp-content\/uploads\/2026\/01\/allegro-image-14284-600x535.jpg",600,535,true],"woocommerce_gallery_thumbnail":["https:\/\/oponixo.shop\/tire\/wp-content\/uploads\/2026\/01\/allegro-image-14284-100x100.jpg",100,100,true]},"uagb_author_info":{"display_name":"admin","author_link":"https:\/\/oponixo.shop\/tire\/author\/"},"uagb_comment_info":0,"uagb_excerpt":"2 x Opona letnia Goodyear EFFICIENTGRIP 245\/45 R18 100 Y XL - rant ochronny wzmocnienie \u2705 Stan : Fabrycznie nowe \u2705 Gwarancja jako\u015bci \/ guarantee of quality \u2705 Szybka dostawa \/ fast delivery Parametry opony Typ: Osobowe Sezon: Letnie Rozmiar:245\/45 R18 Indeks pr\u0119dko\u015bci:Y = max 300 km\/h","_links":{"self":[{"href":"https:\/\/oponixo.shop\/tire\/wp-json\/wp\/v2\/product\/14284","targetHints":{"allow":["GET"]}}],"collection":[{"href":"https:\/\/oponixo.shop\/tire\/wp-json\/wp\/v2\/product"}],"about":[{"href":"https:\/\/oponixo.shop\/tire\/wp-json\/wp\/v2\/types\/product"}],"wp:featuredmedia":[{"embeddable":true,"href":"https:\/\/oponixo.shop\/tire\/wp-json\/wp\/v2\/media\/14285"}],"wp:attachment":[{"href":"https:\/\/oponixo.shop\/tire\/wp-json\/wp\/v2\/media?parent=14284"}],"wp:term":[{"taxonomy":"product_brand","embeddable":true,"href":"https:\/\/oponixo.shop\/tire\/wp-json\/wp\/v2\/product_brand?post=14284"},{"taxonomy":"product_cat","embeddable":true,"href":"https:\/\/oponixo.shop\/tire\/wp-json\/wp\/v2\/product_cat?post=14284"},{"taxonomy":"product_tag","embeddable":true,"href":"https:\/\/oponixo.shop\/tire\/wp-json\/wp\/v2\/product_tag?post=14284"}],"curies":[{"name":"wp","href":"https:\/\/api.w.org\/{rel}","templated":true}]}}