{"id":14306,"date":"2026-01-12T01:35:22","date_gmt":"2026-01-12T00:35:22","guid":{"rendered":"https:\/\/oponyspeed.shop\/xef5\/produkt\/4x-295-40r21-uniroyal-rainsport-5-111y-wyprzedaz\/"},"modified":"2026-01-12T01:35:22","modified_gmt":"2026-01-12T00:35:22","slug":"4x-295-40r21-uniroyal-rainsport-5-111y-wyprzedaz","status":"publish","type":"product","link":"https:\/\/oponixo.shop\/tire\/produkt\/4x-295-40r21-uniroyal-rainsport-5-111y-wyprzedaz\/","title":{"rendered":"4x 295\/40R21 Uniroyal RainSport 5 111Y WYPRZEDA\u017b"},"content":{"rendered":"<div style=\"font-family: Arial, sans-serif; line-height: 1.6; color: #333; padding: 20px; clear: both; display: block; width: 100%; float: none; position: static; overflow: hidden;\">\n<div style=\"clear: both; display: block; margin: 10px 0;\">\n<div style=\"clear: both; display: block; margin: 10px 0;\">\n<div style=\"clear: both; display: block; margin: 10px 0;\">\n<div  style=\"max-width:1249px;max-height:300px\">\n<div style=\"clear: both; display: block; margin: 10px 0;\">\n<div style=\"clear: both; width: 100%; display: block; margin: 20px 0; padding: 0; float: none; position: static; text-align: center;\"><img decoding=\"async\"  src=\"https:\/\/a.allegroimg.com\/original\/114d4c\/0e6715c249ee9431f3c6eab3dce1\/4x-295-40R21-Uniroyal-RainSport-5-111Y-WYPRZEDAZ-Liczba-opon-w-ofercie-Komplet-4-szt\" srcset=\"https:\/\/a.allegroimg.com\/original\/114d4c\/0e6715c249ee9431f3c6eab3dce1\/4x-295-40R21-Uniroyal-RainSport-5-111Y-WYPRZEDAZ-Liczba-opon-w-ofercie-Komplet-4-szt 360w,https:\/\/a.allegroimg.com\/original\/114d4c\/0e6715c249ee9431f3c6eab3dce1\/4x-295-40R21-Uniroyal-RainSport-5-111Y-WYPRZEDAZ-Liczba-opon-w-ofercie-Komplet-4-szt 720w,https:\/\/a.allegroimg.com\/original\/114d4c\/0e6715c249ee9431f3c6eab3dce1\/4x-295-40R21-Uniroyal-RainSport-5-111Y-WYPRZEDAZ-Liczba-opon-w-ofercie-Komplet-4-szt 1023w,https:\/\/a.allegroimg.com\/original\/114d4c\/0e6715c249ee9431f3c6eab3dce1\/4x-295-40R21-Uniroyal-RainSport-5-111Y-WYPRZEDAZ-Liczba-opon-w-ofercie-Komplet-4-szt 1249w,https:\/\/a.allegroimg.com\/original\/114d4c\/0e6715c249ee9431f3c6eab3dce1\/4x-295-40R21-Uniroyal-RainSport-5-111Y-WYPRZEDAZ-Liczba-opon-w-ofercie-Komplet-4-szt 1249w\" sizes=\"100vw\" width=\"1249px\" alt=\"4x 295\/40R21 Uniroyal RainSport 5 111Y WYPRZEDA\u017b Liczba opon w ofercie Komplet 4 szt.\" style=\"max-width: 100%; height: auto; display: block; margin: 0 auto;\"><\/div>\n<\/div>\n<\/div>\n<\/div>\n<\/div>\n<\/div>\n<div style=\"clear: both; display: block; margin: 10px 0;\">\n<div style=\"clear: both; display: block; margin: 10px 0;\">\n<div style=\"clear: both; display: block; margin: 10px 0;\">\n<div  style=\"max-width:2211px;max-height:2214px\">\n<div style=\"clear: both; display: block; margin: 10px 0;\">\n<div style=\"clear: both; width: 100%; display: block; margin: 20px 0; padding: 0; float: none; position: static; text-align: center;\"><img decoding=\"async\"  src=\"https:\/\/a.allegroimg.com\/original\/11b04e\/ed3201174288a5b10be05594e105\/4x-295-40R21-Uniroyal-RainSport-5-111Y-WYPRZEDAZ-Klasa-srednia\" srcset=\"https:\/\/a.allegroimg.com\/original\/11b04e\/ed3201174288a5b10be05594e105\/4x-295-40R21-Uniroyal-RainSport-5-111Y-WYPRZEDAZ-Klasa-srednia 359w,https:\/\/a.allegroimg.com\/original\/11b04e\/ed3201174288a5b10be05594e105\/4x-295-40R21-Uniroyal-RainSport-5-111Y-WYPRZEDAZ-Klasa-srednia 719w,https:\/\/a.allegroimg.com\/original\/11b04e\/ed3201174288a5b10be05594e105\/4x-295-40R21-Uniroyal-RainSport-5-111Y-WYPRZEDAZ-Klasa-srednia 1022w,https:\/\/a.allegroimg.com\/original\/11b04e\/ed3201174288a5b10be05594e105\/4x-295-40R21-Uniroyal-RainSport-5-111Y-WYPRZEDAZ-Klasa-srednia 1438w,https:\/\/a.allegroimg.com\/original\/11b04e\/ed3201174288a5b10be05594e105\/4x-295-40R21-Uniroyal-RainSport-5-111Y-WYPRZEDAZ-Klasa-srednia 2211w\" sizes=\"100vw\" width=\"2211px\" alt=\"4x 295\/40R21 Uniroyal RainSport 5 111Y WYPRZEDA\u017b Klasa \u015brednia\" style=\"max-width: 100%; height: auto; display: block; margin: 0 auto;\"><\/div>\n<\/div>\n<\/div>\n<\/div>\n<\/div>\n<\/div>\n<div style=\"clear: both; display: block; margin: 10px 0;\">\n<div style=\"clear: both; display: block; margin: 10px 0;\">\n<div style=\"clear: both; display: block; margin: 10px 0;\">\n<div  style=\"max-width:1284px;max-height:479px\">\n<div style=\"clear: both; display: block; margin: 10px 0;\">\n<div style=\"clear: both; width: 100%; display: block; margin: 20px 0; padding: 0; float: none; position: static; text-align: center;\"><img decoding=\"async\"  src=\"https:\/\/a.allegroimg.com\/original\/11373f\/7958b33e4dbcbcf4210a5f90dab8\/4x-295-40R21-Uniroyal-RainSport-5-111Y-WYPRZEDAZ\" srcset=\"https:\/\/a.allegroimg.com\/original\/11373f\/7958b33e4dbcbcf4210a5f90dab8\/4x-295-40R21-Uniroyal-RainSport-5-111Y-WYPRZEDAZ 359w,https:\/\/a.allegroimg.com\/original\/11373f\/7958b33e4dbcbcf4210a5f90dab8\/4x-295-40R21-Uniroyal-RainSport-5-111Y-WYPRZEDAZ 719w,https:\/\/a.allegroimg.com\/original\/11373f\/7958b33e4dbcbcf4210a5f90dab8\/4x-295-40R21-Uniroyal-RainSport-5-111Y-WYPRZEDAZ 1024w,https:\/\/a.allegroimg.com\/original\/11373f\/7958b33e4dbcbcf4210a5f90dab8\/4x-295-40R21-Uniroyal-RainSport-5-111Y-WYPRZEDAZ 1284w,https:\/\/a.allegroimg.com\/original\/11373f\/7958b33e4dbcbcf4210a5f90dab8\/4x-295-40R21-Uniroyal-RainSport-5-111Y-WYPRZEDAZ 1284w\" sizes=\"(min-width: 1200px) 560px, (min-width: 992px) 50vw, 100vw\" width=\"1284px\" alt=\"4x 295\/40R21 Uniroyal RainSport 5 111Y WYPRZEDA\u017b\" style=\"max-width: 100%; height: auto; display: block; margin: 0 auto;\"><\/div>\n<\/div>\n<\/div>\n<\/div>\n<\/div>\n<div style=\"clear: both; display: block; margin: 10px 0;\">\n<div style=\"clear: both; display: block; margin: 10px 0;\">\n<h3 style=\"color: #2c5aa0; font-size: 18px; margin: 30px 0 15px 0; font-weight: bold; clear: both; display: block; width: 100%; float: none; position: static;\">PARAMETRY OPON:<\/h3>\n<p style=\"margin: 15px 0; line-height: 1.8; clear: both; display: block; width: 100%; float: none; position: static;\">Producent: Uniroyal<\/p>\n<p style=\"margin: 15px 0; line-height: 1.8; clear: both; display: block; width: 100%; float: none; position: static;\">Kod producenta: 03611280000<\/p>\n<p style=\"margin: 15px 0; line-height: 1.8; clear: both; display: block; width: 100%; float: none; position: static;\">EAN: 4024068002574<\/p>\n<p style=\"margin: 15px 0; line-height: 1.8; clear: both; display: block; width: 100%; float: none; position: static;\">Model: RainSport 5<\/p>\n<p style=\"margin: 15px 0; line-height: 1.8; clear: both; display: block; width: 100%; float: none; position: static;\">Rozmiar: 295\/40R21<\/p>\n<p style=\"margin: 15px 0; line-height: 1.8; clear: both; display: block; width: 100%; float: none; position: static;\">Indeks no\u015bno\u015bci: 111<\/p>\n<p style=\"margin: 15px 0; line-height: 1.8; clear: both; display: block; width: 100%; float: none; position: static;\">Indeks pr\u0119dko\u015bci: Y do 300 km\/h<\/p>\n<p style=\"margin: 15px 0; line-height: 1.8; clear: both; display: block; width: 100%; float: none; position: static;\">Op\u00f3r toczenia: C<\/p>\n<p style=\"margin: 15px 0; line-height: 1.8; clear: both; display: block; width: 100%; float: none; position: static;\">Przyczepno\u015b\u0107 na mokrej nawierzchni: A<\/p>\n<p style=\"margin: 15px 0; line-height: 1.8; clear: both; display: block; width: 100%; float: none; position: static;\">Ha\u0142as zewn\u0119trzny: 75dB<\/p>\n<p style=\"margin: 15px 0; line-height: 1.8; clear: both; display: block; width: 100%; float: none; position: static;\">Informacje dodatkowe: rant ochronny|wzmocnienie (XL)|<\/p>\n<\/div>\n<\/div>\n<\/div>\n<div style=\"clear: both; display: block; margin: 10px 0;\">\n<div style=\"clear: both; display: block; margin: 10px 0;\">\n<div style=\"clear: both; display: block; margin: 10px 0;\">\n<div  style=\"max-width:573px;max-height:403px\">\n<div style=\"clear: both; display: block; margin: 10px 0;\">\n<div style=\"clear: both; width: 100%; display: block; margin: 20px 0; padding: 0; float: none; position: static; text-align: center;\"><img decoding=\"async\"  src=\"https:\/\/a.allegroimg.com\/original\/1171a2\/77bc522346478ee24490480a3b56\/4x-295-40R21-Uniroyal-RainSport-5-111Y-WYPRZEDAZ-Kod-producenta-3611280000\" srcset=\"https:\/\/a.allegroimg.com\/original\/1171a2\/77bc522346478ee24490480a3b56\/4x-295-40R21-Uniroyal-RainSport-5-111Y-WYPRZEDAZ-Kod-producenta-3611280000 360w,https:\/\/a.allegroimg.com\/original\/1171a2\/77bc522346478ee24490480a3b56\/4x-295-40R21-Uniroyal-RainSport-5-111Y-WYPRZEDAZ-Kod-producenta-3611280000 573w,https:\/\/a.allegroimg.com\/original\/1171a2\/77bc522346478ee24490480a3b56\/4x-295-40R21-Uniroyal-RainSport-5-111Y-WYPRZEDAZ-Kod-producenta-3611280000 573w\" sizes=\"(min-width: 1200px) 560px, (min-width: 992px) 50vw, 100vw\" width=\"573px\" alt=\"4x 295\/40R21 Uniroyal RainSport 5 111Y WYPRZEDA\u017b Kod producenta 3611280000\" style=\"max-width: 100%; height: auto; display: block; margin: 0 auto;\"><\/div>\n<\/div>\n<\/div>\n<\/div>\n<\/div>\n<div style=\"clear: both; display: block; margin: 10px 0;\">\n<div style=\"clear: both; display: block; margin: 10px 0;\">\n<h3 style=\"color: #2c5aa0; font-size: 18px; margin: 30px 0 15px 0; font-weight: bold; clear: both; display: block; width: 100%; float: none; position: static;\">\n","protected":false},"excerpt":{"rendered":"<p>PARAMETRY OPON:<\/p>\n<p>Producent: Uniroyal<\/p>\n<p>Kod producenta: 03611280000<\/p>\n<p>EAN: 4024068002574<\/p>\n<p>Model: RainSport 5<\/p>\n<p>Rozmiar: 295\/40R21<\/p>\n<p>Indeks no\u015bno\u015bci: 111<\/p>\n<p>Indeks pr\u0119dko\u015bci: Y do 300 km\/h<\/p>\n","protected":false},"featured_media":14307,"template":"","meta":{"_uag_custom_page_level_css":""},"product_brand":[394],"product_cat":[414,418,413,412],"product_tag":[],"class_list":{"0":"post-14306","1":"product","2":"type-product","3":"status-publish","4":"has-post-thumbnail","6":"product_brand-uniroyal","7":"product_cat-do-samochodow-osobowych-i-suv","8":"product_cat-letnie","9":"product_cat-opony","10":"product_cat-opony-i-felgi","12":"first","13":"instock","14":"shipping-taxable","15":"purchasable","16":"product-type-simple"},"uagb_featured_image_src":{"full":["https:\/\/oponixo.shop\/tire\/wp-content\/uploads\/2026\/01\/allegro-image-14306.jpg",1284,479,false],"thumbnail":["https:\/\/oponixo.shop\/tire\/wp-content\/uploads\/2026\/01\/allegro-image-14306-150x150.jpg",150,150,true],"medium":["https:\/\/oponixo.shop\/tire\/wp-content\/uploads\/2026\/01\/allegro-image-14306-300x112.jpg",300,112,true],"medium_large":["https:\/\/oponixo.shop\/tire\/wp-content\/uploads\/2026\/01\/allegro-image-14306-768x287.jpg",768,287,true],"large":["https:\/\/oponixo.shop\/tire\/wp-content\/uploads\/2026\/01\/allegro-image-14306-1024x382.jpg",1024,382,true],"1536x1536":["https:\/\/oponixo.shop\/tire\/wp-content\/uploads\/2026\/01\/allegro-image-14306.jpg",1284,479,false],"2048x2048":["https:\/\/oponixo.shop\/tire\/wp-content\/uploads\/2026\/01\/allegro-image-14306.jpg",1284,479,false],"woocommerce_thumbnail":["https:\/\/oponixo.shop\/tire\/wp-content\/uploads\/2026\/01\/allegro-image-14306-300x300.jpg",300,300,true],"woocommerce_single":["https:\/\/oponixo.shop\/tire\/wp-content\/uploads\/2026\/01\/allegro-image-14306-600x224.jpg",600,224,true],"woocommerce_gallery_thumbnail":["https:\/\/oponixo.shop\/tire\/wp-content\/uploads\/2026\/01\/allegro-image-14306-100x100.jpg",100,100,true]},"uagb_author_info":{"display_name":"admin","author_link":"https:\/\/oponixo.shop\/tire\/author\/"},"uagb_comment_info":0,"uagb_excerpt":"PARAMETRY OPON: Producent: Uniroyal Kod producenta: 03611280000 EAN: 4024068002574 Model: RainSport 5 Rozmiar: 295\/40R21 Indeks no\u015bno\u015bci: 111 Indeks pr\u0119dko\u015bci: Y do 300 km\/h","_links":{"self":[{"href":"https:\/\/oponixo.shop\/tire\/wp-json\/wp\/v2\/product\/14306","targetHints":{"allow":["GET"]}}],"collection":[{"href":"https:\/\/oponixo.shop\/tire\/wp-json\/wp\/v2\/product"}],"about":[{"href":"https:\/\/oponixo.shop\/tire\/wp-json\/wp\/v2\/types\/product"}],"wp:featuredmedia":[{"embeddable":true,"href":"https:\/\/oponixo.shop\/tire\/wp-json\/wp\/v2\/media\/14307"}],"wp:attachment":[{"href":"https:\/\/oponixo.shop\/tire\/wp-json\/wp\/v2\/media?parent=14306"}],"wp:term":[{"taxonomy":"product_brand","embeddable":true,"href":"https:\/\/oponixo.shop\/tire\/wp-json\/wp\/v2\/product_brand?post=14306"},{"taxonomy":"product_cat","embeddable":true,"href":"https:\/\/oponixo.shop\/tire\/wp-json\/wp\/v2\/product_cat?post=14306"},{"taxonomy":"product_tag","embeddable":true,"href":"https:\/\/oponixo.shop\/tire\/wp-json\/wp\/v2\/product_tag?post=14306"}],"curies":[{"name":"wp","href":"https:\/\/api.w.org\/{rel}","templated":true}]}}