{"id":14472,"date":"2026-01-12T01:46:18","date_gmt":"2026-01-12T00:46:18","guid":{"rendered":"https:\/\/oponyspeed.shop\/xef5\/produkt\/2x-195-65r15-15-opony-letnie-2-sztuki-para\/"},"modified":"2026-01-12T01:46:19","modified_gmt":"2026-01-12T00:46:19","slug":"2x-195-65r15-15-opony-letnie-2-sztuki-para","status":"publish","type":"product","link":"https:\/\/oponixo.shop\/tire\/produkt\/2x-195-65r15-15-opony-letnie-2-sztuki-para\/","title":{"rendered":"2x 195\/65R15 15&#8221; OPONY LETNIE 2 sztuki PARA"},"content":{"rendered":"<div style=\"font-family: Arial, sans-serif; line-height: 1.6; color: #333; padding: 20px; clear: both; display: block; width: 100%; float: none; position: static; overflow: hidden;\">\n<div style=\"clear: both; display: block; margin: 10px 0;\">\n<div style=\"clear: both; display: block; margin: 10px 0;\">\n<div style=\"clear: both; display: block; margin: 10px 0;\">\n<div  style=\"max-width:415px;max-height:950px\">\n<div style=\"clear: both; display: block; margin: 10px 0;\">\n<div style=\"clear: both; width: 100%; display: block; margin: 20px 0; padding: 0; float: none; position: static; text-align: center;\"><img decoding=\"async\"  src=\"https:\/\/a.allegroimg.com\/original\/119789\/7f36f5f547c98a97d14cecb26e1f\/2x-195-65R15-15-OPONY-LETNIE-2-sztuki-PARA-Klasa-pozostale-marki\" srcset=\"https:\/\/a.allegroimg.com\/original\/119789\/7f36f5f547c98a97d14cecb26e1f\/2x-195-65R15-15-OPONY-LETNIE-2-sztuki-PARA-Klasa-pozostale-marki 157w,https:\/\/a.allegroimg.com\/original\/119789\/7f36f5f547c98a97d14cecb26e1f\/2x-195-65R15-15-OPONY-LETNIE-2-sztuki-PARA-Klasa-pozostale-marki 314w,https:\/\/a.allegroimg.com\/original\/119789\/7f36f5f547c98a97d14cecb26e1f\/2x-195-65R15-15-OPONY-LETNIE-2-sztuki-PARA-Klasa-pozostale-marki 415w,https:\/\/a.allegroimg.com\/original\/119789\/7f36f5f547c98a97d14cecb26e1f\/2x-195-65R15-15-OPONY-LETNIE-2-sztuki-PARA-Klasa-pozostale-marki 415w\" sizes=\"(min-width: 1200px) 560px, (min-width: 992px) 50vw, 100vw\" width=\"415px\" alt=\"2x 195\/65R15 15'' OPONY LETNIE 2 sztuki PARA Klasa pozosta\u0142e marki\" style=\"max-width: 100%; height: auto; display: block; margin: 0 auto;\"><\/div>\n<\/div>\n<\/div>\n<\/div>\n<\/div>\n<div style=\"clear: both; display: block; margin: 10px 0;\">\n<div style=\"clear: both; display: block; margin: 10px 0;\">\n<h1>Dane opony:<\/h1>\n<p style=\"margin: 15px 0; line-height: 1.8; clear: both; display: block; width: 100%; float: none; position: static;\"><b>Producent<\/b>: FORTUNE \/ AUSTONE<\/p>\n<p style=\"margin: 15px 0; line-height: 1.8; clear: both; display: block; width: 100%; float: none; position: static;\"><b>Wz\u00f3r<\/b>: FSR 802<\/p>\n<p style=\"margin: 15px 0; line-height: 1.8; clear: both; display: block; width: 100%; float: none; position: static;\"><b>Rozmiar<\/b>: 195\/65 R15<\/p>\n<p style=\"margin: 15px 0; line-height: 1.8; clear: both; display: block; width: 100%; float: none; position: static;\"><b>Indeks no\u015bno\u015bci<\/b>: 91<\/p>\n<p style=\"margin: 15px 0; line-height: 1.8; clear: both; display: block; width: 100%; float: none; position: static;\"><b>Indeks pr\u0119dko\u015bci<\/b>: H do 210km\/h<\/p>\n<p style=\"margin: 15px 0; line-height: 1.8; clear: both; display: block; width: 100%; float: none; position: static;\"><b>Rok produkcji<\/b>: 2024\/2025<\/p>\n<p style=\"margin: 15px 0; line-height: 1.8; clear: both; display: block; width: 100%; float: none; position: static;\"><b>Cena dotyczy(szt):&nbsp;<\/b>2<\/p>\n<p style=\"margin: 15px 0; line-height: 1.8; clear: both; display: block; width: 100%; float: none; position: static;\"><b>Sezon<\/b>: Letni<\/p>\n<\/div>\n<\/div>\n<\/div>\n<div style=\"clear: both; display: block; margin: 10px 0;\">\n<div style=\"clear: both; display: block; margin: 10px 0;\">\n<div style=\"clear: both; display: block; margin: 10px 0;\">\n<div  style=\"max-width:1000px;max-height:754px\">\n<div style=\"clear: both; display: block; margin: 10px 0;\">\n<div style=\"clear: both; width: 100%; display: block; margin: 20px 0; padding: 0; float: none; position: static; text-align: center;\"><img decoding=\"async\"  src=\"https:\/\/a.allegroimg.com\/original\/1182c4\/439d4bf54bc9855527c514d2b746\/2x-195-65R15-15-OPONY-LETNIE-2-sztuki-PARA-Kod-producenta-3325030602\" srcset=\"https:\/\/a.allegroimg.com\/original\/1182c4\/439d4bf54bc9855527c514d2b746\/2x-195-65R15-15-OPONY-LETNIE-2-sztuki-PARA-Kod-producenta-3325030602 360w,https:\/\/a.allegroimg.com\/original\/1182c4\/439d4bf54bc9855527c514d2b746\/2x-195-65R15-15-OPONY-LETNIE-2-sztuki-PARA-Kod-producenta-3325030602 720w,https:\/\/a.allegroimg.com\/original\/1182c4\/439d4bf54bc9855527c514d2b746\/2x-195-65R15-15-OPONY-LETNIE-2-sztuki-PARA-Kod-producenta-3325030602 1000w,https:\/\/a.allegroimg.com\/original\/1182c4\/439d4bf54bc9855527c514d2b746\/2x-195-65R15-15-OPONY-LETNIE-2-sztuki-PARA-Kod-producenta-3325030602 1000w\" sizes=\"100vw\" width=\"1000px\" alt=\"2x 195\/65R15 15'' OPONY LETNIE 2 sztuki PARA Kod producenta 3325030602\" style=\"max-width: 100%; height: auto; display: block; margin: 0 auto;\"><\/div>\n<\/div>\n<\/div>\n<\/div>\n<\/div>\n<\/div>\n<div style=\"clear: both; display: block; margin: 10px 0;\">\n<div style=\"clear: both; display: block; margin: 10px 0;\">\n<div style=\"clear: both; display: block; margin: 10px 0;\">\n<div  style=\"max-width:652px;max-height:652px\">\n<div style=\"clear: both; display: block; margin: 10px 0;\">\n<div style=\"clear: both; width: 100%; display: block; margin: 20px 0; padding: 0; float: none; position: static; text-align: center;\"><img decoding=\"async\"  src=\"https:\/\/a.allegroimg.com\/original\/11944c\/5f477a4a4acd9a43c19b3e6eabe6\/2x-195-65R15-15-OPONY-LETNIE-2-sztuki-PARA\" srcset=\"https:\/\/a.allegroimg.com\/original\/11944c\/5f477a4a4acd9a43c19b3e6eabe6\/2x-195-65R15-15-OPONY-LETNIE-2-sztuki-PARA 360w,https:\/\/a.allegroimg.com\/original\/11944c\/5f477a4a4acd9a43c19b3e6eabe6\/2x-195-65R15-15-OPONY-LETNIE-2-sztuki-PARA 652w,https:\/\/a.allegroimg.com\/original\/11944c\/5f477a4a4acd9a43c19b3e6eabe6\/2x-195-65R15-15-OPONY-LETNIE-2-sztuki-PARA 652w\" sizes=\"100vw\" width=\"652px\" alt=\"2x 195\/65R15 15'' OPONY LETNIE 2 sztuki PARA\" style=\"max-width: 100%; height: auto; display: block; margin: 0 auto;\"><\/div>\n<\/div>\n<\/div>\n<\/div>\n<\/div>\n<\/div>\n<div style=\"clear: both; display: block; margin: 10px 0;\">\n<div style=\"clear: both; display: block; margin: 10px 0;\">\n<div style=\"clear: both; display: block; margin: 10px 0;\">\n<div  style=\"max-width:1200px;max-height:800px\">\n<div style=\"clear: both; display: block; margin: 10px 0;\">\n<div style=\"clear: both; width: 100%; display: block; margin: 20px 0; padding: 0; float: none; position: static; text-align: center;\"><img decoding=\"async\"  src=\"https:\/\/a.allegroimg.com\/original\/11994c\/21e2bb0b465aa8d56716f743f998\/2x-195-65R15-15-OPONY-LETNIE-2-sztuki-PARA-Marka-Fortune\" srcset=\"https:\/\/a.allegroimg.com\/original\/11994c\/21e2bb0b465aa8d56716f743f998\/2x-195-65R15-15-OPONY-LETNIE-2-sztuki-PARA-Marka-Fortune 360w,https:\/\/a.allegroimg.com\/original\/11994c\/21e2bb0b465aa8d56716f743f998\/2x-195-65R15-15-OPONY-LETNIE-2-sztuki-PARA-Marka-Fortune 720w,https:\/\/a.allegroimg.com\/original\/11994c\/21e2bb0b465aa8d56716f743f998\/2x-195-65R15-15-OPONY-LETNIE-2-sztuki-PARA-Marka-Fortune 1024w,https:\/\/a.allegroimg.com\/original\/11994c\/21e2bb0b465aa8d56716f743f998\/2x-195-65R15-15-OPONY-LETNIE-2-sztuki-PARA-Marka-Fortune 1200w,https:\/\/a.allegroimg.com\/original\/11994c\/21e2bb0b465aa8d56716f743f998\/2x-195-65R15-15-OPONY-LETNIE-2-sztuki-PARA-Marka-Fortune 1200w\" sizes=\"100vw\" width=\"1200px\" alt=\"2x 195\/65R15 15'' OPONY LETNIE 2 sztuki PARA Marka Fortune\" style=\"max-width: 100%; height: auto; display: block; margin: 0 auto;\"><\/div>\n<\/div>\n<\/div>\n<\/div>\n<\/div>\n<\/div>\n<div style=\"clear: both; display: block; margin: 10px 0;\">\n<div style=\"clear: both; display: block; margin: 10px 0;\">\n<div style=\"clear: both; display: block; margin: 10px 0;\">\n<div  style=\"max-width:2402px;max-height:2560px\">\n<div style=\"clear: both; display: block; margin: 10px 0;\">\n<div style=\"clear: both; width: 100%; display: block; margin: 20px 0; padding: 0; float: none; position: static; text-align: center;\"><img decoding=\"async\"  src=\"https:\/\/a.allegroimg.com\/original\/11dff7\/489795e74f828c1bf2fa13257924\/2x-195-65R15-15-OPONY-LETNIE-2-sztuki-PARA-EAN-GTIN-6937833546693\" srcset=\"https:\/\/a.allegroimg.com\/original\/11dff7\/489795e74f828c1bf2fa13257924\/2x-195-65R15-15-OPONY-LETNIE-2-sztuki-PARA-EAN-GTIN-6937833546693 337w,https:\/\/a.allegroimg.com\/original\/11dff7\/489795e74f828c1bf2fa13257924\/2x-195-65R15-15-OPONY-LETNIE-2-sztuki-PARA-EAN-GTIN-6937833546693 675w,https:\/\/a.allegroimg.com\/original\/11dff7\/489795e74f828c1bf2fa13257924\/2x-195-65R15-15-OPONY-LETNIE-2-sztuki-PARA-EAN-GTIN-6937833546693 960w,https:\/\/a.allegroimg.com\/original\/11dff7\/489795e74f828c1bf2fa13257924\/2x-195-65R15-15-OPONY-LETNIE-2-sztuki-PARA-EAN-GTIN-6937833546693 1351w,https:\/\/a.allegroimg.com\/original\/11dff7\/489795e74f828c1bf2fa13257924\/2x-195-65R15-15-OPONY-LETNIE-2-sztuki-PARA-EAN-GTIN-6937833546693 2402w\" sizes=\"100vw\" width=\"2402px\" alt=\"2x 195\/65R15 15'' OPONY LETNIE 2 sztuki PARA EAN (GTIN) 6937833546693\" style=\"max-width: 100%; height: auto; display: block; margin: 0 auto;\"><\/div>\n<\/div>\n<\/div>\n<\/div>\n<\/div>\n<\/div>\n<\/div>\n<\/div>\n<\/div>\n<div style=\"clear: both; display: block; margin: 10px 0;\">\n","protected":false},"excerpt":{"rendered":"<p>Dane opony:<\/p>\n<p>Producent: FORTUNE \/ AUSTONE<\/p>\n<p>Wz\u00f3r: FSR 802<\/p>\n<p>Rozmiar: 195\/65 R15<\/p>\n<p>Indeks no\u015bno\u015bci: 91<\/p>\n<p>Indeks pr\u0119dko\u015bci: H do 210km\/h<\/p>\n<p>Rok produkcji: 2024\/2025<\/p>\n<p>Cena dotyczy(szt):&nbsp;2<\/p>\n","protected":false},"featured_media":14473,"template":"","meta":{"_uag_custom_page_level_css":""},"product_brand":[425],"product_cat":[414,418,413,412],"product_tag":[],"class_list":{"0":"post-14472","1":"product","2":"type-product","3":"status-publish","4":"has-post-thumbnail","6":"product_brand-fortune","7":"product_cat-do-samochodow-osobowych-i-suv","8":"product_cat-letnie","9":"product_cat-opony","10":"product_cat-opony-i-felgi","12":"first","13":"instock","14":"shipping-taxable","15":"purchasable","16":"product-type-simple"},"uagb_featured_image_src":{"full":["https:\/\/oponixo.shop\/tire\/wp-content\/uploads\/2026\/01\/allegro-image-14472.jpg",652,652,false],"thumbnail":["https:\/\/oponixo.shop\/tire\/wp-content\/uploads\/2026\/01\/allegro-image-14472-150x150.jpg",150,150,true],"medium":["https:\/\/oponixo.shop\/tire\/wp-content\/uploads\/2026\/01\/allegro-image-14472-300x300.jpg",300,300,true],"medium_large":["https:\/\/oponixo.shop\/tire\/wp-content\/uploads\/2026\/01\/allegro-image-14472.jpg",652,652,false],"large":["https:\/\/oponixo.shop\/tire\/wp-content\/uploads\/2026\/01\/allegro-image-14472.jpg",652,652,false],"1536x1536":["https:\/\/oponixo.shop\/tire\/wp-content\/uploads\/2026\/01\/allegro-image-14472.jpg",652,652,false],"2048x2048":["https:\/\/oponixo.shop\/tire\/wp-content\/uploads\/2026\/01\/allegro-image-14472.jpg",652,652,false],"woocommerce_thumbnail":["https:\/\/oponixo.shop\/tire\/wp-content\/uploads\/2026\/01\/allegro-image-14472-300x300.jpg",300,300,true],"woocommerce_single":["https:\/\/oponixo.shop\/tire\/wp-content\/uploads\/2026\/01\/allegro-image-14472-600x600.jpg",600,600,true],"woocommerce_gallery_thumbnail":["https:\/\/oponixo.shop\/tire\/wp-content\/uploads\/2026\/01\/allegro-image-14472-100x100.jpg",100,100,true]},"uagb_author_info":{"display_name":"admin","author_link":"https:\/\/oponixo.shop\/tire\/author\/"},"uagb_comment_info":0,"uagb_excerpt":"Dane opony: Producent: FORTUNE \/ AUSTONE Wz\u00f3r: FSR 802 Rozmiar: 195\/65 R15 Indeks no\u015bno\u015bci: 91 Indeks pr\u0119dko\u015bci: H do 210km\/h Rok produkcji: 2024\/2025 Cena dotyczy(szt):&nbsp;2","_links":{"self":[{"href":"https:\/\/oponixo.shop\/tire\/wp-json\/wp\/v2\/product\/14472","targetHints":{"allow":["GET"]}}],"collection":[{"href":"https:\/\/oponixo.shop\/tire\/wp-json\/wp\/v2\/product"}],"about":[{"href":"https:\/\/oponixo.shop\/tire\/wp-json\/wp\/v2\/types\/product"}],"wp:featuredmedia":[{"embeddable":true,"href":"https:\/\/oponixo.shop\/tire\/wp-json\/wp\/v2\/media\/14473"}],"wp:attachment":[{"href":"https:\/\/oponixo.shop\/tire\/wp-json\/wp\/v2\/media?parent=14472"}],"wp:term":[{"taxonomy":"product_brand","embeddable":true,"href":"https:\/\/oponixo.shop\/tire\/wp-json\/wp\/v2\/product_brand?post=14472"},{"taxonomy":"product_cat","embeddable":true,"href":"https:\/\/oponixo.shop\/tire\/wp-json\/wp\/v2\/product_cat?post=14472"},{"taxonomy":"product_tag","embeddable":true,"href":"https:\/\/oponixo.shop\/tire\/wp-json\/wp\/v2\/product_tag?post=14472"}],"curies":[{"name":"wp","href":"https:\/\/api.w.org\/{rel}","templated":true}]}}