{"id":15021,"date":"2026-01-13T20:36:51","date_gmt":"2026-01-13T19:36:51","guid":{"rendered":"https:\/\/oponyauto.shop\/xef5\/produkt\/2x-opony-zimowe-vredestein-wintrac-pro-255-40r22-103y-xl-rant\/"},"modified":"2026-01-13T20:36:52","modified_gmt":"2026-01-13T19:36:52","slug":"2x-opony-zimowe-vredestein-wintrac-pro-255-40r22-103y-xl-rant","status":"publish","type":"product","link":"https:\/\/oponixo.shop\/tire\/produkt\/2x-opony-zimowe-vredestein-wintrac-pro-255-40r22-103y-xl-rant\/","title":{"rendered":"2x opony zimowe Vredestein Wintrac Pro 255\/40R22 103Y XL rant"},"content":{"rendered":"<div style=\"font-family: Arial, sans-serif; line-height: 1.6; color: #333; padding: 20px; clear: both; display: block; width: 100%; float: none; position: static; overflow: hidden;\">\n<div style=\"clear: both; display: block; margin: 10px 0;\">\n<div style=\"clear: both; display: block; margin: 10px 0;\">\n<div style=\"clear: both; display: block; margin: 10px 0;\">\n<div  style=\"max-width:500px;max-height:175px\">\n<div style=\"clear: both; display: block; margin: 10px 0;\">\n<div style=\"clear: both; width: 100%; display: block; margin: 20px 0; padding: 0; float: none; position: static; text-align: center;\"><img decoding=\"async\"  src=\"https:\/\/a.allegroimg.com\/original\/11271f\/5f48509d416680848cb53f5d00f2\/2x-opony-zimowe-Vredestein-Wintrac-Pro-255-40R22-103Y-XL-rant-Rok-produkcji-2023\" srcset=\"https:\/\/a.allegroimg.com\/original\/11271f\/5f48509d416680848cb53f5d00f2\/2x-opony-zimowe-Vredestein-Wintrac-Pro-255-40R22-103Y-XL-rant-Rok-produkcji-2023 360w,https:\/\/a.allegroimg.com\/original\/11271f\/5f48509d416680848cb53f5d00f2\/2x-opony-zimowe-Vredestein-Wintrac-Pro-255-40R22-103Y-XL-rant-Rok-produkcji-2023 500w,https:\/\/a.allegroimg.com\/original\/11271f\/5f48509d416680848cb53f5d00f2\/2x-opony-zimowe-Vredestein-Wintrac-Pro-255-40R22-103Y-XL-rant-Rok-produkcji-2023 500w\" sizes=\"100vw\" width=\"500px\" alt=\"2x opony zimowe Vredestein Wintrac Pro 255\/40R22 103Y XL rant Rok produkcji 2023\" style=\"max-width: 100%; height: auto; display: block; margin: 0 auto;\"><\/div>\n<\/div>\n<\/div>\n<\/div>\n<\/div>\n<\/div>\n<div style=\"clear: both; display: block; margin: 10px 0;\">\n<div style=\"clear: both; display: block; margin: 10px 0;\">\n<div style=\"clear: both; display: block; margin: 10px 0;\">\n<h1>zestaw 2 sztuk nowych opon zimowych<\/h1>\n<h1>Vredestein Wintrac Pro 255\/40R22 103Y XL FSL<\/h1>\n<p style=\"margin: 15px 0; line-height: 1.8; clear: both; display: block; width: 100%; float: none; position: static;\">\n<\/div>\n<\/div>\n<\/div>\n<div style=\"clear: both; display: block; margin: 10px 0;\">\n<div style=\"clear: both; display: block; margin: 10px 0;\">\n<div style=\"clear: both; display: block; margin: 10px 0;\">\n<div  style=\"max-width:500px;max-height:826px\">\n<div style=\"clear: both; display: block; margin: 10px 0;\">\n<div style=\"clear: both; width: 100%; display: block; margin: 20px 0; padding: 0; float: none; position: static; text-align: center;\"><img decoding=\"async\"  src=\"https:\/\/a.allegroimg.com\/original\/112aef\/04481c5140c99e11a1acfe53701f\/2x-opony-zimowe-Vredestein-Wintrac-Pro-255-40R22-103Y-XL-rant\" srcset=\"https:\/\/a.allegroimg.com\/original\/112aef\/04481c5140c99e11a1acfe53701f\/2x-opony-zimowe-Vredestein-Wintrac-Pro-255-40R22-103Y-XL-rant 217w,https:\/\/a.allegroimg.com\/original\/112aef\/04481c5140c99e11a1acfe53701f\/2x-opony-zimowe-Vredestein-Wintrac-Pro-255-40R22-103Y-XL-rant 435w,https:\/\/a.allegroimg.com\/original\/112aef\/04481c5140c99e11a1acfe53701f\/2x-opony-zimowe-Vredestein-Wintrac-Pro-255-40R22-103Y-XL-rant 500w,https:\/\/a.allegroimg.com\/original\/112aef\/04481c5140c99e11a1acfe53701f\/2x-opony-zimowe-Vredestein-Wintrac-Pro-255-40R22-103Y-XL-rant 500w\" sizes=\"(min-width: 1200px) 560px, (min-width: 992px) 50vw, 100vw\" width=\"500px\" alt=\"2x opony zimowe Vredestein Wintrac Pro 255\/40R22 103Y XL rant\" style=\"max-width: 100%; height: auto; display: block; margin: 0 auto;\"><\/div>\n<\/div>\n<\/div>\n<\/div>\n<\/div>\n<div style=\"clear: both; display: block; margin: 10px 0;\">\n<div style=\"clear: both; display: block; margin: 10px 0;\">\n<p style=\"margin: 15px 0; line-height: 1.8; clear: both; display: block; width: 100%; float: none; position: static;\"><b>Vredestein Wintrac Pro<\/b> to opony <b>zimowe<\/b> przeznaczone do samochod\u00f3w typu <b>SUV<\/b>. Oryginalny produkt klasy <b>premium<\/b> renomowanej marki <b>Vredestein<\/b>. Bezkompromisowa jako\u015b\u0107. Produkt klasy UHP (Ultra High Performace) do suv-\u00f3w o wysokich osi\u0105gach, przeznaczone dla kierowc\u00f3w preferuj\u0105cych dynamiczny styl jazdy.<\/p>\n<ul style=\"margin: 15px 0; padding-left: 20px; clear: both; display: block; width: 100%; float: none; position: static;\">\n<li style=\"margin: 5px 0; padding: 2px 0; clear: both; display: list-item; float: none; position: static;\">rok produkcji: nie starsze ni\u017c <b>2023<\/b><\/li>\n<li style=\"margin: 5px 0; padding: 2px 0; clear: both; display: list-item; float: none; position: static;\">opony <b>nowe<\/b>, oryginalne, z gwarancj\u0105<\/li>\n<li style=\"margin: 5px 0; padding: 2px 0; clear: both; display: list-item; float: none; position: static;\"><b>FSL<\/b> &#8211; opony posiadaj\u0105 rant chroni\u0105cy felg\u0119<\/li>\n<li style=\"margin: 5px 0; padding: 2px 0; clear: both; display: list-item; float: none; position: static;\">opony wzmocnione <b>XL<\/b><\/li>\n<li style=\"margin: 5px 0; padding: 2px 0; clear: both; display: list-item; float: none; position: static;\">komfortowa, cicha praca<\/li>\n<li style=\"margin: 5px 0; padding: 2px 0; clear: both; display: list-item; float: none; position: static;\">doskona\u0142a trakcja, precyzyjne sterowanie &#8211; r\u00f3wnie\u017c przy du\u017cych pr\u0119dko\u015bciach<\/li>\n<li style=\"margin: 5px 0; padding: 2px 0; clear: both; display: list-item; float: none; position: static;\">d\u0142ugie przebiegi<\/li>\n<li style=\"margin: 5px 0; padding: 2px 0; clear: both; display: list-item; float: none; position: static;\">bie\u017cnik zu\u017cywa si\u0119 r\u00f3wnomiernie<\/li>\n<li style=\"margin: 5px 0; padding: 2px 0; clear: both; display: list-item; float: none; position: static;\">znakomita przyczepno\u015b\u0107 i trakcja w trudnych, zimowych warunkach<\/li>\n<li style=\"margin: 5px 0; padding: 2px 0; clear: both; display: list-item; float: none; position: static;\">pe\u0142na homologacja zimowa 3PMSF (opony z tym oznaczeniem musz\u0105 spe\u0142nia\u0107 rygorystyczne normy dot. przyczepno\u015bci i hamowania na \u015bniegu i lodzie)<\/li>\n<li style=\"margin: 5px 0; padding: 2px 0; clear: both; display: list-item; float: none; position: static;\">skuteczne odprowadzanie wody i b\u0142ota, system antypo\u015blizgowy<\/li>\n<\/ul>\n<\/div>\n<\/div>\n<\/div>\n<div style=\"clear: both; display: block; margin: 10px 0;\">\n<div style=\"clear: both; display: block; margin: 10px 0;\">\n<div style=\"clear: both; display: block; margin: 10px 0;\">\n<div  style=\"max-width:480px;max-height:733px\">\n<div style=\"clear: both; display: block; margin: 10px 0;\">\n<div style=\"clear: both; width: 100%; display: block; margin: 20px 0; padding: 0; float: none; position: static; text-align: center;\"><img decoding=\"async\"  src=\"https:\/\/a.allegroimg.com\/original\/112585\/a9a45bb04333bc38079bb761903d\/2x-opony-zimowe-Vredestein-Wintrac-Pro-255-40R22-103Y-XL-rant-Liczba-opon-w-ofercie-2-szt\" srcset=\"https:\/\/a.allegroimg.com\/original\/112585\/a9a45bb04333bc38079bb761903d\/2x-opony-zimowe-Vredestein-Wintrac-Pro-255-40R22-103Y-XL-rant-Liczba-opon-w-ofercie-2-szt 235w,https:\/\/a.allegroimg.com\/original\/112585\/a9a45bb04333bc38079bb761903d\/2x-opony-zimowe-Vredestein-Wintrac-Pro-255-40R22-103Y-XL-rant-Liczba-opon-w-ofercie-2-szt 471w,https:\/\/a.allegroimg.com\/original\/112585\/a9a45bb04333bc38079bb761903d\/2x-opony-zimowe-Vredestein-Wintrac-Pro-255-40R22-103Y-XL-rant-Liczba-opon-w-ofercie-2-szt 480w,https:\/\/a.allegroimg.com\/original\/112585\/a9a45bb04333bc38079bb761903d\/2x-opony-zimowe-Vredestein-Wintrac-Pro-255-40R22-103Y-XL-rant-Liczba-opon-w-ofercie-2-szt 480w\" sizes=\"100vw\" width=\"480px\" alt=\"2x opony zimowe Vredestein Wintrac Pro 255\/40R22 103Y XL rant Liczba opon w ofercie 2 szt.\" style=\"max-width: 100%; height: auto; display: block; margin: 0 auto;\"><\/div>\n<\/div>\n<\/div>\n<\/div>\n<\/div>\n<\/div>\n<\/div>\n<\/div>\n<\/div>\n<div style=\"clear: both; display: block; margin: 10px 0;\">\n","protected":false},"excerpt":{"rendered":"<p>zestaw 2 sztuk nowych opon zimowych<\/p>\n<p>Vredestein Wintrac Pro 255\/40R22 103Y XL FSL<\/p>\n<p>Vredestein Wintrac Pro to opony zimowe przeznaczone do samochod\u00f3w typu SUV. Oryginalny produkt klasy premium renomowanej marki Vredestein. Bezkompromisowa jako\u015b\u0107. Produkt klasy UHP (Ultra High Performace) do suv-\u00f3w o wysokich osi\u0105gach, przeznaczone dla kierowc\u00f3w preferuj\u0105cych dynamiczny styl jazdy.<\/p>\n<p>rok produkcji: nie starsze ni\u017c 2023<\/p>\n<p>opony nowe, oryginalne, z gwarancj\u0105<\/p>\n<p>FSL &#8211; opony posiadaj\u0105 rant chroni\u0105cy felg\u0119<\/p>\n<p>opony wzmocnione XL<\/p>\n<p>komfortowa, cicha praca<\/p>\n","protected":false},"featured_media":15022,"template":"","meta":{"_uag_custom_page_level_css":""},"product_brand":[436],"product_cat":[414,413,412,415],"product_tag":[],"class_list":{"0":"post-15021","1":"product","2":"type-product","3":"status-publish","4":"has-post-thumbnail","6":"product_brand-vredestein","7":"product_cat-do-samochodow-osobowych-i-suv","8":"product_cat-opony","9":"product_cat-opony-i-felgi","10":"product_cat-zimowe","12":"first","13":"instock","14":"shipping-taxable","15":"purchasable","16":"product-type-simple"},"uagb_featured_image_src":{"full":["https:\/\/oponixo.shop\/tire\/wp-content\/uploads\/2026\/01\/allegro-image-15021.jpg",500,826,false],"thumbnail":["https:\/\/oponixo.shop\/tire\/wp-content\/uploads\/2026\/01\/allegro-image-15021-150x150.jpg",150,150,true],"medium":["https:\/\/oponixo.shop\/tire\/wp-content\/uploads\/2026\/01\/allegro-image-15021-182x300.jpg",182,300,true],"medium_large":["https:\/\/oponixo.shop\/tire\/wp-content\/uploads\/2026\/01\/allegro-image-15021.jpg",500,826,false],"large":["https:\/\/oponixo.shop\/tire\/wp-content\/uploads\/2026\/01\/allegro-image-15021.jpg",500,826,false],"1536x1536":["https:\/\/oponixo.shop\/tire\/wp-content\/uploads\/2026\/01\/allegro-image-15021.jpg",500,826,false],"2048x2048":["https:\/\/oponixo.shop\/tire\/wp-content\/uploads\/2026\/01\/allegro-image-15021.jpg",500,826,false],"woocommerce_thumbnail":["https:\/\/oponixo.shop\/tire\/wp-content\/uploads\/2026\/01\/allegro-image-15021-300x300.jpg",300,300,true],"woocommerce_single":["https:\/\/oponixo.shop\/tire\/wp-content\/uploads\/2026\/01\/allegro-image-15021.jpg",500,826,false],"woocommerce_gallery_thumbnail":["https:\/\/oponixo.shop\/tire\/wp-content\/uploads\/2026\/01\/allegro-image-15021-100x100.jpg",100,100,true]},"uagb_author_info":{"display_name":"admin","author_link":"https:\/\/oponixo.shop\/tire\/author\/"},"uagb_comment_info":0,"uagb_excerpt":"zestaw 2 sztuk nowych opon zimowych Vredestein Wintrac Pro 255\/40R22 103Y XL FSL Vredestein Wintrac Pro to opony zimowe przeznaczone do samochod\u00f3w typu SUV. Oryginalny produkt klasy premium renomowanej marki Vredestein. Bezkompromisowa jako\u015b\u0107. Produkt klasy UHP (Ultra High Performace) do suv-\u00f3w o wysokich osi\u0105gach, przeznaczone dla kierowc\u00f3w preferuj\u0105cych dynamiczny styl jazdy. rok produkcji: nie starsze&hellip;","_links":{"self":[{"href":"https:\/\/oponixo.shop\/tire\/wp-json\/wp\/v2\/product\/15021","targetHints":{"allow":["GET"]}}],"collection":[{"href":"https:\/\/oponixo.shop\/tire\/wp-json\/wp\/v2\/product"}],"about":[{"href":"https:\/\/oponixo.shop\/tire\/wp-json\/wp\/v2\/types\/product"}],"wp:featuredmedia":[{"embeddable":true,"href":"https:\/\/oponixo.shop\/tire\/wp-json\/wp\/v2\/media\/15022"}],"wp:attachment":[{"href":"https:\/\/oponixo.shop\/tire\/wp-json\/wp\/v2\/media?parent=15021"}],"wp:term":[{"taxonomy":"product_brand","embeddable":true,"href":"https:\/\/oponixo.shop\/tire\/wp-json\/wp\/v2\/product_brand?post=15021"},{"taxonomy":"product_cat","embeddable":true,"href":"https:\/\/oponixo.shop\/tire\/wp-json\/wp\/v2\/product_cat?post=15021"},{"taxonomy":"product_tag","embeddable":true,"href":"https:\/\/oponixo.shop\/tire\/wp-json\/wp\/v2\/product_tag?post=15021"}],"curies":[{"name":"wp","href":"https:\/\/api.w.org\/{rel}","templated":true}]}}

<div style="font-family: Arial, sans-serif; line-height: 1.6; color: #333; padding: 20px; clear: both; display: block; width: 100%; float: none; position: static; overflow: hidden;">
<div style="clear: both; display: block; margin: 10px 0;">
<div style="clear: both; display: block; margin: 10px 0;">
<div style="clear: both; display: block; margin: 10px 0;">
<div  style="max-width:500px;max-height:175px">
<div style="clear: both; display: block; margin: 10px 0;">
<div style="clear: both; width: 100%; display: block; margin: 20px 0; padding: 0; float: none; position: static; text-align: center;"><img decoding="async"  src="https://a.allegroimg.com/original/11271f/5f48509d416680848cb53f5d00f2/2x-opony-zimowe-Vredestein-Wintrac-Pro-255-40R22-103Y-XL-rant-Rok-produkcji-2023" srcset="https://a.allegroimg.com/original/11271f/5f48509d416680848cb53f5d00f2/2x-opony-zimowe-Vredestein-Wintrac-Pro-255-40R22-103Y-XL-rant-Rok-produkcji-2023 360w,https://a.allegroimg.com/original/11271f/5f48509d416680848cb53f5d00f2/2x-opony-zimowe-Vredestein-Wintrac-Pro-255-40R22-103Y-XL-rant-Rok-produkcji-2023 500w,https://a.allegroimg.com/original/11271f/5f48509d416680848cb53f5d00f2/2x-opony-zimowe-Vredestein-Wintrac-Pro-255-40R22-103Y-XL-rant-Rok-produkcji-2023 500w" sizes="100vw" width="500px" alt="2x opony zimowe Vredestein Wintrac Pro 255/40R22 103Y XL rant Rok produkcji 2023" style="max-width: 100%; height: auto; display: block; margin: 0 auto;"></div>
</div>
</div>
</div>
</div>
</div>
<div style="clear: both; display: block; margin: 10px 0;">
<div style="clear: both; display: block; margin: 10px 0;">
<div style="clear: both; display: block; margin: 10px 0;">
<h1>zestaw 2 sztuk nowych opon zimowych</h1>
<h1>Vredestein Wintrac Pro 255/40R22 103Y XL FSL</h1>
<p style="margin: 15px 0; line-height: 1.8; clear: both; display: block; width: 100%; float: none; position: static;">
</div>
</div>
</div>
<div style="clear: both; display: block; margin: 10px 0;">
<div style="clear: both; display: block; margin: 10px 0;">
<div style="clear: both; display: block; margin: 10px 0;">
<div  style="max-width:500px;max-height:826px">
<div style="clear: both; display: block; margin: 10px 0;">
<div style="clear: both; width: 100%; display: block; margin: 20px 0; padding: 0; float: none; position: static; text-align: center;"><img decoding="async"  src="https://a.allegroimg.com/original/112aef/04481c5140c99e11a1acfe53701f/2x-opony-zimowe-Vredestein-Wintrac-Pro-255-40R22-103Y-XL-rant" srcset="https://a.allegroimg.com/original/112aef/04481c5140c99e11a1acfe53701f/2x-opony-zimowe-Vredestein-Wintrac-Pro-255-40R22-103Y-XL-rant 217w,https://a.allegroimg.com/original/112aef/04481c5140c99e11a1acfe53701f/2x-opony-zimowe-Vredestein-Wintrac-Pro-255-40R22-103Y-XL-rant 435w,https://a.allegroimg.com/original/112aef/04481c5140c99e11a1acfe53701f/2x-opony-zimowe-Vredestein-Wintrac-Pro-255-40R22-103Y-XL-rant 500w,https://a.allegroimg.com/original/112aef/04481c5140c99e11a1acfe53701f/2x-opony-zimowe-Vredestein-Wintrac-Pro-255-40R22-103Y-XL-rant 500w" sizes="(min-width: 1200px) 560px, (min-width: 992px) 50vw, 100vw" width="500px" alt="2x opony zimowe Vredestein Wintrac Pro 255/40R22 103Y XL rant" style="max-width: 100%; height: auto; display: block; margin: 0 auto;"></div>
</div>
</div>
</div>
</div>
<div style="clear: both; display: block; margin: 10px 0;">
<div style="clear: both; display: block; margin: 10px 0;">
<p style="margin: 15px 0; line-height: 1.8; clear: both; display: block; width: 100%; float: none; position: static;"><b>Vredestein Wintrac Pro</b> to opony <b>zimowe</b> przeznaczone do samochodów typu <b>SUV</b>. Oryginalny produkt klasy <b>premium</b> renomowanej marki <b>Vredestein</b>. Bezkompromisowa jakość. Produkt klasy UHP (Ultra High Performace) do suv-ów o wysokich osiągach, przeznaczone dla kierowców preferujących dynamiczny styl jazdy.</p>
<ul style="margin: 15px 0; padding-left: 20px; clear: both; display: block; width: 100%; float: none; position: static;">
<li style="margin: 5px 0; padding: 2px 0; clear: both; display: list-item; float: none; position: static;">rok produkcji: nie starsze niż <b>2023</b></li>
<li style="margin: 5px 0; padding: 2px 0; clear: both; display: list-item; float: none; position: static;">opony <b>nowe</b>, oryginalne, z gwarancją</li>
<li style="margin: 5px 0; padding: 2px 0; clear: both; display: list-item; float: none; position: static;"><b>FSL</b> &#8211; opony posiadają rant chroniący felgę</li>
<li style="margin: 5px 0; padding: 2px 0; clear: both; display: list-item; float: none; position: static;">opony wzmocnione <b>XL</b></li>
<li style="margin: 5px 0; padding: 2px 0; clear: both; display: list-item; float: none; position: static;">komfortowa, cicha praca</li>
<li style="margin: 5px 0; padding: 2px 0; clear: both; display: list-item; float: none; position: static;">doskonała trakcja, precyzyjne sterowanie &#8211; również przy dużych prędkościach</li>
<li style="margin: 5px 0; padding: 2px 0; clear: both; display: list-item; float: none; position: static;">długie przebiegi</li>
<li style="margin: 5px 0; padding: 2px 0; clear: both; display: list-item; float: none; position: static;">bieżnik zużywa się równomiernie</li>
<li style="margin: 5px 0; padding: 2px 0; clear: both; display: list-item; float: none; position: static;">znakomita przyczepność i trakcja w trudnych, zimowych warunkach</li>
<li style="margin: 5px 0; padding: 2px 0; clear: both; display: list-item; float: none; position: static;">pełna homologacja zimowa 3PMSF (opony z tym oznaczeniem muszą spełniać rygorystyczne normy dot. przyczepności i hamowania na śniegu i lodzie)</li>
<li style="margin: 5px 0; padding: 2px 0; clear: both; display: list-item; float: none; position: static;">skuteczne odprowadzanie wody i błota, system antypoślizgowy</li>
</ul>
</div>
</div>
</div>
<div style="clear: both; display: block; margin: 10px 0;">
<div style="clear: both; display: block; margin: 10px 0;">
<div style="clear: both; display: block; margin: 10px 0;">
<div  style="max-width:480px;max-height:733px">
<div style="clear: both; display: block; margin: 10px 0;">
<div style="clear: both; width: 100%; display: block; margin: 20px 0; padding: 0; float: none; position: static; text-align: center;"><img decoding="async"  src="https://a.allegroimg.com/original/112585/a9a45bb04333bc38079bb761903d/2x-opony-zimowe-Vredestein-Wintrac-Pro-255-40R22-103Y-XL-rant-Liczba-opon-w-ofercie-2-szt" srcset="https://a.allegroimg.com/original/112585/a9a45bb04333bc38079bb761903d/2x-opony-zimowe-Vredestein-Wintrac-Pro-255-40R22-103Y-XL-rant-Liczba-opon-w-ofercie-2-szt 235w,https://a.allegroimg.com/original/112585/a9a45bb04333bc38079bb761903d/2x-opony-zimowe-Vredestein-Wintrac-Pro-255-40R22-103Y-XL-rant-Liczba-opon-w-ofercie-2-szt 471w,https://a.allegroimg.com/original/112585/a9a45bb04333bc38079bb761903d/2x-opony-zimowe-Vredestein-Wintrac-Pro-255-40R22-103Y-XL-rant-Liczba-opon-w-ofercie-2-szt 480w,https://a.allegroimg.com/original/112585/a9a45bb04333bc38079bb761903d/2x-opony-zimowe-Vredestein-Wintrac-Pro-255-40R22-103Y-XL-rant-Liczba-opon-w-ofercie-2-szt 480w" sizes="100vw" width="480px" alt="2x opony zimowe Vredestein Wintrac Pro 255/40R22 103Y XL rant Liczba opon w ofercie 2 szt." style="max-width: 100%; height: auto; display: block; margin: 0 auto;"></div>
</div>
</div>
</div>
</div>
</div>
</div>
</div>
</div>
<div style="clear: both; display: block; margin: 10px 0;">

<p>zestaw 2 sztuk nowych opon zimowych</p>
<p>Vredestein Wintrac Pro 255/40R22 103Y XL FSL</p>
<p>Vredestein Wintrac Pro to opony zimowe przeznaczone do samochodów typu SUV. Oryginalny produkt klasy premium renomowanej marki Vredestein. Bezkompromisowa jakość. Produkt klasy UHP (Ultra High Performace) do suv-ów o wysokich osiągach, przeznaczone dla kierowców preferujących dynamiczny styl jazdy.</p>
<p>rok produkcji: nie starsze niż 2023</p>
<p>opony nowe, oryginalne, z gwarancją</p>
<p>FSL &#8211; opony posiadają rant chroniący felgę</p>
<p>opony wzmocnione XL</p>
<p>komfortowa, cicha praca</p>

zestaw 2 sztuk nowych opon zimowych Vredestein Wintrac Pro 255/40R22 103Y XL FSL Vredestein Wintrac Pro to opony zimowe przeznaczone do samochodów typu SUV. Oryginalny produkt klasy premium renomowanej marki Vredestein. Bezkompromisowa jakość. Produkt klasy UHP (Ultra High Performace) do suv-ów o wysokich osiągach, przeznaczone dla kierowców preferujących dynamiczny styl jazdy. rok produkcji: nie starsze&hellip;
