{"id":15303,"date":"2026-01-16T02:41:56","date_gmt":"2026-01-16T01:41:56","guid":{"rendered":"https:\/\/oponyauto.shop\/xef5\/produkt\/2x-fulda-155-70r13-kristall-montero-3-75t\/"},"modified":"2026-01-16T02:41:56","modified_gmt":"2026-01-16T01:41:56","slug":"2x-fulda-155-70r13-kristall-montero-3-75t","status":"publish","type":"product","link":"https:\/\/oponixo.shop\/tire\/produkt\/2x-fulda-155-70r13-kristall-montero-3-75t\/","title":{"rendered":"2x Fulda 155\/70R13 KRISTALL MONTERO 3 75T"},"content":{"rendered":"<div style=\"font-family: Arial, sans-serif; line-height: 1.6; color: #333; padding: 20px; clear: both; display: block; width: 100%; float: none; position: static; overflow: hidden;\">\n<div style=\"clear: both; display: block; margin: 10px 0;\">\n<div style=\"clear: both; display: block; margin: 10px 0;\">\n<div style=\"clear: both; display: block; margin: 10px 0;\">\n<h2>2x Fulda 155\/70R13 KRISTALL MONTERO 3 75T<\/h2>\n<p style=\"margin: 15px 0; line-height: 1.8; clear: both; display: block; width: 100%; float: none; position: static;\">Fulda<\/p>\n<h2>Grupa koncernu GoodYear<\/h2>\n<p style=\"margin: 15px 0; line-height: 1.8; clear: both; display: block; width: 100%; float: none; position: static;\">Fulda Kristall Montero 2 to opona zimowa klasy \u015bredniej. Jest przeznaczona do samochod\u00f3w osobowych.<\/p>\n<p style=\"margin: 15px 0; line-height: 1.8; clear: both; display: block; width: 100%; float: none; position: static;\">Opona zosta\u0142a wyposa\u017cona w kierunkowy wz\u00f3r bie\u017cnika.<\/p>\n<p style=\"margin: 15px 0; line-height: 1.8; clear: both; display: block; width: 100%; float: none; position: static;\">Szerokie rowki obwodowe oraz poprzeczne sprawnie odprowadzaj\u0105 wod\u0119 oraz b\u0142oto po\u015bniegowe. Jazda jest bardziej bezpieczna i stabilna.<\/p>\n<p style=\"margin: 15px 0; line-height: 1.8; clear: both; display: block; width: 100%; float: none; position: static;\">Klocki bie\u017cnika posiadaj\u0105 liczne lamele, kt\u00f3re poprawiaj\u0105 trakcj\u0119 podczas jazdy na za\u015bnie\u017conej nawierzchni oraz skracaj\u0105 drog\u0119 hamowania.<\/p>\n<p style=\"margin: 15px 0; line-height: 1.8; clear: both; display: block; width: 100%; float: none; position: static;\">Solidne \u017cebro \u015brodkowe zapewnia stabiln\u0105 i pewn\u0105 jazd\u0119.<\/p>\n<p style=\"margin: 15px 0; line-height: 1.8; clear: both; display: block; width: 100%; float: none; position: static;\">Mieszanka gumowa pozostaje elastyczna nawet przy bardzo niskich temperaturach co ma du\u017cy wp\u0142yw na przyczepno\u015b\u0107 w trudnych warunkach zimowych.<\/p>\n<p style=\"margin: 15px 0; line-height: 1.8; clear: both; display: block; width: 100%; float: none; position: static;\">Fulda Kristall Montero 2 to opona o dobrych parametrach w przyst\u0119pnej cenie.<\/p>\n<p style=\"margin: 15px 0; line-height: 1.8; clear: both; display: block; width: 100%; float: none; position: static;\">Fulda Reifen GmbH &amp; Co.KG to lider czo\u0142owy producent ogumienia na rynku niemieckim, kt\u00f3ry charakteryzuje si\u0119 innowacyjn\u0105 i zaawansowan\u0105 technologi\u0105 produkcji opon. Jako\u015b\u0107 Fuldy &nbsp;potwierdza certyfikat Lloyd&#8217;s Register Quality Assurance. Fulda produkcj\u0119 opon rozpocz\u0119\u0142a w 1900 roku od produkcji ogumienia do w\u00f3zk\u00f3w i powoz\u00f3w konnych. W roku 1915 Fulda rozpocz\u0119\u0142a produkcj\u0119 opon dla samochod\u00f3w &nbsp;ci\u0119\u017carowych (Model Sembusto wyposa\u017cony jest w stalowe spr\u0119\u017cyny, kt\u00f3re zast\u0119puj\u0105 spr\u0119\u017cysto\u015b\u0107 gumy w tradycyjnych oponach), a 4 lata p\u00f3\u017aniej postanowiono ca\u0142\u0105 produkcj\u0119 skupi\u0107 na wytwarzaniu opon.<\/p>\n<p style=\"margin: 15px 0; line-height: 1.8; clear: both; display: block; width: 100%; float: none; position: static;\">W latach pi\u0119\u0107dziesi\u0105tych XX wieku Fulda wypu\u015bci\u0142a na rynek pierwsz\u0105 opon\u0119 zimow\u0105 do samochod\u00f3w osobowych. Dzisiaj Fulda produkuje opony w trzynastu fabrykach zlokalizowanych w r\u00f3\u017cnych krajach w Europie. Opon Fulda sprzedaje si\u0119 prawie 13 milion\u00f3w rocznie. W swojej ofercie Fulda ma szeroki wyb\u00f3r opon osobowych, opony ci\u0119\u017carowych i rolniczych. Wszystkie produkty Fuldy produkowane s\u0105 z uwzgl\u0119dnieniem wszelkich norm dotycz\u0105cych produkcji ogumienia.<\/p>\n<\/div>\n<\/div>\n<\/div>\n<div style=\"clear: both; display: block; margin: 10px 0;\">\n<div style=\"clear: both; display: block; margin: 10px 0;\">\n<div style=\"clear: both; display: block; margin: 10px 0;\">\n<div  style=\"max-width:500px;max-height:500px\">\n<div style=\"clear: both; display: block; margin: 10px 0;\">\n<div style=\"clear: both; width: 100%; display: block; margin: 20px 0; padding: 0; float: none; position: static; text-align: center;\"><img decoding=\"async\"  src=\"https:\/\/a.allegroimg.com\/original\/11cd8e\/5a84c28648868f9a81d19a4bd46e\/2x-Fulda-155-70R13-KRISTALL-MONTERO-3-75T\" srcset=\"https:\/\/a.allegroimg.com\/original\/11cd8e\/5a84c28648868f9a81d19a4bd46e\/2x-Fulda-155-70R13-KRISTALL-MONTERO-3-75T 360w,https:\/\/a.allegroimg.com\/original\/11cd8e\/5a84c28648868f9a81d19a4bd46e\/2x-Fulda-155-70R13-KRISTALL-MONTERO-3-75T 500w,https:\/\/a.allegroimg.com\/original\/11cd8e\/5a84c28648868f9a81d19a4bd46e\/2x-Fulda-155-70R13-KRISTALL-MONTERO-3-75T 500w\" sizes=\"(min-width: 1200px) 560px, (min-width: 992px) 50vw, 100vw\" width=\"500px\" alt=\"2x Fulda 155\/70R13 KRISTALL MONTERO 3 75T\" style=\"max-width: 100%; height: auto; display: block; margin: 0 auto;\"><\/div>\n<\/div>\n<\/div>\n<\/div>\n<\/div>\n<div style=\"clear: both; display: block; margin: 10px 0;\">\n<div style=\"clear: both; display: block; margin: 10px 0;\">\n<ul style=\"margin: 15px 0; padding-left: 20px; clear: both; display: block; width: 100%; float: none; position: static;\">\n<li style=\"margin: 5px 0; padding: 2px 0; clear: both; display: list-item; float: none; position: static;\"><b>nazwaszablon:<\/b> <\/li>\n<li style=\"margin: 5px 0; padding: 2px 0; clear: both; display: list-item; float: none; position: static;\"><b>Marka:<\/b> Fulda<\/li>\n<li style=\"margin: 5px 0; padding: 2px 0; clear: both; display: list-item; float: none; position: static;\"><b>Grupa koncernu:<\/b> GoodYear<\/li>\n<li style=\"margin: 5px 0; padding: 2px 0; clear: both; display: list-item; float: none; position: static;\"><b>Liczba opon w ofercie:<\/b> 2 szt.<\/li>\n<li style=\"margin: 5px 0; padding: 2px 0; clear: both; display: list-item; float: none; position: static;\"><b>Bie\u017cnikowane:<\/b> Nie<\/li>\n<li style=\"margin: 5px 0; padding: 2px 0; clear: both; display: list-item; float: none; position: static;\"><b>Run flat:<\/b> Nie<\/li>\n<li style=\"margin: 5px 0; padding: 2px 0; clear: both; display: list-item; float: none; position: static;\"><b>Waga produktu z opakowaniem jednostkowym:<\/b> 18<\/li>\n<li style=\"margin: 5px 0; padding: 2px 0; clear: both; display: list-item; float: none; position: static;\"><b>Sezon:<\/b> Zimowe<\/li>\n<li style=\"margin: 5px 0; padding: 2px 0; clear: both; display: list-item; float: none; position: static;\"><b>Model:<\/b> KRISTALL MONTERO 3<\/li>\n<li style=\"margin: 5px 0; padding: 2px 0; clear: both; display: list-item; float: none; position: static;\"><b>Szeroko\u015b\u0107 opony:<\/b> 155 mm<\/li>\n<li style=\"margin: 5px 0; padding: 2px 0; clear: both; display: list-item; float: none; position: static;\"><b>Profil opony:<\/b> 70<\/li>\n<li style=\"margin: 5px 0; padding: 2px 0; clear: both; display: list-item; float: none; position: static;\"><b>\u015arednica:<\/b> 13&#8243;<\/li>\n<li style=\"margin: 5px 0; padding: 2px 0; clear: both; display: list-item; float: none; position: static;\"><b>Indeks no\u015bno\u015bci:<\/b> 75 &#8211; 385 kg<\/li>\n<li style=\"margin: 5px 0; padding: 2px 0; clear: both; display: list-item; float: none; position: static;\"><b>Indeks pr\u0119dko\u015bci:<\/b> T do 190 km\/h<\/li>\n<li style=\"margin: 5px 0; padding: 2px 0; clear: both; display: list-item; float: none; position: static;\"><b>Przyczepno\u015b\u0107 na mokrej nawierzchni:<\/b> Klasa C<\/li>\n<li style=\"margin: 5px 0; padding: 2px 0; clear: both; display: list-item; float: none; position: static;\"><b>Op\u00f3r toczenia:<\/b> Klasa E<\/li>\n<li style=\"margin: 5px 0; padding: 2px 0; clear: both; display: list-item; float: none; position: static;\"><b>Ha\u0142as zewn\u0119trzny:<\/b> 69 dB<\/li>\n<li style=\"margin: 5px 0; padding: 2px 0; clear: both; display: list-item; float: none; position: static;\"><b>Rok produkcji:<\/b> <\/li>\n<li style=\"margin: 5px 0; padding: 2px 0; clear: both; display: list-item; float: none; position: static;\"><b>SKU:<\/b> 537782<\/li>\n<li style=\"margin: 5px 0; padding: 2px 0; clear: both; display: list-item; float: none; position: static;\"><b>EAN:<\/b> 5452000576132<\/li>\n<li style=\"margin: 5px 0; padding: 2px 0; clear: both; display: list-item; float: none; position: static;\"><b>Rok produkcji (DOT):<\/b> <b>Kupuj\u0105c z tej oferty otrzymasz opony fabrycznie nowe, a ich rok produkcji jest nie starszy ni\u017c ubieg\u0142y rok kalendarzowy &#8211; 2025\/2024<\/b><\/li>\n<li style=\"margin: 5px 0; padding: 2px 0; clear: both; display: list-item; float: none; position: static;\"><b>Stan:<\/b> Nowy<\/li>\n<li style=\"margin: 5px 0; padding: 2px 0; clear: both; display: list-item; float: none; position: static;\"><b>VAT:<\/b> 23<\/li>\n<\/ul>\n<\/div>\n<\/div>\n<\/div>\n<\/div>\n<\/div>\n<\/div>\n<div style=\"clear: both; display: block; margin: 10px 0;\">\n","protected":false},"excerpt":{"rendered":"<p>2x Fulda 155\/70R13 KRISTALL MONTERO 3 75T<\/p>\n<p>Fulda<\/p>\n<p>Grupa koncernu GoodYear<\/p>\n<p>Fulda Kristall Montero 2 to opona zimowa klasy \u015bredniej. Jest przeznaczona do samochod\u00f3w osobowych.<\/p>\n<p>Opona zosta\u0142a wyposa\u017cona w kierunkowy wz\u00f3r bie\u017cnika.<\/p>\n<p>Szerokie rowki obwodowe oraz poprzeczne sprawnie odprowadzaj\u0105 wod\u0119 oraz b\u0142oto po\u015bniegowe. Jazda jest bardziej bezpieczna i stabilna.<\/p>\n<p>Klocki bie\u017cnika posiadaj\u0105 liczne lamele, kt\u00f3re poprawiaj\u0105 trakcj\u0119 podczas jazdy na za\u015bnie\u017conej nawierzchni oraz skracaj\u0105 drog\u0119 hamowania.<\/p>\n<p>Solidne \u017cebro \u015brodkowe zapewnia stabiln\u0105 i pewn\u0105 jazd\u0119.<\/p>\n","protected":false},"featured_media":15304,"template":"","meta":{"_uag_custom_page_level_css":""},"product_brand":[399],"product_cat":[414,413,412,415],"product_tag":[],"class_list":{"0":"post-15303","1":"product","2":"type-product","3":"status-publish","4":"has-post-thumbnail","6":"product_brand-fulda","7":"product_cat-do-samochodow-osobowych-i-suv","8":"product_cat-opony","9":"product_cat-opony-i-felgi","10":"product_cat-zimowe","12":"first","13":"instock","14":"shipping-taxable","15":"purchasable","16":"product-type-simple"},"uagb_featured_image_src":{"full":["https:\/\/oponixo.shop\/tire\/wp-content\/uploads\/2026\/01\/allegro-image-15303.jpg",500,500,false],"thumbnail":["https:\/\/oponixo.shop\/tire\/wp-content\/uploads\/2026\/01\/allegro-image-15303-150x150.jpg",150,150,true],"medium":["https:\/\/oponixo.shop\/tire\/wp-content\/uploads\/2026\/01\/allegro-image-15303-300x300.jpg",300,300,true],"medium_large":["https:\/\/oponixo.shop\/tire\/wp-content\/uploads\/2026\/01\/allegro-image-15303.jpg",500,500,false],"large":["https:\/\/oponixo.shop\/tire\/wp-content\/uploads\/2026\/01\/allegro-image-15303.jpg",500,500,false],"1536x1536":["https:\/\/oponixo.shop\/tire\/wp-content\/uploads\/2026\/01\/allegro-image-15303.jpg",500,500,false],"2048x2048":["https:\/\/oponixo.shop\/tire\/wp-content\/uploads\/2026\/01\/allegro-image-15303.jpg",500,500,false],"woocommerce_thumbnail":["https:\/\/oponixo.shop\/tire\/wp-content\/uploads\/2026\/01\/allegro-image-15303-300x300.jpg",300,300,true],"woocommerce_single":["https:\/\/oponixo.shop\/tire\/wp-content\/uploads\/2026\/01\/allegro-image-15303.jpg",500,500,false],"woocommerce_gallery_thumbnail":["https:\/\/oponixo.shop\/tire\/wp-content\/uploads\/2026\/01\/allegro-image-15303-100x100.jpg",100,100,true]},"uagb_author_info":{"display_name":"admin","author_link":"https:\/\/oponixo.shop\/tire\/author\/"},"uagb_comment_info":0,"uagb_excerpt":"2x Fulda 155\/70R13 KRISTALL MONTERO 3 75T Fulda Grupa koncernu GoodYear Fulda Kristall Montero 2 to opona zimowa klasy \u015bredniej. Jest przeznaczona do samochod\u00f3w osobowych. Opona zosta\u0142a wyposa\u017cona w kierunkowy wz\u00f3r bie\u017cnika. Szerokie rowki obwodowe oraz poprzeczne sprawnie odprowadzaj\u0105 wod\u0119 oraz b\u0142oto po\u015bniegowe. Jazda jest bardziej bezpieczna i stabilna. Klocki bie\u017cnika posiadaj\u0105 liczne lamele, kt\u00f3re&hellip;","_links":{"self":[{"href":"https:\/\/oponixo.shop\/tire\/wp-json\/wp\/v2\/product\/15303","targetHints":{"allow":["GET"]}}],"collection":[{"href":"https:\/\/oponixo.shop\/tire\/wp-json\/wp\/v2\/product"}],"about":[{"href":"https:\/\/oponixo.shop\/tire\/wp-json\/wp\/v2\/types\/product"}],"wp:featuredmedia":[{"embeddable":true,"href":"https:\/\/oponixo.shop\/tire\/wp-json\/wp\/v2\/media\/15304"}],"wp:attachment":[{"href":"https:\/\/oponixo.shop\/tire\/wp-json\/wp\/v2\/media?parent=15303"}],"wp:term":[{"taxonomy":"product_brand","embeddable":true,"href":"https:\/\/oponixo.shop\/tire\/wp-json\/wp\/v2\/product_brand?post=15303"},{"taxonomy":"product_cat","embeddable":true,"href":"https:\/\/oponixo.shop\/tire\/wp-json\/wp\/v2\/product_cat?post=15303"},{"taxonomy":"product_tag","embeddable":true,"href":"https:\/\/oponixo.shop\/tire\/wp-json\/wp\/v2\/product_tag?post=15303"}],"curies":[{"name":"wp","href":"https:\/\/api.w.org\/{rel}","templated":true}]}}