{"id":15604,"date":"2026-01-16T03:21:25","date_gmt":"2026-01-16T02:21:25","guid":{"rendered":"https:\/\/oponyauto.shop\/xef5\/produkt\/goodyear-ug-performance-3-195-50r17-89-v-xl-fr-3pmsf-opona-zimowa\/"},"modified":"2026-01-16T03:21:25","modified_gmt":"2026-01-16T02:21:25","slug":"goodyear-ug-performance-3-195-50r17-89-v-xl-fr-3pmsf-opona-zimowa","status":"publish","type":"product","link":"https:\/\/oponixo.shop\/tire\/produkt\/goodyear-ug-performance-3-195-50r17-89-v-xl-fr-3pmsf-opona-zimowa\/","title":{"rendered":"Goodyear UG Performance 3 195\/50R17 89 V XL FR 3PMSF opona zimowa"},"content":{"rendered":"<div style=\"font-family: Arial, sans-serif; line-height: 1.6; color: #333; padding: 20px; clear: both; display: block; width: 100%; float: none; position: static; overflow: hidden;\">\n<div style=\"clear: both; display: block; margin: 10px 0;\">\n<div style=\"clear: both; display: block; margin: 10px 0;\">\n<div style=\"clear: both; display: block; margin: 10px 0;\">\n<div  style=\"max-width:345px;max-height:500px\">\n<div style=\"clear: both; display: block; margin: 10px 0;\">\n<div style=\"clear: both; width: 100%; display: block; margin: 20px 0; padding: 0; float: none; position: static; text-align: center;\"><img decoding=\"async\"  src=\"https:\/\/a.allegroimg.com\/original\/11d956\/51a0fe2a4daa83e9e3aba6963506\/Goodyear-UG-Performance-3-195-50R17-89-V-XL-FR-3PMSF-opona-zimowa\" srcset=\"https:\/\/a.allegroimg.com\/original\/11d956\/51a0fe2a4daa83e9e3aba6963506\/Goodyear-UG-Performance-3-195-50R17-89-V-XL-FR-3PMSF-opona-zimowa 248w,https:\/\/a.allegroimg.com\/original\/11d956\/51a0fe2a4daa83e9e3aba6963506\/Goodyear-UG-Performance-3-195-50R17-89-V-XL-FR-3PMSF-opona-zimowa 345w,https:\/\/a.allegroimg.com\/original\/11d956\/51a0fe2a4daa83e9e3aba6963506\/Goodyear-UG-Performance-3-195-50R17-89-V-XL-FR-3PMSF-opona-zimowa 345w\" sizes=\"(min-width: 1200px) 560px, (min-width: 992px) 50vw, 100vw\" width=\"345px\" alt=\"Goodyear UG Performance 3 195\/50R17 89 V XL FR 3PMSF opona zimowa\" style=\"max-width: 100%; height: auto; display: block; margin: 0 auto;\"><\/div>\n<\/div>\n<\/div>\n<\/div>\n<\/div>\n<div style=\"clear: both; display: block; margin: 10px 0;\">\n<div style=\"clear: both; display: block; margin: 10px 0;\">\n<h2>Goodyear UG Performance 3 195\/50R17 89 V XL FR 3PMSF<\/h2>\n<p style=\"margin: 15px 0; line-height: 1.8; clear: both; display: block; width: 100%; float: none; position: static;\">Producent: Goodyear<\/p>\n<p style=\"margin: 15px 0; line-height: 1.8; clear: both; display: block; width: 100%; float: none; position: static;\">Model: UG Performance 3<\/p>\n<p style=\"margin: 15px 0; line-height: 1.8; clear: both; display: block; width: 100%; float: none; position: static;\">Sezon: zimowe<\/p>\n<p style=\"margin: 15px 0; line-height: 1.8; clear: both; display: block; width: 100%; float: none; position: static;\">Rozmiar: 195\/50R17<\/p>\n<p style=\"margin: 15px 0; line-height: 1.8; clear: both; display: block; width: 100%; float: none; position: static;\">Data produkcji: 2025<\/p>\n<p style=\"margin: 15px 0; line-height: 1.8; clear: both; display: block; width: 100%; float: none; position: static;\">Zu\u017cycie paliwa: klasa C<\/p>\n<p style=\"margin: 15px 0; line-height: 1.8; clear: both; display: block; width: 100%; float: none; position: static;\">Przyczepno\u015b\u0107 na mokrym: klasa C<\/p>\n<p style=\"margin: 15px 0; line-height: 1.8; clear: both; display: block; width: 100%; float: none; position: static;\">Poziom ha\u0142asu: 70 dB<\/p>\n<\/div>\n<\/div>\n<\/div>\n<div style=\"clear: both; display: block; margin: 10px 0;\">\n<div style=\"clear: both; display: block; margin: 10px 0;\">\n<div style=\"clear: both; display: block; margin: 10px 0;\">\n<div  style=\"max-width:760px;max-height:582px\">\n<div style=\"clear: both; display: block; margin: 10px 0;\">\n<div style=\"clear: both; width: 100%; display: block; margin: 20px 0; padding: 0; float: none; position: static; text-align: center;\"><img decoding=\"async\"  src=\"https:\/\/a.allegroimg.com\/original\/111ccf\/10e5ce6e4557893cb2ecc64f4916\/Goodyear-UG-Performance-3-195-50R17-89-V-XL-FR-3PMSF-opona-zimowa-Liczba-opon-w-ofercie-1-szt\" srcset=\"https:\/\/a.allegroimg.com\/original\/111ccf\/10e5ce6e4557893cb2ecc64f4916\/Goodyear-UG-Performance-3-195-50R17-89-V-XL-FR-3PMSF-opona-zimowa-Liczba-opon-w-ofercie-1-szt 360w,https:\/\/a.allegroimg.com\/original\/111ccf\/10e5ce6e4557893cb2ecc64f4916\/Goodyear-UG-Performance-3-195-50R17-89-V-XL-FR-3PMSF-opona-zimowa-Liczba-opon-w-ofercie-1-szt 720w,https:\/\/a.allegroimg.com\/original\/111ccf\/10e5ce6e4557893cb2ecc64f4916\/Goodyear-UG-Performance-3-195-50R17-89-V-XL-FR-3PMSF-opona-zimowa-Liczba-opon-w-ofercie-1-szt 760w,https:\/\/a.allegroimg.com\/original\/111ccf\/10e5ce6e4557893cb2ecc64f4916\/Goodyear-UG-Performance-3-195-50R17-89-V-XL-FR-3PMSF-opona-zimowa-Liczba-opon-w-ofercie-1-szt 760w\" sizes=\"(min-width: 1200px) 560px, (min-width: 992px) 50vw, 100vw\" width=\"760px\" alt=\"Goodyear UG Performance 3 195\/50R17 89 V XL FR 3PMSF opona zimowa Liczba opon w ofercie 1 szt.\" style=\"max-width: 100%; height: auto; display: block; margin: 0 auto;\"><\/div>\n<\/div>\n<\/div>\n<\/div>\n<\/div>\n<div style=\"clear: both; display: block; margin: 10px 0;\">\n<div style=\"clear: both; display: block; margin: 10px 0;\">\n<h1>Goodyear UG Performance 3 \u2013 stworzona z my\u015bl\u0105 o wymagaj\u0105cych zimowych warunkach<\/h1>\n<p style=\"margin: 15px 0; line-height: 1.8; clear: both; display: block; width: 100%; float: none; position: static;\">Goodyear UltraGrip Performance 3 to nowoczesna opona zimowa klasy premium, opracowana z my\u015bl\u0105 o kierowcach ceni\u0105cych maksymalne bezpiecze\u0144stwo i precyzj\u0119 prowadzenia w najtrudniejszych warunkach. Dzi\u0119ki zastosowaniu technologii Snow Protect opona oferuje wyj\u0105tkow\u0105 przyczepno\u015b\u0107 na \u015bniegu \u2013 zar\u00f3wno ubitym, jak i g\u0142\u0119bokim. Zag\u0119szczony uk\u0142ad lameli oraz rowki na barku poprawiaj\u0105 trakcj\u0119 i stabilno\u015b\u0107, u\u0142atwiaj\u0105c ruszanie, hamowanie i manewrowanie nawet na za\u015bnie\u017conych drogach. Dodatkowo, certyfikat 3PMSF potwierdza skuteczno\u015b\u0107 UltraGrip Performance 3 w warunkach zimowych wed\u0142ug surowych norm europejskich.<\/p>\n<\/div>\n<\/div>\n<\/div>\n<div style=\"clear: both; display: block; margin: 10px 0;\">\n<div style=\"clear: both; display: block; margin: 10px 0;\">\n<div style=\"clear: both; display: block; margin: 10px 0;\">\n<div  style=\"max-width:760px;max-height:580px\">\n<div style=\"clear: both; display: block; margin: 10px 0;\">\n<div style=\"clear: both; width: 100%; display: block; margin: 20px 0; padding: 0; float: none; position: static; text-align: center;\"><img decoding=\"async\"  src=\"https:\/\/a.allegroimg.com\/original\/11aff1\/d4d5934a4fa7948ace533fea6bac\/Goodyear-UG-Performance-3-195-50R17-89-V-XL-FR-3PMSF-opona-zimowa-Rok-produkcji-2025\" srcset=\"https:\/\/a.allegroimg.com\/original\/11aff1\/d4d5934a4fa7948ace533fea6bac\/Goodyear-UG-Performance-3-195-50R17-89-V-XL-FR-3PMSF-opona-zimowa-Rok-produkcji-2025 360w,https:\/\/a.allegroimg.com\/original\/11aff1\/d4d5934a4fa7948ace533fea6bac\/Goodyear-UG-Performance-3-195-50R17-89-V-XL-FR-3PMSF-opona-zimowa-Rok-produkcji-2025 720w,https:\/\/a.allegroimg.com\/original\/11aff1\/d4d5934a4fa7948ace533fea6bac\/Goodyear-UG-Performance-3-195-50R17-89-V-XL-FR-3PMSF-opona-zimowa-Rok-produkcji-2025 760w,https:\/\/a.allegroimg.com\/original\/11aff1\/d4d5934a4fa7948ace533fea6bac\/Goodyear-UG-Performance-3-195-50R17-89-V-XL-FR-3PMSF-opona-zimowa-Rok-produkcji-2025 760w\" sizes=\"(min-width: 1200px) 560px, (min-width: 992px) 50vw, 100vw\" width=\"760px\" alt=\"Goodyear UG Performance 3 195\/50R17 89 V XL FR 3PMSF opona zimowa Rok produkcji 2025\" style=\"max-width: 100%; height: auto; display: block; margin: 0 auto;\"><\/div>\n<\/div>\n<\/div>\n<\/div>\n<\/div>\n<div style=\"clear: both; display: block; margin: 10px 0;\">\n<div style=\"clear: both; display: block; margin: 10px 0;\">\n<h1>Zaawansowane technologie dla lepszych osi\u0105g\u00f3w<\/h1>\n<p style=\"margin: 15px 0; line-height: 1.8; clear: both; display: block; width: 100%; float: none; position: static;\">Model ten korzysta z szeregu innowacyjnych rozwi\u0105za\u0144, kt\u00f3re poprawiaj\u0105 komfort i bezpiecze\u0144stwo jazdy w ka\u017cdych zimowych warunkach. Dzi\u0119ki technologii Wet Grip+ oraz kierunkowemu bie\u017cnikowi opona doskonale radzi sobie na mokrej nawierzchni, oferuj\u0105c kr\u00f3tk\u0105 drog\u0119 hamowania i skuteczne odprowadzanie wody oraz b\u0142ota po\u015bniegowego. Nowa mieszanka gumowa z wysok\u0105 zawarto\u015bci\u0105 krzemionki sprawia, \u017ce opona zachowuje elastyczno\u015b\u0107 nawet w bardzo niskich temperaturach, co przek\u0142ada si\u0119 na trwa\u0142o\u015b\u0107 i niskie opory toczenia.<\/p>\n<\/div>\n<\/div>\n<\/div>\n<div style=\"clear: both; display: block; margin: 10px 0;\">\n<div style=\"clear: both; display: block; margin: 10px 0;\">\n<div style=\"clear: both; display: block; margin: 10px 0;\">\n<div  style=\"max-width:760px;max-height:624px\">\n<div style=\"clear: both; display: block; margin: 10px 0;\">\n<div style=\"clear: both; width: 100%; display: block; margin: 20px 0; padding: 0; float: none; position: static; text-align: center;\"><img decoding=\"async\"  src=\"https:\/\/a.allegroimg.com\/original\/111917\/d2aff5394c328c81470234bee169\/Goodyear-UG-Performance-3-195-50R17-89-V-XL-FR-3PMSF-opona-zimowa-Marka-Goodyear\" srcset=\"https:\/\/a.allegroimg.com\/original\/111917\/d2aff5394c328c81470234bee169\/Goodyear-UG-Performance-3-195-50R17-89-V-XL-FR-3PMSF-opona-zimowa-Marka-Goodyear 360w,https:\/\/a.allegroimg.com\/original\/111917\/d2aff5394c328c81470234bee169\/Goodyear-UG-Performance-3-195-50R17-89-V-XL-FR-3PMSF-opona-zimowa-Marka-Goodyear 720w,https:\/\/a.allegroimg.com\/original\/111917\/d2aff5394c328c81470234bee169\/Goodyear-UG-Performance-3-195-50R17-89-V-XL-FR-3PMSF-opona-zimowa-Marka-Goodyear 760w,https:\/\/a.allegroimg.com\/original\/111917\/d2aff5394c328c81470234bee169\/Goodyear-UG-Performance-3-195-50R17-89-V-XL-FR-3PMSF-opona-zimowa-Marka-Goodyear 760w\" sizes=\"(min-width: 1200px) 560px, (min-width: 992px) 50vw, 100vw\" width=\"760px\" alt=\"Goodyear UG Performance 3 195\/50R17 89 V XL FR 3PMSF opona zimowa Marka Goodyear\" style=\"max-width: 100%; height: auto; display: block; margin: 0 auto;\"><\/div>\n<\/div>\n<\/div>\n<\/div>\n<\/div>\n<div style=\"clear: both; display: block; margin: 10px 0;\">\n<div style=\"clear: both; display: block; margin: 10px 0;\">\n<h1>Gotowa na pojazdy elektryczne i codzienne wyzwania<\/h1>\n<p style=\"margin: 15px 0; line-height: 1.8; clear: both; display: block; width: 100%; float: none; position: static;\">Goodyear UltraGrip Performance 3 zosta\u0142a zaprojektowana z my\u015bl\u0105 o przysz\u0142o\u015bci \u2013 to opona EV-Ready, zoptymalizowana r\u00f3wnie\u017c pod k\u0105tem samochod\u00f3w elektrycznych i hybrydowych. Dzi\u0119ki zastosowaniu technologii SoundComfort, wewn\u0119trzny ha\u0142as toczenia mo\u017ce zosta\u0107 zredukowany nawet o 50%, co znacz\u0105co poprawia komfort akustyczny w kabinie. Z kolei system Mileage Plus wyd\u0142u\u017ca \u017cywotno\u015b\u0107 opony nawet o 50% wzgl\u0119dem poprzednich generacji, co czyni j\u0105 op\u0142acalnym wyborem dla kierowc\u00f3w pokonuj\u0105cych d\u0142ugie trasy.<\/p>\n<\/div>\n<\/div>\n<\/div>\n<div style=\"clear: both; display: block; margin: 10px 0;\">\n<div style=\"clear: both; display: block; margin: 10px 0;\">\n<div style=\"clear: both; display: block; margin: 10px 0;\">\n<div  style=\"max-width:760px;max-height:624px\">\n<div style=\"clear: both; display: block; margin: 10px 0;\">\n<div style=\"clear: both; width: 100%; display: block; margin: 20px 0; padding: 0; float: none; position: static; text-align: center;\"><img decoding=\"async\"  src=\"https:\/\/a.allegroimg.com\/original\/117dfc\/5fc6dd164b94b4b9106c3ff4bbe0\/Goodyear-UG-Performance-3-195-50R17-89-V-XL-FR-3PMSF-opona-zimowa-Szerokosc-opony-195-mm\" srcset=\"https:\/\/a.allegroimg.com\/original\/117dfc\/5fc6dd164b94b4b9106c3ff4bbe0\/Goodyear-UG-Performance-3-195-50R17-89-V-XL-FR-3PMSF-opona-zimowa-Szerokosc-opony-195-mm 360w,https:\/\/a.allegroimg.com\/original\/117dfc\/5fc6dd164b94b4b9106c3ff4bbe0\/Goodyear-UG-Performance-3-195-50R17-89-V-XL-FR-3PMSF-opona-zimowa-Szerokosc-opony-195-mm 720w,https:\/\/a.allegroimg.com\/original\/117dfc\/5fc6dd164b94b4b9106c3ff4bbe0\/Goodyear-UG-Performance-3-195-50R17-89-V-XL-FR-3PMSF-opona-zimowa-Szerokosc-opony-195-mm 760w,https:\/\/a.allegroimg.com\/original\/117dfc\/5fc6dd164b94b4b9106c3ff4bbe0\/Goodyear-UG-Performance-3-195-50R17-89-V-XL-FR-3PMSF-opona-zimowa-Szerokosc-opony-195-mm 760w\" sizes=\"(min-width: 1200px) 560px, (min-width: 992px) 50vw, 100vw\" width=\"760px\" alt=\"Goodyear UG Performance 3 195\/50R17 89 V XL FR 3PMSF opona zimowa Szeroko\u015b\u0107 opony 195 mm\" style=\"max-width: 100%; height: auto; display: block; margin: 0 auto;\"><\/div>\n<\/div>\n<\/div>\n<\/div>\n<\/div>\n<div style=\"clear: both; display: block; margin: 10px 0;\">\n<div style=\"clear: both; display: block; margin: 10px 0;\">\n<h1>Co m\u00f3wi\u0105 wyniki test\u00f3w?<\/h1>\n<p style=\"margin: 15px 0; line-height: 1.8; clear: both; display: block; width: 100%; float: none; position: static;\">Goodyear UltraGrip Performance 3 regularnie plasuje si\u0119 w czo\u0142\u00f3wce niezale\u017cnych test\u00f3w. W te\u015bcie Auto Bild (wyd. 40\/2023) w rozmiarze 205\/55 R16 zaj\u0119\u0142a 2. miejsce na 55 modeli, zdobywaj\u0105c ocen\u0119 \u201ewzorcowa\u201d. W ADAC w rozmiarze 215\/55 R17 uplasowa\u0142a si\u0119 na 1. miejscu z not\u0105 \u201edobra (2.0)\u201d. W testach Bil Denmark (225\/50 R17) oraz Auto Bild sportscars (225\/40 R18 92V) zosta\u0142a zwyci\u0119zc\u0105 testu, a w kolejnym te\u015bcie Auto Bild (225\/45 R18) ponownie zaj\u0119\u0142a 2. miejsce na 54 opony. Wysokie noty w r\u00f3\u017cnych rozmiarach potwierdzaj\u0105 jej wszechstronno\u015b\u0107 i doskona\u0142e osi\u0105gi zim\u0105.<\/p>\n<\/div>\n<\/div>\n<\/div>\n<\/div>\n<\/div>\n<\/div>\n<div style=\"clear: both; display: block; margin: 10px 0;\">\n","protected":false},"excerpt":{"rendered":"<p>Goodyear UG Performance 3 195\/50R17 89 V XL FR 3PMSF<\/p>\n<p>Producent: Goodyear<\/p>\n<p>Model: UG Performance 3<\/p>\n<p>Sezon: zimowe<\/p>\n<p>Rozmiar: 195\/50R17<\/p>\n<p>Data produkcji: 2025<\/p>\n<p>Zu\u017cycie paliwa: klasa C<\/p>\n<p>Przyczepno\u015b\u0107 na mokrym: klasa C<\/p>\n","protected":false},"featured_media":15605,"template":"","meta":{"_uag_custom_page_level_css":""},"product_brand":[437],"product_cat":[414,413,412,415],"product_tag":[],"class_list":{"0":"post-15604","1":"product","2":"type-product","3":"status-publish","4":"has-post-thumbnail","6":"product_brand-goodyear","7":"product_cat-do-samochodow-osobowych-i-suv","8":"product_cat-opony","9":"product_cat-opony-i-felgi","10":"product_cat-zimowe","12":"first","13":"instock","14":"shipping-taxable","15":"purchasable","16":"product-type-simple"},"uagb_featured_image_src":{"full":["https:\/\/oponixo.shop\/tire\/wp-content\/uploads\/2026\/01\/allegro-image-15604.jpg",345,500,false],"thumbnail":["https:\/\/oponixo.shop\/tire\/wp-content\/uploads\/2026\/01\/allegro-image-15604-150x150.jpg",150,150,true],"medium":["https:\/\/oponixo.shop\/tire\/wp-content\/uploads\/2026\/01\/allegro-image-15604-207x300.jpg",207,300,true],"medium_large":["https:\/\/oponixo.shop\/tire\/wp-content\/uploads\/2026\/01\/allegro-image-15604.jpg",345,500,false],"large":["https:\/\/oponixo.shop\/tire\/wp-content\/uploads\/2026\/01\/allegro-image-15604.jpg",345,500,false],"1536x1536":["https:\/\/oponixo.shop\/tire\/wp-content\/uploads\/2026\/01\/allegro-image-15604.jpg",345,500,false],"2048x2048":["https:\/\/oponixo.shop\/tire\/wp-content\/uploads\/2026\/01\/allegro-image-15604.jpg",345,500,false],"woocommerce_thumbnail":["https:\/\/oponixo.shop\/tire\/wp-content\/uploads\/2026\/01\/allegro-image-15604-300x300.jpg",300,300,true],"woocommerce_single":["https:\/\/oponixo.shop\/tire\/wp-content\/uploads\/2026\/01\/allegro-image-15604.jpg",345,500,false],"woocommerce_gallery_thumbnail":["https:\/\/oponixo.shop\/tire\/wp-content\/uploads\/2026\/01\/allegro-image-15604-100x100.jpg",100,100,true]},"uagb_author_info":{"display_name":"admin","author_link":"https:\/\/oponixo.shop\/tire\/author\/"},"uagb_comment_info":0,"uagb_excerpt":"Goodyear UG Performance 3 195\/50R17 89 V XL FR 3PMSF Producent: Goodyear Model: UG Performance 3 Sezon: zimowe Rozmiar: 195\/50R17 Data produkcji: 2025 Zu\u017cycie paliwa: klasa C Przyczepno\u015b\u0107 na mokrym: klasa C","_links":{"self":[{"href":"https:\/\/oponixo.shop\/tire\/wp-json\/wp\/v2\/product\/15604","targetHints":{"allow":["GET"]}}],"collection":[{"href":"https:\/\/oponixo.shop\/tire\/wp-json\/wp\/v2\/product"}],"about":[{"href":"https:\/\/oponixo.shop\/tire\/wp-json\/wp\/v2\/types\/product"}],"wp:featuredmedia":[{"embeddable":true,"href":"https:\/\/oponixo.shop\/tire\/wp-json\/wp\/v2\/media\/15605"}],"wp:attachment":[{"href":"https:\/\/oponixo.shop\/tire\/wp-json\/wp\/v2\/media?parent=15604"}],"wp:term":[{"taxonomy":"product_brand","embeddable":true,"href":"https:\/\/oponixo.shop\/tire\/wp-json\/wp\/v2\/product_brand?post=15604"},{"taxonomy":"product_cat","embeddable":true,"href":"https:\/\/oponixo.shop\/tire\/wp-json\/wp\/v2\/product_cat?post=15604"},{"taxonomy":"product_tag","embeddable":true,"href":"https:\/\/oponixo.shop\/tire\/wp-json\/wp\/v2\/product_tag?post=15604"}],"curies":[{"name":"wp","href":"https:\/\/api.w.org\/{rel}","templated":true}]}}