{"id":15662,"date":"2026-01-16T03:21:41","date_gmt":"2026-01-16T02:21:41","guid":{"rendered":"https:\/\/oponyauto.shop\/xef5\/produkt\/2x-245-45r19-falken-euroall-season-as220pro-102-w\/"},"modified":"2026-01-16T03:21:43","modified_gmt":"2026-01-16T02:21:43","slug":"2x-245-45r19-falken-euroall-season-as220pro-102-w","status":"publish","type":"product","link":"https:\/\/oponixo.shop\/tire\/produkt\/2x-245-45r19-falken-euroall-season-as220pro-102-w\/","title":{"rendered":"2x 245\/45R19 FALKEN EUROALL SEASON AS220PRO 102 W"},"content":{"rendered":"<div style=\"font-family: Arial, sans-serif; line-height: 1.6; color: #333; padding: 20px; clear: both; display: block; width: 100%; float: none; position: static; overflow: hidden;\">\n<div style=\"clear: both; display: block; margin: 10px 0;\">\n<div style=\"clear: both; display: block; margin: 10px 0;\">\n<div style=\"clear: both; display: block; margin: 10px 0;\">\n<h2>Opona ca\u0142oroczna Falken EuroAll Season AS220PRO 245\/45R19 102 W rant ochronny<\/h2>\n<p style=\"margin: 15px 0; line-height: 1.8; clear: both; display: block; width: 100%; float: none; position: static;\">Opona Falken EuroAll Season AS220PRO 245\/45R19 102 W przyczepno\u015b\u0107 na \u015bniegu (3PMSF), rant ochronny, wzmocnienie (XL)<\/p>\n<p style=\"margin: 15px 0; line-height: 1.8; clear: both; display: block; width: 100%; float: none; position: static;\">Cechy produktu:<\/p>\n<ul style=\"margin: 15px 0; padding-left: 20px; clear: both; display: block; width: 100%; float: none; position: static;\">\n<li style=\"margin: 5px 0; padding: 2px 0; clear: both; display: list-item; float: none; position: static;\">szeroko\u015b\u0107\/profil\/\u015brednica: 245\/45R19<\/li>\n<li style=\"margin: 5px 0; padding: 2px 0; clear: both; display: list-item; float: none; position: static;\">indeks no\u015bno\u015bci: 102 &#8211; 850 kg<\/li>\n<li style=\"margin: 5px 0; padding: 2px 0; clear: both; display: list-item; float: none; position: static;\">indeks pr\u0119dko\u015bci: W do 270 km\/h<\/li>\n<li style=\"margin: 5px 0; padding: 2px 0; clear: both; display: list-item; float: none; position: static;\">przyczepno\u015b\u0107 na \u015bniegu (3PMSF)<\/li>\n<li style=\"margin: 5px 0; padding: 2px 0; clear: both; display: list-item; float: none; position: static;\">rant ochronny<\/li>\n<li style=\"margin: 5px 0; padding: 2px 0; clear: both; display: list-item; float: none; position: static;\">wzmocnienie (XL)<\/li>\n<\/ul>\n<\/div>\n<\/div>\n<div style=\"clear: both; display: block; margin: 10px 0;\">\n<div style=\"clear: both; display: block; margin: 10px 0;\">\n<div  style=\"max-width:2560px;max-height:2560px\">\n<div style=\"clear: both; display: block; margin: 10px 0;\">\n<div style=\"clear: both; width: 100%; display: block; margin: 20px 0; padding: 0; float: none; position: static; text-align: center;\"><img decoding=\"async\"  src=\"https:\/\/a.allegroimg.com\/original\/119072\/fd6931f546f7bd63a77343c8e6fa\/2x-245-45R19-FALKEN-EUROALL-SEASON-AS220PRO-102-W\" srcset=\"https:\/\/a.allegroimg.com\/original\/119072\/fd6931f546f7bd63a77343c8e6fa\/2x-245-45R19-FALKEN-EUROALL-SEASON-AS220PRO-102-W 360w,https:\/\/a.allegroimg.com\/original\/119072\/fd6931f546f7bd63a77343c8e6fa\/2x-245-45R19-FALKEN-EUROALL-SEASON-AS220PRO-102-W 720w,https:\/\/a.allegroimg.com\/original\/119072\/fd6931f546f7bd63a77343c8e6fa\/2x-245-45R19-FALKEN-EUROALL-SEASON-AS220PRO-102-W 1024w,https:\/\/a.allegroimg.com\/original\/119072\/fd6931f546f7bd63a77343c8e6fa\/2x-245-45R19-FALKEN-EUROALL-SEASON-AS220PRO-102-W 1440w,https:\/\/a.allegroimg.com\/original\/119072\/fd6931f546f7bd63a77343c8e6fa\/2x-245-45R19-FALKEN-EUROALL-SEASON-AS220PRO-102-W 2560w\" sizes=\"(min-width: 1200px) 560px, (min-width: 992px) 50vw, 100vw\" width=\"2560px\" alt=\"2x 245\/45R19 FALKEN EUROALL SEASON AS220PRO 102 W\" style=\"max-width: 100%; height: auto; display: block; margin: 0 auto;\"><\/div>\n<\/div>\n<\/div>\n<\/div>\n<\/div>\n<\/div>\n<div style=\"clear: both; display: block; margin: 10px 0;\">\n<div style=\"clear: both; display: block; margin: 10px 0;\">\n<div style=\"clear: both; display: block; margin: 10px 0;\">\n<h3 style=\"color: #2c5aa0; font-size: 18px; margin: 30px 0 15px 0; font-weight: bold; clear: both; display: block; width: 100%; float: none; position: static;\">Informacje dodatkowe:<\/h3>\n<ul style=\"margin: 15px 0; padding-left: 20px; clear: both; display: block; width: 100%; float: none; position: static;\">\n<li style=\"margin: 5px 0; padding: 2px 0; clear: both; display: list-item; float: none; position: static;\">rok produkcji: 2024\/2025 (kupuj\u0105c z tej oferty otrzymasz opony fabrycznie nowe, pe\u0142nowarto\u015bciowe) <\/li>\n<li style=\"margin: 5px 0; padding: 2px 0; clear: both; display: list-item; float: none; position: static;\">stan: fabrycznie nowe <\/li>\n<\/ul>\n<\/div>\n<\/div>\n<\/div>\n<div style=\"clear: both; display: block; margin: 10px 0;\">\n<div style=\"clear: both; display: block; margin: 10px 0;\">\n<div style=\"clear: both; display: block; margin: 10px 0;\">\n<div  style=\"max-width:2560px;max-height:2560px\">\n<div style=\"clear: both; display: block; margin: 10px 0;\">\n<div style=\"clear: both; width: 100%; display: block; margin: 20px 0; padding: 0; float: none; position: static; text-align: center;\"><img decoding=\"async\"  src=\"https:\/\/a.allegroimg.com\/original\/119072\/fd6931f546f7bd63a77343c8e6fa\/2x-245-45R19-FALKEN-EUROALL-SEASON-AS220PRO-102-W\" srcset=\"https:\/\/a.allegroimg.com\/original\/119072\/fd6931f546f7bd63a77343c8e6fa\/2x-245-45R19-FALKEN-EUROALL-SEASON-AS220PRO-102-W 360w,https:\/\/a.allegroimg.com\/original\/119072\/fd6931f546f7bd63a77343c8e6fa\/2x-245-45R19-FALKEN-EUROALL-SEASON-AS220PRO-102-W 720w,https:\/\/a.allegroimg.com\/original\/119072\/fd6931f546f7bd63a77343c8e6fa\/2x-245-45R19-FALKEN-EUROALL-SEASON-AS220PRO-102-W 1024w,https:\/\/a.allegroimg.com\/original\/119072\/fd6931f546f7bd63a77343c8e6fa\/2x-245-45R19-FALKEN-EUROALL-SEASON-AS220PRO-102-W 1440w,https:\/\/a.allegroimg.com\/original\/119072\/fd6931f546f7bd63a77343c8e6fa\/2x-245-45R19-FALKEN-EUROALL-SEASON-AS220PRO-102-W 2560w\" sizes=\"100vw\" width=\"2560px\" alt=\"2x 245\/45R19 FALKEN EUROALL SEASON AS220PRO 102 W\" style=\"max-width: 100%; height: auto; display: block; margin: 0 auto;\"><\/div>\n<\/div>\n<\/div>\n<\/div>\n<\/div>\n<\/div>\n<\/div>\n<\/div>\n<\/div>\n<div style=\"clear: both; display: block; margin: 10px 0;\">\n","protected":false},"excerpt":{"rendered":"<p>Opona ca\u0142oroczna Falken EuroAll Season AS220PRO 245\/45R19 102 W rant ochronny<\/p>\n<p>Opona Falken EuroAll Season AS220PRO 245\/45R19 102 W przyczepno\u015b\u0107 na \u015bniegu (3PMSF), rant ochronny, wzmocnienie (XL)<\/p>\n<p>Cechy produktu:<\/p>\n<p>szeroko\u015b\u0107\/profil\/\u015brednica: 245\/45R19<\/p>\n<p>indeks no\u015bno\u015bci: 102 &#8211; 850 kg<\/p>\n<p>indeks pr\u0119dko\u015bci: W do 270 km\/h<\/p>\n<p>przyczepno\u015b\u0107 na \u015bniegu (3PMSF)<\/p>\n<p>rant ochronny<\/p>\n","protected":false},"featured_media":15663,"template":"","meta":{"_uag_custom_page_level_css":""},"product_brand":[451],"product_cat":[416,414,413,412],"product_tag":[],"class_list":{"0":"post-15662","1":"product","2":"type-product","3":"status-publish","4":"has-post-thumbnail","6":"product_brand-falken","7":"product_cat-caloroczne","8":"product_cat-do-samochodow-osobowych-i-suv","9":"product_cat-opony","10":"product_cat-opony-i-felgi","12":"first","13":"instock","14":"shipping-taxable","15":"purchasable","16":"product-type-simple"},"uagb_featured_image_src":{"full":["https:\/\/oponixo.shop\/tire\/wp-content\/uploads\/2026\/01\/allegro-image-15662.jpg",2560,2560,false],"thumbnail":["https:\/\/oponixo.shop\/tire\/wp-content\/uploads\/2026\/01\/allegro-image-15662-150x150.jpg",150,150,true],"medium":["https:\/\/oponixo.shop\/tire\/wp-content\/uploads\/2026\/01\/allegro-image-15662-300x300.jpg",300,300,true],"medium_large":["https:\/\/oponixo.shop\/tire\/wp-content\/uploads\/2026\/01\/allegro-image-15662-768x768.jpg",768,768,true],"large":["https:\/\/oponixo.shop\/tire\/wp-content\/uploads\/2026\/01\/allegro-image-15662-1024x1024.jpg",1024,1024,true],"1536x1536":["https:\/\/oponixo.shop\/tire\/wp-content\/uploads\/2026\/01\/allegro-image-15662-1536x1536.jpg",1536,1536,true],"2048x2048":["https:\/\/oponixo.shop\/tire\/wp-content\/uploads\/2026\/01\/allegro-image-15662-2048x2048.jpg",2048,2048,true],"woocommerce_thumbnail":["https:\/\/oponixo.shop\/tire\/wp-content\/uploads\/2026\/01\/allegro-image-15662-300x300.jpg",300,300,true],"woocommerce_single":["https:\/\/oponixo.shop\/tire\/wp-content\/uploads\/2026\/01\/allegro-image-15662-600x600.jpg",600,600,true],"woocommerce_gallery_thumbnail":["https:\/\/oponixo.shop\/tire\/wp-content\/uploads\/2026\/01\/allegro-image-15662-100x100.jpg",100,100,true]},"uagb_author_info":{"display_name":"admin","author_link":"https:\/\/oponixo.shop\/tire\/author\/"},"uagb_comment_info":0,"uagb_excerpt":"Opona ca\u0142oroczna Falken EuroAll Season AS220PRO 245\/45R19 102 W rant ochronny Opona Falken EuroAll Season AS220PRO 245\/45R19 102 W przyczepno\u015b\u0107 na \u015bniegu (3PMSF), rant ochronny, wzmocnienie (XL) Cechy produktu: szeroko\u015b\u0107\/profil\/\u015brednica: 245\/45R19 indeks no\u015bno\u015bci: 102 - 850 kg indeks pr\u0119dko\u015bci: W do 270 km\/h przyczepno\u015b\u0107 na \u015bniegu (3PMSF) rant ochronny","_links":{"self":[{"href":"https:\/\/oponixo.shop\/tire\/wp-json\/wp\/v2\/product\/15662","targetHints":{"allow":["GET"]}}],"collection":[{"href":"https:\/\/oponixo.shop\/tire\/wp-json\/wp\/v2\/product"}],"about":[{"href":"https:\/\/oponixo.shop\/tire\/wp-json\/wp\/v2\/types\/product"}],"wp:featuredmedia":[{"embeddable":true,"href":"https:\/\/oponixo.shop\/tire\/wp-json\/wp\/v2\/media\/15663"}],"wp:attachment":[{"href":"https:\/\/oponixo.shop\/tire\/wp-json\/wp\/v2\/media?parent=15662"}],"wp:term":[{"taxonomy":"product_brand","embeddable":true,"href":"https:\/\/oponixo.shop\/tire\/wp-json\/wp\/v2\/product_brand?post=15662"},{"taxonomy":"product_cat","embeddable":true,"href":"https:\/\/oponixo.shop\/tire\/wp-json\/wp\/v2\/product_cat?post=15662"},{"taxonomy":"product_tag","embeddable":true,"href":"https:\/\/oponixo.shop\/tire\/wp-json\/wp\/v2\/product_tag?post=15662"}],"curies":[{"name":"wp","href":"https:\/\/api.w.org\/{rel}","templated":true}]}}

<div style="font-family: Arial, sans-serif; line-height: 1.6; color: #333; padding: 20px; clear: both; display: block; width: 100%; float: none; position: static; overflow: hidden;">
<div style="clear: both; display: block; margin: 10px 0;">
<div style="clear: both; display: block; margin: 10px 0;">
<div style="clear: both; display: block; margin: 10px 0;">
<h2>Opona całoroczna Falken EuroAll Season AS220PRO 245/45R19 102 W rant ochronny</h2>
<p style="margin: 15px 0; line-height: 1.8; clear: both; display: block; width: 100%; float: none; position: static;">Opona Falken EuroAll Season AS220PRO 245/45R19 102 W przyczepność na śniegu (3PMSF), rant ochronny, wzmocnienie (XL)</p>
<p style="margin: 15px 0; line-height: 1.8; clear: both; display: block; width: 100%; float: none; position: static;">Cechy produktu:</p>
<ul style="margin: 15px 0; padding-left: 20px; clear: both; display: block; width: 100%; float: none; position: static;">
<li style="margin: 5px 0; padding: 2px 0; clear: both; display: list-item; float: none; position: static;">szerokość/profil/średnica: 245/45R19</li>
<li style="margin: 5px 0; padding: 2px 0; clear: both; display: list-item; float: none; position: static;">indeks nośności: 102 &#8211; 850 kg</li>
<li style="margin: 5px 0; padding: 2px 0; clear: both; display: list-item; float: none; position: static;">indeks prędkości: W do 270 km/h</li>
<li style="margin: 5px 0; padding: 2px 0; clear: both; display: list-item; float: none; position: static;">przyczepność na śniegu (3PMSF)</li>
<li style="margin: 5px 0; padding: 2px 0; clear: both; display: list-item; float: none; position: static;">rant ochronny</li>
<li style="margin: 5px 0; padding: 2px 0; clear: both; display: list-item; float: none; position: static;">wzmocnienie (XL)</li>
</ul>
</div>
</div>
<div style="clear: both; display: block; margin: 10px 0;">
<div style="clear: both; display: block; margin: 10px 0;">
<div  style="max-width:2560px;max-height:2560px">
<div style="clear: both; display: block; margin: 10px 0;">
<div style="clear: both; width: 100%; display: block; margin: 20px 0; padding: 0; float: none; position: static; text-align: center;"><img decoding="async"  src="https://a.allegroimg.com/original/119072/fd6931f546f7bd63a77343c8e6fa/2x-245-45R19-FALKEN-EUROALL-SEASON-AS220PRO-102-W" srcset="https://a.allegroimg.com/original/119072/fd6931f546f7bd63a77343c8e6fa/2x-245-45R19-FALKEN-EUROALL-SEASON-AS220PRO-102-W 360w,https://a.allegroimg.com/original/119072/fd6931f546f7bd63a77343c8e6fa/2x-245-45R19-FALKEN-EUROALL-SEASON-AS220PRO-102-W 720w,https://a.allegroimg.com/original/119072/fd6931f546f7bd63a77343c8e6fa/2x-245-45R19-FALKEN-EUROALL-SEASON-AS220PRO-102-W 1024w,https://a.allegroimg.com/original/119072/fd6931f546f7bd63a77343c8e6fa/2x-245-45R19-FALKEN-EUROALL-SEASON-AS220PRO-102-W 1440w,https://a.allegroimg.com/original/119072/fd6931f546f7bd63a77343c8e6fa/2x-245-45R19-FALKEN-EUROALL-SEASON-AS220PRO-102-W 2560w" sizes="(min-width: 1200px) 560px, (min-width: 992px) 50vw, 100vw" width="2560px" alt="2x 245/45R19 FALKEN EUROALL SEASON AS220PRO 102 W" style="max-width: 100%; height: auto; display: block; margin: 0 auto;"></div>
</div>
</div>
</div>
</div>
</div>
<div style="clear: both; display: block; margin: 10px 0;">
<div style="clear: both; display: block; margin: 10px 0;">
<div style="clear: both; display: block; margin: 10px 0;">
<h3 style="color: #2c5aa0; font-size: 18px; margin: 30px 0 15px 0; font-weight: bold; clear: both; display: block; width: 100%; float: none; position: static;">Informacje dodatkowe:</h3>
<ul style="margin: 15px 0; padding-left: 20px; clear: both; display: block; width: 100%; float: none; position: static;">
<li style="margin: 5px 0; padding: 2px 0; clear: both; display: list-item; float: none; position: static;">rok produkcji: 2024/2025 (kupując z tej oferty otrzymasz opony fabrycznie nowe, pełnowartościowe) </li>
<li style="margin: 5px 0; padding: 2px 0; clear: both; display: list-item; float: none; position: static;">stan: fabrycznie nowe </li>
</ul>
</div>
</div>
</div>
<div style="clear: both; display: block; margin: 10px 0;">
<div style="clear: both; display: block; margin: 10px 0;">
<div style="clear: both; display: block; margin: 10px 0;">
<div  style="max-width:2560px;max-height:2560px">
<div style="clear: both; display: block; margin: 10px 0;">
<div style="clear: both; width: 100%; display: block; margin: 20px 0; padding: 0; float: none; position: static; text-align: center;"><img decoding="async"  src="https://a.allegroimg.com/original/119072/fd6931f546f7bd63a77343c8e6fa/2x-245-45R19-FALKEN-EUROALL-SEASON-AS220PRO-102-W" srcset="https://a.allegroimg.com/original/119072/fd6931f546f7bd63a77343c8e6fa/2x-245-45R19-FALKEN-EUROALL-SEASON-AS220PRO-102-W 360w,https://a.allegroimg.com/original/119072/fd6931f546f7bd63a77343c8e6fa/2x-245-45R19-FALKEN-EUROALL-SEASON-AS220PRO-102-W 720w,https://a.allegroimg.com/original/119072/fd6931f546f7bd63a77343c8e6fa/2x-245-45R19-FALKEN-EUROALL-SEASON-AS220PRO-102-W 1024w,https://a.allegroimg.com/original/119072/fd6931f546f7bd63a77343c8e6fa/2x-245-45R19-FALKEN-EUROALL-SEASON-AS220PRO-102-W 1440w,https://a.allegroimg.com/original/119072/fd6931f546f7bd63a77343c8e6fa/2x-245-45R19-FALKEN-EUROALL-SEASON-AS220PRO-102-W 2560w" sizes="100vw" width="2560px" alt="2x 245/45R19 FALKEN EUROALL SEASON AS220PRO 102 W" style="max-width: 100%; height: auto; display: block; margin: 0 auto;"></div>
</div>
</div>
</div>
</div>
</div>
</div>
</div>
</div>
<div style="clear: both; display: block; margin: 10px 0;">

<p>Opona całoroczna Falken EuroAll Season AS220PRO 245/45R19 102 W rant ochronny</p>
<p>Opona Falken EuroAll Season AS220PRO 245/45R19 102 W przyczepność na śniegu (3PMSF), rant ochronny, wzmocnienie (XL)</p>
<p>Cechy produktu:</p>
<p>szerokość/profil/średnica: 245/45R19</p>
<p>indeks nośności: 102 &#8211; 850 kg</p>
<p>indeks prędkości: W do 270 km/h</p>
<p>przyczepność na śniegu (3PMSF)</p>
<p>rant ochronny</p>

Opona całoroczna Falken EuroAll Season AS220PRO 245/45R19 102 W rant ochronny Opona Falken EuroAll Season AS220PRO 245/45R19 102 W przyczepność na śniegu (3PMSF), rant ochronny, wzmocnienie (XL) Cechy produktu: szerokość/profil/średnica: 245/45R19 indeks nośności: 102 - 850 kg indeks prędkości: W do 270 km/h przyczepność na śniegu (3PMSF) rant ochronny
