{"id":15863,"date":"2026-01-16T03:32:13","date_gmt":"2026-01-16T02:32:13","guid":{"rendered":"https:\/\/oponyauto.shop\/xef5\/produkt\/2-szt-laufenn-195-65r16c-x-fit-van-104-102-r-ciche-nowe\/"},"modified":"2026-01-16T03:32:14","modified_gmt":"2026-01-16T02:32:14","slug":"2-szt-laufenn-195-65r16c-x-fit-van-104-102-r-ciche-nowe","status":"publish","type":"product","link":"https:\/\/oponixo.shop\/tire\/produkt\/2-szt-laufenn-195-65r16c-x-fit-van-104-102-r-ciche-nowe\/","title":{"rendered":"2 szt. LAUFENN 195\/65R16C X Fit Van 104\/102 R CICHE Nowe"},"content":{"rendered":"<div style=\"font-family: Arial, sans-serif; line-height: 1.6; color: #333; padding: 20px; clear: both; display: block; width: 100%; float: none; position: static; overflow: hidden;\">\n<div style=\"clear: both; display: block; margin: 10px 0;\">\n<div style=\"clear: both; display: block; margin: 10px 0;\">\n<div style=\"clear: both; display: block; margin: 10px 0;\">\n<div  style=\"max-width:620px;max-height:200px\">\n<div style=\"clear: both; display: block; margin: 10px 0;\">\n<div style=\"clear: both; width: 100%; display: block; margin: 20px 0; padding: 0; float: none; position: static; text-align: center;\"><img decoding=\"async\"  src=\"https:\/\/a.allegroimg.com\/original\/11fcab\/4d0e4cb14de2b18e761cc4e268d7\/2-szt-LAUFENN-195-65R16C-X-Fit-Van-104-102-R-CICHE-Nowe-Marka-Laufenn\" srcset=\"https:\/\/a.allegroimg.com\/original\/11fcab\/4d0e4cb14de2b18e761cc4e268d7\/2-szt-LAUFENN-195-65R16C-X-Fit-Van-104-102-R-CICHE-Nowe-Marka-Laufenn 360w,https:\/\/a.allegroimg.com\/original\/11fcab\/4d0e4cb14de2b18e761cc4e268d7\/2-szt-LAUFENN-195-65R16C-X-Fit-Van-104-102-R-CICHE-Nowe-Marka-Laufenn 620w,https:\/\/a.allegroimg.com\/original\/11fcab\/4d0e4cb14de2b18e761cc4e268d7\/2-szt-LAUFENN-195-65R16C-X-Fit-Van-104-102-R-CICHE-Nowe-Marka-Laufenn 620w\" sizes=\"100vw\" width=\"620px\" alt=\"2 szt. LAUFENN 195\/65R16C X Fit Van 104\/102 R CICHE Nowe Marka Laufenn\" style=\"max-width: 100%; height: auto; display: block; margin: 0 auto;\"><\/div>\n<\/div>\n<\/div>\n<\/div>\n<\/div>\n<\/div>\n<div style=\"clear: both; display: block; margin: 10px 0;\">\n<div style=\"clear: both; display: block; margin: 10px 0;\">\n<div style=\"clear: both; display: block; margin: 10px 0;\">\n<h1>2x nowe opony letnie Laufenn X Fit Van 195\/65 R16C 104\/102R \/ Ciche \/ Oryginalne \/ Para<\/h1>\n<p style=\"margin: 15px 0; line-height: 1.8; clear: both; display: block; width: 100%; float: none; position: static;\"><b>Kup<\/b> wygodnie i bezpiecznie <b>u eksperta<\/b> od opon osobowych, terenowych i dostawczych.<\/p>\n<\/div>\n<\/div>\n<\/div>\n<div style=\"clear: both; display: block; margin: 10px 0;\">\n<div style=\"clear: both; display: block; margin: 10px 0;\">\n<div style=\"clear: both; display: block; margin: 10px 0;\">\n<h2>Szczeg\u00f3\u0142y oferty:<\/h2>\n<ul style=\"margin: 15px 0; padding-left: 20px; clear: both; display: block; width: 100%; float: none; position: static;\">\n<li style=\"margin: 5px 0; padding: 2px 0; clear: both; display: list-item; float: none; position: static;\">Sezon: opony letnie<\/li>\n<li style=\"margin: 5px 0; padding: 2px 0; clear: both; display: list-item; float: none; position: static;\">Aukcja dotyczy: <b>2 sztuk<\/b> (dw\u00f3ch opon)<\/li>\n<li style=\"margin: 5px 0; padding: 2px 0; clear: both; display: list-item; float: none; position: static;\">Przeznaczenie: auta dostawcze, do busa<\/li>\n<li style=\"margin: 5px 0; padding: 2px 0; clear: both; display: list-item; float: none; position: static;\">Gatunek: pierwszy (najlepszy)<\/li>\n<li style=\"margin: 5px 0; padding: 2px 0; clear: both; display: list-item; float: none; position: static;\">Stan: <b>fabrycznie nowe<\/b><\/li>\n<li style=\"margin: 5px 0; padding: 2px 0; clear: both; display: list-item; float: none; position: static;\">Jako\u015b\u0107: 100% oryginane<\/li>\n<li style=\"margin: 5px 0; padding: 2px 0; clear: both; display: list-item; float: none; position: static;\">Data produkcji: 2024<\/li>\n<li style=\"margin: 5px 0; padding: 2px 0; clear: both; display: list-item; float: none; position: static;\">Wsparcie techniczne: do\u017cywotnie<\/li>\n<li style=\"margin: 5px 0; padding: 2px 0; clear: both; display: list-item; float: none; position: static;\">Pe\u0142na ochrona: 120 miesi\u0119cy<\/li>\n<li style=\"margin: 5px 0; padding: 2px 0; clear: both; display: list-item; float: none; position: static;\">SKU: A2020386<\/li>\n<\/ul>\n<h2>Dane techniczne:<\/h2>\n<ul style=\"margin: 15px 0; padding-left: 20px; clear: both; display: block; width: 100%; float: none; position: static;\">\n<li style=\"margin: 5px 0; padding: 2px 0; clear: both; display: list-item; float: none; position: static;\">Wzmocnienie (<b>C<\/b>)<\/li>\n<li style=\"margin: 5px 0; padding: 2px 0; clear: both; display: list-item; float: none; position: static;\">Bardzo ciche i komfortowe<\/li>\n<\/ul>\n<\/div>\n<\/div>\n<\/div>\n<div style=\"clear: both; display: block; margin: 10px 0;\">\n<div style=\"clear: both; display: block; margin: 10px 0;\">\n<div style=\"clear: both; display: block; margin: 10px 0;\">\n<div  style=\"max-width:249px;max-height:250px\">\n<div style=\"clear: both; display: block; margin: 10px 0;\">\n<div style=\"clear: both; width: 100%; display: block; margin: 20px 0; padding: 0; float: none; position: static; text-align: center;\"><img decoding=\"async\"  src=\"https:\/\/a.allegroimg.com\/original\/1121d4\/cff558324fa2b967d30f47f95e60\/2-szt-LAUFENN-195-65R16C-X-Fit-Van-104-102-R-CICHE-Nowe\" srcset=\"https:\/\/a.allegroimg.com\/original\/1121d4\/cff558324fa2b967d30f47f95e60\/2-szt-LAUFENN-195-65R16C-X-Fit-Van-104-102-R-CICHE-Nowe 249w,https:\/\/a.allegroimg.com\/original\/1121d4\/cff558324fa2b967d30f47f95e60\/2-szt-LAUFENN-195-65R16C-X-Fit-Van-104-102-R-CICHE-Nowe 249w\" sizes=\"(min-width: 1200px) 560px, (min-width: 992px) 50vw, 100vw\" width=\"249px\" alt=\"2 szt. LAUFENN 195\/65R16C X Fit Van 104\/102 R CICHE Nowe\" style=\"max-width: 100%; height: auto; display: block; margin: 0 auto;\"><\/div>\n<\/div>\n<\/div>\n<\/div>\n<\/div>\n<div style=\"clear: both; display: block; margin: 10px 0;\">\n<div style=\"clear: both; display: block; margin: 10px 0;\">\n<h1>Parametry opon:<\/h1>\n<ul style=\"margin: 15px 0; padding-left: 20px; clear: both; display: block; width: 100%; float: none; position: static;\">\n<li style=\"margin: 5px 0; padding: 2px 0; clear: both; display: list-item; float: none; position: static;\">Marka: Laufenn<\/li>\n<li style=\"margin: 5px 0; padding: 2px 0; clear: both; display: list-item; float: none; position: static;\">Model: X Fit Van<\/li>\n<li style=\"margin: 5px 0; padding: 2px 0; clear: both; display: list-item; float: none; position: static;\">Sezon: <b>letnie<\/b><\/li>\n<li style=\"margin: 5px 0; padding: 2px 0; clear: both; display: list-item; float: none; position: static;\">Przeznaczenie: dostawcze, do busa<\/li>\n<li style=\"margin: 5px 0; padding: 2px 0; clear: both; display: list-item; float: none; position: static;\">Rozmiar: <b>195\/65 R16C<\/b><\/li>\n<li style=\"margin: 5px 0; padding: 2px 0; clear: both; display: list-item; float: none; position: static;\">Szeroko\u015b\u0107: 195 mm<\/li>\n<li style=\"margin: 5px 0; padding: 2px 0; clear: both; display: list-item; float: none; position: static;\">Wysoko\u015b\u0107: 65<\/li>\n<li style=\"margin: 5px 0; padding: 2px 0; clear: both; display: list-item; float: none; position: static;\">\u015arednica: 16 cali<\/li>\n<li style=\"margin: 5px 0; padding: 2px 0; clear: both; display: list-item; float: none; position: static;\">Indeks no\u015bno\u015bci: <b>104\/102<\/b><\/li>\n<li style=\"margin: 5px 0; padding: 2px 0; clear: both; display: list-item; float: none; position: static;\">Indeks pr\u0119dko\u015bci: <b>R<\/b> (do 170 km\/h)<\/li>\n<li style=\"margin: 5px 0; padding: 2px 0; clear: both; display: list-item; float: none; position: static;\">Inne oznaczenia: C, M+S<\/li>\n<\/ul>\n<\/div>\n<\/div>\n<\/div>\n<div style=\"clear: both; display: block; margin: 10px 0;\">\n<div style=\"clear: both; display: block; margin: 10px 0;\">\n<div style=\"clear: both; display: block; margin: 10px 0;\">\n<div  style=\"max-width:600px;max-height:381px\">\n<div style=\"clear: both; display: block; margin: 10px 0;\">\n<div style=\"clear: both; width: 100%; display: block; margin: 20px 0; padding: 0; float: none; position: static; text-align: center;\"><img decoding=\"async\"  src=\"https:\/\/a.allegroimg.com\/original\/11a378\/d5fbfa0148048d3eae459eab6725\/2-szt-LAUFENN-195-65R16C-X-Fit-Van-104-102-R-CICHE-Nowe-Profil-opony-65\" srcset=\"https:\/\/a.allegroimg.com\/original\/11a378\/d5fbfa0148048d3eae459eab6725\/2-szt-LAUFENN-195-65R16C-X-Fit-Van-104-102-R-CICHE-Nowe-Profil-opony-65 360w,https:\/\/a.allegroimg.com\/original\/11a378\/d5fbfa0148048d3eae459eab6725\/2-szt-LAUFENN-195-65R16C-X-Fit-Van-104-102-R-CICHE-Nowe-Profil-opony-65 600w,https:\/\/a.allegroimg.com\/original\/11a378\/d5fbfa0148048d3eae459eab6725\/2-szt-LAUFENN-195-65R16C-X-Fit-Van-104-102-R-CICHE-Nowe-Profil-opony-65 600w\" sizes=\"(min-width: 1200px) 560px, (min-width: 992px) 50vw, 100vw\" width=\"600px\" alt=\"2 szt. LAUFENN 195\/65R16C X Fit Van 104\/102 R CICHE Nowe Profil opony 65\" style=\"max-width: 100%; height: auto; display: block; margin: 0 auto;\"><\/div>\n<\/div>\n<\/div>\n<\/div>\n<\/div>\n<div style=\"clear: both; display: block; margin: 10px 0;\">\n<div style=\"clear: both; display: block; margin: 10px 0;\">\n<h1>Dodatkowe oznaczenia:<\/h1>\n<p style=\"margin: 15px 0; line-height: 1.8; clear: both; display: block; width: 100%; float: none; position: static;\"><b>C<\/b> \/ Wzmocnienie C (Cargo) stosowane w przypadku opon do aut dostawczych &#8211; oznacza wi\u0119ksz\u0105 no\u015bno\u015b\u0107 w por\u00f3wnaniu od tradycyjnej opony (bez tego oznaczenia).<\/p>\n<p style=\"margin: 15px 0; line-height: 1.8; clear: both; display: block; width: 100%; float: none; position: static;\"><b>M+S<\/b> \/ Opona o konstrukcji zoptymalizowanej pod k\u0105tem przyczepno\u015bci na b\u0142ocie oraz \u015bwie\u017cym lub topniej\u0105cym \u015bniegu. Stanowi deklaracj\u0119 producenta, \u017ce dana opona radzi sobie lepiej w b\u0142ocie czy \u015bniegu ni\u017c standardowa.<\/p>\n<\/div>\n<\/div>\n<\/div>\n<div style=\"clear: both; display: block; margin: 10px 0;\">\n<div style=\"clear: both; display: block; margin: 10px 0;\">\n<div style=\"clear: both; display: block; margin: 10px 0;\">\n<h1>Etykieta opony Laufenn X Fit Van 195\/65 R16<\/h1>\n<p style=\"margin: 15px 0; line-height: 1.8; clear: both; display: block; width: 100%; float: none; position: static;\">Unijna etykieta to obowi\u0105zkowe na terenie Unii Europejskiej oznaczenie informuj\u0105ce o parametrach sprzedawanych opon. Jej zadaniem jest pomoc kierowcom w wyborze modelu, kt\u00f3ry b\u0119dzie zoptymalizowany pod k\u0105tem r\u00f3\u017cnych osi\u0105g\u00f3w. Etykiety informuj\u0105 o poziomie ha\u0142asu generowanym podczas jazdy, zu\u017cyciu paliwa, a tak\u017ce zachowaniu na mokrej nawierzchni. Dzi\u0119ki por\u00f3wnaniu poszczeg\u00f3lnych warto\u015bci, a tak\u017ce cenie r\u00f3\u017cnych modeli ogumienia, kierowca mo\u017ce kupi\u0107 opony najbardziej dopasowane do jego potrzeb i mo\u017cliwo\u015bci finansowych.<\/p>\n<h2>Op\u00f3r toczenia &#8211; klasa D<\/h2>\n<p style=\"margin: 15px 0; line-height: 1.8; clear: both; display: block; width: 100%; float: none; position: static;\">Opory toczenia to si\u0142y dzia\u0142aj\u0105ce na opony przeciwnie do kierunku jazdy (tarcie, op\u00f3r powietrza). Im gorzej dany model si\u0119 im przeciwstawia, tym ma wi\u0119ksze opory toczenia, a wi\u0119c potrzebuje wi\u0119cej energii do pozostawania w ruchu. Wi\u0105\u017ce si\u0119 to ze zwi\u0119kszonym spalaniem paliwa. Opony o ma\u0142ych oporach toczenia s\u0105 w stanie wp\u0142yn\u0105\u0107 na spadek jego zu\u017cycia mniej wi\u0119cej o 0,1 litra na 100 km.<\/p>\n<\/div>\n<\/div>\n<\/div>\n<div style=\"clear: both; display: block; margin: 10px 0;\">\n<div style=\"clear: both; display: block; margin: 10px 0;\">\n<div style=\"clear: both; display: block; margin: 10px 0;\">\n<div  style=\"max-width:300px;max-height:440px\">\n<div style=\"clear: both; display: block; margin: 10px 0;\">\n<div style=\"clear: both; width: 100%; display: block; margin: 20px 0; padding: 0; float: none; position: static; text-align: center;\"><img decoding=\"async\"  src=\"https:\/\/a.allegroimg.com\/original\/116be7\/1c5699a14adbb99669e2bb33a61e\/2-szt-LAUFENN-195-65R16C-X-Fit-Van-104-102-R-CICHE-Nowe-Liczba-opon-w-ofercie-2-szt\" srcset=\"https:\/\/a.allegroimg.com\/original\/116be7\/1c5699a14adbb99669e2bb33a61e\/2-szt-LAUFENN-195-65R16C-X-Fit-Van-104-102-R-CICHE-Nowe-Liczba-opon-w-ofercie-2-szt 245w,https:\/\/a.allegroimg.com\/original\/116be7\/1c5699a14adbb99669e2bb33a61e\/2-szt-LAUFENN-195-65R16C-X-Fit-Van-104-102-R-CICHE-Nowe-Liczba-opon-w-ofercie-2-szt 300w,https:\/\/a.allegroimg.com\/original\/116be7\/1c5699a14adbb99669e2bb33a61e\/2-szt-LAUFENN-195-65R16C-X-Fit-Van-104-102-R-CICHE-Nowe-Liczba-opon-w-ofercie-2-szt 300w\" sizes=\"(min-width: 1200px) 560px, (min-width: 992px) 50vw, 100vw\" width=\"300px\" alt=\"2 szt. LAUFENN 195\/65R16C X Fit Van 104\/102 R CICHE Nowe Liczba opon w ofercie 2 szt.\" style=\"max-width: 100%; height: auto; display: block; margin: 0 auto;\"><\/div>\n<\/div>\n<\/div>\n<\/div>\n<\/div>\n<div style=\"clear: both; display: block; margin: 10px 0;\">\n<div style=\"clear: both; display: block; margin: 10px 0;\">\n<h2>Hamowanie na mokrym &#8211; klasa C<\/h2>\n<p style=\"margin: 15px 0; line-height: 1.8; clear: both; display: block; width: 100%; float: none; position: static;\">Przyczepno\u015b\u0107 na mokrej nawierzchni to zdolno\u015b\u0107 zachowania kontaktu opony z pokryt\u0105 wod\u0105 jezdni\u0105. Najkr\u00f3tsz\u0105 drog\u0105 hamowania cechuje si\u0119 ogumienie zaliczane do klasy &#8222;A&#8221;. Najs\u0142absze parametry pod tym wzgl\u0119dem maj\u0105 modele z not\u0105 &#8222;G&#8221;.<\/p>\n<h2>Ha\u0142as &#8211; 67dB<\/h2>\n<p style=\"margin: 15px 0; line-height: 1.8; clear: both; display: block; width: 100%; float: none; position: static;\">Zmniejszenie ha\u0142asu wytwarzanego przez opony podczas jazdy, to nie tylko wi\u0119kszy komfort dla kierowc\u00f3w i mieszka\u0144c\u00f3w miast, ale tak\u017ce element wp\u0142ywaj\u0105cy na chronienie \u015brodowiska naturalnego. Dzi\u0119ki zawarciu na unijnej etykiecie do\u0142\u0105czonej do opony informacji dotycz\u0105cej ha\u0142asu zewn\u0119trznego generowanego przez opon\u0119, ka\u017cdy kierowca mo\u017ce wybra\u0107 model gwarantuj\u0105cy odpowiedni poziom komfortu. Parametr wyra\u017ca si\u0119 w decybelach.<\/p>\n<\/div>\n<\/div>\n<\/div>\n<div style=\"clear: both; display: block; margin: 10px 0;\">\n<div style=\"clear: both; display: block; margin: 10px 0;\">\n<div style=\"clear: both; display: block; margin: 10px 0;\">\n<div  style=\"max-width:612px;max-height:281px\">\n<div style=\"clear: both; display: block; margin: 10px 0;\">\n<div style=\"clear: both; width: 100%; display: block; margin: 20px 0; padding: 0; float: none; position: static; text-align: center;\"><img decoding=\"async\"  src=\"https:\/\/a.allegroimg.com\/original\/1119c8\/a46a3b814191b04c2c6ad6a9db0c\/2-szt-LAUFENN-195-65R16C-X-Fit-Van-104-102-R-CICHE-Nowe-Szerokosc-opony-195-mm\" srcset=\"https:\/\/a.allegroimg.com\/original\/1119c8\/a46a3b814191b04c2c6ad6a9db0c\/2-szt-LAUFENN-195-65R16C-X-Fit-Van-104-102-R-CICHE-Nowe-Szerokosc-opony-195-mm 360w,https:\/\/a.allegroimg.com\/original\/1119c8\/a46a3b814191b04c2c6ad6a9db0c\/2-szt-LAUFENN-195-65R16C-X-Fit-Van-104-102-R-CICHE-Nowe-Szerokosc-opony-195-mm 612w,https:\/\/a.allegroimg.com\/original\/1119c8\/a46a3b814191b04c2c6ad6a9db0c\/2-szt-LAUFENN-195-65R16C-X-Fit-Van-104-102-R-CICHE-Nowe-Szerokosc-opony-195-mm 612w\" sizes=\"100vw\" width=\"612px\" alt=\"2 szt. LAUFENN 195\/65R16C X Fit Van 104\/102 R CICHE Nowe Szeroko\u015b\u0107 opony 195 mm\" style=\"max-width: 100%; height: auto; display: block; margin: 0 auto;\"><\/div>\n<\/div>\n<\/div>\n<\/div>\n<\/div>\n<\/div>\n<div style=\"clear: both; display: block; margin: 10px 0;\">\n<div style=\"clear: both; display: block; margin: 10px 0;\">\n<div style=\"clear: both; display: block; margin: 10px 0;\">\n<h1>Opony letnie Laufenn X Fit Van<\/h1>\n<p style=\"margin: 15px 0; line-height: 1.8; clear: both; display: block; width: 100%; float: none; position: static;\">Opony letnie <b>Laufenn X Fit Van 195\/65 R16C 104\/102 R<\/b> dedykowane s\u0105 warunkom pogodowym, kt\u00f3re panuj\u0105 w Polsce od po\u0142owy wiosny do jesieni. Oznacza to, \u017ce powinny by\u0107 montowane jak ka\u017cde opony letnie czyli wiosn\u0105, gdy temperatura przekracza 7\u00b0C. Opony <b>Laufenn X Fit Van<\/b> zapewniaj\u0105 najlepsze osi\u0105gi, najkr\u00f3tsz\u0105 drog\u0119 hamowania i najwi\u0119kszy komfort jazdy w sytuacjach pogodowych najcz\u0119stszych dla tego sezonu \u2013 podczas intensywnych opad\u00f3w deszczu, na rozgrzanym asfalcie i suchej nawierzchni. Sprawdzaj\u0105 si\u0119 doskonale zar\u00f3wno w mie\u015bcie, jak i na d\u0142ugich trasach.<\/p>\n<p style=\"margin: 15px 0; line-height: 1.8; clear: both; display: block; width: 100%; float: none; position: static;\">Opony letnie <b>Laufenn X Fit Van<\/b> cechuje wyspecjalizowana mieszanka gumowa, a tak\u017ce specjalnie skonstruowany bie\u017cnik gwarantuj\u0105cy stabiln\u0105 jazd\u0119 i sprawne odprowadzanie wody w przypadku deszczu. Sk\u0142adniki, z kt\u00f3rych tworzone s\u0105 opony letnie, wykazuj\u0105 du\u017c\u0105 odporno\u015b\u0107 na wysokie temperatury, dzi\u0119ki czemu gwarantuj\u0105 odpowiedni\u0105 twardo\u015b\u0107 ogumienia podczas upa\u0142\u00f3w. Bie\u017cnik, kt\u00f3ry jest pozbawiony tak wielu naci\u0119\u0107 i rowk\u00f3w jak w oponach zimowych, dba o sprawne ruszanie, kr\u00f3tk\u0105 drog\u0119 hamowania oraz zachowanie pe\u0142ni osi\u0105g\u00f3w bez wzgl\u0119du na warunki pogodowe.<\/p>\n<\/div>\n<\/div>\n<\/div>\n<div style=\"clear: both; display: block; margin: 10px 0;\">\n<div style=\"clear: both; display: block; margin: 10px 0;\">\n<div style=\"clear: both; display: block; margin: 10px 0;\">\n<h1>Kup u eksperta od opon!<\/h1>\n<p style=\"margin: 15px 0; line-height: 1.8; clear: both; display: block; width: 100%; float: none; position: static;\">Wszystkie oferowane opony dost\u0119pne s\u0105 &#8222;od r\u0119ki&#8221; na naszym magazynie. Do ka\u017cdego zam\u00f3wienia wystawiamy dokument sprzeda\u017cy (faktura na firm\u0119 lub osob\u0119 fizyczn\u0105). Wysy\u0142ki realizujemy w ci\u0105gu 24 godzin od momentu z\u0142o\u017cenia zam\u00f3wienia. Zobacz co jeszcze otrzymujesz wybieraj\u0105c nasz\u0105 ofert\u0119:<\/p>\n<\/div>\n<\/div>\n<\/div>\n<div style=\"clear: both; display: block; margin: 10px 0;\">\n<div style=\"clear: both; display: block; margin: 10px 0;\">\n<div style=\"clear: both; display: block; margin: 10px 0;\">\n<div  style=\"max-width:500px;max-height:500px\">\n<div style=\"clear: both; display: block; margin: 10px 0;\">\n<div style=\"clear: both; width: 100%; display: block; margin: 20px 0; padding: 0; float: none; position: static; text-align: center;\"><img decoding=\"async\"  src=\"https:\/\/a.allegroimg.com\/original\/113951\/a123e0a145f699c75a3fc78e3a6a\/2-szt-LAUFENN-195-65R16C-X-Fit-Van-104-102-R-CICHE-Nowe-Srednica-16\" srcset=\"https:\/\/a.allegroimg.com\/original\/113951\/a123e0a145f699c75a3fc78e3a6a\/2-szt-LAUFENN-195-65R16C-X-Fit-Van-104-102-R-CICHE-Nowe-Srednica-16 360w,https:\/\/a.allegroimg.com\/original\/113951\/a123e0a145f699c75a3fc78e3a6a\/2-szt-LAUFENN-195-65R16C-X-Fit-Van-104-102-R-CICHE-Nowe-Srednica-16 500w,https:\/\/a.allegroimg.com\/original\/113951\/a123e0a145f699c75a3fc78e3a6a\/2-szt-LAUFENN-195-65R16C-X-Fit-Van-104-102-R-CICHE-Nowe-Srednica-16 500w\" sizes=\"(min-width: 1200px) 560px, (min-width: 992px) 50vw, 100vw\" width=\"500px\" alt=\"2 szt. LAUFENN 195\/65R16C X Fit Van 104\/102 R CICHE Nowe \u015arednica 16&quot;\" style=\"max-width: 100%; height: auto; display: block; margin: 0 auto;\"><\/div>\n<\/div>\n<\/div>\n<\/div>\n<\/div>\n<div style=\"clear: both; display: block; margin: 10px 0;\">\n<div style=\"clear: both; display: block; margin: 10px 0;\">\n<p style=\"margin: 15px 0; line-height: 1.8; clear: both; display: block; width: 100%; float: none; position: static;\">W pilnych sprawach dotycz\u0105cych realizacji zam\u00f3wie\u0144 gwarantujemy <b>ca\u0142odobow\u0105 pomoc<\/b>. Dla naszych klient\u00f3w jeste\u015bmy do dyspozycji przez 7 dni w tygodniu (24h na dob\u0119).<\/p>\n<p style=\"margin: 15px 0; line-height: 1.8; clear: both; display: block; width: 100%; float: none; position: static;\">Przez 12 lata uda\u0142o nam si\u0119 zebra\u0107 prawdziwy <b>zesp\u00f3\u0142 profesjonalist\u00f3w<\/b>, kt\u00f3rzy szybko i sprawnie pomog\u0105 w zakupie opon. Wszystkie nasze wysy\u0142ki s\u0105 ubezpieczone do kwoty 15 000 z\u0142.<\/p>\n<p style=\"margin: 15px 0; line-height: 1.8; clear: both; display: block; width: 100%; float: none; position: static;\"><b>Pe\u0142na automatyzacja<\/b> magazynu pozwala nam wysy\u0142a\u0107 do 10 000 opon dziennie. Klimatyzowany magazyn chroni opony przed niekorzystnymi warunkami atmosferycznymi oraz promieniowaniem UV.<\/p>\n<\/div>\n<\/div>\n<\/div>\n<\/div>\n<\/div>\n<\/div>\n<div style=\"clear: both; display: block; margin: 10px 0;\">\n","protected":false},"excerpt":{"rendered":"<p>2x nowe opony letnie Laufenn X Fit Van 195\/65 R16C 104\/102R \/ Ciche \/ Oryginalne \/ Para<\/p>\n<p>Kup wygodnie i bezpiecznie u eksperta od opon osobowych, terenowych i dostawczych.<\/p>\n<p>Szczeg\u00f3\u0142y oferty:<\/p>\n<p>Sezon: opony letnie<\/p>\n<p>Aukcja dotyczy: 2 sztuk (dw\u00f3ch opon)<\/p>\n<p>Przeznaczenie: auta dostawcze, do busa<\/p>\n<p>Gatunek: pierwszy (najlepszy)<\/p>\n<p>Stan: fabrycznie nowe<\/p>\n","protected":false},"featured_media":15864,"template":"","meta":{"_uag_custom_page_level_css":""},"product_brand":[402],"product_cat":[417,418,413,412],"product_tag":[],"class_list":{"0":"post-15863","1":"product","2":"type-product","3":"status-publish","4":"has-post-thumbnail","6":"product_brand-laufenn","7":"product_cat-do-samochodow-dostawczych","8":"product_cat-letnie","9":"product_cat-opony","10":"product_cat-opony-i-felgi","12":"first","13":"instock","14":"shipping-taxable","15":"purchasable","16":"product-type-simple"},"uagb_featured_image_src":{"full":["https:\/\/oponixo.shop\/tire\/wp-content\/uploads\/2026\/01\/allegro-image-15863.jpg",249,250,false],"thumbnail":["https:\/\/oponixo.shop\/tire\/wp-content\/uploads\/2026\/01\/allegro-image-15863-150x150.jpg",150,150,true],"medium":["https:\/\/oponixo.shop\/tire\/wp-content\/uploads\/2026\/01\/allegro-image-15863.jpg",249,250,false],"medium_large":["https:\/\/oponixo.shop\/tire\/wp-content\/uploads\/2026\/01\/allegro-image-15863.jpg",249,250,false],"large":["https:\/\/oponixo.shop\/tire\/wp-content\/uploads\/2026\/01\/allegro-image-15863.jpg",249,250,false],"1536x1536":["https:\/\/oponixo.shop\/tire\/wp-content\/uploads\/2026\/01\/allegro-image-15863.jpg",249,250,false],"2048x2048":["https:\/\/oponixo.shop\/tire\/wp-content\/uploads\/2026\/01\/allegro-image-15863.jpg",249,250,false],"woocommerce_thumbnail":["https:\/\/oponixo.shop\/tire\/wp-content\/uploads\/2026\/01\/allegro-image-15863.jpg",249,250,false],"woocommerce_single":["https:\/\/oponixo.shop\/tire\/wp-content\/uploads\/2026\/01\/allegro-image-15863.jpg",249,250,false],"woocommerce_gallery_thumbnail":["https:\/\/oponixo.shop\/tire\/wp-content\/uploads\/2026\/01\/allegro-image-15863-100x100.jpg",100,100,true]},"uagb_author_info":{"display_name":"admin","author_link":"https:\/\/oponixo.shop\/tire\/author\/"},"uagb_comment_info":0,"uagb_excerpt":"2x nowe opony letnie Laufenn X Fit Van 195\/65 R16C 104\/102R \/ Ciche \/ Oryginalne \/ Para Kup wygodnie i bezpiecznie u eksperta od opon osobowych, terenowych i dostawczych. Szczeg\u00f3\u0142y oferty: Sezon: opony letnie Aukcja dotyczy: 2 sztuk (dw\u00f3ch opon) Przeznaczenie: auta dostawcze, do busa Gatunek: pierwszy (najlepszy) Stan: fabrycznie nowe","_links":{"self":[{"href":"https:\/\/oponixo.shop\/tire\/wp-json\/wp\/v2\/product\/15863","targetHints":{"allow":["GET"]}}],"collection":[{"href":"https:\/\/oponixo.shop\/tire\/wp-json\/wp\/v2\/product"}],"about":[{"href":"https:\/\/oponixo.shop\/tire\/wp-json\/wp\/v2\/types\/product"}],"wp:featuredmedia":[{"embeddable":true,"href":"https:\/\/oponixo.shop\/tire\/wp-json\/wp\/v2\/media\/15864"}],"wp:attachment":[{"href":"https:\/\/oponixo.shop\/tire\/wp-json\/wp\/v2\/media?parent=15863"}],"wp:term":[{"taxonomy":"product_brand","embeddable":true,"href":"https:\/\/oponixo.shop\/tire\/wp-json\/wp\/v2\/product_brand?post=15863"},{"taxonomy":"product_cat","embeddable":true,"href":"https:\/\/oponixo.shop\/tire\/wp-json\/wp\/v2\/product_cat?post=15863"},{"taxonomy":"product_tag","embeddable":true,"href":"https:\/\/oponixo.shop\/tire\/wp-json\/wp\/v2\/product_tag?post=15863"}],"curies":[{"name":"wp","href":"https:\/\/api.w.org\/{rel}","templated":true}]}}