{"id":16185,"date":"2026-01-17T02:52:49","date_gmt":"2026-01-17T01:52:49","guid":{"rendered":"https:\/\/oponyonline.shop\/xef5\/produkt\/opona-caloroczna-215-45r16-90v-xl-as-contact-continental\/"},"modified":"2026-01-17T02:52:50","modified_gmt":"2026-01-17T01:52:50","slug":"opona-caloroczna-215-45r16-90v-xl-as-contact-continental","status":"publish","type":"product","link":"https:\/\/oponixo.shop\/tire\/produkt\/opona-caloroczna-215-45r16-90v-xl-as-contact-continental\/","title":{"rendered":"Opona ca\u0142oroczna 215\/45R16 90V XL AS Contact CONTINENTAL"},"content":{"rendered":"<div style=\"font-family: Arial, sans-serif; line-height: 1.6; color: #333; padding: 20px; clear: both; display: block; width: 100%; float: none; position: static; overflow: hidden;\">\n<div style=\"clear: both; display: block; margin: 10px 0;\">\n<div style=\"clear: both; display: block; margin: 10px 0;\">\n<div style=\"clear: both; display: block; margin: 10px 0;\">\n<h1>Opona ca\u0142oroczna 215\/45R16 90V XL AS Contact CONTINENTAL<\/h1>\n<\/div>\n<\/div>\n<\/div>\n<div style=\"clear: both; display: block; margin: 10px 0;\">\n<div style=\"clear: both; display: block; margin: 10px 0;\">\n<div style=\"clear: both; display: block; margin: 10px 0;\">\n<div  style=\"max-width:1440px;max-height:100px\">\n<div style=\"clear: both; display: block; margin: 10px 0;\">\n<div style=\"clear: both; width: 100%; display: block; margin: 20px 0; padding: 0; float: none; position: static; text-align: center;\"><img decoding=\"async\"  src=\"https:\/\/a.allegroimg.com\/original\/11cee4\/f0e3b9e54ce9973aa167e900388b\/Opona-caloroczna-215-45R16-90V-XL-AS-Contact-CONTINENTAL-Profil-opony-45\" srcset=\"https:\/\/a.allegroimg.com\/original\/11cee4\/f0e3b9e54ce9973aa167e900388b\/Opona-caloroczna-215-45R16-90V-XL-AS-Contact-CONTINENTAL-Profil-opony-45 360w,https:\/\/a.allegroimg.com\/original\/11cee4\/f0e3b9e54ce9973aa167e900388b\/Opona-caloroczna-215-45R16-90V-XL-AS-Contact-CONTINENTAL-Profil-opony-45 720w,https:\/\/a.allegroimg.com\/original\/11cee4\/f0e3b9e54ce9973aa167e900388b\/Opona-caloroczna-215-45R16-90V-XL-AS-Contact-CONTINENTAL-Profil-opony-45 1024w,https:\/\/a.allegroimg.com\/original\/11cee4\/f0e3b9e54ce9973aa167e900388b\/Opona-caloroczna-215-45R16-90V-XL-AS-Contact-CONTINENTAL-Profil-opony-45 1440w,https:\/\/a.allegroimg.com\/original\/11cee4\/f0e3b9e54ce9973aa167e900388b\/Opona-caloroczna-215-45R16-90V-XL-AS-Contact-CONTINENTAL-Profil-opony-45 1440w\" sizes=\"100vw\" width=\"1440px\" alt=\"Opona ca\u0142oroczna 215\/45R16 90V XL AS Contact CONTINENTAL Profil opony 45\" style=\"max-width: 100%; height: auto; display: block; margin: 0 auto;\"><\/div>\n<\/div>\n<\/div>\n<\/div>\n<\/div>\n<\/div>\n<div style=\"clear: both; display: block; margin: 10px 0;\">\n<div style=\"clear: both; display: block; margin: 10px 0;\">\n<div style=\"clear: both; display: block; margin: 10px 0;\">\n<div  style=\"max-width:1546px;max-height:2560px\">\n<div style=\"clear: both; display: block; margin: 10px 0;\">\n<div style=\"clear: both; width: 100%; display: block; margin: 20px 0; padding: 0; float: none; position: static; text-align: center;\"><img decoding=\"async\"  src=\"https:\/\/a.allegroimg.com\/original\/1185b1\/69476bd64df695445fbd4f10fcf6\/Opona-caloroczna-215-45R16-90V-XL-AS-Contact-CONTINENTAL-Liczba-opon-w-ofercie-1-szt\" srcset=\"https:\/\/a.allegroimg.com\/original\/1185b1\/69476bd64df695445fbd4f10fcf6\/Opona-caloroczna-215-45R16-90V-XL-AS-Contact-CONTINENTAL-Liczba-opon-w-ofercie-1-szt 217w,https:\/\/a.allegroimg.com\/original\/1185b1\/69476bd64df695445fbd4f10fcf6\/Opona-caloroczna-215-45R16-90V-XL-AS-Contact-CONTINENTAL-Liczba-opon-w-ofercie-1-szt 434w,https:\/\/a.allegroimg.com\/original\/1185b1\/69476bd64df695445fbd4f10fcf6\/Opona-caloroczna-215-45R16-90V-XL-AS-Contact-CONTINENTAL-Liczba-opon-w-ofercie-1-szt 618w,https:\/\/a.allegroimg.com\/original\/1185b1\/69476bd64df695445fbd4f10fcf6\/Opona-caloroczna-215-45R16-90V-XL-AS-Contact-CONTINENTAL-Liczba-opon-w-ofercie-1-szt 869w,https:\/\/a.allegroimg.com\/original\/1185b1\/69476bd64df695445fbd4f10fcf6\/Opona-caloroczna-215-45R16-90V-XL-AS-Contact-CONTINENTAL-Liczba-opon-w-ofercie-1-szt 1546w\" sizes=\"(min-width: 1200px) 560px, (min-width: 992px) 50vw, 100vw\" width=\"1546px\" alt=\"Opona ca\u0142oroczna 215\/45R16 90V XL AS Contact CONTINENTAL Liczba opon w ofercie 1 szt.\" style=\"max-width: 100%; height: auto; display: block; margin: 0 auto;\"><\/div>\n<\/div>\n<\/div>\n<\/div>\n<\/div>\n<div style=\"clear: both; display: block; margin: 10px 0;\">\n<div style=\"clear: both; display: block; margin: 10px 0;\">\n<h1>CONTINENTAL AllSeasonContact 215\/45R16<\/h1>\n<h3 style=\"color: #2c5aa0; font-size: 18px; margin: 30px 0 15px 0; font-weight: bold; clear: both; display: block; width: 100%; float: none; position: static;\">Dane podstawowe<\/h3>\n<p style=\"margin: 15px 0; line-height: 1.8; clear: both; display: block; width: 100%; float: none; position: static;\"><b>Stan:<\/b> Opony fabrycznie nowe<\/p>\n<p style=\"margin: 15px 0; line-height: 1.8; clear: both; display: block; width: 100%; float: none; position: static;\"><b>Producent:<\/b> CONTINENTAL<\/p>\n<p style=\"margin: 15px 0; line-height: 1.8; clear: both; display: block; width: 100%; float: none; position: static;\"><b>Model:<\/b> AllSeasonContact<\/p>\n<p style=\"margin: 15px 0; line-height: 1.8; clear: both; display: block; width: 100%; float: none; position: static;\"><b>Klasa opon:<\/b> Premium<\/p>\n<p style=\"margin: 15px 0; line-height: 1.8; clear: both; display: block; width: 100%; float: none; position: static;\"><b>Sezon:<\/b> Opony ca\u0142oroczne<\/p>\n<p style=\"margin: 15px 0; line-height: 1.8; clear: both; display: block; width: 100%; float: none; position: static;\"><b>Szeroko\u015b\u0107:<\/b> 215<\/p>\n<p style=\"margin: 15px 0; line-height: 1.8; clear: both; display: block; width: 100%; float: none; position: static;\"><b>Profil:<\/b> 45<\/p>\n<p style=\"margin: 15px 0; line-height: 1.8; clear: both; display: block; width: 100%; float: none; position: static;\"><b>\u015arednica:<\/b> 16<\/p>\n<p style=\"margin: 15px 0; line-height: 1.8; clear: both; display: block; width: 100%; float: none; position: static;\"><b>Indeks pr\u0119dko\u015bci:<\/b> V &#8211; do 240 km\/h<\/p>\n<p style=\"margin: 15px 0; line-height: 1.8; clear: both; display: block; width: 100%; float: none; position: static;\"><b>Indeks no\u015bno\u015bci:<\/b> 90 &#8211; 600 kg na opon\u0119<\/p>\n<p style=\"margin: 15px 0; line-height: 1.8; clear: both; display: block; width: 100%; float: none; position: static;\"><b>Rok produkcji:<\/b> 2024<\/p>\n<\/div>\n<\/div>\n<\/div>\n<div style=\"clear: both; display: block; margin: 10px 0;\">\n<div style=\"clear: both; display: block; margin: 10px 0;\">\n<div style=\"clear: both; display: block; margin: 10px 0;\">\n<div  style=\"max-width:2560px;max-height:2560px\">\n<div style=\"clear: both; display: block; margin: 10px 0;\">\n<div style=\"clear: both; width: 100%; display: block; margin: 20px 0; padding: 0; float: none; position: static; text-align: center;\"><img decoding=\"async\"  src=\"https:\/\/a.allegroimg.com\/original\/1108c6\/752fc10d431588988ac06e4cc40c\/Opona-caloroczna-215-45R16-90V-XL-AS-Contact-CONTINENTAL-Rok-produkcji-2024\" srcset=\"https:\/\/a.allegroimg.com\/original\/1108c6\/752fc10d431588988ac06e4cc40c\/Opona-caloroczna-215-45R16-90V-XL-AS-Contact-CONTINENTAL-Rok-produkcji-2024 360w,https:\/\/a.allegroimg.com\/original\/1108c6\/752fc10d431588988ac06e4cc40c\/Opona-caloroczna-215-45R16-90V-XL-AS-Contact-CONTINENTAL-Rok-produkcji-2024 720w,https:\/\/a.allegroimg.com\/original\/1108c6\/752fc10d431588988ac06e4cc40c\/Opona-caloroczna-215-45R16-90V-XL-AS-Contact-CONTINENTAL-Rok-produkcji-2024 1024w,https:\/\/a.allegroimg.com\/original\/1108c6\/752fc10d431588988ac06e4cc40c\/Opona-caloroczna-215-45R16-90V-XL-AS-Contact-CONTINENTAL-Rok-produkcji-2024 1440w,https:\/\/a.allegroimg.com\/original\/1108c6\/752fc10d431588988ac06e4cc40c\/Opona-caloroczna-215-45R16-90V-XL-AS-Contact-CONTINENTAL-Rok-produkcji-2024 2560w\" sizes=\"(min-width: 1200px) 560px, (min-width: 992px) 50vw, 100vw\" width=\"2560px\" alt=\"Opona ca\u0142oroczna 215\/45R16 90V XL AS Contact CONTINENTAL Rok produkcji 2024\" style=\"max-width: 100%; height: auto; display: block; margin: 0 auto;\"><\/div>\n<\/div>\n<\/div>\n<\/div>\n<\/div>\n<div style=\"clear: both; display: block; margin: 10px 0;\">\n<div style=\"clear: both; display: block; margin: 10px 0;\">\n<h3 style=\"color: #2c5aa0; font-size: 18px; margin: 30px 0 15px 0; font-weight: bold; clear: both; display: block; width: 100%; float: none; position: static;\">Informacje szczeg\u00f3\u0142owe<\/h3>\n<p style=\"margin: 15px 0; line-height: 1.8; clear: both; display: block; width: 100%; float: none; position: static;\"><b>Op\u00f3r toczenia: <\/b>Klasa C<\/p>\n<p style=\"margin: 15px 0; line-height: 1.8; clear: both; display: block; width: 100%; float: none; position: static;\"><b>Przyczepno\u015b\u0107 na mokrej nawierzchni: <\/b>Klasa B<\/p>\n<p style=\"margin: 15px 0; line-height: 1.8; clear: both; display: block; width: 100%; float: none; position: static;\"><b>Poziom ha\u0142asu zewn\u0119trznego: <\/b>Klasa B<\/p>\n<p style=\"margin: 15px 0; line-height: 1.8; clear: both; display: block; width: 100%; float: none; position: static;\"><b>Ha\u0142as zewn\u0119trzny: <\/b>72 dB<\/p>\n<p style=\"margin: 15px 0; line-height: 1.8; clear: both; display: block; width: 100%; float: none; position: static;\"><b>Opona posiada rant ochronny: <\/b>Tak<\/p>\n<p style=\"margin: 15px 0; line-height: 1.8; clear: both; display: block; width: 100%; float: none; position: static;\"><b>Opona o podwy\u017cszonym wska\u017aniku no\u015bno\u015bci: <\/b>XL<\/p>\n<p style=\"margin: 15px 0; line-height: 1.8; clear: both; display: block; width: 100%; float: none; position: static;\"><b>Przeznaczenie: <\/b>Opona do samochod\u00f3w osobowych<\/p>\n<p style=\"margin: 15px 0; line-height: 1.8; clear: both; display: block; width: 100%; float: none; position: static;\"><b>Kod producenta: <\/b>03550820000<\/p>\n<p style=\"margin: 15px 0; line-height: 1.8; clear: both; display: block; width: 100%; float: none; position: static;\"><b>Kod QR: <\/b>eprel.ec.europa.eu\/qr\/479466<\/p>\n<p style=\"margin: 15px 0; line-height: 1.8; clear: both; display: block; width: 100%; float: none; position: static;\"><b>Waga opony: <\/b>7.8 kg<\/p>\n<\/div>\n<\/div>\n<\/div>\n<div style=\"clear: both; display: block; margin: 10px 0;\">\n<div style=\"clear: both; display: block; margin: 10px 0;\">\n<div style=\"clear: both; display: block; margin: 10px 0;\">\n<p style=\"margin: 15px 0; line-height: 1.8; clear: both; display: block; width: 100%; float: none; position: static;\">*Zdj\u0119cia przedstawione w ofercie maj\u0105 <b>charakter pogl\u0105dowy<\/b>. Rzeczywisty wygl\u0105d mo\u017ce r\u00f3\u017cni\u0107 si\u0119 od prezentowanego w zale\u017cno\u015bci od rozmiaru produktu.<\/p>\n<\/div>\n<\/div>\n<\/div>\n<div style=\"clear: both; display: block; margin: 10px 0;\">\n<div style=\"clear: both; display: block; margin: 10px 0;\">\n<div style=\"clear: both; display: block; margin: 10px 0;\">\n<h1>AllSeasonContact<\/h1>\n<h2>Kontroluj ka\u017cdy sezon.<\/h2>\n<p style=\"margin: 15px 0; line-height: 1.8; clear: both; display: block; width: 100%; float: none; position: static;\">Niemiecka in\u017cynieria bezpiecze\u0144stwa przez ca\u0142y rok.<\/p>\n<ul style=\"margin: 15px 0; padding-left: 20px; clear: both; display: block; width: 100%; float: none; position: static;\">\n<li style=\"margin: 5px 0; padding: 2px 0; clear: both; display: list-item; float: none; position: static;\">Zachowaj kontrol\u0119 przez ca\u0142y sezon.<\/li>\n<li style=\"margin: 5px 0; padding: 2px 0; clear: both; display: list-item; float: none; position: static;\">Zaufaj niezawodnej ca\u0142orocznej przyczepno\u015bci i skuteczno\u015bci hamowania.<\/li>\n<li style=\"margin: 5px 0; padding: 2px 0; clear: both; display: list-item; float: none; position: static;\">Mo\u017cesz liczy\u0107 na wyj\u0105tkow\u0105 wydajno\u015b\u0107 jazdy.<\/li>\n<\/ul>\n<\/div>\n<\/div>\n<\/div>\n<div style=\"clear: both; display: block; margin: 10px 0;\">\n<div style=\"clear: both; display: block; margin: 10px 0;\">\n<div style=\"clear: both; display: block; margin: 10px 0;\">\n<div  style=\"max-width:1000px;max-height:300px\">\n<div style=\"clear: both; display: block; margin: 10px 0;\">\n<div style=\"clear: both; width: 100%; display: block; margin: 20px 0; padding: 0; float: none; position: static; text-align: center;\"><img decoding=\"async\"  src=\"https:\/\/a.allegroimg.com\/original\/115517\/24a48d49415984671dded2028038\/Opona-caloroczna-215-45R16-90V-XL-AS-Contact-CONTINENTAL-Kod-producenta-03550820000\" srcset=\"https:\/\/a.allegroimg.com\/original\/115517\/24a48d49415984671dded2028038\/Opona-caloroczna-215-45R16-90V-XL-AS-Contact-CONTINENTAL-Kod-producenta-03550820000 360w,https:\/\/a.allegroimg.com\/original\/115517\/24a48d49415984671dded2028038\/Opona-caloroczna-215-45R16-90V-XL-AS-Contact-CONTINENTAL-Kod-producenta-03550820000 720w,https:\/\/a.allegroimg.com\/original\/115517\/24a48d49415984671dded2028038\/Opona-caloroczna-215-45R16-90V-XL-AS-Contact-CONTINENTAL-Kod-producenta-03550820000 1000w,https:\/\/a.allegroimg.com\/original\/115517\/24a48d49415984671dded2028038\/Opona-caloroczna-215-45R16-90V-XL-AS-Contact-CONTINENTAL-Kod-producenta-03550820000 1000w\" sizes=\"100vw\" width=\"1000px\" alt=\"Opona ca\u0142oroczna 215\/45R16 90V XL AS Contact CONTINENTAL Kod producenta 03550820000\" style=\"max-width: 100%; height: auto; display: block; margin: 0 auto;\"><\/div>\n<\/div>\n<\/div>\n<\/div>\n<\/div>\n<\/div>\n<div style=\"clear: both; display: block; margin: 10px 0;\">\n<div style=\"clear: both; display: block; margin: 10px 0;\">\n<div style=\"clear: both; display: block; margin: 10px 0;\">\n<h1>O producencie opon Continental<\/h1>\n<p style=\"margin: 15px 0; line-height: 1.8; clear: both; display: block; width: 100%; float: none; position: static;\"><b>Continental<\/b> to niemiecka firma, kt\u00f3ra od <b>1871 roku<\/b> stawia na innowacje i jako\u015b\u0107 w przemy\u015ble oponiarskim. Z siedzib\u0105 w Hanowerze, firma rozwija\u0142a si\u0119 z ma\u0142ej fabryki, staj\u0105c si\u0119 jednym z najwi\u0119kszych i najstarszych producent\u00f3w opon na \u015bwiecie. <b>Continental<\/b> jest pionierem w bran\u017cy, nie tylko wprowadzaj\u0105c nowoczesne technologie, ale tak\u017ce anga\u017cuj\u0105c si\u0119 w <b>zr\u00f3wnowa\u017cony rozw\u00f3j<\/b> i tworzenie innowacyjnych rozwi\u0105za\u0144 mobilno\u015bci, kt\u00f3re wspieraj\u0105 <b>bezpiecze\u0144stwo<\/b> i <b>efektywno\u015b\u0107<\/b>.<\/p>\n<p style=\"margin: 15px 0; line-height: 1.8; clear: both; display: block; width: 100%; float: none; position: static;\">Firma <b>Continental<\/b> posiada ponad <b>150-letni\u0105 histori\u0119<\/b>, w trakcie kt\u00f3rej wyznacza\u0142a standardy, wprowadzaj\u0105c prze\u0142omowe rozwi\u0105zania, takie jak opony z systemami monitorowania ci\u015bnienia czy zaawansowane technologie poprawiaj\u0105ce <b>bezpiecze\u0144stwo<\/b> i <b>komfort jazdy<\/b>. Opony <b>Continental<\/b> to synonim <b>jako\u015bci<\/b>, <b>wydajno\u015bci<\/b> i <b>innowacji<\/b>.<\/p>\n<p style=\"margin: 15px 0; line-height: 1.8; clear: both; display: block; width: 100%; float: none; position: static;\">Firma dzia\u0142a w <b>56 krajach<\/b>, oferuj\u0105c produkty i us\u0142ugi, kt\u00f3re obejmuj\u0105 nie tylko opony, ale tak\u017ce technologie zwi\u0105zane z mobilno\u015bci\u0105. D\u0105\u017cenie do <b>zr\u00f3wnowa\u017conego rozwoju<\/b> jest kluczowym elementem ich strategii, co czyni <b>Continental<\/b> liderem w tworzeniu produkt\u00f3w przyjaznych \u015brodowisku i bardziej efektywnych energetycznie.<\/p>\n<\/div>\n<\/div>\n<\/div>\n<div style=\"clear: both; display: block; margin: 10px 0;\">\n<div style=\"clear: both; display: block; margin: 10px 0;\">\n<div style=\"clear: both; display: block; margin: 10px 0;\">\n<div  style=\"max-width:852px;max-height:1248px\">\n<div style=\"clear: both; display: block; margin: 10px 0;\">\n<div style=\"clear: both; width: 100%; display: block; margin: 20px 0; padding: 0; float: none; position: static; text-align: center;\"><img decoding=\"async\"  src=\"https:\/\/a.allegroimg.com\/original\/117da7\/5d4b693c461ea414a281249f5755\/Opona-caloroczna-215-45R16-90V-XL-AS-Contact-CONTINENTAL-Szerokosc-opony-215-mm\" srcset=\"https:\/\/a.allegroimg.com\/original\/117da7\/5d4b693c461ea414a281249f5755\/Opona-caloroczna-215-45R16-90V-XL-AS-Contact-CONTINENTAL-Szerokosc-opony-215-mm 245w,https:\/\/a.allegroimg.com\/original\/117da7\/5d4b693c461ea414a281249f5755\/Opona-caloroczna-215-45R16-90V-XL-AS-Contact-CONTINENTAL-Szerokosc-opony-215-mm 491w,https:\/\/a.allegroimg.com\/original\/117da7\/5d4b693c461ea414a281249f5755\/Opona-caloroczna-215-45R16-90V-XL-AS-Contact-CONTINENTAL-Szerokosc-opony-215-mm 699w,https:\/\/a.allegroimg.com\/original\/117da7\/5d4b693c461ea414a281249f5755\/Opona-caloroczna-215-45R16-90V-XL-AS-Contact-CONTINENTAL-Szerokosc-opony-215-mm 852w,https:\/\/a.allegroimg.com\/original\/117da7\/5d4b693c461ea414a281249f5755\/Opona-caloroczna-215-45R16-90V-XL-AS-Contact-CONTINENTAL-Szerokosc-opony-215-mm 852w\" sizes=\"(min-width: 1200px) 560px, (min-width: 992px) 50vw, 100vw\" width=\"852px\" alt=\"Opona ca\u0142oroczna 215\/45R16 90V XL AS Contact CONTINENTAL Szeroko\u015b\u0107 opony 215 mm\" style=\"max-width: 100%; height: auto; display: block; margin: 0 auto;\"><\/div>\n<\/div>\n<\/div>\n<\/div>\n<\/div>\n<div style=\"clear: both; display: block; margin: 10px 0;\">\n<div style=\"clear: both; display: block; margin: 10px 0;\">\n<p style=\"margin: 15px 0; line-height: 1.8; clear: both; display: block; width: 100%; float: none; position: static;\"><b>Etykiety Unijne na oponach<\/b> pomagaj\u0105 konsumentom w podj\u0119ciu \u015bwiadomej decyzji o zakupie.<\/p>\n<p style=\"margin: 15px 0; line-height: 1.8; clear: both; display: block; width: 100%; float: none; position: static;\"><b>Op\u00f3r toczenia<\/b> w oponie jest wska\u017anikiem jej efektywno\u015bci energetycznej, co ma wp\u0142yw na zu\u017cycie paliwa oraz emisj\u0119 spalin. Klasa oporu toczenia waha si\u0119 od A (najwydajniejsza) do E (najni\u017csza).<\/p>\n<p style=\"margin: 15px 0; line-height: 1.8; clear: both; display: block; width: 100%; float: none; position: static;\"><b>Droga hamowania na mokrej nawierzchni<\/b> zale\u017cy od zdolno\u015bci opony do trzymania si\u0119 drogi na mokrej nawierzchni. Klasa A okre\u015bla najkr\u00f3tsz\u0105 drog\u0119, za\u015b E najd\u0142u\u017csz\u0105. Opona z etykiet\u0105 E hamuje 18 metr\u00f3w dalej w por\u00f3wnaniu z opon\u0105 z etykiet\u0105 A (procedura testowa, w kt\u00f3rej mierzy si\u0119 drog\u0119 hamowania od 80 km\/h do 5 km\/h na drodze pokrytej wod\u0105).<\/p>\n<p style=\"margin: 15px 0; line-height: 1.8; clear: both; display: block; width: 100%; float: none; position: static;\"><b>Ha\u0142as zewn\u0119trzny<\/b> odnosi si\u0119 do ha\u0142asu wytwarzanego przez opon\u0119 podczas przejazdu samochodu i jest mierzony w dB (decybelach). Ha\u0142as opon mierzony jest na zewn\u0105trz pojazdu co ma za zadanie ograniczy\u0107 negatywny wp\u0142yw na otoczenie.<\/p>\n<\/div>\n<\/div>\n<\/div>\n<\/div>\n<\/div>\n<\/div>\n<div style=\"clear: both; display: block; margin: 10px 0;\">\n","protected":false},"excerpt":{"rendered":"<p>Opona ca\u0142oroczna 215\/45R16 90V XL AS Contact CONTINENTAL<\/p>\n<p>CONTINENTAL AllSeasonContact 215\/45R16<\/p>\n<p>Dane podstawowe<\/p>\n<p>Stan: Opony fabrycznie nowe<\/p>\n<p>Producent: CONTINENTAL<\/p>\n<p>Model: AllSeasonContact<\/p>\n<p>Klasa opon: Premium<\/p>\n<p>Sezon: Opony ca\u0142oroczne<\/p>\n","protected":false},"featured_media":16186,"template":"","meta":{"_uag_custom_page_level_css":""},"product_brand":[396],"product_cat":[416,414,413,412],"product_tag":[],"class_list":{"0":"post-16185","1":"product","2":"type-product","3":"status-publish","4":"has-post-thumbnail","6":"product_brand-continental","7":"product_cat-caloroczne","8":"product_cat-do-samochodow-osobowych-i-suv","9":"product_cat-opony","10":"product_cat-opony-i-felgi","12":"first","13":"instock","14":"shipping-taxable","15":"purchasable","16":"product-type-simple"},"uagb_featured_image_src":{"full":["https:\/\/oponixo.shop\/tire\/wp-content\/uploads\/2026\/01\/allegro-image-16185.jpg",2560,2560,false],"thumbnail":["https:\/\/oponixo.shop\/tire\/wp-content\/uploads\/2026\/01\/allegro-image-16185-150x150.jpg",150,150,true],"medium":["https:\/\/oponixo.shop\/tire\/wp-content\/uploads\/2026\/01\/allegro-image-16185-300x300.jpg",300,300,true],"medium_large":["https:\/\/oponixo.shop\/tire\/wp-content\/uploads\/2026\/01\/allegro-image-16185-768x768.jpg",768,768,true],"large":["https:\/\/oponixo.shop\/tire\/wp-content\/uploads\/2026\/01\/allegro-image-16185-1024x1024.jpg",1024,1024,true],"1536x1536":["https:\/\/oponixo.shop\/tire\/wp-content\/uploads\/2026\/01\/allegro-image-16185-1536x1536.jpg",1536,1536,true],"2048x2048":["https:\/\/oponixo.shop\/tire\/wp-content\/uploads\/2026\/01\/allegro-image-16185-2048x2048.jpg",2048,2048,true],"woocommerce_thumbnail":["https:\/\/oponixo.shop\/tire\/wp-content\/uploads\/2026\/01\/allegro-image-16185-300x300.jpg",300,300,true],"woocommerce_single":["https:\/\/oponixo.shop\/tire\/wp-content\/uploads\/2026\/01\/allegro-image-16185-600x600.jpg",600,600,true],"woocommerce_gallery_thumbnail":["https:\/\/oponixo.shop\/tire\/wp-content\/uploads\/2026\/01\/allegro-image-16185-100x100.jpg",100,100,true]},"uagb_author_info":{"display_name":"admin","author_link":"https:\/\/oponixo.shop\/tire\/author\/"},"uagb_comment_info":0,"uagb_excerpt":"Opona ca\u0142oroczna 215\/45R16 90V XL AS Contact CONTINENTAL CONTINENTAL AllSeasonContact 215\/45R16 Dane podstawowe Stan: Opony fabrycznie nowe Producent: CONTINENTAL Model: AllSeasonContact Klasa opon: Premium Sezon: Opony ca\u0142oroczne","_links":{"self":[{"href":"https:\/\/oponixo.shop\/tire\/wp-json\/wp\/v2\/product\/16185","targetHints":{"allow":["GET"]}}],"collection":[{"href":"https:\/\/oponixo.shop\/tire\/wp-json\/wp\/v2\/product"}],"about":[{"href":"https:\/\/oponixo.shop\/tire\/wp-json\/wp\/v2\/types\/product"}],"wp:featuredmedia":[{"embeddable":true,"href":"https:\/\/oponixo.shop\/tire\/wp-json\/wp\/v2\/media\/16186"}],"wp:attachment":[{"href":"https:\/\/oponixo.shop\/tire\/wp-json\/wp\/v2\/media?parent=16185"}],"wp:term":[{"taxonomy":"product_brand","embeddable":true,"href":"https:\/\/oponixo.shop\/tire\/wp-json\/wp\/v2\/product_brand?post=16185"},{"taxonomy":"product_cat","embeddable":true,"href":"https:\/\/oponixo.shop\/tire\/wp-json\/wp\/v2\/product_cat?post=16185"},{"taxonomy":"product_tag","embeddable":true,"href":"https:\/\/oponixo.shop\/tire\/wp-json\/wp\/v2\/product_tag?post=16185"}],"curies":[{"name":"wp","href":"https:\/\/api.w.org\/{rel}","templated":true}]}}