{"id":16199,"date":"2026-01-17T02:52:52","date_gmt":"2026-01-17T01:52:52","guid":{"rendered":"https:\/\/oponyonline.shop\/xef5\/produkt\/2x-nexen-nfera-primus-215-45r16-90v\/"},"modified":"2026-01-17T02:52:52","modified_gmt":"2026-01-17T01:52:52","slug":"2x-nexen-nfera-primus-215-45r16-90v","status":"publish","type":"product","link":"https:\/\/oponixo.shop\/tire\/produkt\/2x-nexen-nfera-primus-215-45r16-90v\/","title":{"rendered":"2x Nexen NFera Primus 215\/45R16 90V"},"content":{"rendered":"<div style=\"font-family: Arial, sans-serif; line-height: 1.6; color: #333; padding: 20px; clear: both; display: block; width: 100%; float: none; position: static; overflow: hidden;\">\n<div style=\"clear: both; display: block; margin: 10px 0;\">\n<div style=\"clear: both; display: block; margin: 10px 0;\">\n<div style=\"clear: both; display: block; margin: 10px 0;\">\n<h1>2x nowe opony letnie NEXEN NFERA PRIMUS 215\/45R16 90V<\/h1>\n<p style=\"margin: 15px 0; line-height: 1.8; clear: both; display: block; width: 100%; float: none; position: static;\">Cechy produktu<\/p>\n<ul style=\"margin: 15px 0; padding-left: 20px; clear: both; display: block; width: 100%; float: none; position: static;\">\n<li style=\"margin: 5px 0; padding: 2px 0; clear: both; display: list-item; float: none; position: static;\">Marka: Nexen<\/li>\n<li style=\"margin: 5px 0; padding: 2px 0; clear: both; display: list-item; float: none; position: static;\">Model: NFera Primus<\/li>\n<li style=\"margin: 5px 0; padding: 2px 0; clear: both; display: list-item; float: none; position: static;\">Szeroko\u015b\u0107\/profil\/\u015brednica: 215\/45R16<\/li>\n<li style=\"margin: 5px 0; padding: 2px 0; clear: both; display: list-item; float: none; position: static;\">Indeks no\u015bno\u015bci: do 90 (600 kg na opon\u0119)<\/li>\n<li style=\"margin: 5px 0; padding: 2px 0; clear: both; display: list-item; float: none; position: static;\">Indeks pr\u0119dko\u015bci: V (do 240 km\/h)<\/li>\n<li style=\"margin: 5px 0; padding: 2px 0; clear: both; display: list-item; float: none; position: static;\">Sezon: letnie<\/li>\n<li style=\"margin: 5px 0; padding: 2px 0; clear: both; display: list-item; float: none; position: static;\">Typ pojazdu: osobowy<\/li>\n<li style=\"margin: 5px 0; padding: 2px 0; clear: both; display: list-item; float: none; position: static;\">Klasa energetyczna: C<\/li>\n<li style=\"margin: 5px 0; padding: 2px 0; clear: both; display: list-item; float: none; position: static;\">Klasa przyczepno\u015bci: B<\/li>\n<li style=\"margin: 5px 0; padding: 2px 0; clear: both; display: list-item; float: none; position: static;\">Poziom ha\u0142asu: 71<\/li>\n<li style=\"margin: 5px 0; padding: 2px 0; clear: both; display: list-item; float: none; position: static;\">Klasa ha\u0142asu: B<\/li>\n<li style=\"margin: 5px 0; padding: 2px 0; clear: both; display: list-item; float: none; position: static;\">Rok produkcji: 2025<\/li>\n<li style=\"margin: 5px 0; padding: 2px 0; clear: both; display: list-item; float: none; position: static;\">Oznaczenia_dodatkowe: XL<\/li>\n<\/ul>\n<\/div>\n<\/div>\n<div style=\"clear: both; display: block; margin: 10px 0;\">\n<div style=\"clear: both; display: block; margin: 10px 0;\">\n<div  style=\"max-width:542px;max-height:800px\">\n<div style=\"clear: both; display: block; margin: 10px 0;\">\n<div style=\"clear: both; width: 100%; display: block; margin: 20px 0; padding: 0; float: none; position: static; text-align: center;\"><img decoding=\"async\"  src=\"https:\/\/a.allegroimg.com\/original\/119835\/288f95d34678a6b57d26c42c1fa1\/2x-Nexen-NFera-Primus-215-45R16-90V\" srcset=\"https:\/\/a.allegroimg.com\/original\/119835\/288f95d34678a6b57d26c42c1fa1\/2x-Nexen-NFera-Primus-215-45R16-90V 243w,https:\/\/a.allegroimg.com\/original\/119835\/288f95d34678a6b57d26c42c1fa1\/2x-Nexen-NFera-Primus-215-45R16-90V 487w,https:\/\/a.allegroimg.com\/original\/119835\/288f95d34678a6b57d26c42c1fa1\/2x-Nexen-NFera-Primus-215-45R16-90V 542w,https:\/\/a.allegroimg.com\/original\/119835\/288f95d34678a6b57d26c42c1fa1\/2x-Nexen-NFera-Primus-215-45R16-90V 542w\" sizes=\"(min-width: 1200px) 560px, (min-width: 992px) 50vw, 100vw\" width=\"542px\" alt=\"2x Nexen NFera Primus 215\/45R16 90V\" style=\"max-width: 100%; height: auto; display: block; margin: 0 auto;\"><\/div>\n<\/div>\n<\/div>\n<\/div>\n<\/div>\n<\/div>\n<div style=\"clear: both; display: block; margin: 10px 0;\">\n<div style=\"clear: both; display: block; margin: 10px 0;\">\n<div style=\"clear: both; display: block; margin: 10px 0;\">\n<div  style=\"max-width:212px;max-height:305px\">\n<div style=\"clear: both; display: block; margin: 10px 0;\">\n<div style=\"clear: both; width: 100%; display: block; margin: 20px 0; padding: 0; float: none; position: static; text-align: center;\"><img decoding=\"async\"  src=\"https:\/\/a.allegroimg.com\/original\/1145bd\/5ac2cbd446c69a5412409fedb461\/2x-Nexen-NFera-Primus-215-45R16-90V-Liczba-opon-w-ofercie-2-szt\" srcset=\"https:\/\/a.allegroimg.com\/original\/1145bd\/5ac2cbd446c69a5412409fedb461\/2x-Nexen-NFera-Primus-215-45R16-90V-Liczba-opon-w-ofercie-2-szt 212w,https:\/\/a.allegroimg.com\/original\/1145bd\/5ac2cbd446c69a5412409fedb461\/2x-Nexen-NFera-Primus-215-45R16-90V-Liczba-opon-w-ofercie-2-szt 212w\" sizes=\"(min-width: 1200px) 560px, (min-width: 992px) 50vw, 100vw\" width=\"212px\" alt=\"2x Nexen NFera Primus 215\/45R16 90V Liczba opon w ofercie 2 szt.\" style=\"max-width: 100%; height: auto; display: block; margin: 0 auto;\"><\/div>\n<\/div>\n<\/div>\n<\/div>\n<\/div>\n<div style=\"clear: both; display: block; margin: 10px 0;\">\n<div style=\"clear: both; display: block; margin: 10px 0;\">\n<div  style=\"max-width:737px;max-height:478px\">\n<div style=\"clear: both; display: block; margin: 10px 0;\">\n<div style=\"clear: both; width: 100%; display: block; margin: 20px 0; padding: 0; float: none; position: static; text-align: center;\"><img decoding=\"async\"  src=\"https:\/\/a.allegroimg.com\/original\/1161f9\/a11de34b4ac6b33dae367a360b14\/2x-Nexen-NFera-Primus-215-45R16-90V-Rok-produkcji-2025\" srcset=\"https:\/\/a.allegroimg.com\/original\/1161f9\/a11de34b4ac6b33dae367a360b14\/2x-Nexen-NFera-Primus-215-45R16-90V-Rok-produkcji-2025 360w,https:\/\/a.allegroimg.com\/original\/1161f9\/a11de34b4ac6b33dae367a360b14\/2x-Nexen-NFera-Primus-215-45R16-90V-Rok-produkcji-2025 720w,https:\/\/a.allegroimg.com\/original\/1161f9\/a11de34b4ac6b33dae367a360b14\/2x-Nexen-NFera-Primus-215-45R16-90V-Rok-produkcji-2025 737w,https:\/\/a.allegroimg.com\/original\/1161f9\/a11de34b4ac6b33dae367a360b14\/2x-Nexen-NFera-Primus-215-45R16-90V-Rok-produkcji-2025 737w\" sizes=\"(min-width: 1200px) 560px, (min-width: 992px) 50vw, 100vw\" width=\"737px\" alt=\"2x Nexen NFera Primus 215\/45R16 90V Rok produkcji 2025\" style=\"max-width: 100%; height: auto; display: block; margin: 0 auto;\"><\/div>\n<\/div>\n<\/div>\n<\/div>\n<\/div>\n<\/div>\n<div style=\"clear: both; display: block; margin: 10px 0;\">\n<div style=\"clear: both; display: block; margin: 10px 0;\">\n<div style=\"clear: both; display: block; margin: 10px 0;\">\n<p style=\"margin: 15px 0; line-height: 1.8; clear: both; display: block; width: 100%; float: none; position: static;\">Nexen to po\u0142udniowokorea\u0144ska marka ciesz\u0105ca si\u0119 coraz wi\u0119kszym zainteresowaniem w\u015br\u00f3d kierowc\u00f3w na ca\u0142ym \u015bwiecie. Opony bardzo dobrej jako\u015bci w przyst\u0119pnej cenie ciesz\u0105 si\u0119 coraz wi\u0119kszym uznaniem na ca\u0142ym \u015bwiecie, w tym tak\u017ce w Polsce. Opony Nexen znane s\u0105 w 120 krajach na ca\u0142ym \u015bwiecie, a w ofercie producenta mo\u017cna znale\u017a\u0107 opony do aut osobowych, 4&#215;4 i SUV oraz dostawczych. Zak\u0142ady produkcyjne Nexena zlokalizowane s\u0105 w Korei Po\u0142udniowej oraz kilku innych krajach azjatyckich<\/p>\n<\/div>\n<\/div>\n<\/div>\n<\/div>\n<\/div>\n<\/div>\n<div style=\"clear: both; display: block; margin: 10px 0;\">\n","protected":false},"excerpt":{"rendered":"<p>2x nowe opony letnie NEXEN NFERA PRIMUS 215\/45R16 90V<\/p>\n<p>Cechy produktu<\/p>\n<p>Marka: Nexen<\/p>\n<p>Model: NFera Primus<\/p>\n<p>Szeroko\u015b\u0107\/profil\/\u015brednica: 215\/45R16<\/p>\n<p>Indeks no\u015bno\u015bci: do 90 (600 kg na opon\u0119)<\/p>\n<p>Indeks pr\u0119dko\u015bci: V (do 240 km\/h)<\/p>\n<p>Sezon: letnie<\/p>\n","protected":false},"featured_media":16200,"template":"","meta":{"_uag_custom_page_level_css":""},"product_brand":[392],"product_cat":[414,418,413,412],"product_tag":[],"class_list":{"0":"post-16199","1":"product","2":"type-product","3":"status-publish","4":"has-post-thumbnail","6":"product_brand-nexen","7":"product_cat-do-samochodow-osobowych-i-suv","8":"product_cat-letnie","9":"product_cat-opony","10":"product_cat-opony-i-felgi","12":"first","13":"instock","14":"shipping-taxable","15":"purchasable","16":"product-type-simple"},"uagb_featured_image_src":{"full":["https:\/\/oponixo.shop\/tire\/wp-content\/uploads\/2026\/01\/allegro-image-16199.jpg",542,800,false],"thumbnail":["https:\/\/oponixo.shop\/tire\/wp-content\/uploads\/2026\/01\/allegro-image-16199-150x150.jpg",150,150,true],"medium":["https:\/\/oponixo.shop\/tire\/wp-content\/uploads\/2026\/01\/allegro-image-16199-203x300.jpg",203,300,true],"medium_large":["https:\/\/oponixo.shop\/tire\/wp-content\/uploads\/2026\/01\/allegro-image-16199.jpg",542,800,false],"large":["https:\/\/oponixo.shop\/tire\/wp-content\/uploads\/2026\/01\/allegro-image-16199.jpg",542,800,false],"1536x1536":["https:\/\/oponixo.shop\/tire\/wp-content\/uploads\/2026\/01\/allegro-image-16199.jpg",542,800,false],"2048x2048":["https:\/\/oponixo.shop\/tire\/wp-content\/uploads\/2026\/01\/allegro-image-16199.jpg",542,800,false],"woocommerce_thumbnail":["https:\/\/oponixo.shop\/tire\/wp-content\/uploads\/2026\/01\/allegro-image-16199-300x300.jpg",300,300,true],"woocommerce_single":["https:\/\/oponixo.shop\/tire\/wp-content\/uploads\/2026\/01\/allegro-image-16199.jpg",542,800,false],"woocommerce_gallery_thumbnail":["https:\/\/oponixo.shop\/tire\/wp-content\/uploads\/2026\/01\/allegro-image-16199-100x100.jpg",100,100,true]},"uagb_author_info":{"display_name":"admin","author_link":"https:\/\/oponixo.shop\/tire\/author\/"},"uagb_comment_info":0,"uagb_excerpt":"2x nowe opony letnie NEXEN NFERA PRIMUS 215\/45R16 90V Cechy produktu Marka: Nexen Model: NFera Primus Szeroko\u015b\u0107\/profil\/\u015brednica: 215\/45R16 Indeks no\u015bno\u015bci: do 90 (600 kg na opon\u0119) Indeks pr\u0119dko\u015bci: V (do 240 km\/h) Sezon: letnie","_links":{"self":[{"href":"https:\/\/oponixo.shop\/tire\/wp-json\/wp\/v2\/product\/16199","targetHints":{"allow":["GET"]}}],"collection":[{"href":"https:\/\/oponixo.shop\/tire\/wp-json\/wp\/v2\/product"}],"about":[{"href":"https:\/\/oponixo.shop\/tire\/wp-json\/wp\/v2\/types\/product"}],"wp:featuredmedia":[{"embeddable":true,"href":"https:\/\/oponixo.shop\/tire\/wp-json\/wp\/v2\/media\/16200"}],"wp:attachment":[{"href":"https:\/\/oponixo.shop\/tire\/wp-json\/wp\/v2\/media?parent=16199"}],"wp:term":[{"taxonomy":"product_brand","embeddable":true,"href":"https:\/\/oponixo.shop\/tire\/wp-json\/wp\/v2\/product_brand?post=16199"},{"taxonomy":"product_cat","embeddable":true,"href":"https:\/\/oponixo.shop\/tire\/wp-json\/wp\/v2\/product_cat?post=16199"},{"taxonomy":"product_tag","embeddable":true,"href":"https:\/\/oponixo.shop\/tire\/wp-json\/wp\/v2\/product_tag?post=16199"}],"curies":[{"name":"wp","href":"https:\/\/api.w.org\/{rel}","templated":true}]}}

<div style="font-family: Arial, sans-serif; line-height: 1.6; color: #333; padding: 20px; clear: both; display: block; width: 100%; float: none; position: static; overflow: hidden;">
<div style="clear: both; display: block; margin: 10px 0;">
<div style="clear: both; display: block; margin: 10px 0;">
<div style="clear: both; display: block; margin: 10px 0;">
<h1>2x nowe opony letnie NEXEN NFERA PRIMUS 215/45R16 90V</h1>
<p style="margin: 15px 0; line-height: 1.8; clear: both; display: block; width: 100%; float: none; position: static;">Cechy produktu</p>
<ul style="margin: 15px 0; padding-left: 20px; clear: both; display: block; width: 100%; float: none; position: static;">
<li style="margin: 5px 0; padding: 2px 0; clear: both; display: list-item; float: none; position: static;">Marka: Nexen</li>
<li style="margin: 5px 0; padding: 2px 0; clear: both; display: list-item; float: none; position: static;">Model: NFera Primus</li>
<li style="margin: 5px 0; padding: 2px 0; clear: both; display: list-item; float: none; position: static;">Szerokość/profil/średnica: 215/45R16</li>
<li style="margin: 5px 0; padding: 2px 0; clear: both; display: list-item; float: none; position: static;">Indeks nośności: do 90 (600 kg na oponę)</li>
<li style="margin: 5px 0; padding: 2px 0; clear: both; display: list-item; float: none; position: static;">Indeks prędkości: V (do 240 km/h)</li>
<li style="margin: 5px 0; padding: 2px 0; clear: both; display: list-item; float: none; position: static;">Sezon: letnie</li>
<li style="margin: 5px 0; padding: 2px 0; clear: both; display: list-item; float: none; position: static;">Typ pojazdu: osobowy</li>
<li style="margin: 5px 0; padding: 2px 0; clear: both; display: list-item; float: none; position: static;">Klasa energetyczna: C</li>
<li style="margin: 5px 0; padding: 2px 0; clear: both; display: list-item; float: none; position: static;">Klasa przyczepności: B</li>
<li style="margin: 5px 0; padding: 2px 0; clear: both; display: list-item; float: none; position: static;">Poziom hałasu: 71</li>
<li style="margin: 5px 0; padding: 2px 0; clear: both; display: list-item; float: none; position: static;">Klasa hałasu: B</li>
<li style="margin: 5px 0; padding: 2px 0; clear: both; display: list-item; float: none; position: static;">Rok produkcji: 2025</li>
<li style="margin: 5px 0; padding: 2px 0; clear: both; display: list-item; float: none; position: static;">Oznaczenia_dodatkowe: XL</li>
</ul>
</div>
</div>
<div style="clear: both; display: block; margin: 10px 0;">
<div style="clear: both; display: block; margin: 10px 0;">
<div  style="max-width:542px;max-height:800px">
<div style="clear: both; display: block; margin: 10px 0;">
<div style="clear: both; width: 100%; display: block; margin: 20px 0; padding: 0; float: none; position: static; text-align: center;"><img decoding="async"  src="https://a.allegroimg.com/original/119835/288f95d34678a6b57d26c42c1fa1/2x-Nexen-NFera-Primus-215-45R16-90V" srcset="https://a.allegroimg.com/original/119835/288f95d34678a6b57d26c42c1fa1/2x-Nexen-NFera-Primus-215-45R16-90V 243w,https://a.allegroimg.com/original/119835/288f95d34678a6b57d26c42c1fa1/2x-Nexen-NFera-Primus-215-45R16-90V 487w,https://a.allegroimg.com/original/119835/288f95d34678a6b57d26c42c1fa1/2x-Nexen-NFera-Primus-215-45R16-90V 542w,https://a.allegroimg.com/original/119835/288f95d34678a6b57d26c42c1fa1/2x-Nexen-NFera-Primus-215-45R16-90V 542w" sizes="(min-width: 1200px) 560px, (min-width: 992px) 50vw, 100vw" width="542px" alt="2x Nexen NFera Primus 215/45R16 90V" style="max-width: 100%; height: auto; display: block; margin: 0 auto;"></div>
</div>
</div>
</div>
</div>
</div>
<div style="clear: both; display: block; margin: 10px 0;">
<div style="clear: both; display: block; margin: 10px 0;">
<div style="clear: both; display: block; margin: 10px 0;">
<div  style="max-width:212px;max-height:305px">
<div style="clear: both; display: block; margin: 10px 0;">
<div style="clear: both; width: 100%; display: block; margin: 20px 0; padding: 0; float: none; position: static; text-align: center;"><img decoding="async"  src="https://a.allegroimg.com/original/1145bd/5ac2cbd446c69a5412409fedb461/2x-Nexen-NFera-Primus-215-45R16-90V-Liczba-opon-w-ofercie-2-szt" srcset="https://a.allegroimg.com/original/1145bd/5ac2cbd446c69a5412409fedb461/2x-Nexen-NFera-Primus-215-45R16-90V-Liczba-opon-w-ofercie-2-szt 212w,https://a.allegroimg.com/original/1145bd/5ac2cbd446c69a5412409fedb461/2x-Nexen-NFera-Primus-215-45R16-90V-Liczba-opon-w-ofercie-2-szt 212w" sizes="(min-width: 1200px) 560px, (min-width: 992px) 50vw, 100vw" width="212px" alt="2x Nexen NFera Primus 215/45R16 90V Liczba opon w ofercie 2 szt." style="max-width: 100%; height: auto; display: block; margin: 0 auto;"></div>
</div>
</div>
</div>
</div>
<div style="clear: both; display: block; margin: 10px 0;">
<div style="clear: both; display: block; margin: 10px 0;">
<div  style="max-width:737px;max-height:478px">
<div style="clear: both; display: block; margin: 10px 0;">
<div style="clear: both; width: 100%; display: block; margin: 20px 0; padding: 0; float: none; position: static; text-align: center;"><img decoding="async"  src="https://a.allegroimg.com/original/1161f9/a11de34b4ac6b33dae367a360b14/2x-Nexen-NFera-Primus-215-45R16-90V-Rok-produkcji-2025" srcset="https://a.allegroimg.com/original/1161f9/a11de34b4ac6b33dae367a360b14/2x-Nexen-NFera-Primus-215-45R16-90V-Rok-produkcji-2025 360w,https://a.allegroimg.com/original/1161f9/a11de34b4ac6b33dae367a360b14/2x-Nexen-NFera-Primus-215-45R16-90V-Rok-produkcji-2025 720w,https://a.allegroimg.com/original/1161f9/a11de34b4ac6b33dae367a360b14/2x-Nexen-NFera-Primus-215-45R16-90V-Rok-produkcji-2025 737w,https://a.allegroimg.com/original/1161f9/a11de34b4ac6b33dae367a360b14/2x-Nexen-NFera-Primus-215-45R16-90V-Rok-produkcji-2025 737w" sizes="(min-width: 1200px) 560px, (min-width: 992px) 50vw, 100vw" width="737px" alt="2x Nexen NFera Primus 215/45R16 90V Rok produkcji 2025" style="max-width: 100%; height: auto; display: block; margin: 0 auto;"></div>
</div>
</div>
</div>
</div>
</div>
<div style="clear: both; display: block; margin: 10px 0;">
<div style="clear: both; display: block; margin: 10px 0;">
<div style="clear: both; display: block; margin: 10px 0;">
<p style="margin: 15px 0; line-height: 1.8; clear: both; display: block; width: 100%; float: none; position: static;">Nexen to południowokoreańska marka ciesząca się coraz większym zainteresowaniem wśród kierowców na całym świecie. Opony bardzo dobrej jakości w przystępnej cenie cieszą się coraz większym uznaniem na całym świecie, w tym także w Polsce. Opony Nexen znane są w 120 krajach na całym świecie, a w ofercie producenta można znaleźć opony do aut osobowych, 4&#215;4 i SUV oraz dostawczych. Zakłady produkcyjne Nexena zlokalizowane są w Korei Południowej oraz kilku innych krajach azjatyckich</p>
</div>
</div>
</div>
</div>
</div>
</div>
<div style="clear: both; display: block; margin: 10px 0;">

<p>2x nowe opony letnie NEXEN NFERA PRIMUS 215/45R16 90V</p>
<p>Cechy produktu</p>
<p>Marka: Nexen</p>
<p>Model: NFera Primus</p>
<p>Szerokość/profil/średnica: 215/45R16</p>
<p>Indeks nośności: do 90 (600 kg na oponę)</p>
<p>Indeks prędkości: V (do 240 km/h)</p>
<p>Sezon: letnie</p>

2x nowe opony letnie NEXEN NFERA PRIMUS 215/45R16 90V Cechy produktu Marka: Nexen Model: NFera Primus Szerokość/profil/średnica: 215/45R16 Indeks nośności: do 90 (600 kg na oponę) Indeks prędkości: V (do 240 km/h) Sezon: letnie
