{"id":16272,"date":"2026-01-17T13:37:10","date_gmt":"2026-01-17T12:37:10","guid":{"rendered":"https:\/\/oponyonline.shop\/xef5\/produkt\/2x-pirelli-p-zero-winter-295-35r20-101v-z778a\/"},"modified":"2026-01-17T13:37:10","modified_gmt":"2026-01-17T12:37:10","slug":"2x-pirelli-p-zero-winter-295-35r20-101v-z778a","status":"publish","type":"product","link":"https:\/\/oponixo.shop\/tire\/produkt\/2x-pirelli-p-zero-winter-295-35r20-101v-z778a\/","title":{"rendered":"2x Pirelli P Zero Winter 295\/35R20 101V Z778A"},"content":{"rendered":"<div style=\"font-family: Arial, sans-serif; line-height: 1.6; color: #333; padding: 20px; clear: both; display: block; width: 100%; float: none; position: static; overflow: hidden;\">\n<div style=\"clear: both; display: block; margin: 10px 0;\">\n<div style=\"clear: both; display: block; margin: 10px 0;\">\n<div style=\"clear: both; display: block; margin: 10px 0;\">\n<h1>Pirelli P Zero Winter<\/h1>\n<p style=\"margin: 15px 0; line-height: 1.8; clear: both; display: block; width: 100%; float: none; position: static;\">SZEROKO\u015a\u0106 OPONY &#8211; 295<\/p>\n<p style=\"margin: 15px 0; line-height: 1.8; clear: both; display: block; width: 100%; float: none; position: static;\">WYSOKO\u015a\u0106 OPONY &#8211; 35<\/p>\n<p style=\"margin: 15px 0; line-height: 1.8; clear: both; display: block; width: 100%; float: none; position: static;\">\u015aREDNICA &#8211; 20<\/p>\n<p style=\"margin: 15px 0; line-height: 1.8; clear: both; display: block; width: 100%; float: none; position: static;\">ROCZNIK &#8211; 2021<\/p>\n<p style=\"margin: 15px 0; line-height: 1.8; clear: both; display: block; width: 100%; float: none; position: static;\">MAGAZYN &#8211; Z778A<\/p>\n<\/div>\n<\/div>\n<div style=\"clear: both; display: block; margin: 10px 0;\">\n<div style=\"clear: both; display: block; margin: 10px 0;\">\n<div  style=\"max-width:433px;max-height:577px\">\n<div style=\"clear: both; display: block; margin: 10px 0;\">\n<div style=\"clear: both; width: 100%; display: block; margin: 20px 0; padding: 0; float: none; position: static; text-align: center;\"><img decoding=\"async\"  src=\"https:\/\/a.allegroimg.com\/original\/11ef91\/ef29fdf74ce1b4e9ed7fb27df222\/2x-Pirelli-P-Zero-Winter-295-35R20-101V-Z778A\" srcset=\"https:\/\/a.allegroimg.com\/original\/11ef91\/ef29fdf74ce1b4e9ed7fb27df222\/2x-Pirelli-P-Zero-Winter-295-35R20-101V-Z778A 270w,https:\/\/a.allegroimg.com\/original\/11ef91\/ef29fdf74ce1b4e9ed7fb27df222\/2x-Pirelli-P-Zero-Winter-295-35R20-101V-Z778A 433w,https:\/\/a.allegroimg.com\/original\/11ef91\/ef29fdf74ce1b4e9ed7fb27df222\/2x-Pirelli-P-Zero-Winter-295-35R20-101V-Z778A 433w\" sizes=\"(min-width: 1200px) 560px, (min-width: 992px) 50vw, 100vw\" width=\"433px\" alt=\"2x Pirelli P Zero Winter 295\/35R20 101V Z778A\" style=\"max-width: 100%; height: auto; display: block; margin: 0 auto;\"><\/div>\n<\/div>\n<\/div>\n<\/div>\n<\/div>\n<\/div>\n<div style=\"clear: both; display: block; margin: 10px 0;\">\n<div style=\"clear: both; display: block; margin: 10px 0;\">\n<div style=\"clear: both; display: block; margin: 10px 0;\">\n<div  style=\"max-width:2560px;max-height:1440px\">\n<div style=\"clear: both; display: block; margin: 10px 0;\">\n<div style=\"clear: both; width: 100%; display: block; margin: 20px 0; padding: 0; float: none; position: static; text-align: center;\"><img decoding=\"async\"  src=\"https:\/\/a.allegroimg.com\/original\/112ca4\/1bab62f4496a840b43e0c5d3ea3d\/2x-Pirelli-P-Zero-Winter-295-35R20-101V-Z778A-Kod-EPREL-595749\" srcset=\"https:\/\/a.allegroimg.com\/original\/112ca4\/1bab62f4496a840b43e0c5d3ea3d\/2x-Pirelli-P-Zero-Winter-295-35R20-101V-Z778A-Kod-EPREL-595749 360w,https:\/\/a.allegroimg.com\/original\/112ca4\/1bab62f4496a840b43e0c5d3ea3d\/2x-Pirelli-P-Zero-Winter-295-35R20-101V-Z778A-Kod-EPREL-595749 720w,https:\/\/a.allegroimg.com\/original\/112ca4\/1bab62f4496a840b43e0c5d3ea3d\/2x-Pirelli-P-Zero-Winter-295-35R20-101V-Z778A-Kod-EPREL-595749 1024w,https:\/\/a.allegroimg.com\/original\/112ca4\/1bab62f4496a840b43e0c5d3ea3d\/2x-Pirelli-P-Zero-Winter-295-35R20-101V-Z778A-Kod-EPREL-595749 1440w,https:\/\/a.allegroimg.com\/original\/112ca4\/1bab62f4496a840b43e0c5d3ea3d\/2x-Pirelli-P-Zero-Winter-295-35R20-101V-Z778A-Kod-EPREL-595749 2560w\" sizes=\"100vw\" width=\"2560px\" alt=\"2x Pirelli P Zero Winter 295\/35R20 101V Z778A Kod EPREL 595749\" style=\"max-width: 100%; height: auto; display: block; margin: 0 auto;\"><\/div>\n<\/div>\n<\/div>\n<\/div>\n<\/div>\n<\/div>\n<div style=\"clear: both; display: block; margin: 10px 0;\">\n<div style=\"clear: both; display: block; margin: 10px 0;\">\n<div style=\"clear: both; display: block; margin: 10px 0;\">\n<h1>P ZERO WINTER<\/h1>\n<h2>PRZEZNACZENIE<\/h2>\n<p style=\"margin: 15px 0; line-height: 1.8; clear: both; display: block; width: 100%; float: none; position: static;\">Opony <b>Pirelli P Zero Winter<\/b> to ogumienie zimowe przeznaczone do montowania na ko\u0142ach samochod\u00f3w osobowych z silnikami o wysokich osi\u0105gach. Producent opon P Zero Winter po\u0142o\u017cy\u0142 nacisk na zapewnienie bezpiecznej jazdy z du\u017c\u0105 pr\u0119dko\u015bci\u0105, w ka\u017cdych warunkach zimowych.<\/p>\n<h2>TECHNOLOGIA<\/h2>\n<p style=\"margin: 15px 0; line-height: 1.8; clear: both; display: block; width: 100%; float: none; position: static;\">Zimowe opony samochodowe <b>Pirelli P Zero Winter<\/b> zaliczane s\u0105 do segmentu Ultra High Performance, co oznacza, \u017ce zaprojektowano je z my\u015bl\u0105 o szybkich samochodach z mocnymi silnikami. To nie tylko auta sportowe, ale r\u00f3wnie\u017c du\u017ce limuzyny z mocnymi nap\u0119dami. Opony <b>Pirelli P Zero Winter<\/b> wyprodukowano z zaawansowanej technologicznie mieszanki gumowej wzbogaconej szeregiem sk\u0142adnik\u00f3w i wype\u0142niaczy. Maj\u0105 one za zadanie zwi\u0119kszenie chemicznej przyczepno\u015bci, jak r\u00f3wnie\u017c komfortu jazdy oraz odporno\u015bci na zu\u017cycie eksploatacyjne. Producent zastosowa\u0142 tak\u017ce specjaln\u0105 rze\u017ab\u0119 bie\u017cnika opon. Sk\u0142ada si\u0119 ona z szeregu rowk\u00f3w oraz g\u0119stej siatki lamelek maj\u0105cych na celu zapewnienie jak najlepszej trakcji, jak najkr\u00f3tszej drogi hamowania i jak najlepszych w\u0142a\u015bciwo\u015bci jezdnych na drogach suchych i mokrych, w trakcie zimowych miesi\u0119cy.<\/p>\n<h2>BIE\u017bNIK<\/h2>\n<p style=\"margin: 15px 0; line-height: 1.8; clear: both; display: block; width: 100%; float: none; position: static;\">Zimowe opony samochodowe <b>Pirelli P Zero Winter<\/b> maj\u0105 asymetryczny bie\u017cnik. Po zewn\u0119trznej stronie opony zastosowano szerokie i du\u017ce, prostok\u0105tne klocki maj\u0105ce wp\u0142yw na stabilno\u015b\u0107 jazdy. Na czole opony znajduj\u0105 si\u0119 dwa w\u0105skie rz\u0119dy prostok\u0105tnych klock\u00f3w. Po wewn\u0119trznej stronie opony zastosowano szeroki pas klock\u00f3w oraz szeroki pas barkowy, kt\u00f3re s\u0105 po\u0142\u0105czone ze sob\u0105 promienistymi \u017c\u0142obieniami. Wszystkie elementy wypuk\u0142e pokryte s\u0105 g\u0119st\u0105 siatk\u0105 lameli.<\/p>\n<h2>PRODUCENT<\/h2>\n<p style=\"margin: 15px 0; line-height: 1.8; clear: both; display: block; width: 100%; float: none; position: static;\">Firma Pirelli powsta\u0142a w 1872 roku w Mediolanie, za\u0142o\u017cy\u0142 j\u0105 Giovanni Battista Pirelli. W 1890 roku firma Pirelli rozpocz\u0119\u0142a produkcj\u0119 opon rowerowych. W 1901 roku zaprezentowa\u0142a pierwsze opony samochodowe. I od samego pocz\u0105tku firma zaanga\u017cowa\u0142a si\u0119 w ich promocj\u0119 na wy\u015bcigach samochodowych, odnosz\u0105c spektakularne sukcesy. Dobre jako\u015bciowo produkty i zwyci\u0119stwa w wy\u015bcigach powodowa\u0142y, \u017ce opony Pirelli stawa\u0142y si\u0119 coraz popularniejsze. Ju\u017c w 1914 roku firma otworzy\u0142a swoj\u0105 pierwsz\u0105 fabryk\u0119 zagraniczn\u0105. W 1927 roku Pirelli stworzy\u0142o pierwsz\u0105 opon\u0119 diagonaln\u0105. W latach 80. XX wieku in\u017cynierowie Pirelli stworzyli i spopularyzowali ogumienie niskoprofilowe. Kilkana\u015bcie lat p\u00f3\u017aniej Pirelli zaprezentowa\u0142o kolejny wynalazek \u2013 opony Run Flat. Pirelli opracowa\u0142o r\u00f3wnie\u017c zrobotyzowane zak\u0142ady produkuj\u0105ce opony, kt\u00f3re s\u0105 zlokalizowane w wielu krajach \u015bwiata. Pirelli jest cenionym producentem opon do motocykli i skuter\u00f3w.<\/p>\n<\/div>\n<\/div>\n<\/div>\n<div style=\"clear: both; display: block; margin: 10px 0;\">\n<div style=\"clear: both; display: block; margin: 10px 0;\">\n<div style=\"clear: both; display: block; margin: 10px 0;\">\n<div  style=\"max-width:1920px;max-height:2560px\">\n<div style=\"clear: both; display: block; margin: 10px 0;\">\n<div style=\"clear: both; width: 100%; display: block; margin: 20px 0; padding: 0; float: none; position: static; text-align: center;\"><img decoding=\"async\"  src=\"https:\/\/a.allegroimg.com\/original\/11ae53\/c404314349648e12274994f59605\/2x-Pirelli-P-Zero-Winter-295-35R20-101V-Z778A-Rok-produkcji-2021\" srcset=\"https:\/\/a.allegroimg.com\/original\/11ae53\/c404314349648e12274994f59605\/2x-Pirelli-P-Zero-Winter-295-35R20-101V-Z778A-Rok-produkcji-2021 270w,https:\/\/a.allegroimg.com\/original\/11ae53\/c404314349648e12274994f59605\/2x-Pirelli-P-Zero-Winter-295-35R20-101V-Z778A-Rok-produkcji-2021 540w,https:\/\/a.allegroimg.com\/original\/11ae53\/c404314349648e12274994f59605\/2x-Pirelli-P-Zero-Winter-295-35R20-101V-Z778A-Rok-produkcji-2021 768w,https:\/\/a.allegroimg.com\/original\/11ae53\/c404314349648e12274994f59605\/2x-Pirelli-P-Zero-Winter-295-35R20-101V-Z778A-Rok-produkcji-2021 1080w,https:\/\/a.allegroimg.com\/original\/11ae53\/c404314349648e12274994f59605\/2x-Pirelli-P-Zero-Winter-295-35R20-101V-Z778A-Rok-produkcji-2021 1920w\" sizes=\"(min-width: 1200px) 560px, (min-width: 992px) 50vw, 100vw\" width=\"1920px\" alt=\"2x Pirelli P Zero Winter 295\/35R20 101V Z778A Rok produkcji 2021\" style=\"max-width: 100%; height: auto; display: block; margin: 0 auto;\"><\/div>\n<\/div>\n<\/div>\n<\/div>\n<\/div>\n<div style=\"clear: both; display: block; margin: 10px 0;\">\n<div style=\"clear: both; display: block; margin: 10px 0;\">\n<div  style=\"max-width:1920px;max-height:2560px\">\n<div style=\"clear: both; display: block; margin: 10px 0;\">\n<div style=\"clear: both; width: 100%; display: block; margin: 20px 0; padding: 0; float: none; position: static; text-align: center;\"><img decoding=\"async\"  src=\"https:\/\/a.allegroimg.com\/original\/116832\/0f1a925c4a4bb05963d293ef5a5a\/2x-Pirelli-P-Zero-Winter-295-35R20-101V-Z778A-Marka-Pirelli\" srcset=\"https:\/\/a.allegroimg.com\/original\/116832\/0f1a925c4a4bb05963d293ef5a5a\/2x-Pirelli-P-Zero-Winter-295-35R20-101V-Z778A-Marka-Pirelli 270w,https:\/\/a.allegroimg.com\/original\/116832\/0f1a925c4a4bb05963d293ef5a5a\/2x-Pirelli-P-Zero-Winter-295-35R20-101V-Z778A-Marka-Pirelli 540w,https:\/\/a.allegroimg.com\/original\/116832\/0f1a925c4a4bb05963d293ef5a5a\/2x-Pirelli-P-Zero-Winter-295-35R20-101V-Z778A-Marka-Pirelli 768w,https:\/\/a.allegroimg.com\/original\/116832\/0f1a925c4a4bb05963d293ef5a5a\/2x-Pirelli-P-Zero-Winter-295-35R20-101V-Z778A-Marka-Pirelli 1080w,https:\/\/a.allegroimg.com\/original\/116832\/0f1a925c4a4bb05963d293ef5a5a\/2x-Pirelli-P-Zero-Winter-295-35R20-101V-Z778A-Marka-Pirelli 1920w\" sizes=\"(min-width: 1200px) 560px, (min-width: 992px) 50vw, 100vw\" width=\"1920px\" alt=\"2x Pirelli P Zero Winter 295\/35R20 101V Z778A Marka Pirelli\" style=\"max-width: 100%; height: auto; display: block; margin: 0 auto;\"><\/div>\n<\/div>\n<\/div>\n<\/div>\n<\/div>\n<\/div>\n<div style=\"clear: both; display: block; margin: 10px 0;\">\n<div style=\"clear: both; display: block; margin: 10px 0;\">\n<div style=\"clear: both; display: block; margin: 10px 0;\">\n<div  style=\"max-width:2560px;max-height:1920px\">\n<div style=\"clear: both; display: block; margin: 10px 0;\">\n<div style=\"clear: both; width: 100%; display: block; margin: 20px 0; padding: 0; float: none; position: static; text-align: center;\"><img decoding=\"async\"  src=\"https:\/\/a.allegroimg.com\/original\/11044d\/f46edcc64c72b282cdb2950ae924\/2x-Pirelli-P-Zero-Winter-295-35R20-101V-Z778A-Kod-producenta-2884100\" srcset=\"https:\/\/a.allegroimg.com\/original\/11044d\/f46edcc64c72b282cdb2950ae924\/2x-Pirelli-P-Zero-Winter-295-35R20-101V-Z778A-Kod-producenta-2884100 360w,https:\/\/a.allegroimg.com\/original\/11044d\/f46edcc64c72b282cdb2950ae924\/2x-Pirelli-P-Zero-Winter-295-35R20-101V-Z778A-Kod-producenta-2884100 720w,https:\/\/a.allegroimg.com\/original\/11044d\/f46edcc64c72b282cdb2950ae924\/2x-Pirelli-P-Zero-Winter-295-35R20-101V-Z778A-Kod-producenta-2884100 1024w,https:\/\/a.allegroimg.com\/original\/11044d\/f46edcc64c72b282cdb2950ae924\/2x-Pirelli-P-Zero-Winter-295-35R20-101V-Z778A-Kod-producenta-2884100 1440w,https:\/\/a.allegroimg.com\/original\/11044d\/f46edcc64c72b282cdb2950ae924\/2x-Pirelli-P-Zero-Winter-295-35R20-101V-Z778A-Kod-producenta-2884100 2560w\" sizes=\"100vw\" width=\"2560px\" alt=\"2x Pirelli P Zero Winter 295\/35R20 101V Z778A Kod producenta 2884100\" style=\"max-width: 100%; height: auto; display: block; margin: 0 auto;\"><\/div>\n<\/div>\n<\/div>\n<\/div>\n<\/div>\n<\/div>\n<div style=\"clear: both; display: block; margin: 10px 0;\">\n<div style=\"clear: both; display: block; margin: 10px 0;\">\n<div style=\"clear: both; display: block; margin: 10px 0;\">\n<div  style=\"max-width:1920px;max-height:2560px\">\n<div style=\"clear: both; display: block; margin: 10px 0;\">\n<div style=\"clear: both; width: 100%; display: block; margin: 20px 0; padding: 0; float: none; position: static; text-align: center;\"><img decoding=\"async\"  src=\"https:\/\/a.allegroimg.com\/original\/11f6ee\/e68426fa46ca9086abd6817c2074\/2x-Pirelli-P-Zero-Winter-295-35R20-101V-Z778A-Model-P-Zero-Winter\" srcset=\"https:\/\/a.allegroimg.com\/original\/11f6ee\/e68426fa46ca9086abd6817c2074\/2x-Pirelli-P-Zero-Winter-295-35R20-101V-Z778A-Model-P-Zero-Winter 270w,https:\/\/a.allegroimg.com\/original\/11f6ee\/e68426fa46ca9086abd6817c2074\/2x-Pirelli-P-Zero-Winter-295-35R20-101V-Z778A-Model-P-Zero-Winter 540w,https:\/\/a.allegroimg.com\/original\/11f6ee\/e68426fa46ca9086abd6817c2074\/2x-Pirelli-P-Zero-Winter-295-35R20-101V-Z778A-Model-P-Zero-Winter 768w,https:\/\/a.allegroimg.com\/original\/11f6ee\/e68426fa46ca9086abd6817c2074\/2x-Pirelli-P-Zero-Winter-295-35R20-101V-Z778A-Model-P-Zero-Winter 1080w,https:\/\/a.allegroimg.com\/original\/11f6ee\/e68426fa46ca9086abd6817c2074\/2x-Pirelli-P-Zero-Winter-295-35R20-101V-Z778A-Model-P-Zero-Winter 1920w\" sizes=\"(min-width: 1200px) 560px, (min-width: 992px) 50vw, 100vw\" width=\"1920px\" alt=\"2x Pirelli P Zero Winter 295\/35R20 101V Z778A Model P Zero Winter\" style=\"max-width: 100%; height: auto; display: block; margin: 0 auto;\"><\/div>\n<\/div>\n<\/div>\n<\/div>\n<\/div>\n<div style=\"clear: both; display: block; margin: 10px 0;\">\n<div style=\"clear: both; display: block; margin: 10px 0;\">\n<div  style=\"max-width:1920px;max-height:2560px\">\n<div style=\"clear: both; display: block; margin: 10px 0;\">\n<div style=\"clear: both; width: 100%; display: block; margin: 20px 0; padding: 0; float: none; position: static; text-align: center;\"><img decoding=\"async\"  src=\"https:\/\/a.allegroimg.com\/original\/11b371\/d201d2b046da94fa936fb35fdcf6\/2x-Pirelli-P-Zero-Winter-295-35R20-101V-Z778A-Klasa-premium\" srcset=\"https:\/\/a.allegroimg.com\/original\/11b371\/d201d2b046da94fa936fb35fdcf6\/2x-Pirelli-P-Zero-Winter-295-35R20-101V-Z778A-Klasa-premium 270w,https:\/\/a.allegroimg.com\/original\/11b371\/d201d2b046da94fa936fb35fdcf6\/2x-Pirelli-P-Zero-Winter-295-35R20-101V-Z778A-Klasa-premium 540w,https:\/\/a.allegroimg.com\/original\/11b371\/d201d2b046da94fa936fb35fdcf6\/2x-Pirelli-P-Zero-Winter-295-35R20-101V-Z778A-Klasa-premium 768w,https:\/\/a.allegroimg.com\/original\/11b371\/d201d2b046da94fa936fb35fdcf6\/2x-Pirelli-P-Zero-Winter-295-35R20-101V-Z778A-Klasa-premium 1080w,https:\/\/a.allegroimg.com\/original\/11b371\/d201d2b046da94fa936fb35fdcf6\/2x-Pirelli-P-Zero-Winter-295-35R20-101V-Z778A-Klasa-premium 1920w\" sizes=\"(min-width: 1200px) 560px, (min-width: 992px) 50vw, 100vw\" width=\"1920px\" alt=\"2x Pirelli P Zero Winter 295\/35R20 101V Z778A Klasa premium\" style=\"max-width: 100%; height: auto; display: block; margin: 0 auto;\"><\/div>\n<\/div>\n<\/div>\n<\/div>\n<\/div>\n<\/div>\n<div style=\"clear: both; display: block; margin: 10px 0;\">\n<div style=\"clear: both; display: block; margin: 10px 0;\">\n<div style=\"clear: both; display: block; margin: 10px 0;\">\n<div  style=\"max-width:1920px;max-height:2560px\">\n<div style=\"clear: both; display: block; margin: 10px 0;\">\n<div style=\"clear: both; width: 100%; display: block; margin: 20px 0; padding: 0; float: none; position: static; text-align: center;\"><img decoding=\"async\"  src=\"https:\/\/a.allegroimg.com\/original\/117918\/adc7935842f0aa15288f7929c386\/2x-Pirelli-P-Zero-Winter-295-35R20-101V-Z778A-Profil-opony-35\" srcset=\"https:\/\/a.allegroimg.com\/original\/117918\/adc7935842f0aa15288f7929c386\/2x-Pirelli-P-Zero-Winter-295-35R20-101V-Z778A-Profil-opony-35 270w,https:\/\/a.allegroimg.com\/original\/117918\/adc7935842f0aa15288f7929c386\/2x-Pirelli-P-Zero-Winter-295-35R20-101V-Z778A-Profil-opony-35 540w,https:\/\/a.allegroimg.com\/original\/117918\/adc7935842f0aa15288f7929c386\/2x-Pirelli-P-Zero-Winter-295-35R20-101V-Z778A-Profil-opony-35 768w,https:\/\/a.allegroimg.com\/original\/117918\/adc7935842f0aa15288f7929c386\/2x-Pirelli-P-Zero-Winter-295-35R20-101V-Z778A-Profil-opony-35 1080w,https:\/\/a.allegroimg.com\/original\/117918\/adc7935842f0aa15288f7929c386\/2x-Pirelli-P-Zero-Winter-295-35R20-101V-Z778A-Profil-opony-35 1920w\" sizes=\"100vw\" width=\"1920px\" alt=\"2x Pirelli P Zero Winter 295\/35R20 101V Z778A Profil opony 35\" style=\"max-width: 100%; height: auto; display: block; margin: 0 auto;\"><\/div>\n<\/div>\n<\/div>\n<\/div>\n<\/div>\n<\/div>\n<div style=\"clear: both; display: block; margin: 10px 0;\">\n<div style=\"clear: both; display: block; margin: 10px 0;\">\n<div style=\"clear: both; display: block; margin: 10px 0;\">\n<div  style=\"max-width:2560px;max-height:1920px\">\n<div style=\"clear: both; display: block; margin: 10px 0;\">\n<div style=\"clear: both; width: 100%; display: block; margin: 20px 0; padding: 0; float: none; position: static; text-align: center;\"><img decoding=\"async\"  src=\"https:\/\/a.allegroimg.com\/original\/117aa2\/c3fbee5249ec8d50166543612802\/2x-Pirelli-P-Zero-Winter-295-35R20-101V-Z778A-Szerokosc-opony-295-mm\" srcset=\"https:\/\/a.allegroimg.com\/original\/117aa2\/c3fbee5249ec8d50166543612802\/2x-Pirelli-P-Zero-Winter-295-35R20-101V-Z778A-Szerokosc-opony-295-mm 360w,https:\/\/a.allegroimg.com\/original\/117aa2\/c3fbee5249ec8d50166543612802\/2x-Pirelli-P-Zero-Winter-295-35R20-101V-Z778A-Szerokosc-opony-295-mm 720w,https:\/\/a.allegroimg.com\/original\/117aa2\/c3fbee5249ec8d50166543612802\/2x-Pirelli-P-Zero-Winter-295-35R20-101V-Z778A-Szerokosc-opony-295-mm 1024w,https:\/\/a.allegroimg.com\/original\/117aa2\/c3fbee5249ec8d50166543612802\/2x-Pirelli-P-Zero-Winter-295-35R20-101V-Z778A-Szerokosc-opony-295-mm 1440w,https:\/\/a.allegroimg.com\/original\/117aa2\/c3fbee5249ec8d50166543612802\/2x-Pirelli-P-Zero-Winter-295-35R20-101V-Z778A-Szerokosc-opony-295-mm 2560w\" sizes=\"(min-width: 1200px) 560px, (min-width: 992px) 50vw, 100vw\" width=\"2560px\" alt=\"2x Pirelli P Zero Winter 295\/35R20 101V Z778A Szeroko\u015b\u0107 opony 295 mm\" style=\"max-width: 100%; height: auto; display: block; margin: 0 auto;\"><\/div>\n<\/div>\n<\/div>\n<\/div>\n<\/div>\n<div style=\"clear: both; display: block; margin: 10px 0;\">\n<div style=\"clear: both; display: block; margin: 10px 0;\">\n<div  style=\"max-width:2560px;max-height:1920px\">\n<div style=\"clear: both; display: block; margin: 10px 0;\">\n<div style=\"clear: both; width: 100%; display: block; margin: 20px 0; padding: 0; float: none; position: static; text-align: center;\"><img decoding=\"async\"  src=\"https:\/\/a.allegroimg.com\/original\/11f917\/cf14347f43cb86aaa538b57ec4cc\/2x-Pirelli-P-Zero-Winter-295-35R20-101V-Z778A-Srednica-20\" srcset=\"https:\/\/a.allegroimg.com\/original\/11f917\/cf14347f43cb86aaa538b57ec4cc\/2x-Pirelli-P-Zero-Winter-295-35R20-101V-Z778A-Srednica-20 360w,https:\/\/a.allegroimg.com\/original\/11f917\/cf14347f43cb86aaa538b57ec4cc\/2x-Pirelli-P-Zero-Winter-295-35R20-101V-Z778A-Srednica-20 720w,https:\/\/a.allegroimg.com\/original\/11f917\/cf14347f43cb86aaa538b57ec4cc\/2x-Pirelli-P-Zero-Winter-295-35R20-101V-Z778A-Srednica-20 1024w,https:\/\/a.allegroimg.com\/original\/11f917\/cf14347f43cb86aaa538b57ec4cc\/2x-Pirelli-P-Zero-Winter-295-35R20-101V-Z778A-Srednica-20 1440w,https:\/\/a.allegroimg.com\/original\/11f917\/cf14347f43cb86aaa538b57ec4cc\/2x-Pirelli-P-Zero-Winter-295-35R20-101V-Z778A-Srednica-20 2560w\" sizes=\"(min-width: 1200px) 560px, (min-width: 992px) 50vw, 100vw\" width=\"2560px\" alt=\"2x Pirelli P Zero Winter 295\/35R20 101V Z778A \u015arednica 20&quot;\" style=\"max-width: 100%; height: auto; display: block; margin: 0 auto;\"><\/div>\n<\/div>\n<\/div>\n<\/div>\n<\/div>\n<\/div>\n<\/div>\n<\/div>\n<\/div>\n<div style=\"clear: both; display: block; margin: 10px 0;\">\n","protected":false},"excerpt":{"rendered":"<p>Pirelli P Zero Winter<\/p>\n<p>SZEROKO\u015a\u0106 OPONY &#8211; 295<\/p>\n<p>WYSOKO\u015a\u0106 OPONY &#8211; 35<\/p>\n<p>\u015aREDNICA &#8211; 20<\/p>\n<p>ROCZNIK &#8211; 2021<\/p>\n<p>MAGAZYN &#8211; Z778A<\/p>\n<p>P ZERO WINTER<\/p>\n<p>PRZEZNACZENIE<\/p>\n","protected":false},"featured_media":16273,"template":"","meta":{"_uag_custom_page_level_css":""},"product_brand":[433],"product_cat":[414,413,412,415],"product_tag":[],"class_list":{"0":"post-16272","1":"product","2":"type-product","3":"status-publish","4":"has-post-thumbnail","6":"product_brand-pirelli","7":"product_cat-do-samochodow-osobowych-i-suv","8":"product_cat-opony","9":"product_cat-opony-i-felgi","10":"product_cat-zimowe","12":"first","13":"instock","14":"shipping-taxable","15":"purchasable","16":"product-type-simple"},"uagb_featured_image_src":{"full":["https:\/\/oponixo.shop\/tire\/wp-content\/uploads\/2026\/01\/allegro-image-16272.jpg",433,577,false],"thumbnail":["https:\/\/oponixo.shop\/tire\/wp-content\/uploads\/2026\/01\/allegro-image-16272-150x150.jpg",150,150,true],"medium":["https:\/\/oponixo.shop\/tire\/wp-content\/uploads\/2026\/01\/allegro-image-16272-225x300.jpg",225,300,true],"medium_large":["https:\/\/oponixo.shop\/tire\/wp-content\/uploads\/2026\/01\/allegro-image-16272.jpg",433,577,false],"large":["https:\/\/oponixo.shop\/tire\/wp-content\/uploads\/2026\/01\/allegro-image-16272.jpg",433,577,false],"1536x1536":["https:\/\/oponixo.shop\/tire\/wp-content\/uploads\/2026\/01\/allegro-image-16272.jpg",433,577,false],"2048x2048":["https:\/\/oponixo.shop\/tire\/wp-content\/uploads\/2026\/01\/allegro-image-16272.jpg",433,577,false],"woocommerce_thumbnail":["https:\/\/oponixo.shop\/tire\/wp-content\/uploads\/2026\/01\/allegro-image-16272-300x300.jpg",300,300,true],"woocommerce_single":["https:\/\/oponixo.shop\/tire\/wp-content\/uploads\/2026\/01\/allegro-image-16272.jpg",433,577,false],"woocommerce_gallery_thumbnail":["https:\/\/oponixo.shop\/tire\/wp-content\/uploads\/2026\/01\/allegro-image-16272-100x100.jpg",100,100,true]},"uagb_author_info":{"display_name":"admin","author_link":"https:\/\/oponixo.shop\/tire\/author\/"},"uagb_comment_info":0,"uagb_excerpt":"Pirelli P Zero Winter SZEROKO\u015a\u0106 OPONY - 295 WYSOKO\u015a\u0106 OPONY - 35 \u015aREDNICA - 20 ROCZNIK - 2021 MAGAZYN - Z778A P ZERO WINTER PRZEZNACZENIE","_links":{"self":[{"href":"https:\/\/oponixo.shop\/tire\/wp-json\/wp\/v2\/product\/16272","targetHints":{"allow":["GET"]}}],"collection":[{"href":"https:\/\/oponixo.shop\/tire\/wp-json\/wp\/v2\/product"}],"about":[{"href":"https:\/\/oponixo.shop\/tire\/wp-json\/wp\/v2\/types\/product"}],"wp:featuredmedia":[{"embeddable":true,"href":"https:\/\/oponixo.shop\/tire\/wp-json\/wp\/v2\/media\/16273"}],"wp:attachment":[{"href":"https:\/\/oponixo.shop\/tire\/wp-json\/wp\/v2\/media?parent=16272"}],"wp:term":[{"taxonomy":"product_brand","embeddable":true,"href":"https:\/\/oponixo.shop\/tire\/wp-json\/wp\/v2\/product_brand?post=16272"},{"taxonomy":"product_cat","embeddable":true,"href":"https:\/\/oponixo.shop\/tire\/wp-json\/wp\/v2\/product_cat?post=16272"},{"taxonomy":"product_tag","embeddable":true,"href":"https:\/\/oponixo.shop\/tire\/wp-json\/wp\/v2\/product_tag?post=16272"}],"curies":[{"name":"wp","href":"https:\/\/api.w.org\/{rel}","templated":true}]}}