{"id":16509,"date":"2026-01-17T13:38:31","date_gmt":"2026-01-17T12:38:31","guid":{"rendered":"https:\/\/oponyonline.shop\/xef5\/produkt\/4x-tracmax-x-privilo-s130-165-60r15-81-t\/"},"modified":"2026-01-17T13:38:32","modified_gmt":"2026-01-17T12:38:32","slug":"4x-tracmax-x-privilo-s130-165-60r15-81-t","status":"publish","type":"product","link":"https:\/\/oponixo.shop\/tire\/produkt\/4x-tracmax-x-privilo-s130-165-60r15-81-t\/","title":{"rendered":"4x TRACMAX X PRIVILO S130 165\/60R15 81 T"},"content":{"rendered":"<div style=\"font-family: Arial, sans-serif; line-height: 1.6; color: #333; padding: 20px; clear: both; display: block; width: 100%; float: none; position: static; overflow: hidden;\">\n<div style=\"clear: both; display: block; margin: 10px 0;\">\n<div style=\"clear: both; display: block; margin: 10px 0;\">\n<div style=\"clear: both; display: block; margin: 10px 0;\">\n<h2>4x TRACMAX X PRIVILO S130 165\/60R15 81 T<\/h2>\n<\/div>\n<\/div>\n<\/div>\n<div style=\"clear: both; display: block; margin: 10px 0;\">\n<div style=\"clear: both; display: block; margin: 10px 0;\">\n<div style=\"clear: both; display: block; margin: 10px 0;\">\n<div  style=\"max-width:920px;max-height:1120px\">\n<div style=\"clear: both; display: block; margin: 10px 0;\">\n<div style=\"clear: both; width: 100%; display: block; margin: 20px 0; padding: 0; float: none; position: static; text-align: center;\"><img decoding=\"async\"  src=\"https:\/\/a.allegroimg.com\/original\/115811\/12657b2e489fa4f770425f81a987\/4x-TRACMAX-X-PRIVILO-S130-165-60R15-81-T\" srcset=\"https:\/\/a.allegroimg.com\/original\/115811\/12657b2e489fa4f770425f81a987\/4x-TRACMAX-X-PRIVILO-S130-165-60R15-81-T 295w,https:\/\/a.allegroimg.com\/original\/115811\/12657b2e489fa4f770425f81a987\/4x-TRACMAX-X-PRIVILO-S130-165-60R15-81-T 591w,https:\/\/a.allegroimg.com\/original\/115811\/12657b2e489fa4f770425f81a987\/4x-TRACMAX-X-PRIVILO-S130-165-60R15-81-T 841w,https:\/\/a.allegroimg.com\/original\/115811\/12657b2e489fa4f770425f81a987\/4x-TRACMAX-X-PRIVILO-S130-165-60R15-81-T 920w,https:\/\/a.allegroimg.com\/original\/115811\/12657b2e489fa4f770425f81a987\/4x-TRACMAX-X-PRIVILO-S130-165-60R15-81-T 920w\" sizes=\"(min-width: 1200px) 560px, (min-width: 992px) 50vw, 100vw\" width=\"920px\" alt=\"4x TRACMAX X PRIVILO S130 165\/60R15 81 T\" style=\"max-width: 100%; height: auto; display: block; margin: 0 auto;\"><\/div>\n<\/div>\n<\/div>\n<\/div>\n<\/div>\n<div style=\"clear: both; display: block; margin: 10px 0;\">\n<div style=\"clear: both; display: block; margin: 10px 0;\">\n<h2>Zimowe opony TRACMAX X-PRIVILO S130  BSW 165\/60 R15 81 T<\/h2>\n<p style=\"margin: 15px 0; line-height: 1.8; clear: both; display: block; width: 100%; float: none; position: static;\">Opony TRACMAX X-PRIVILO S130  BSW to znacz\u0105cy model w portfolio producenta.&nbsp;<\/p>\n<p style=\"margin: 15px 0; line-height: 1.8; clear: both; display: block; width: 100%; float: none; position: static;\"> Opony klasy ekonomicznej maj\u0105 \u015bwietny stosunek jako\u015bci do ceny.<\/p>\n<ul style=\"margin: 15px 0; padding-left: 20px; clear: both; display: block; width: 100%; float: none; position: static;\">\n<li style=\"margin: 5px 0; padding: 2px 0; clear: both; display: list-item; float: none; position: static;\"><b>Stan:<\/b>&nbsp;Nowy<\/li>\n<li style=\"margin: 5px 0; padding: 2px 0; clear: both; display: list-item; float: none; position: static;\"><b>EAN:<\/b>&nbsp;6958460917625<\/li>\n<li style=\"margin: 5px 0; padding: 2px 0; clear: both; display: list-item; float: none; position: static;\"><b>Producent:<\/b> TRACMAX<\/li>\n<li style=\"margin: 5px 0; padding: 2px 0; clear: both; display: list-item; float: none; position: static;\"><b>Model:<\/b> X-PRIVILO S130  BSW<\/li>\n<li style=\"margin: 5px 0; padding: 2px 0; clear: both; display: list-item; float: none; position: static;\"><b>Rozmiar:<\/b> 165\/60 R15<\/li>\n<li style=\"margin: 5px 0; padding: 2px 0; clear: both; display: list-item; float: none; position: static;\"><b>Indeks no\u015bno\u015bci:<\/b> 81<\/li>\n<li style=\"margin: 5px 0; padding: 2px 0; clear: both; display: list-item; float: none; position: static;\"><b>Indeks pr\u0119dko\u015bci:<\/b> T<\/li>\n<li style=\"margin: 5px 0; padding: 2px 0; clear: both; display: list-item; float: none; position: static;\"><b>Ha\u0142as db:<\/b>&nbsp;70<\/li>\n<li style=\"margin: 5px 0; padding: 2px 0; clear: both; display: list-item; float: none; position: static;\"><b>Sezon:<\/b> Zimowe<\/li>\n<li style=\"margin: 5px 0; padding: 2px 0; clear: both; display: list-item; float: none; position: static;\"><b>Rok produkcji:<\/b> nie starsze ni\u017c 36 miesi\u0119cy<\/li>\n<li style=\"margin: 5px 0; padding: 2px 0; clear: both; display: list-item; float: none; position: static;\"><b>Przeznaczenie:<\/b> Osobowe<\/li>\n<li style=\"margin: 5px 0; padding: 2px 0; clear: both; display: list-item; float: none; position: static;\"><b>Kl. przycz. na mokrej naw.:<\/b>&nbsp;B<\/li>\n<li style=\"margin: 5px 0; padding: 2px 0; clear: both; display: list-item; float: none; position: static;\"><b>Kl. efekt. paliwowej:&nbsp;<\/b>E<\/li>\n<\/ul>\n<\/div>\n<\/div>\n<\/div>\n<div style=\"clear: both; display: block; margin: 10px 0;\">\n<div style=\"clear: both; display: block; margin: 10px 0;\">\n<div style=\"clear: both; display: block; margin: 10px 0;\">\n<div  style=\"max-width:269px;max-height:88px\">\n<div style=\"clear: both; display: block; margin: 10px 0;\">\n<div style=\"clear: both; width: 100%; display: block; margin: 20px 0; padding: 0; float: none; position: static; text-align: center;\"><img decoding=\"async\"  src=\"https:\/\/a.allegroimg.com\/original\/111ecb\/52266ecb4b1191bb9960043a1649\/4x-TRACMAX-X-PRIVILO-S130-165-60R15-81-T-Liczba-opon-w-ofercie-Komplet-4-szt\" srcset=\"https:\/\/a.allegroimg.com\/original\/111ecb\/52266ecb4b1191bb9960043a1649\/4x-TRACMAX-X-PRIVILO-S130-165-60R15-81-T-Liczba-opon-w-ofercie-Komplet-4-szt 269w,https:\/\/a.allegroimg.com\/original\/111ecb\/52266ecb4b1191bb9960043a1649\/4x-TRACMAX-X-PRIVILO-S130-165-60R15-81-T-Liczba-opon-w-ofercie-Komplet-4-szt 269w\" sizes=\"100vw\" width=\"269px\" alt=\"4x TRACMAX X PRIVILO S130 165\/60R15 81 T Liczba opon w ofercie Komplet 4 szt.\" style=\"max-width: 100%; height: auto; display: block; margin: 0 auto;\"><\/div>\n<\/div>\n<\/div>\n<\/div>\n<\/div>\n<\/div>\n<div style=\"clear: both; display: block; margin: 10px 0;\">\n<div style=\"clear: both; display: block; margin: 10px 0;\">\n<div style=\"clear: both; display: block; margin: 10px 0;\">\n<p style=\"margin: 15px 0; line-height: 1.8; clear: both; display: block; width: 100%; float: none; position: static;\">Tracmax to firma produkuj\u0105ca wysokiej jako\u015bci opony letnie, zimowe i ca\u0142oroczne klasy ekonomicznej. Firma tworzy ogumienie pod szyldem znanego chi\u0144skiego producenta opon Shandong Yongsheng Rubber Group. Opony marki Tracmax oferuj\u0105 wi\u0119c przede wszystkim \u015bwietny stosunek jako\u015bci do ceny. Opony tego producenta pomy\u015blnie przechodz\u0105 europejskie testy i s\u0105 zgodne nawet z najbardziej surowymi regulacjami unijnymi.<\/p>\n<p style=\"margin: 15px 0; line-height: 1.8; clear: both; display: block; width: 100%; float: none; position: static;\">Tracmax to firma z wielkimi ambicjami podbojowymi rynku europejskiego. Dzi\u0119ki zaanga\u017cowaniu firmy opony zyskuj\u0105 dzisiaj \u015bwietne opinie w\u015br\u00f3d u\u017cytkownik\u00f3w.<\/p>\n<p style=\"margin: 15px 0; line-height: 1.8; clear: both; display: block; width: 100%; float: none; position: static;\">Wybieraj\u0105c opony firmy Tracmax mamy pewno\u015b\u0107 dobrej ceny po\u0142\u0105czonej ze \u015bwietnymi wynikami drogowymi w ka\u017cdych warunkach, a dost\u0119pno\u015b\u0107 rozmiar\u00f3w pozwoli niemal\u017ce ka\u017cdemu wybra\u0107 co\u015b dla siebie z portfolio marki.<\/p>\n<\/div>\n<\/div>\n<\/div>\n<div style=\"clear: both; display: block; margin: 10px 0;\">\n<div style=\"clear: both; display: block; margin: 10px 0;\">\n<div style=\"clear: both; display: block; margin: 10px 0;\">\n<div  style=\"max-width:1200px;max-height:1758px\">\n<div style=\"clear: both; display: block; margin: 10px 0;\">\n<div style=\"clear: both; width: 100%; display: block; margin: 20px 0; padding: 0; float: none; position: static; text-align: center;\"><img decoding=\"async\"  src=\"https:\/\/a.allegroimg.com\/original\/1129a0\/0a6a863c49008c41c48f24930565\/4x-TRACMAX-X-PRIVILO-S130-165-60R15-81-T-Marka-Tracmax\" srcset=\"https:\/\/a.allegroimg.com\/original\/1129a0\/0a6a863c49008c41c48f24930565\/4x-TRACMAX-X-PRIVILO-S130-165-60R15-81-T-Marka-Tracmax 245w,https:\/\/a.allegroimg.com\/original\/1129a0\/0a6a863c49008c41c48f24930565\/4x-TRACMAX-X-PRIVILO-S130-165-60R15-81-T-Marka-Tracmax 491w,https:\/\/a.allegroimg.com\/original\/1129a0\/0a6a863c49008c41c48f24930565\/4x-TRACMAX-X-PRIVILO-S130-165-60R15-81-T-Marka-Tracmax 698w,https:\/\/a.allegroimg.com\/original\/1129a0\/0a6a863c49008c41c48f24930565\/4x-TRACMAX-X-PRIVILO-S130-165-60R15-81-T-Marka-Tracmax 982w,https:\/\/a.allegroimg.com\/original\/1129a0\/0a6a863c49008c41c48f24930565\/4x-TRACMAX-X-PRIVILO-S130-165-60R15-81-T-Marka-Tracmax 1200w\" sizes=\"(min-width: 1200px) 560px, (min-width: 992px) 50vw, 100vw\" width=\"1200px\" alt=\"4x TRACMAX X PRIVILO S130 165\/60R15 81 T Marka Tracmax\" style=\"max-width: 100%; height: auto; display: block; margin: 0 auto;\"><\/div>\n<\/div>\n<\/div>\n<\/div>\n<\/div>\n<div style=\"clear: both; display: block; margin: 10px 0;\">\n<div style=\"clear: both; display: block; margin: 10px 0;\">\n<p style=\"margin: 15px 0; line-height: 1.8; clear: both; display: block; width: 100%; float: none; position: static;\">Dlaczego warto kupowa\u0107 u Nas ?<\/p>\n<p style=\"margin: 15px 0; line-height: 1.8; clear: both; display: block; width: 100%; float: none; position: static;\">Jeste\u015bmy firm\u0105, kt\u00f3ra na podstawie wieloletniego do\u015bwiadczenia z zaanga\u017cowaniem pomaga klientom w doborze oraz kupnie opon.<\/p>\n<p style=\"margin: 15px 0; line-height: 1.8; clear: both; display: block; width: 100%; float: none; position: static;\">Posiadamy szerok\u0105 game opon do aut osobowych, dostawczych, cie\u017carowych, motocyki jak i opon przemys\u0142owych.<\/p>\n<p style=\"margin: 15px 0; line-height: 1.8; clear: both; display: block; width: 100%; float: none; position: static;\">Gwarancja satysfakcjii oraz bezpiecznie przejechanych kilometr\u00f3w.<\/p>\n<p style=\"margin: 15px 0; line-height: 1.8; clear: both; display: block; width: 100%; float: none; position: static;\">Zosta\u0144 naszym kolejnym zadowolonym klientem.<\/p>\n<p style=\"margin: 15px 0; line-height: 1.8; clear: both; display: block; width: 100%; float: none; position: static;\">ZAPRASZAMY DO ZAKUP\u00d3W.<\/p>\n<\/div>\n<\/div>\n<\/div>\n<\/div>\n<\/div>\n<\/div>\n<div style=\"clear: both; display: block; margin: 10px 0;\">\n","protected":false},"excerpt":{"rendered":"<p>4x TRACMAX X PRIVILO S130 165\/60R15 81 T<\/p>\n<p>Zimowe opony TRACMAX X-PRIVILO S130 BSW 165\/60 R15 81 T<\/p>\n<p>Opony TRACMAX X-PRIVILO S130 BSW to znacz\u0105cy model w portfolio producenta.&nbsp;<\/p>\n<p>Opony klasy ekonomicznej maj\u0105 \u015bwietny stosunek jako\u015bci do ceny.<\/p>\n<p>Stan:&nbsp;Nowy<\/p>\n<p>EAN:&nbsp;6958460917625<\/p>\n<p>Producent: TRACMAX<\/p>\n<p>Model: X-PRIVILO S130 BSW<\/p>\n","protected":false},"featured_media":16510,"template":"","meta":{"_uag_custom_page_level_css":""},"product_brand":[393],"product_cat":[414,413,412,415],"product_tag":[],"class_list":{"0":"post-16509","1":"product","2":"type-product","3":"status-publish","4":"has-post-thumbnail","6":"product_brand-tracmax","7":"product_cat-do-samochodow-osobowych-i-suv","8":"product_cat-opony","9":"product_cat-opony-i-felgi","10":"product_cat-zimowe","12":"first","13":"instock","14":"shipping-taxable","15":"purchasable","16":"product-type-simple"},"uagb_featured_image_src":{"full":["https:\/\/oponixo.shop\/tire\/wp-content\/uploads\/2026\/01\/allegro-image-16509.jpg",920,1120,false],"thumbnail":["https:\/\/oponixo.shop\/tire\/wp-content\/uploads\/2026\/01\/allegro-image-16509-150x150.jpg",150,150,true],"medium":["https:\/\/oponixo.shop\/tire\/wp-content\/uploads\/2026\/01\/allegro-image-16509-246x300.jpg",246,300,true],"medium_large":["https:\/\/oponixo.shop\/tire\/wp-content\/uploads\/2026\/01\/allegro-image-16509-768x935.jpg",768,935,true],"large":["https:\/\/oponixo.shop\/tire\/wp-content\/uploads\/2026\/01\/allegro-image-16509-841x1024.jpg",841,1024,true],"1536x1536":["https:\/\/oponixo.shop\/tire\/wp-content\/uploads\/2026\/01\/allegro-image-16509.jpg",920,1120,false],"2048x2048":["https:\/\/oponixo.shop\/tire\/wp-content\/uploads\/2026\/01\/allegro-image-16509.jpg",920,1120,false],"woocommerce_thumbnail":["https:\/\/oponixo.shop\/tire\/wp-content\/uploads\/2026\/01\/allegro-image-16509-300x300.jpg",300,300,true],"woocommerce_single":["https:\/\/oponixo.shop\/tire\/wp-content\/uploads\/2026\/01\/allegro-image-16509-600x730.jpg",600,730,true],"woocommerce_gallery_thumbnail":["https:\/\/oponixo.shop\/tire\/wp-content\/uploads\/2026\/01\/allegro-image-16509-100x100.jpg",100,100,true]},"uagb_author_info":{"display_name":"admin","author_link":"https:\/\/oponixo.shop\/tire\/author\/"},"uagb_comment_info":0,"uagb_excerpt":"4x TRACMAX X PRIVILO S130 165\/60R15 81 T Zimowe opony TRACMAX X-PRIVILO S130 BSW 165\/60 R15 81 T Opony TRACMAX X-PRIVILO S130 BSW to znacz\u0105cy model w portfolio producenta.&nbsp; Opony klasy ekonomicznej maj\u0105 \u015bwietny stosunek jako\u015bci do ceny. Stan:&nbsp;Nowy EAN:&nbsp;6958460917625 Producent: TRACMAX Model: X-PRIVILO S130 BSW","_links":{"self":[{"href":"https:\/\/oponixo.shop\/tire\/wp-json\/wp\/v2\/product\/16509","targetHints":{"allow":["GET"]}}],"collection":[{"href":"https:\/\/oponixo.shop\/tire\/wp-json\/wp\/v2\/product"}],"about":[{"href":"https:\/\/oponixo.shop\/tire\/wp-json\/wp\/v2\/types\/product"}],"wp:featuredmedia":[{"embeddable":true,"href":"https:\/\/oponixo.shop\/tire\/wp-json\/wp\/v2\/media\/16510"}],"wp:attachment":[{"href":"https:\/\/oponixo.shop\/tire\/wp-json\/wp\/v2\/media?parent=16509"}],"wp:term":[{"taxonomy":"product_brand","embeddable":true,"href":"https:\/\/oponixo.shop\/tire\/wp-json\/wp\/v2\/product_brand?post=16509"},{"taxonomy":"product_cat","embeddable":true,"href":"https:\/\/oponixo.shop\/tire\/wp-json\/wp\/v2\/product_cat?post=16509"},{"taxonomy":"product_tag","embeddable":true,"href":"https:\/\/oponixo.shop\/tire\/wp-json\/wp\/v2\/product_tag?post=16509"}],"curies":[{"name":"wp","href":"https:\/\/api.w.org\/{rel}","templated":true}]}}