{"id":16626,"date":"2026-01-17T13:38:58","date_gmt":"2026-01-17T12:38:58","guid":{"rendered":"https:\/\/oponyonline.shop\/xef5\/produkt\/2x-tracmax-195-80r14-106-104r-x-privilo-vs450\/"},"modified":"2026-01-17T13:38:58","modified_gmt":"2026-01-17T12:38:58","slug":"2x-tracmax-195-80r14-106-104r-x-privilo-vs450","status":"publish","type":"product","link":"https:\/\/oponixo.shop\/tire\/produkt\/2x-tracmax-195-80r14-106-104r-x-privilo-vs450\/","title":{"rendered":"2x Tracmax 195\/80R14 106\/104R X Privilo VS450"},"content":{"rendered":"<div style=\"font-family: Arial, sans-serif; line-height: 1.6; color: #333; padding: 20px; clear: both; display: block; width: 100%; float: none; position: static; overflow: hidden;\">\n<div style=\"clear: both; display: block; margin: 10px 0;\">\n<div style=\"clear: both; display: block; margin: 10px 0;\">\n<div style=\"clear: both; display: block; margin: 10px 0;\">\n<div  style=\"max-width:1211px;max-height:908px\">\n<div style=\"clear: both; display: block; margin: 10px 0;\">\n<div style=\"clear: both; width: 100%; display: block; margin: 20px 0; padding: 0; float: none; position: static; text-align: center;\"><img decoding=\"async\"  src=\"https:\/\/a.allegroimg.com\/original\/113a6c\/89e578a74c5ab8a9b2cba3e8abf1\/2x-Tracmax-195-80R14-106-104R-X-Privilo-VS450\" srcset=\"https:\/\/a.allegroimg.com\/original\/113a6c\/89e578a74c5ab8a9b2cba3e8abf1\/2x-Tracmax-195-80R14-106-104R-X-Privilo-VS450 360w,https:\/\/a.allegroimg.com\/original\/113a6c\/89e578a74c5ab8a9b2cba3e8abf1\/2x-Tracmax-195-80R14-106-104R-X-Privilo-VS450 720w,https:\/\/a.allegroimg.com\/original\/113a6c\/89e578a74c5ab8a9b2cba3e8abf1\/2x-Tracmax-195-80R14-106-104R-X-Privilo-VS450 1024w,https:\/\/a.allegroimg.com\/original\/113a6c\/89e578a74c5ab8a9b2cba3e8abf1\/2x-Tracmax-195-80R14-106-104R-X-Privilo-VS450 1211w,https:\/\/a.allegroimg.com\/original\/113a6c\/89e578a74c5ab8a9b2cba3e8abf1\/2x-Tracmax-195-80R14-106-104R-X-Privilo-VS450 1211w\" sizes=\"(min-width: 1200px) 560px, (min-width: 992px) 50vw, 100vw\" width=\"1211px\" alt=\"2x Tracmax 195\/80R14 106\/104R X Privilo VS450\" style=\"max-width: 100%; height: auto; display: block; margin: 0 auto;\"><\/div>\n<\/div>\n<\/div>\n<\/div>\n<\/div>\n<div style=\"clear: both; display: block; margin: 10px 0;\">\n<div style=\"clear: both; display: block; margin: 10px 0;\">\n<h1>Opony Tracmax X Privilo VS450<\/h1>\n<h1>195\/80R14 106\/104R<\/h1>\n<ul style=\"margin: 15px 0; padding-left: 20px; clear: both; display: block; width: 100%; float: none; position: static;\">\n<li style=\"margin: 5px 0; padding: 2px 0; clear: both; display: list-item; float: none; position: static;\">Przeznaczenie: <b>Zima<\/b><\/li>\n<li style=\"margin: 5px 0; padding: 2px 0; clear: both; display: list-item; float: none; position: static;\">Typ pojazdu: <b>Dostawczy<\/b><\/li>\n<li style=\"margin: 5px 0; padding: 2px 0; clear: both; display: list-item; float: none; position: static;\">Indeks pr\u0119dko\u015bci:<b>R do 170 km\/h<\/b><\/li>\n<li style=\"margin: 5px 0; padding: 2px 0; clear: both; display: list-item; float: none; position: static;\">Indeks no\u015bno\u015bci: <b>106\/104 &#8211; 950\/900 kg<\/b><\/li>\n<li style=\"margin: 5px 0; padding: 2px 0; clear: both; display: list-item; float: none; position: static;\">Rok produkcji: <b>2024\/2025<\/b><\/li>\n<\/ul>\n<h3 style=\"color: #2c5aa0; font-size: 18px; margin: 30px 0 15px 0; font-weight: bold; clear: both; display: block; width: 100%; float: none; position: static;\">Oznaczenia dodatkowe:<\/h3>\n<p style=\"margin: 15px 0; line-height: 1.8; clear: both; display: block; width: 100%; float: none; position: static;\">C &#8211; opona dedykowana do aut dostawczych<\/p>\n<p style=\"margin: 15px 0; line-height: 1.8; clear: both; display: block; width: 100%; float: none; position: static;\">3PMSF &#8211; Opony przystosowane do jazdy w warunkach zimowych. W\u0142a\u015bciwo\u015bci potwierdzone testami<\/p>\n<\/div>\n<\/div>\n<\/div>\n<div style=\"clear: both; display: block; margin: 10px 0;\">\n<div style=\"clear: both; display: block; margin: 10px 0;\">\n<div style=\"clear: both; display: block; margin: 10px 0;\">\n<h3 style=\"color: #2c5aa0; font-size: 18px; margin: 30px 0 15px 0; font-weight: bold; clear: both; display: block; width: 100%; float: none; position: static;\">Opis modelu<\/h3>\n<p style=\"margin: 15px 0; line-height: 1.8; clear: both; display: block; width: 100%; float: none; position: static;\">Tracmax X-Privilo VS-450 to opona bud\u017cetowej klasy przeznaczona do lekkich pojazd\u00f3w u\u017cytkowych. Klasyczny i symetryczny bie\u017cnik sprawia, \u017ce opona \u015bwietnie spisuje si\u0119 nie tylko podczas jazdy w mie\u015bcie, ale r\u00f3wnie\u017c w trakcie transportu d\u0142ugodystansowego. Szerokie rowki w bie\u017cniku skutecznie odprowadzaj\u0105 wod\u0119 i brud spod czo\u0142a opony, dzi\u0119ki czemu szybciej wysycha, co minimalizuje ryzyko aquaplaningu, a przyczepno\u015b\u0107 niezmiennie pozostaje na wysokim poziomie, nie zwa\u017caj\u0105c na pogode. Zaawansowany system irygacji wody sprawia, \u017ce opona jest w stanie &#8222;wgry\u017a\u0107 si\u0119&#8221; w nawierzchni\u0119, co skutkuje kr\u00f3tsz\u0105 drog\u0105 hamowania i bezpieczniejszym prowadzeniem. Mieszanka gumowa, na kt\u00f3rej oparta jest opona, nadaje konstrukcji odpowiedni\u0105 wytrzyma\u0142o\u015b\u0107. Przez zastosowanie specjalnych komponent\u00f3w, opona marki Tracmax jest odporna na rozmaite uszkodzenia mechaniczne i \u015bcieranie pojawiaj\u0105ce si\u0119 w oponach pojazd\u00f3w u\u017cytkowych. Mieszanka u\u017cyta do wykonanych element\u00f3w pozostaje wystarczaj\u0105co elastyczna w szerokim zakresie temperatur, co sprawia, \u017ce powierzchnia styku z jezdni\u0105 jest zawsze du\u017ca, co skutkuje efektywn\u0105 trakcj\u0105 i zwi\u0119kszonym bezpiecze\u0144stwem jazdy. R\u00f3wnomierne ci\u015bnienia w oponach przyczynia si\u0119 do poprawionych osi\u0105g\u00f3w, a tak\u017ce skutkuje to powolnym i r\u00f3wnomiernym zu\u017cyciem bie\u017cnika opony, co zapewnia jeszcze lepsze osi\u0105gi przez ca\u0142y okres u\u017cytku opony, bez obawy o pogorszony komfort jazdy razem z up\u0142ywaj\u0105cym czasem.<\/p>\n<p style=\"margin: 15px 0; line-height: 1.8; clear: both; display: block; width: 100%; float: none; position: static;\">Opony firmy Tracmax mog\u0142yby z powodzeniem stanowi\u0107 dow\u00f3d wysokiej pr\u0119dko\u015bci, z jak\u0105 rozwin\u0119\u0142a si\u0119 produkcja ogumienia samochodowego w Azji. Tracmax nale\u017cy do koncernu Shandong Yongsheng Rubber Group, kt\u00f3ra etapami budowa\u0142a swoj\u0105 renome w Chinach, nast\u0119pnie na ca\u0142ym kontynencie, a obecnie pr\u0119\u017cnie dzia\u0142a w Europie czy Stanach Zjednoczonych. Dzi\u0119ki pot\u0119\u017cnym inwestycjom w\u0142a\u015bciciela oraz du\u017cym powierzchniom produkcyjnym firma ta zapewnia ponad milion opon w ci\u0105gu roku. W za\u0142o\u017ceniu opony tej marki w niedalekiej przysz\u0142o\u015bci powinny rywalizowa\u0107 ze skutkiem z bardziej znanymi modelami opon w tej samej kategorii u\u017cytkowej. W\u0142a\u015bciciele marki Tracmax skupiaj\u0105 si\u0119 na tym, by opony by\u0142y zaadresowane do konkretnego sektora odbiorc\u00f3w. Z jednej strony s\u0105 to ekonomiczne opony o zauwa\u017calnie ni\u017cszej cenie, por\u00f3wnuj\u0105c z propozycjami innych marek. Z drugiej zaliczne s\u0105 przez nie testy spoza Azji, co pokazuje, \u017ce przy atrakcyjnej cenie, opony te zapewni\u0105 dobre w\u0142a\u015bciwo\u015bci jezdne.<\/p>\n<\/div>\n<\/div>\n<div style=\"clear: both; display: block; margin: 10px 0;\">\n<div style=\"clear: both; display: block; margin: 10px 0;\">\n<div  style=\"max-width:1864px;max-height:1863px\">\n<div style=\"clear: both; display: block; margin: 10px 0;\">\n<div style=\"clear: both; width: 100%; display: block; margin: 20px 0; padding: 0; float: none; position: static; text-align: center;\"><img decoding=\"async\"  src=\"https:\/\/a.allegroimg.com\/original\/11a2dd\/b6ad71f94f148892ba2d4e980e78\/2x-Tracmax-195-80R14-106-104R-X-Privilo-VS450-Liczba-opon-w-ofercie-2-szt\" srcset=\"https:\/\/a.allegroimg.com\/original\/11a2dd\/b6ad71f94f148892ba2d4e980e78\/2x-Tracmax-195-80R14-106-104R-X-Privilo-VS450-Liczba-opon-w-ofercie-2-szt 360w,https:\/\/a.allegroimg.com\/original\/11a2dd\/b6ad71f94f148892ba2d4e980e78\/2x-Tracmax-195-80R14-106-104R-X-Privilo-VS450-Liczba-opon-w-ofercie-2-szt 720w,https:\/\/a.allegroimg.com\/original\/11a2dd\/b6ad71f94f148892ba2d4e980e78\/2x-Tracmax-195-80R14-106-104R-X-Privilo-VS450-Liczba-opon-w-ofercie-2-szt 1024w,https:\/\/a.allegroimg.com\/original\/11a2dd\/b6ad71f94f148892ba2d4e980e78\/2x-Tracmax-195-80R14-106-104R-X-Privilo-VS450-Liczba-opon-w-ofercie-2-szt 1440w,https:\/\/a.allegroimg.com\/original\/11a2dd\/b6ad71f94f148892ba2d4e980e78\/2x-Tracmax-195-80R14-106-104R-X-Privilo-VS450-Liczba-opon-w-ofercie-2-szt 1864w\" sizes=\"(min-width: 1200px) 560px, (min-width: 992px) 50vw, 100vw\" width=\"1864px\" alt=\"2x Tracmax 195\/80R14 106\/104R X Privilo VS450 Liczba opon w ofercie 2 szt.\" style=\"max-width: 100%; height: auto; display: block; margin: 0 auto;\"><\/div>\n<\/div>\n<\/div>\n<\/div>\n<\/div>\n<\/div>\n<div style=\"clear: both; display: block; margin: 10px 0;\">\n<div style=\"clear: both; display: block; margin: 10px 0;\">\n<div style=\"clear: both; display: block; margin: 10px 0;\">\n<div  style=\"max-width:300px;max-height:440px\">\n<div style=\"clear: both; display: block; margin: 10px 0;\">\n<div style=\"clear: both; width: 100%; display: block; margin: 20px 0; padding: 0; float: none; position: static; text-align: center;\"><img decoding=\"async\"  src=\"https:\/\/a.allegroimg.com\/original\/11421b\/830e9ab84e43a032d765e7988fa5\/2x-Tracmax-195-80R14-106-104R-X-Privilo-VS450-Marka-Tracmax\" srcset=\"https:\/\/a.allegroimg.com\/original\/11421b\/830e9ab84e43a032d765e7988fa5\/2x-Tracmax-195-80R14-106-104R-X-Privilo-VS450-Marka-Tracmax 245w,https:\/\/a.allegroimg.com\/original\/11421b\/830e9ab84e43a032d765e7988fa5\/2x-Tracmax-195-80R14-106-104R-X-Privilo-VS450-Marka-Tracmax 300w,https:\/\/a.allegroimg.com\/original\/11421b\/830e9ab84e43a032d765e7988fa5\/2x-Tracmax-195-80R14-106-104R-X-Privilo-VS450-Marka-Tracmax 300w\" sizes=\"(min-width: 1200px) 560px, (min-width: 992px) 50vw, 100vw\" width=\"300px\" alt=\"2x Tracmax 195\/80R14 106\/104R X Privilo VS450 Marka Tracmax\" style=\"max-width: 100%; height: auto; display: block; margin: 0 auto;\"><\/div>\n<\/div>\n<\/div>\n<\/div>\n<\/div>\n<div style=\"clear: both; display: block; margin: 10px 0;\">\n<div style=\"clear: both; display: block; margin: 10px 0;\">\n<h3 style=\"color: #2c5aa0; font-size: 18px; margin: 30px 0 15px 0; font-weight: bold; clear: both; display: block; width: 100%; float: none; position: static;\">Efektywno\u015b\u0107 energetyczna \/ op\u00f3r toczenia<\/h3>\n<p style=\"margin: 15px 0; line-height: 1.8; clear: both; display: block; width: 100%; float: none; position: static;\">Op\u00f3r toczenia mo\u017cna nazwa\u0107 strat\u0105 energii, kt\u00f3ra powstaje, kiedy opona odkszta\u0142ca si\u0119 podczas jazdy na skutek kontaktu z pod\u0142o\u017cem. Ni\u017cszy op\u00f3r toczenia oznacza, \u017ce potrzeba mniej paliwa by utrzyma\u0107 samoch\u00f3d w ruchu.<\/p>\n<h3 style=\"color: #2c5aa0; font-size: 18px; margin: 30px 0 15px 0; font-weight: bold; clear: both; display: block; width: 100%; float: none; position: static;\">Przyczepno\u015b\u0107 na mokrej nawierzchni<\/h3>\n<p style=\"margin: 15px 0; line-height: 1.8; clear: both; display: block; width: 100%; float: none; position: static;\">Hamowanie na mokrej nawierzchni mierzy si\u0119 w metrach od momentu rozpocz\u0119cia hamowania do pe\u0142nego zatrzymania auta. Jest kluczowe dla bezpiecze\u0144stwa jazdy. Ocena A oznacza najkr\u00f3tsz\u0105 drog\u0119 hamowania, ocena G &#8211; najd\u0142u\u017csz\u0105.<\/p>\n<h3 style=\"color: #2c5aa0; font-size: 18px; margin: 30px 0 15px 0; font-weight: bold; clear: both; display: block; width: 100%; float: none; position: static;\">Zewn\u0119trzny ha\u0142as generowany przez opon\u0119<\/h3>\n<p style=\"margin: 15px 0; line-height: 1.8; clear: both; display: block; width: 100%; float: none; position: static;\">Ha\u0142as, kt\u00f3ry wytwarzaj\u0105 opony w trakcie jazdy mierzony jest w decybelach. Cicho\u015b\u0107 opony znacznie wp\u0142ywa na ochron\u0119 \u015brodowiska oraz komfort podr\u00f3\u017cowania. Ha\u0142as mierzony jest przy pr\u0119dko\u015bci 80km\/h.<\/p>\n<\/div>\n<\/div>\n<\/div>\n<\/div>\n<\/div>\n<\/div>\n<div style=\"clear: both; display: block; margin: 10px 0;\">\n","protected":false},"excerpt":{"rendered":"<p>Opony Tracmax X Privilo VS450<\/p>\n<p>195\/80R14 106\/104R<\/p>\n<p>Przeznaczenie: Zima<\/p>\n<p>Typ pojazdu: Dostawczy<\/p>\n<p>Indeks pr\u0119dko\u015bci:R do 170 km\/h<\/p>\n<p>Indeks no\u015bno\u015bci: 106\/104 &#8211; 950\/900 kg<\/p>\n<p>Rok produkcji: 2024\/2025<\/p>\n<p>Oznaczenia dodatkowe:<\/p>\n","protected":false},"featured_media":16628,"template":"","meta":{"_uag_custom_page_level_css":""},"product_brand":[393],"product_cat":[417,413,412,415],"product_tag":[],"class_list":{"0":"post-16626","1":"product","2":"type-product","3":"status-publish","4":"has-post-thumbnail","6":"product_brand-tracmax","7":"product_cat-do-samochodow-dostawczych","8":"product_cat-opony","9":"product_cat-opony-i-felgi","10":"product_cat-zimowe","12":"first","13":"instock","14":"shipping-taxable","15":"purchasable","16":"product-type-simple"},"uagb_featured_image_src":{"full":["https:\/\/oponixo.shop\/tire\/wp-content\/uploads\/2026\/01\/allegro-image-16626.jpg",1211,908,false],"thumbnail":["https:\/\/oponixo.shop\/tire\/wp-content\/uploads\/2026\/01\/allegro-image-16626-150x150.jpg",150,150,true],"medium":["https:\/\/oponixo.shop\/tire\/wp-content\/uploads\/2026\/01\/allegro-image-16626-300x225.jpg",300,225,true],"medium_large":["https:\/\/oponixo.shop\/tire\/wp-content\/uploads\/2026\/01\/allegro-image-16626-768x576.jpg",768,576,true],"large":["https:\/\/oponixo.shop\/tire\/wp-content\/uploads\/2026\/01\/allegro-image-16626-1024x768.jpg",1024,768,true],"1536x1536":["https:\/\/oponixo.shop\/tire\/wp-content\/uploads\/2026\/01\/allegro-image-16626.jpg",1211,908,false],"2048x2048":["https:\/\/oponixo.shop\/tire\/wp-content\/uploads\/2026\/01\/allegro-image-16626.jpg",1211,908,false],"woocommerce_thumbnail":["https:\/\/oponixo.shop\/tire\/wp-content\/uploads\/2026\/01\/allegro-image-16626-300x300.jpg",300,300,true],"woocommerce_single":["https:\/\/oponixo.shop\/tire\/wp-content\/uploads\/2026\/01\/allegro-image-16626-600x450.jpg",600,450,true],"woocommerce_gallery_thumbnail":["https:\/\/oponixo.shop\/tire\/wp-content\/uploads\/2026\/01\/allegro-image-16626-100x100.jpg",100,100,true]},"uagb_author_info":{"display_name":"admin","author_link":"https:\/\/oponixo.shop\/tire\/author\/"},"uagb_comment_info":0,"uagb_excerpt":"Opony Tracmax X Privilo VS450 195\/80R14 106\/104R Przeznaczenie: Zima Typ pojazdu: Dostawczy Indeks pr\u0119dko\u015bci:R do 170 km\/h Indeks no\u015bno\u015bci: 106\/104 - 950\/900 kg Rok produkcji: 2024\/2025 Oznaczenia dodatkowe:","_links":{"self":[{"href":"https:\/\/oponixo.shop\/tire\/wp-json\/wp\/v2\/product\/16626","targetHints":{"allow":["GET"]}}],"collection":[{"href":"https:\/\/oponixo.shop\/tire\/wp-json\/wp\/v2\/product"}],"about":[{"href":"https:\/\/oponixo.shop\/tire\/wp-json\/wp\/v2\/types\/product"}],"wp:featuredmedia":[{"embeddable":true,"href":"https:\/\/oponixo.shop\/tire\/wp-json\/wp\/v2\/media\/16628"}],"wp:attachment":[{"href":"https:\/\/oponixo.shop\/tire\/wp-json\/wp\/v2\/media?parent=16626"}],"wp:term":[{"taxonomy":"product_brand","embeddable":true,"href":"https:\/\/oponixo.shop\/tire\/wp-json\/wp\/v2\/product_brand?post=16626"},{"taxonomy":"product_cat","embeddable":true,"href":"https:\/\/oponixo.shop\/tire\/wp-json\/wp\/v2\/product_cat?post=16626"},{"taxonomy":"product_tag","embeddable":true,"href":"https:\/\/oponixo.shop\/tire\/wp-json\/wp\/v2\/product_tag?post=16626"}],"curies":[{"name":"wp","href":"https:\/\/api.w.org\/{rel}","templated":true}]}}