{"id":16665,"date":"2026-01-17T13:39:04","date_gmt":"2026-01-17T12:39:04","guid":{"rendered":"https:\/\/oponyonline.shop\/xef5\/produkt\/2x-225-70r17c-falken-eurowinter-van01-108-106t-2\/"},"modified":"2026-01-17T13:39:05","modified_gmt":"2026-01-17T12:39:05","slug":"2x-225-70r17c-falken-eurowinter-van01-108-106t-2","status":"publish","type":"product","link":"https:\/\/oponixo.shop\/tire\/produkt\/2x-225-70r17c-falken-eurowinter-van01-108-106t-2\/","title":{"rendered":"2x 225\/70R17C FALKEN EUROWINTER VAN01 108\/106T"},"content":{"rendered":"<div style=\"font-family: Arial, sans-serif; line-height: 1.6; color: #333; padding: 20px; clear: both; display: block; width: 100%; float: none; position: static; overflow: hidden;\">\n<div style=\"clear: both; display: block; margin: 10px 0;\">\n<div style=\"clear: both; display: block; margin: 10px 0;\">\n<div style=\"clear: both; display: block; margin: 10px 0;\">\n<h2>Opona zimowa Falken EuroWinter VAN01 225\/70R17 108\/106 T przyczepno\u015b\u0107 na \u015bniegu (3PMSF)<\/h2>\n<p style=\"margin: 15px 0; line-height: 1.8; clear: both; display: block; width: 100%; float: none; position: static;\">Opona zimowa Falken EuroWinter VAN01 225\/70R17 108\/106 T<\/p>\n<p style=\"margin: 15px 0; line-height: 1.8; clear: both; display: block; width: 100%; float: none; position: static;\">Cechy produktu:<\/p>\n<ul style=\"margin: 15px 0; padding-left: 20px; clear: both; display: block; width: 100%; float: none; position: static;\">\n<li style=\"margin: 5px 0; padding: 2px 0; clear: both; display: list-item; float: none; position: static;\">sezon: zimowe<\/li>\n<li style=\"margin: 5px 0; padding: 2px 0; clear: both; display: list-item; float: none; position: static;\">szeroko\u015b\u0107\/profil\/\u015brednica: 225\/70R17<\/li>\n<li style=\"margin: 5px 0; padding: 2px 0; clear: both; display: list-item; float: none; position: static;\">indeks no\u015bno\u015bci: 108\/106 &#8211; 1000\/950 kg<\/li>\n<li style=\"margin: 5px 0; padding: 2px 0; clear: both; display: list-item; float: none; position: static;\">indeks pr\u0119dko\u015bci: T do 190 km\/h<\/li>\n<li style=\"margin: 5px 0; padding: 2px 0; clear: both; display: list-item; float: none; position: static;\">wzmocnienie (C)<\/li>\n<\/ul>\n<\/div>\n<\/div>\n<div style=\"clear: both; display: block; margin: 10px 0;\">\n<div style=\"clear: both; display: block; margin: 10px 0;\">\n<div  style=\"max-width:533px;max-height:800px\">\n<div style=\"clear: both; display: block; margin: 10px 0;\">\n<div style=\"clear: both; width: 100%; display: block; margin: 20px 0; padding: 0; float: none; position: static; text-align: center;\"><img decoding=\"async\"  src=\"https:\/\/a.allegroimg.com\/original\/0000cf\/5c16c8c640a2ac14ce4af9e65771\/2x-225-70R17C-FALKEN-EUROWINTER-VAN01-108-106T\" srcset=\"https:\/\/a.allegroimg.com\/original\/0000cf\/5c16c8c640a2ac14ce4af9e65771\/2x-225-70R17C-FALKEN-EUROWINTER-VAN01-108-106T 239w,https:\/\/a.allegroimg.com\/original\/0000cf\/5c16c8c640a2ac14ce4af9e65771\/2x-225-70R17C-FALKEN-EUROWINTER-VAN01-108-106T 479w,https:\/\/a.allegroimg.com\/original\/0000cf\/5c16c8c640a2ac14ce4af9e65771\/2x-225-70R17C-FALKEN-EUROWINTER-VAN01-108-106T 533w,https:\/\/a.allegroimg.com\/original\/0000cf\/5c16c8c640a2ac14ce4af9e65771\/2x-225-70R17C-FALKEN-EUROWINTER-VAN01-108-106T 533w\" sizes=\"(min-width: 1200px) 560px, (min-width: 992px) 50vw, 100vw\" width=\"533px\" alt=\"2x 225\/70R17C FALKEN EUROWINTER VAN01 108\/106T\" style=\"max-width: 100%; height: auto; display: block; margin: 0 auto;\"><\/div>\n<\/div>\n<\/div>\n<\/div>\n<\/div>\n<\/div>\n<div style=\"clear: both; display: block; margin: 10px 0;\">\n<div style=\"clear: both; display: block; margin: 10px 0;\">\n<div style=\"clear: both; display: block; margin: 10px 0;\">\n<h3 style=\"color: #2c5aa0; font-size: 18px; margin: 30px 0 15px 0; font-weight: bold; clear: both; display: block; width: 100%; float: none; position: static;\">Informacje dodatkowe:<\/h3>\n<ul style=\"margin: 15px 0; padding-left: 20px; clear: both; display: block; width: 100%; float: none; position: static;\">\n<li style=\"margin: 5px 0; padding: 2px 0; clear: both; display: list-item; float: none; position: static;\">rok produkcji: 2024\/2025 (kupuj\u0105c z tej oferty otrzymasz opony fabrycznie nowe, pe\u0142nowarto\u015bciowe) <\/li>\n<li style=\"margin: 5px 0; padding: 2px 0; clear: both; display: list-item; float: none; position: static;\">stan: fabrycznie nowe <\/li>\n<\/ul>\n<\/div>\n<\/div>\n<\/div>\n<div style=\"clear: both; display: block; margin: 10px 0;\">\n<div style=\"clear: both; display: block; margin: 10px 0;\">\n<div style=\"clear: both; display: block; margin: 10px 0;\">\n<h3 style=\"color: #2c5aa0; font-size: 18px; margin: 30px 0 15px 0; font-weight: bold; clear: both; display: block; width: 100%; float: none; position: static;\">Przeznaczenie<\/h3>\n<p style=\"margin: 15px 0; line-height: 1.8; clear: both; display: block; width: 100%; float: none; position: static;\">Opony Falken EuroWinter VAN01 to ogumienie zimowe przeznaczone do montowania na ko\u0142ach lekkich samochod\u00f3w dostawczych i van\u00f3w. Producent opon VAN01 po\u0142o\u017cy\u0142 nacisk na zapewnienie dobrej przyczepno\u015bci podczas jazdy zim\u0105 i na wysoki stopie\u0144 odporno\u015bci na zu\u017cycie eksploatacyjne.<\/p>\n<h3 style=\"color: #2c5aa0; font-size: 18px; margin: 30px 0 15px 0; font-weight: bold; clear: both; display: block; width: 100%; float: none; position: static;\">Technologia<\/h3>\n<p style=\"margin: 15px 0; line-height: 1.8; clear: both; display: block; width: 100%; float: none; position: static;\">Zimowe opony samochodowe Falken EuroWinter VAN01 wyprodukowano z nowoczesnej mieszanki gumowej wykonanej w technologii 4D Nano Design. Specjalne sk\u0142adniki mieszanki gumowej maj\u0105 na celu zapewnienie jak najlepszej elastyczno\u015bci przy niskich temperaturach, przyczepno\u015bci i odporno\u015bci na zu\u017cycie eksploatacyjne. Producent zastosowa\u0142 trwa\u0142y i mocny karkas, aby zwi\u0119kszy\u0107 odporno\u015b\u0107 na zu\u017cycie opony i na jej uszkodzenia. Zastosowano nowoczesny bie\u017cnik, kt\u00f3ry z jednej strony ma zapewni\u0107 najlepsz\u0105 przyczepno\u015b\u0107 do nawierzchni, a z drugiej \u2013 komfortow\u0105, cich\u0105 jazd\u0119.<\/p>\n<h3 style=\"color: #2c5aa0; font-size: 18px; margin: 30px 0 15px 0; font-weight: bold; clear: both; display: block; width: 100%; float: none; position: static;\">Bie\u017cnik<\/h3>\n<p style=\"margin: 15px 0; line-height: 1.8; clear: both; display: block; width: 100%; float: none; position: static;\">Opony samochodowe Falken EuroWinter VAN01 maj\u0105 asymetryczny bie\u017cnik klockowy z klockami pokrywaj\u0105cymi ca\u0142\u0105 powierzchni\u0119. Opony VAN01 maj\u0105 tak\u017ce trzy rowki wzd\u0142u\u017cne do sprawnego usuwania wody, \u015bniegu i po\u015bniegowego b\u0142ota.<\/p>\n<h3 style=\"color: #2c5aa0; font-size: 18px; margin: 30px 0 15px 0; font-weight: bold; clear: both; display: block; width: 100%; float: none; position: static;\">Producent<\/h3>\n<p style=\"margin: 15px 0; line-height: 1.8; clear: both; display: block; width: 100%; float: none; position: static;\">Falken to marka japo\u0144skich opon przeznaczonych przede wszystkim do samochod\u00f3w o wy\u017cszych osi\u0105gach, usportowionych, sportowych, a tak\u017ce wyczynowych. Falken to cz\u0119\u015b\u0107 koncernu Sumitomo Rubber Industries. Marka Falken powsta\u0142a w 1983 roku. Opony zadebiutowa\u0142y na rynku japo\u0144skim. W 1985 roku rozpocz\u0119\u0142a si\u0119 ekspansja na rynku ameryka\u0144skim. Marka Falken by\u0142a cz\u0119sto organizatorem wy\u015bcig\u00f3w samochodowych. Obecnie pod mark\u0105 Falken produkowane s\u0105 opony do pojazd\u00f3w usportowionych i wy\u015bcigowych, a tak\u017ce do SUV-\u00f3w, samochod\u00f3w dostawczych i ci\u0119\u017carowych.<\/p>\n<\/div>\n<\/div>\n<\/div>\n<div style=\"clear: both; display: block; margin: 10px 0;\">\n<div style=\"clear: both; display: block; margin: 10px 0;\">\n<div style=\"clear: both; display: block; margin: 10px 0;\">\n<div  style=\"max-width:533px;max-height:800px\">\n<div style=\"clear: both; display: block; margin: 10px 0;\">\n<div style=\"clear: both; width: 100%; display: block; margin: 20px 0; padding: 0; float: none; position: static; text-align: center;\"><img decoding=\"async\"  src=\"https:\/\/a.allegroimg.com\/original\/0000cf\/5c16c8c640a2ac14ce4af9e65771\/2x-225-70R17C-FALKEN-EUROWINTER-VAN01-108-106T\" srcset=\"https:\/\/a.allegroimg.com\/original\/0000cf\/5c16c8c640a2ac14ce4af9e65771\/2x-225-70R17C-FALKEN-EUROWINTER-VAN01-108-106T 239w,https:\/\/a.allegroimg.com\/original\/0000cf\/5c16c8c640a2ac14ce4af9e65771\/2x-225-70R17C-FALKEN-EUROWINTER-VAN01-108-106T 479w,https:\/\/a.allegroimg.com\/original\/0000cf\/5c16c8c640a2ac14ce4af9e65771\/2x-225-70R17C-FALKEN-EUROWINTER-VAN01-108-106T 533w,https:\/\/a.allegroimg.com\/original\/0000cf\/5c16c8c640a2ac14ce4af9e65771\/2x-225-70R17C-FALKEN-EUROWINTER-VAN01-108-106T 533w\" sizes=\"100vw\" width=\"533px\" alt=\"2x 225\/70R17C FALKEN EUROWINTER VAN01 108\/106T\" style=\"max-width: 100%; height: auto; display: block; margin: 0 auto;\"><\/div>\n<\/div>\n<\/div>\n<\/div>\n<\/div>\n<\/div>\n<\/div>\n<\/div>\n<\/div>\n<div style=\"clear: both; display: block; margin: 10px 0;\">\n","protected":false},"excerpt":{"rendered":"<p>Opona zimowa Falken EuroWinter VAN01 225\/70R17 108\/106 T przyczepno\u015b\u0107 na \u015bniegu (3PMSF)<\/p>\n<p>Opona zimowa Falken EuroWinter VAN01 225\/70R17 108\/106 T<\/p>\n<p>Cechy produktu:<\/p>\n<p>sezon: zimowe<\/p>\n<p>szeroko\u015b\u0107\/profil\/\u015brednica: 225\/70R17<\/p>\n<p>indeks no\u015bno\u015bci: 108\/106 &#8211; 1000\/950 kg<\/p>\n<p>indeks pr\u0119dko\u015bci: T do 190 km\/h<\/p>\n<p>wzmocnienie (C)<\/p>\n","protected":false},"featured_media":16667,"template":"","meta":{"_uag_custom_page_level_css":""},"product_brand":[451],"product_cat":[417,413,412,415],"product_tag":[],"class_list":{"0":"post-16665","1":"product","2":"type-product","3":"status-publish","4":"has-post-thumbnail","6":"product_brand-falken","7":"product_cat-do-samochodow-dostawczych","8":"product_cat-opony","9":"product_cat-opony-i-felgi","10":"product_cat-zimowe","12":"first","13":"instock","14":"shipping-taxable","15":"purchasable","16":"product-type-simple"},"uagb_featured_image_src":{"full":["https:\/\/oponixo.shop\/tire\/wp-content\/uploads\/2026\/01\/allegro-image-16665.jpg",533,800,false],"thumbnail":["https:\/\/oponixo.shop\/tire\/wp-content\/uploads\/2026\/01\/allegro-image-16665-150x150.jpg",150,150,true],"medium":["https:\/\/oponixo.shop\/tire\/wp-content\/uploads\/2026\/01\/allegro-image-16665-200x300.jpg",200,300,true],"medium_large":["https:\/\/oponixo.shop\/tire\/wp-content\/uploads\/2026\/01\/allegro-image-16665.jpg",533,800,false],"large":["https:\/\/oponixo.shop\/tire\/wp-content\/uploads\/2026\/01\/allegro-image-16665.jpg",533,800,false],"1536x1536":["https:\/\/oponixo.shop\/tire\/wp-content\/uploads\/2026\/01\/allegro-image-16665.jpg",533,800,false],"2048x2048":["https:\/\/oponixo.shop\/tire\/wp-content\/uploads\/2026\/01\/allegro-image-16665.jpg",533,800,false],"woocommerce_thumbnail":["https:\/\/oponixo.shop\/tire\/wp-content\/uploads\/2026\/01\/allegro-image-16665-300x300.jpg",300,300,true],"woocommerce_single":["https:\/\/oponixo.shop\/tire\/wp-content\/uploads\/2026\/01\/allegro-image-16665.jpg",533,800,false],"woocommerce_gallery_thumbnail":["https:\/\/oponixo.shop\/tire\/wp-content\/uploads\/2026\/01\/allegro-image-16665-100x100.jpg",100,100,true]},"uagb_author_info":{"display_name":"admin","author_link":"https:\/\/oponixo.shop\/tire\/author\/"},"uagb_comment_info":0,"uagb_excerpt":"Opona zimowa Falken EuroWinter VAN01 225\/70R17 108\/106 T przyczepno\u015b\u0107 na \u015bniegu (3PMSF) Opona zimowa Falken EuroWinter VAN01 225\/70R17 108\/106 T Cechy produktu: sezon: zimowe szeroko\u015b\u0107\/profil\/\u015brednica: 225\/70R17 indeks no\u015bno\u015bci: 108\/106 - 1000\/950 kg indeks pr\u0119dko\u015bci: T do 190 km\/h wzmocnienie (C)","_links":{"self":[{"href":"https:\/\/oponixo.shop\/tire\/wp-json\/wp\/v2\/product\/16665","targetHints":{"allow":["GET"]}}],"collection":[{"href":"https:\/\/oponixo.shop\/tire\/wp-json\/wp\/v2\/product"}],"about":[{"href":"https:\/\/oponixo.shop\/tire\/wp-json\/wp\/v2\/types\/product"}],"wp:featuredmedia":[{"embeddable":true,"href":"https:\/\/oponixo.shop\/tire\/wp-json\/wp\/v2\/media\/16667"}],"wp:attachment":[{"href":"https:\/\/oponixo.shop\/tire\/wp-json\/wp\/v2\/media?parent=16665"}],"wp:term":[{"taxonomy":"product_brand","embeddable":true,"href":"https:\/\/oponixo.shop\/tire\/wp-json\/wp\/v2\/product_brand?post=16665"},{"taxonomy":"product_cat","embeddable":true,"href":"https:\/\/oponixo.shop\/tire\/wp-json\/wp\/v2\/product_cat?post=16665"},{"taxonomy":"product_tag","embeddable":true,"href":"https:\/\/oponixo.shop\/tire\/wp-json\/wp\/v2\/product_tag?post=16665"}],"curies":[{"name":"wp","href":"https:\/\/api.w.org\/{rel}","templated":true}]}}

<div style="font-family: Arial, sans-serif; line-height: 1.6; color: #333; padding: 20px; clear: both; display: block; width: 100%; float: none; position: static; overflow: hidden;">
<div style="clear: both; display: block; margin: 10px 0;">
<div style="clear: both; display: block; margin: 10px 0;">
<div style="clear: both; display: block; margin: 10px 0;">
<h2>Opona zimowa Falken EuroWinter VAN01 225/70R17 108/106 T przyczepność na śniegu (3PMSF)</h2>
<p style="margin: 15px 0; line-height: 1.8; clear: both; display: block; width: 100%; float: none; position: static;">Opona zimowa Falken EuroWinter VAN01 225/70R17 108/106 T</p>
<p style="margin: 15px 0; line-height: 1.8; clear: both; display: block; width: 100%; float: none; position: static;">Cechy produktu:</p>
<ul style="margin: 15px 0; padding-left: 20px; clear: both; display: block; width: 100%; float: none; position: static;">
<li style="margin: 5px 0; padding: 2px 0; clear: both; display: list-item; float: none; position: static;">sezon: zimowe</li>
<li style="margin: 5px 0; padding: 2px 0; clear: both; display: list-item; float: none; position: static;">szerokość/profil/średnica: 225/70R17</li>
<li style="margin: 5px 0; padding: 2px 0; clear: both; display: list-item; float: none; position: static;">indeks nośności: 108/106 &#8211; 1000/950 kg</li>
<li style="margin: 5px 0; padding: 2px 0; clear: both; display: list-item; float: none; position: static;">indeks prędkości: T do 190 km/h</li>
<li style="margin: 5px 0; padding: 2px 0; clear: both; display: list-item; float: none; position: static;">wzmocnienie (C)</li>
</ul>
</div>
</div>
<div style="clear: both; display: block; margin: 10px 0;">
<div style="clear: both; display: block; margin: 10px 0;">
<div  style="max-width:533px;max-height:800px">
<div style="clear: both; display: block; margin: 10px 0;">
<div style="clear: both; width: 100%; display: block; margin: 20px 0; padding: 0; float: none; position: static; text-align: center;"><img decoding="async"  src="https://a.allegroimg.com/original/0000cf/5c16c8c640a2ac14ce4af9e65771/2x-225-70R17C-FALKEN-EUROWINTER-VAN01-108-106T" srcset="https://a.allegroimg.com/original/0000cf/5c16c8c640a2ac14ce4af9e65771/2x-225-70R17C-FALKEN-EUROWINTER-VAN01-108-106T 239w,https://a.allegroimg.com/original/0000cf/5c16c8c640a2ac14ce4af9e65771/2x-225-70R17C-FALKEN-EUROWINTER-VAN01-108-106T 479w,https://a.allegroimg.com/original/0000cf/5c16c8c640a2ac14ce4af9e65771/2x-225-70R17C-FALKEN-EUROWINTER-VAN01-108-106T 533w,https://a.allegroimg.com/original/0000cf/5c16c8c640a2ac14ce4af9e65771/2x-225-70R17C-FALKEN-EUROWINTER-VAN01-108-106T 533w" sizes="(min-width: 1200px) 560px, (min-width: 992px) 50vw, 100vw" width="533px" alt="2x 225/70R17C FALKEN EUROWINTER VAN01 108/106T" style="max-width: 100%; height: auto; display: block; margin: 0 auto;"></div>
</div>
</div>
</div>
</div>
</div>
<div style="clear: both; display: block; margin: 10px 0;">
<div style="clear: both; display: block; margin: 10px 0;">
<div style="clear: both; display: block; margin: 10px 0;">
<h3 style="color: #2c5aa0; font-size: 18px; margin: 30px 0 15px 0; font-weight: bold; clear: both; display: block; width: 100%; float: none; position: static;">Informacje dodatkowe:</h3>
<ul style="margin: 15px 0; padding-left: 20px; clear: both; display: block; width: 100%; float: none; position: static;">
<li style="margin: 5px 0; padding: 2px 0; clear: both; display: list-item; float: none; position: static;">rok produkcji: 2024/2025 (kupując z tej oferty otrzymasz opony fabrycznie nowe, pełnowartościowe) </li>
<li style="margin: 5px 0; padding: 2px 0; clear: both; display: list-item; float: none; position: static;">stan: fabrycznie nowe </li>
</ul>
</div>
</div>
</div>
<div style="clear: both; display: block; margin: 10px 0;">
<div style="clear: both; display: block; margin: 10px 0;">
<div style="clear: both; display: block; margin: 10px 0;">
<h3 style="color: #2c5aa0; font-size: 18px; margin: 30px 0 15px 0; font-weight: bold; clear: both; display: block; width: 100%; float: none; position: static;">Przeznaczenie</h3>
<p style="margin: 15px 0; line-height: 1.8; clear: both; display: block; width: 100%; float: none; position: static;">Opony Falken EuroWinter VAN01 to ogumienie zimowe przeznaczone do montowania na kołach lekkich samochodów dostawczych i vanów. Producent opon VAN01 położył nacisk na zapewnienie dobrej przyczepności podczas jazdy zimą i na wysoki stopień odporności na zużycie eksploatacyjne.</p>
<h3 style="color: #2c5aa0; font-size: 18px; margin: 30px 0 15px 0; font-weight: bold; clear: both; display: block; width: 100%; float: none; position: static;">Technologia</h3>
<p style="margin: 15px 0; line-height: 1.8; clear: both; display: block; width: 100%; float: none; position: static;">Zimowe opony samochodowe Falken EuroWinter VAN01 wyprodukowano z nowoczesnej mieszanki gumowej wykonanej w technologii 4D Nano Design. Specjalne składniki mieszanki gumowej mają na celu zapewnienie jak najlepszej elastyczności przy niskich temperaturach, przyczepności i odporności na zużycie eksploatacyjne. Producent zastosował trwały i mocny karkas, aby zwiększyć odporność na zużycie opony i na jej uszkodzenia. Zastosowano nowoczesny bieżnik, który z jednej strony ma zapewnić najlepszą przyczepność do nawierzchni, a z drugiej – komfortową, cichą jazdę.</p>
<h3 style="color: #2c5aa0; font-size: 18px; margin: 30px 0 15px 0; font-weight: bold; clear: both; display: block; width: 100%; float: none; position: static;">Bieżnik</h3>
<p style="margin: 15px 0; line-height: 1.8; clear: both; display: block; width: 100%; float: none; position: static;">Opony samochodowe Falken EuroWinter VAN01 mają asymetryczny bieżnik klockowy z klockami pokrywającymi całą powierzchnię. Opony VAN01 mają także trzy rowki wzdłużne do sprawnego usuwania wody, śniegu i pośniegowego błota.</p>
<h3 style="color: #2c5aa0; font-size: 18px; margin: 30px 0 15px 0; font-weight: bold; clear: both; display: block; width: 100%; float: none; position: static;">Producent</h3>
<p style="margin: 15px 0; line-height: 1.8; clear: both; display: block; width: 100%; float: none; position: static;">Falken to marka japońskich opon przeznaczonych przede wszystkim do samochodów o wyższych osiągach, usportowionych, sportowych, a także wyczynowych. Falken to część koncernu Sumitomo Rubber Industries. Marka Falken powstała w 1983 roku. Opony zadebiutowały na rynku japońskim. W 1985 roku rozpoczęła się ekspansja na rynku amerykańskim. Marka Falken była często organizatorem wyścigów samochodowych. Obecnie pod marką Falken produkowane są opony do pojazdów usportowionych i wyścigowych, a także do SUV-ów, samochodów dostawczych i ciężarowych.</p>
</div>
</div>
</div>
<div style="clear: both; display: block; margin: 10px 0;">
<div style="clear: both; display: block; margin: 10px 0;">
<div style="clear: both; display: block; margin: 10px 0;">
<div  style="max-width:533px;max-height:800px">
<div style="clear: both; display: block; margin: 10px 0;">
<div style="clear: both; width: 100%; display: block; margin: 20px 0; padding: 0; float: none; position: static; text-align: center;"><img decoding="async"  src="https://a.allegroimg.com/original/0000cf/5c16c8c640a2ac14ce4af9e65771/2x-225-70R17C-FALKEN-EUROWINTER-VAN01-108-106T" srcset="https://a.allegroimg.com/original/0000cf/5c16c8c640a2ac14ce4af9e65771/2x-225-70R17C-FALKEN-EUROWINTER-VAN01-108-106T 239w,https://a.allegroimg.com/original/0000cf/5c16c8c640a2ac14ce4af9e65771/2x-225-70R17C-FALKEN-EUROWINTER-VAN01-108-106T 479w,https://a.allegroimg.com/original/0000cf/5c16c8c640a2ac14ce4af9e65771/2x-225-70R17C-FALKEN-EUROWINTER-VAN01-108-106T 533w,https://a.allegroimg.com/original/0000cf/5c16c8c640a2ac14ce4af9e65771/2x-225-70R17C-FALKEN-EUROWINTER-VAN01-108-106T 533w" sizes="100vw" width="533px" alt="2x 225/70R17C FALKEN EUROWINTER VAN01 108/106T" style="max-width: 100%; height: auto; display: block; margin: 0 auto;"></div>
</div>
</div>
</div>
</div>
</div>
</div>
</div>
</div>
<div style="clear: both; display: block; margin: 10px 0;">

<p>Opona zimowa Falken EuroWinter VAN01 225/70R17 108/106 T przyczepność na śniegu (3PMSF)</p>
<p>Opona zimowa Falken EuroWinter VAN01 225/70R17 108/106 T</p>
<p>Cechy produktu:</p>
<p>sezon: zimowe</p>
<p>szerokość/profil/średnica: 225/70R17</p>
<p>indeks nośności: 108/106 &#8211; 1000/950 kg</p>
<p>indeks prędkości: T do 190 km/h</p>
<p>wzmocnienie (C)</p>

Opona zimowa Falken EuroWinter VAN01 225/70R17 108/106 T przyczepność na śniegu (3PMSF) Opona zimowa Falken EuroWinter VAN01 225/70R17 108/106 T Cechy produktu: sezon: zimowe szerokość/profil/średnica: 225/70R17 indeks nośności: 108/106 - 1000/950 kg indeks prędkości: T do 190 km/h wzmocnienie (C)
