{"id":16693,"date":"2026-01-17T13:39:08","date_gmt":"2026-01-17T12:39:08","guid":{"rendered":"https:\/\/oponyonline.shop\/xef5\/produkt\/2x-opony-letnie-bridgestone-dueler-all-terrain-a-t002-215-80r16-103s-2025-2\/"},"modified":"2026-01-17T13:39:09","modified_gmt":"2026-01-17T12:39:09","slug":"2x-opony-letnie-bridgestone-dueler-all-terrain-a-t002-215-80r16-103s-2025-2","status":"publish","type":"product","link":"https:\/\/oponixo.shop\/tire\/produkt\/2x-opony-letnie-bridgestone-dueler-all-terrain-a-t002-215-80r16-103s-2025-2\/","title":{"rendered":"2x opony letnie Bridgestone DUELER ALL TERRAIN A\/T002 215\/80R16 103S 2025"},"content":{"rendered":"<div style=\"font-family: Arial, sans-serif; line-height: 1.6; color: #333; padding: 20px; clear: both; display: block; width: 100%; float: none; position: static; overflow: hidden;\">\n<div style=\"clear: both; display: block; margin: 10px 0;\">\n<div style=\"clear: both; display: block; margin: 10px 0;\">\n<div style=\"clear: both; display: block; margin: 10px 0;\">\n<div  style=\"max-width:500px;max-height:71px\">\n<div style=\"clear: both; display: block; margin: 10px 0;\">\n<div style=\"clear: both; width: 100%; display: block; margin: 20px 0; padding: 0; float: none; position: static; text-align: center;\"><img decoding=\"async\"  src=\"https:\/\/a.allegroimg.com\/original\/11d9dd\/b32ea6be491f862b037db39c8af0\/2x-opony-letnie-Bridgestone-DUELER-ALL-TERRAIN-A-T002-215-80R16-103S-2025-Rok-produkcji-2025\" srcset=\"https:\/\/a.allegroimg.com\/original\/11d9dd\/b32ea6be491f862b037db39c8af0\/2x-opony-letnie-Bridgestone-DUELER-ALL-TERRAIN-A-T002-215-80R16-103S-2025-Rok-produkcji-2025 360w,https:\/\/a.allegroimg.com\/original\/11d9dd\/b32ea6be491f862b037db39c8af0\/2x-opony-letnie-Bridgestone-DUELER-ALL-TERRAIN-A-T002-215-80R16-103S-2025-Rok-produkcji-2025 500w,https:\/\/a.allegroimg.com\/original\/11d9dd\/b32ea6be491f862b037db39c8af0\/2x-opony-letnie-Bridgestone-DUELER-ALL-TERRAIN-A-T002-215-80R16-103S-2025-Rok-produkcji-2025 500w\" sizes=\"100vw\" width=\"500px\" alt=\"2x opony letnie Bridgestone DUELER ALL TERRAIN A\/T002 215\/80R16 103S 2025 Rok produkcji 2025\" style=\"max-width: 100%; height: auto; display: block; margin: 0 auto;\"><\/div>\n<\/div>\n<\/div>\n<\/div>\n<\/div>\n<\/div>\n<div style=\"clear: both; display: block; margin: 10px 0;\">\n<div style=\"clear: both; display: block; margin: 10px 0;\">\n<div style=\"clear: both; display: block; margin: 10px 0;\">\n<h1>zestaw 2 sztuk nowych opon letnich<\/h1>\n<h1>Bridgestone DUELER ALL TERRAIN A\/T002 215\/80R16 103S<\/h1>\n<p style=\"margin: 15px 0; line-height: 1.8; clear: both; display: block; width: 100%; float: none; position: static;\">\n<\/div>\n<\/div>\n<\/div>\n<div style=\"clear: both; display: block; margin: 10px 0;\">\n<div style=\"clear: both; display: block; margin: 10px 0;\">\n<div style=\"clear: both; display: block; margin: 10px 0;\">\n<div  style=\"max-width:408px;max-height:599px\">\n<div style=\"clear: both; display: block; margin: 10px 0;\">\n<div style=\"clear: both; width: 100%; display: block; margin: 20px 0; padding: 0; float: none; position: static; text-align: center;\"><img decoding=\"async\"  src=\"https:\/\/a.allegroimg.com\/original\/112960\/2778d0544fc8a20782d8e4c0424a\/2x-opony-letnie-Bridgestone-DUELER-ALL-TERRAIN-A-T002-215-80R16-103S-2025\" srcset=\"https:\/\/a.allegroimg.com\/original\/112960\/2778d0544fc8a20782d8e4c0424a\/2x-opony-letnie-Bridgestone-DUELER-ALL-TERRAIN-A-T002-215-80R16-103S-2025 245w,https:\/\/a.allegroimg.com\/original\/112960\/2778d0544fc8a20782d8e4c0424a\/2x-opony-letnie-Bridgestone-DUELER-ALL-TERRAIN-A-T002-215-80R16-103S-2025 408w,https:\/\/a.allegroimg.com\/original\/112960\/2778d0544fc8a20782d8e4c0424a\/2x-opony-letnie-Bridgestone-DUELER-ALL-TERRAIN-A-T002-215-80R16-103S-2025 408w\" sizes=\"(min-width: 1200px) 560px, (min-width: 992px) 50vw, 100vw\" width=\"408px\" alt=\"2x opony letnie Bridgestone DUELER ALL TERRAIN A\/T002 215\/80R16 103S 2025\" style=\"max-width: 100%; height: auto; display: block; margin: 0 auto;\"><\/div>\n<\/div>\n<\/div>\n<\/div>\n<\/div>\n<div style=\"clear: both; display: block; margin: 10px 0;\">\n<div style=\"clear: both; display: block; margin: 10px 0;\">\n<p style=\"margin: 15px 0; line-height: 1.8; clear: both; display: block; width: 100%; float: none; position: static;\"><b>Bridgestone DUELER ALL TERRAIN A\/T002<\/b> to opony <b>letnie<\/b> przeznaczone do samochod\u00f3w <b>terenowych 4&#215;4<\/b>. Oryginalny produkt klasy <b>premium<\/b> renomowanej marki <b>Bridgestone<\/b>. Bezkompromisowa jako\u015b\u0107. Bie\u017cnik typu AT (all-terrain), opony uniwersalne. \u015awietnie sprawdz\u0105 si\u0119 zar\u00f3wno na szosie jak i w terenie.<\/p>\n<ul style=\"margin: 15px 0; padding-left: 20px; clear: both; display: block; width: 100%; float: none; position: static;\">\n<li style=\"margin: 5px 0; padding: 2px 0; clear: both; display: list-item; float: none; position: static;\">rok produkcji: <b>2025<\/b><\/li>\n<li style=\"margin: 5px 0; padding: 2px 0; clear: both; display: list-item; float: none; position: static;\">opony <b>nowe<\/b>, oryginalne, z gwarancj\u0105<\/li>\n<li style=\"margin: 5px 0; padding: 2px 0; clear: both; display: list-item; float: none; position: static;\">uniwersalna przyczepno\u015b\u0107, zar\u00f3wno na szosie jak i w terenie<\/li>\n<li style=\"margin: 5px 0; padding: 2px 0; clear: both; display: list-item; float: none; position: static;\">wzmocniona konstrukcja, odporna na uszkodzenia<\/li>\n<li style=\"margin: 5px 0; padding: 2px 0; clear: both; display: list-item; float: none; position: static;\">d\u0142ugie przebiegi<\/li>\n<li style=\"margin: 5px 0; padding: 2px 0; clear: both; display: list-item; float: none; position: static;\">wysoka trwa\u0142o\u015b\u0107<\/li>\n<li style=\"margin: 5px 0; padding: 2px 0; clear: both; display: list-item; float: none; position: static;\">bie\u017cnik zu\u017cywa si\u0119 r\u00f3wnomiernie<\/li>\n<li style=\"margin: 5px 0; padding: 2px 0; clear: both; display: list-item; float: none; position: static;\">kr\u00f3tka droga hamowania zar\u00f3wno na suchej jak i mokrej nawierzchni<\/li>\n<li style=\"margin: 5px 0; padding: 2px 0; clear: both; display: list-item; float: none; position: static;\">bardzo dobre odprowadzanie wody<\/li>\n<li style=\"margin: 5px 0; padding: 2px 0; clear: both; display: list-item; float: none; position: static;\">zabezpieczenie przed po\u015blizgiem na wodzie (aquaplaning)<\/li>\n<\/ul>\n<\/div>\n<\/div>\n<\/div>\n<div style=\"clear: both; display: block; margin: 10px 0;\">\n<div style=\"clear: both; display: block; margin: 10px 0;\">\n<div style=\"clear: both; display: block; margin: 10px 0;\">\n<div  style=\"max-width:480px;max-height:733px\">\n<div style=\"clear: both; display: block; margin: 10px 0;\">\n<div style=\"clear: both; width: 100%; display: block; margin: 20px 0; padding: 0; float: none; position: static; text-align: center;\"><img decoding=\"async\"  src=\"https:\/\/a.allegroimg.com\/original\/11366d\/e4ea6bde4088a1637a3ae8ed7e88\/2x-opony-letnie-Bridgestone-DUELER-ALL-TERRAIN-A-T002-215-80R16-103S-2025-Liczba-opon-w-ofercie-2-szt\" srcset=\"https:\/\/a.allegroimg.com\/original\/11366d\/e4ea6bde4088a1637a3ae8ed7e88\/2x-opony-letnie-Bridgestone-DUELER-ALL-TERRAIN-A-T002-215-80R16-103S-2025-Liczba-opon-w-ofercie-2-szt 235w,https:\/\/a.allegroimg.com\/original\/11366d\/e4ea6bde4088a1637a3ae8ed7e88\/2x-opony-letnie-Bridgestone-DUELER-ALL-TERRAIN-A-T002-215-80R16-103S-2025-Liczba-opon-w-ofercie-2-szt 471w,https:\/\/a.allegroimg.com\/original\/11366d\/e4ea6bde4088a1637a3ae8ed7e88\/2x-opony-letnie-Bridgestone-DUELER-ALL-TERRAIN-A-T002-215-80R16-103S-2025-Liczba-opon-w-ofercie-2-szt 480w,https:\/\/a.allegroimg.com\/original\/11366d\/e4ea6bde4088a1637a3ae8ed7e88\/2x-opony-letnie-Bridgestone-DUELER-ALL-TERRAIN-A-T002-215-80R16-103S-2025-Liczba-opon-w-ofercie-2-szt 480w\" sizes=\"100vw\" width=\"480px\" alt=\"2x opony letnie Bridgestone DUELER ALL TERRAIN A\/T002 215\/80R16 103S 2025 Liczba opon w ofercie 2 szt.\" style=\"max-width: 100%; height: auto; display: block; margin: 0 auto;\"><\/div>\n<\/div>\n<\/div>\n<\/div>\n<\/div>\n<\/div>\n<\/div>\n<\/div>\n<\/div>\n<div style=\"clear: both; display: block; margin: 10px 0;\">\n","protected":false},"excerpt":{"rendered":"<p>zestaw 2 sztuk nowych opon letnich<\/p>\n<p>Bridgestone DUELER ALL TERRAIN A\/T002 215\/80R16 103S<\/p>\n<p>Bridgestone DUELER ALL TERRAIN A\/T002 to opony letnie przeznaczone do samochod\u00f3w terenowych 4&#215;4. Oryginalny produkt klasy premium renomowanej marki Bridgestone. Bezkompromisowa jako\u015b\u0107. Bie\u017cnik typu AT (all-terrain), opony uniwersalne. \u015awietnie sprawdz\u0105 si\u0119 zar\u00f3wno na szosie jak i w terenie.<\/p>\n<p>rok produkcji: 2025<\/p>\n<p>opony nowe, oryginalne, z gwarancj\u0105<\/p>\n<p>uniwersalna przyczepno\u015b\u0107, zar\u00f3wno na szosie jak i w terenie<\/p>\n<p>wzmocniona konstrukcja, odporna na uszkodzenia<\/p>\n<p>d\u0142ugie przebiegi<\/p>\n","protected":false},"featured_media":16695,"template":"","meta":{"_uag_custom_page_level_css":""},"product_brand":[397],"product_cat":[428,418,413,412],"product_tag":[],"class_list":{"0":"post-16693","1":"product","2":"type-product","3":"status-publish","4":"has-post-thumbnail","6":"product_brand-bridgestone","7":"product_cat-do-samochodow-terenowych-i-4x4","8":"product_cat-letnie","9":"product_cat-opony","10":"product_cat-opony-i-felgi","12":"first","13":"instock","14":"shipping-taxable","15":"purchasable","16":"product-type-simple"},"uagb_featured_image_src":{"full":["https:\/\/oponixo.shop\/tire\/wp-content\/uploads\/2026\/01\/allegro-image-16693.jpg",408,599,false],"thumbnail":["https:\/\/oponixo.shop\/tire\/wp-content\/uploads\/2026\/01\/allegro-image-16693-150x150.jpg",150,150,true],"medium":["https:\/\/oponixo.shop\/tire\/wp-content\/uploads\/2026\/01\/allegro-image-16693-204x300.jpg",204,300,true],"medium_large":["https:\/\/oponixo.shop\/tire\/wp-content\/uploads\/2026\/01\/allegro-image-16693.jpg",408,599,false],"large":["https:\/\/oponixo.shop\/tire\/wp-content\/uploads\/2026\/01\/allegro-image-16693.jpg",408,599,false],"1536x1536":["https:\/\/oponixo.shop\/tire\/wp-content\/uploads\/2026\/01\/allegro-image-16693.jpg",408,599,false],"2048x2048":["https:\/\/oponixo.shop\/tire\/wp-content\/uploads\/2026\/01\/allegro-image-16693.jpg",408,599,false],"woocommerce_thumbnail":["https:\/\/oponixo.shop\/tire\/wp-content\/uploads\/2026\/01\/allegro-image-16693-300x300.jpg",300,300,true],"woocommerce_single":["https:\/\/oponixo.shop\/tire\/wp-content\/uploads\/2026\/01\/allegro-image-16693.jpg",408,599,false],"woocommerce_gallery_thumbnail":["https:\/\/oponixo.shop\/tire\/wp-content\/uploads\/2026\/01\/allegro-image-16693-100x100.jpg",100,100,true]},"uagb_author_info":{"display_name":"admin","author_link":"https:\/\/oponixo.shop\/tire\/author\/"},"uagb_comment_info":0,"uagb_excerpt":"zestaw 2 sztuk nowych opon letnich Bridgestone DUELER ALL TERRAIN A\/T002 215\/80R16 103S Bridgestone DUELER ALL TERRAIN A\/T002 to opony letnie przeznaczone do samochod\u00f3w terenowych 4x4. Oryginalny produkt klasy premium renomowanej marki Bridgestone. Bezkompromisowa jako\u015b\u0107. Bie\u017cnik typu AT (all-terrain), opony uniwersalne. \u015awietnie sprawdz\u0105 si\u0119 zar\u00f3wno na szosie jak i w terenie. rok produkcji: 2025 opony&hellip;","_links":{"self":[{"href":"https:\/\/oponixo.shop\/tire\/wp-json\/wp\/v2\/product\/16693","targetHints":{"allow":["GET"]}}],"collection":[{"href":"https:\/\/oponixo.shop\/tire\/wp-json\/wp\/v2\/product"}],"about":[{"href":"https:\/\/oponixo.shop\/tire\/wp-json\/wp\/v2\/types\/product"}],"wp:featuredmedia":[{"embeddable":true,"href":"https:\/\/oponixo.shop\/tire\/wp-json\/wp\/v2\/media\/16695"}],"wp:attachment":[{"href":"https:\/\/oponixo.shop\/tire\/wp-json\/wp\/v2\/media?parent=16693"}],"wp:term":[{"taxonomy":"product_brand","embeddable":true,"href":"https:\/\/oponixo.shop\/tire\/wp-json\/wp\/v2\/product_brand?post=16693"},{"taxonomy":"product_cat","embeddable":true,"href":"https:\/\/oponixo.shop\/tire\/wp-json\/wp\/v2\/product_cat?post=16693"},{"taxonomy":"product_tag","embeddable":true,"href":"https:\/\/oponixo.shop\/tire\/wp-json\/wp\/v2\/product_tag?post=16693"}],"curies":[{"name":"wp","href":"https:\/\/api.w.org\/{rel}","templated":true}]}}