{"id":16761,"date":"2026-01-17T13:42:53","date_gmt":"2026-01-17T12:42:53","guid":{"rendered":"https:\/\/oponyonline.shop\/xef5\/produkt\/2x-yokohama-bluearth-4s-aw21-235-55r17-103w\/"},"modified":"2026-01-17T13:42:53","modified_gmt":"2026-01-17T12:42:53","slug":"2x-yokohama-bluearth-4s-aw21-235-55r17-103w","status":"publish","type":"product","link":"https:\/\/oponixo.shop\/tire\/produkt\/2x-yokohama-bluearth-4s-aw21-235-55r17-103w\/","title":{"rendered":"2x Yokohama BluEarth-4S AW21 235\/55R17 103W"},"content":{"rendered":"<div style=\"font-family: Arial, sans-serif; line-height: 1.6; color: #333; padding: 20px; clear: both; display: block; width: 100%; float: none; position: static; overflow: hidden;\">\n<div style=\"clear: both; display: block; margin: 10px 0;\">\n<div style=\"clear: both; display: block; margin: 10px 0;\">\n<div style=\"clear: both; display: block; margin: 10px 0;\">\n<h1>2x nowe opony caloroczne YOKOHAMA BLUEARTH-4S AW21 235\/55R17 103W<\/h1>\n<p style=\"margin: 15px 0; line-height: 1.8; clear: both; display: block; width: 100%; float: none; position: static;\">Cechy produktu<\/p>\n<ul style=\"margin: 15px 0; padding-left: 20px; clear: both; display: block; width: 100%; float: none; position: static;\">\n<li style=\"margin: 5px 0; padding: 2px 0; clear: both; display: list-item; float: none; position: static;\">Marka: Yokohama<\/li>\n<li style=\"margin: 5px 0; padding: 2px 0; clear: both; display: list-item; float: none; position: static;\">Model: BluEarth-4S AW21<\/li>\n<li style=\"margin: 5px 0; padding: 2px 0; clear: both; display: list-item; float: none; position: static;\">Szeroko\u015b\u0107\/profil\/\u015brednica: 235\/55R17<\/li>\n<li style=\"margin: 5px 0; padding: 2px 0; clear: both; display: list-item; float: none; position: static;\">Indeks no\u015bno\u015bci: do 103 (875 kg na opon\u0119)<\/li>\n<li style=\"margin: 5px 0; padding: 2px 0; clear: both; display: list-item; float: none; position: static;\">Indeks pr\u0119dko\u015bci: W (do 270 km\/h)<\/li>\n<li style=\"margin: 5px 0; padding: 2px 0; clear: both; display: list-item; float: none; position: static;\">Sezon: caloroczne<\/li>\n<li style=\"margin: 5px 0; padding: 2px 0; clear: both; display: list-item; float: none; position: static;\">Typ pojazdu: osobowy<\/li>\n<li style=\"margin: 5px 0; padding: 2px 0; clear: both; display: list-item; float: none; position: static;\">Klasa energetyczna: C<\/li>\n<li style=\"margin: 5px 0; padding: 2px 0; clear: both; display: list-item; float: none; position: static;\">Klasa przyczepno\u015bci: B<\/li>\n<li style=\"margin: 5px 0; padding: 2px 0; clear: both; display: list-item; float: none; position: static;\">Poziom ha\u0142asu: 72<\/li>\n<li style=\"margin: 5px 0; padding: 2px 0; clear: both; display: list-item; float: none; position: static;\">Klasa ha\u0142asu: B<\/li>\n<li style=\"margin: 5px 0; padding: 2px 0; clear: both; display: list-item; float: none; position: static;\">Rok produkcji: 2025<\/li>\n<li style=\"margin: 5px 0; padding: 2px 0; clear: both; display: list-item; float: none; position: static;\">Oznaczenia_dodatkowe: XL\/RF<\/li>\n<\/ul>\n<\/div>\n<\/div>\n<div style=\"clear: both; display: block; margin: 10px 0;\">\n<div style=\"clear: both; display: block; margin: 10px 0;\">\n<div  style=\"max-width:511px;max-height:800px\">\n<div style=\"clear: both; display: block; margin: 10px 0;\">\n<div style=\"clear: both; width: 100%; display: block; margin: 20px 0; padding: 0; float: none; position: static; text-align: center;\"><img decoding=\"async\"  src=\"https:\/\/a.allegroimg.com\/original\/113372\/e33554a349e1b6bf7a325785afa2\/2x-Yokohama-BluEarth-4S-AW21-235-55R17-103W\" srcset=\"https:\/\/a.allegroimg.com\/original\/113372\/e33554a349e1b6bf7a325785afa2\/2x-Yokohama-BluEarth-4S-AW21-235-55R17-103W 229w,https:\/\/a.allegroimg.com\/original\/113372\/e33554a349e1b6bf7a325785afa2\/2x-Yokohama-BluEarth-4S-AW21-235-55R17-103W 459w,https:\/\/a.allegroimg.com\/original\/113372\/e33554a349e1b6bf7a325785afa2\/2x-Yokohama-BluEarth-4S-AW21-235-55R17-103W 511w,https:\/\/a.allegroimg.com\/original\/113372\/e33554a349e1b6bf7a325785afa2\/2x-Yokohama-BluEarth-4S-AW21-235-55R17-103W 511w\" sizes=\"(min-width: 1200px) 560px, (min-width: 992px) 50vw, 100vw\" width=\"511px\" alt=\"2x Yokohama BluEarth-4S AW21 235\/55R17 103W\" style=\"max-width: 100%; height: auto; display: block; margin: 0 auto;\"><\/div>\n<\/div>\n<\/div>\n<\/div>\n<\/div>\n<\/div>\n<div style=\"clear: both; display: block; margin: 10px 0;\">\n<div style=\"clear: both; display: block; margin: 10px 0;\">\n<div style=\"clear: both; display: block; margin: 10px 0;\">\n<div  style=\"max-width:212px;max-height:305px\">\n<div style=\"clear: both; display: block; margin: 10px 0;\">\n<div style=\"clear: both; width: 100%; display: block; margin: 20px 0; padding: 0; float: none; position: static; text-align: center;\"><img decoding=\"async\"  src=\"https:\/\/a.allegroimg.com\/original\/11a167\/2b3ff6564e0ba18885edd3a1187f\/2x-Yokohama-BluEarth-4S-AW21-235-55R17-103W-Liczba-opon-w-ofercie-2-szt\" srcset=\"https:\/\/a.allegroimg.com\/original\/11a167\/2b3ff6564e0ba18885edd3a1187f\/2x-Yokohama-BluEarth-4S-AW21-235-55R17-103W-Liczba-opon-w-ofercie-2-szt 212w,https:\/\/a.allegroimg.com\/original\/11a167\/2b3ff6564e0ba18885edd3a1187f\/2x-Yokohama-BluEarth-4S-AW21-235-55R17-103W-Liczba-opon-w-ofercie-2-szt 212w\" sizes=\"(min-width: 1200px) 560px, (min-width: 992px) 50vw, 100vw\" width=\"212px\" alt=\"2x Yokohama BluEarth-4S AW21 235\/55R17 103W Liczba opon w ofercie 2 szt.\" style=\"max-width: 100%; height: auto; display: block; margin: 0 auto;\"><\/div>\n<\/div>\n<\/div>\n<\/div>\n<\/div>\n<div style=\"clear: both; display: block; margin: 10px 0;\">\n<div style=\"clear: both; display: block; margin: 10px 0;\">\n<div  style=\"max-width:400px;max-height:84px\">\n<div style=\"clear: both; display: block; margin: 10px 0;\">\n<div style=\"clear: both; width: 100%; display: block; margin: 20px 0; padding: 0; float: none; position: static; text-align: center;\"><img decoding=\"async\"  src=\"https:\/\/a.allegroimg.com\/original\/1141cb\/b95451814d35a388a1f6a9e3f495\/2x-Yokohama-BluEarth-4S-AW21-235-55R17-103W-Rok-produkcji-2025\" srcset=\"https:\/\/a.allegroimg.com\/original\/1141cb\/b95451814d35a388a1f6a9e3f495\/2x-Yokohama-BluEarth-4S-AW21-235-55R17-103W-Rok-produkcji-2025 360w,https:\/\/a.allegroimg.com\/original\/1141cb\/b95451814d35a388a1f6a9e3f495\/2x-Yokohama-BluEarth-4S-AW21-235-55R17-103W-Rok-produkcji-2025 400w,https:\/\/a.allegroimg.com\/original\/1141cb\/b95451814d35a388a1f6a9e3f495\/2x-Yokohama-BluEarth-4S-AW21-235-55R17-103W-Rok-produkcji-2025 400w\" sizes=\"(min-width: 1200px) 560px, (min-width: 992px) 50vw, 100vw\" width=\"400px\" alt=\"2x Yokohama BluEarth-4S AW21 235\/55R17 103W Rok produkcji 2025\" style=\"max-width: 100%; height: auto; display: block; margin: 0 auto;\"><\/div>\n<\/div>\n<\/div>\n<\/div>\n<\/div>\n<\/div>\n<div style=\"clear: both; display: block; margin: 10px 0;\">\n<div style=\"clear: both; display: block; margin: 10px 0;\">\n<div style=\"clear: both; display: block; margin: 10px 0;\">\n<p style=\"margin: 15px 0; line-height: 1.8; clear: both; display: block; width: 100%; float: none; position: static;\">Yokohama Rubber Co jest sz\u00f3stym pod wzgl\u0119dem wielko\u015bci producentem   opon na&nbsp;\u015bwiecie. Koncern produkuje opony do&nbsp;samochod\u00f3w osobowych,   sportowo-terenowych, dostawczych, ci\u0119\u017carowych i&nbsp;autobus\u00f3w oraz   do&nbsp;samolot\u00f3w<\/p>\n<p style=\"margin: 15px 0; line-height: 1.8; clear: both; display: block; width: 100%; float: none; position: static;\">Opony produkowane s\u0105 w&nbsp;12&nbsp;fabrykach (6 w&nbsp;Japonii, 2 w&nbsp;USA oraz   po&nbsp;jednej w&nbsp;Chinach, Wietnamie, Tajlandii i&nbsp;Filipinach). Yokohama   szczeg\u00f3ln\u0105 rol\u0119 k\u0142adzie na&nbsp;rozw\u00f3j i&nbsp;badania: zatrudniaj\u0105c oko\u0142o 1000   os\u00f3b w&nbsp;Centrach Badawczo Rozwojowych wydaj\u0105c na&nbsp;ten cel ponad   100&nbsp;mln&nbsp;USD rocznie. Opony testowane s\u0105 w&nbsp;zale\u017cno\u015bci od&nbsp;zastosowania   w&nbsp;Daigo &#8211; Japonia (warunki suche i&nbsp;mokre) oraz w&nbsp;Takasu &#8211; Japonia   (warunki zimowe). Opony s\u0105 r\u00f3wnie\u017c testowane lokalnie w&nbsp;Europie m.in.:   Nurburgring (Niemcy), MYLA (Wielka Brytania), Nattberg (Szwecja) oraz   IVALO (Finlandia)<\/p>\n<p style=\"margin: 15px 0; line-height: 1.8; clear: both; display: block; width: 100%; float: none; position: static;\">Opony Yokohama s\u0105 szczeg\u00f3lnie doceniane przez u\u017cytkownik\u00f3w   samochod\u00f3w sportowych, wysokich osi\u0105g\u00f3w. Zaspokojenie potrzeb bardzo   wymagaj\u0105cych klient\u00f3w jest strategi\u0105 produkcyjn\u0105 firmy oponiarskiej   Yokohama<\/p>\n<\/div>\n<\/div>\n<\/div>\n<\/div>\n<\/div>\n<\/div>\n<div style=\"clear: both; display: block; margin: 10px 0;\">\n","protected":false},"excerpt":{"rendered":"<p>2x nowe opony caloroczne YOKOHAMA BLUEARTH-4S AW21 235\/55R17 103W<\/p>\n<p>Cechy produktu<\/p>\n<p>Marka: Yokohama<\/p>\n<p>Model: BluEarth-4S AW21<\/p>\n<p>Szeroko\u015b\u0107\/profil\/\u015brednica: 235\/55R17<\/p>\n<p>Indeks no\u015bno\u015bci: do 103 (875 kg na opon\u0119)<\/p>\n<p>Indeks pr\u0119dko\u015bci: W (do 270 km\/h)<\/p>\n<p>Sezon: caloroczne<\/p>\n","protected":false},"featured_media":16762,"template":"","meta":{"_uag_custom_page_level_css":""},"product_brand":[410],"product_cat":[416,414,413,412],"product_tag":[],"class_list":{"0":"post-16761","1":"product","2":"type-product","3":"status-publish","4":"has-post-thumbnail","6":"product_brand-yokohama","7":"product_cat-caloroczne","8":"product_cat-do-samochodow-osobowych-i-suv","9":"product_cat-opony","10":"product_cat-opony-i-felgi","12":"first","13":"instock","14":"shipping-taxable","15":"purchasable","16":"product-type-simple"},"uagb_featured_image_src":{"full":["https:\/\/oponixo.shop\/tire\/wp-content\/uploads\/2026\/01\/allegro-image-16761.jpg",511,800,false],"thumbnail":["https:\/\/oponixo.shop\/tire\/wp-content\/uploads\/2026\/01\/allegro-image-16761-150x150.jpg",150,150,true],"medium":["https:\/\/oponixo.shop\/tire\/wp-content\/uploads\/2026\/01\/allegro-image-16761-192x300.jpg",192,300,true],"medium_large":["https:\/\/oponixo.shop\/tire\/wp-content\/uploads\/2026\/01\/allegro-image-16761.jpg",511,800,false],"large":["https:\/\/oponixo.shop\/tire\/wp-content\/uploads\/2026\/01\/allegro-image-16761.jpg",511,800,false],"1536x1536":["https:\/\/oponixo.shop\/tire\/wp-content\/uploads\/2026\/01\/allegro-image-16761.jpg",511,800,false],"2048x2048":["https:\/\/oponixo.shop\/tire\/wp-content\/uploads\/2026\/01\/allegro-image-16761.jpg",511,800,false],"woocommerce_thumbnail":["https:\/\/oponixo.shop\/tire\/wp-content\/uploads\/2026\/01\/allegro-image-16761-300x300.jpg",300,300,true],"woocommerce_single":["https:\/\/oponixo.shop\/tire\/wp-content\/uploads\/2026\/01\/allegro-image-16761.jpg",511,800,false],"woocommerce_gallery_thumbnail":["https:\/\/oponixo.shop\/tire\/wp-content\/uploads\/2026\/01\/allegro-image-16761-100x100.jpg",100,100,true]},"uagb_author_info":{"display_name":"admin","author_link":"https:\/\/oponixo.shop\/tire\/author\/"},"uagb_comment_info":0,"uagb_excerpt":"2x nowe opony caloroczne YOKOHAMA BLUEARTH-4S AW21 235\/55R17 103W Cechy produktu Marka: Yokohama Model: BluEarth-4S AW21 Szeroko\u015b\u0107\/profil\/\u015brednica: 235\/55R17 Indeks no\u015bno\u015bci: do 103 (875 kg na opon\u0119) Indeks pr\u0119dko\u015bci: W (do 270 km\/h) Sezon: caloroczne","_links":{"self":[{"href":"https:\/\/oponixo.shop\/tire\/wp-json\/wp\/v2\/product\/16761","targetHints":{"allow":["GET"]}}],"collection":[{"href":"https:\/\/oponixo.shop\/tire\/wp-json\/wp\/v2\/product"}],"about":[{"href":"https:\/\/oponixo.shop\/tire\/wp-json\/wp\/v2\/types\/product"}],"wp:featuredmedia":[{"embeddable":true,"href":"https:\/\/oponixo.shop\/tire\/wp-json\/wp\/v2\/media\/16762"}],"wp:attachment":[{"href":"https:\/\/oponixo.shop\/tire\/wp-json\/wp\/v2\/media?parent=16761"}],"wp:term":[{"taxonomy":"product_brand","embeddable":true,"href":"https:\/\/oponixo.shop\/tire\/wp-json\/wp\/v2\/product_brand?post=16761"},{"taxonomy":"product_cat","embeddable":true,"href":"https:\/\/oponixo.shop\/tire\/wp-json\/wp\/v2\/product_cat?post=16761"},{"taxonomy":"product_tag","embeddable":true,"href":"https:\/\/oponixo.shop\/tire\/wp-json\/wp\/v2\/product_tag?post=16761"}],"curies":[{"name":"wp","href":"https:\/\/api.w.org\/{rel}","templated":true}]}}