{"id":16833,"date":"2026-01-17T15:48:55","date_gmt":"2026-01-17T14:48:55","guid":{"rendered":"https:\/\/oponyonline.shop\/xef5\/produkt\/2x-gripmax-inception-a-t-rwl-225-75r15-102s\/"},"modified":"2026-01-17T15:48:55","modified_gmt":"2026-01-17T14:48:55","slug":"2x-gripmax-inception-a-t-rwl-225-75r15-102s","status":"publish","type":"product","link":"https:\/\/oponixo.shop\/tire\/produkt\/2x-gripmax-inception-a-t-rwl-225-75r15-102s\/","title":{"rendered":"2x Gripmax Inception A\/T RWL 225\/75R15 102S"},"content":{"rendered":"<div style=\"font-family: Arial, sans-serif; line-height: 1.6; color: #333; padding: 20px; clear: both; display: block; width: 100%; float: none; position: static; overflow: hidden;\">\n<div style=\"clear: both; display: block; margin: 10px 0;\">\n<div style=\"clear: both; display: block; margin: 10px 0;\">\n<div style=\"clear: both; display: block; margin: 10px 0;\">\n<h1>Gripmax Inception A\/T RWL <\/h1>\n<h1>225\/75 R15 102S do 180 km\/h<\/h1>\n<h2>Kod produktu: 6972435762515<\/h2>\n<h2>RWL (Raised White Letters) \u2013 bia\u0142e litery<\/h2>\n<p style=\"margin: 15px 0; line-height: 1.8; clear: both; display: block; width: 100%; float: none; position: static;\">Gripmax Inception A\/T to ca\u0142oroczna opona terenowa chi\u0144skiej marki Gripmax.&nbsp;Model ten charakteryzuje si\u0119 bardzo dobrym stosunkiem jako\u015bci do ceny i agresywnym wzorem bie\u017cnika.&nbsp;W najnowszej wersji opony zastosowano zoptymalizowany wz\u00f3r bie\u017cnika z z\u0105bkowanymi stopniami w bocznych rowkach i podw\u00f3jnymi k\u0105tami nachylenia na \u015bcianach bie\u017cnika, co zapewnia bardzo dobr\u0105 przyczepno\u015b\u0107 na suchej i mokrej nawierzchni.&nbsp;Opona ta ma homologacj\u0119 3PMSF klasy ekonomicznej<\/p>\n<h2>Zgodnie z Polsk\u0105 Norm\u0105 PN-C-94300-7:1997 &#8222;Ogumienie. Pakowanie, przechowywanie i transport&#8221; opony nie s\u0105 starsze ni\u017c 36 miesi\u0119cy od daty produkcji<\/h2>\n<\/div>\n<\/div>\n<div style=\"clear: both; display: block; margin: 10px 0;\">\n<div style=\"clear: both; display: block; margin: 10px 0;\">\n<div  style=\"max-width:750px;max-height:1024px\">\n<div style=\"clear: both; display: block; margin: 10px 0;\">\n<div style=\"clear: both; width: 100%; display: block; margin: 20px 0; padding: 0; float: none; position: static; text-align: center;\"><img decoding=\"async\"  src=\"https:\/\/a.allegroimg.com\/original\/11dbb7\/f9da3b92439189ca39ff4018a719\/2x-Gripmax-Inception-A-T-RWL-225-75R15-102S\" srcset=\"https:\/\/a.allegroimg.com\/original\/11dbb7\/f9da3b92439189ca39ff4018a719\/2x-Gripmax-Inception-A-T-RWL-225-75R15-102S 263w,https:\/\/a.allegroimg.com\/original\/11dbb7\/f9da3b92439189ca39ff4018a719\/2x-Gripmax-Inception-A-T-RWL-225-75R15-102S 527w,https:\/\/a.allegroimg.com\/original\/11dbb7\/f9da3b92439189ca39ff4018a719\/2x-Gripmax-Inception-A-T-RWL-225-75R15-102S 750w,https:\/\/a.allegroimg.com\/original\/11dbb7\/f9da3b92439189ca39ff4018a719\/2x-Gripmax-Inception-A-T-RWL-225-75R15-102S 750w\" sizes=\"(min-width: 1200px) 560px, (min-width: 992px) 50vw, 100vw\" width=\"750px\" alt=\"2x Gripmax Inception A\/T RWL 225\/75R15 102S\" style=\"max-width: 100%; height: auto; display: block; margin: 0 auto;\"><\/div>\n<\/div>\n<\/div>\n<\/div>\n<\/div>\n<\/div>\n<div style=\"clear: both; display: block; margin: 10px 0;\">\n<div style=\"clear: both; display: block; margin: 10px 0;\">\n<div style=\"clear: both; display: block; margin: 10px 0;\">\n<div  style=\"max-width:212px;max-height:305px\">\n<div style=\"clear: both; display: block; margin: 10px 0;\">\n<div style=\"clear: both; width: 100%; display: block; margin: 20px 0; padding: 0; float: none; position: static; text-align: center;\"><img decoding=\"async\"  src=\"https:\/\/a.allegroimg.com\/original\/11061a\/a81fbb3647d6b1d5bf2f3997f99f\/2x-Gripmax-Inception-A-T-RWL-225-75R15-102S-Liczba-opon-w-ofercie-2-szt\" srcset=\"https:\/\/a.allegroimg.com\/original\/11061a\/a81fbb3647d6b1d5bf2f3997f99f\/2x-Gripmax-Inception-A-T-RWL-225-75R15-102S-Liczba-opon-w-ofercie-2-szt 212w,https:\/\/a.allegroimg.com\/original\/11061a\/a81fbb3647d6b1d5bf2f3997f99f\/2x-Gripmax-Inception-A-T-RWL-225-75R15-102S-Liczba-opon-w-ofercie-2-szt 212w\" sizes=\"(min-width: 1200px) 560px, (min-width: 992px) 50vw, 100vw\" width=\"212px\" alt=\"2x Gripmax Inception A\/T RWL 225\/75R15 102S Liczba opon w ofercie 2 szt.\" style=\"max-width: 100%; height: auto; display: block; margin: 0 auto;\"><\/div>\n<\/div>\n<\/div>\n<\/div>\n<\/div>\n<div style=\"clear: both; display: block; margin: 10px 0;\">\n<div style=\"clear: both; display: block; margin: 10px 0;\">\n<h2>Marka: Gripmax<\/h2>\n<h2>Liczba opon w ofercie: 2<\/h2>\n<h2>Rok produkcji: <\/h2>\n<h2>Szeroko\u015b\u0107 opony: 225 mm<\/h2>\n<h2>Profil opony: 75<\/h2>\n<h2>\u015arednica: 15<\/h2>\n<h2>Indeks no\u015bno\u015bci: 102<\/h2>\n<h2>Indeks pr\u0119dko\u015bci: S do 180 km\/h<\/h2>\n<h2>Op\u00f3r toczenia: Klasa D<\/h2>\n<h2>Przyczepno\u015b\u0107 na mokrej nawierzchni: Klasa C<\/h2>\n<h2>Ha\u0142as zewn\u0119trzny: 72 dB<\/h2>\n<h2>Kod producenta: 3220012719<\/h2>\n<h2>Sezon: Ca\u0142oroczne<\/h2>\n<\/div>\n<\/div>\n<\/div>\n<\/div>\n<\/div>\n<\/div>\n<div style=\"clear: both; display: block; margin: 10px 0;\">\n","protected":false},"excerpt":{"rendered":"<p>Gripmax Inception A\/T RWL<\/p>\n<p>225\/75 R15 102S do 180 km\/h<\/p>\n<p>Kod produktu: 6972435762515<\/p>\n<p>RWL (Raised White Letters) \u2013 bia\u0142e litery<\/p>\n","protected":false},"featured_media":16834,"template":"","meta":{"_uag_custom_page_level_css":""},"product_brand":[438],"product_cat":[416,428,413,412],"product_tag":[],"class_list":{"0":"post-16833","1":"product","2":"type-product","3":"status-publish","4":"has-post-thumbnail","6":"product_brand-gripmax","7":"product_cat-caloroczne","8":"product_cat-do-samochodow-terenowych-i-4x4","9":"product_cat-opony","10":"product_cat-opony-i-felgi","12":"first","13":"instock","14":"shipping-taxable","15":"purchasable","16":"product-type-simple"},"uagb_featured_image_src":{"full":["https:\/\/oponixo.shop\/tire\/wp-content\/uploads\/2026\/01\/allegro-image-16833.jpg",750,1024,false],"thumbnail":["https:\/\/oponixo.shop\/tire\/wp-content\/uploads\/2026\/01\/allegro-image-16833-150x150.jpg",150,150,true],"medium":["https:\/\/oponixo.shop\/tire\/wp-content\/uploads\/2026\/01\/allegro-image-16833-220x300.jpg",220,300,true],"medium_large":["https:\/\/oponixo.shop\/tire\/wp-content\/uploads\/2026\/01\/allegro-image-16833.jpg",750,1024,false],"large":["https:\/\/oponixo.shop\/tire\/wp-content\/uploads\/2026\/01\/allegro-image-16833.jpg",750,1024,false],"1536x1536":["https:\/\/oponixo.shop\/tire\/wp-content\/uploads\/2026\/01\/allegro-image-16833.jpg",750,1024,false],"2048x2048":["https:\/\/oponixo.shop\/tire\/wp-content\/uploads\/2026\/01\/allegro-image-16833.jpg",750,1024,false],"woocommerce_thumbnail":["https:\/\/oponixo.shop\/tire\/wp-content\/uploads\/2026\/01\/allegro-image-16833-300x300.jpg",300,300,true],"woocommerce_single":["https:\/\/oponixo.shop\/tire\/wp-content\/uploads\/2026\/01\/allegro-image-16833-600x819.jpg",600,819,true],"woocommerce_gallery_thumbnail":["https:\/\/oponixo.shop\/tire\/wp-content\/uploads\/2026\/01\/allegro-image-16833-100x100.jpg",100,100,true]},"uagb_author_info":{"display_name":"admin","author_link":"https:\/\/oponixo.shop\/tire\/author\/"},"uagb_comment_info":0,"uagb_excerpt":"Gripmax Inception A\/T RWL 225\/75 R15 102S do 180 km\/h Kod produktu: 6972435762515 RWL (Raised White Letters) \u2013 bia\u0142e litery","_links":{"self":[{"href":"https:\/\/oponixo.shop\/tire\/wp-json\/wp\/v2\/product\/16833","targetHints":{"allow":["GET"]}}],"collection":[{"href":"https:\/\/oponixo.shop\/tire\/wp-json\/wp\/v2\/product"}],"about":[{"href":"https:\/\/oponixo.shop\/tire\/wp-json\/wp\/v2\/types\/product"}],"wp:featuredmedia":[{"embeddable":true,"href":"https:\/\/oponixo.shop\/tire\/wp-json\/wp\/v2\/media\/16834"}],"wp:attachment":[{"href":"https:\/\/oponixo.shop\/tire\/wp-json\/wp\/v2\/media?parent=16833"}],"wp:term":[{"taxonomy":"product_brand","embeddable":true,"href":"https:\/\/oponixo.shop\/tire\/wp-json\/wp\/v2\/product_brand?post=16833"},{"taxonomy":"product_cat","embeddable":true,"href":"https:\/\/oponixo.shop\/tire\/wp-json\/wp\/v2\/product_cat?post=16833"},{"taxonomy":"product_tag","embeddable":true,"href":"https:\/\/oponixo.shop\/tire\/wp-json\/wp\/v2\/product_tag?post=16833"}],"curies":[{"name":"wp","href":"https:\/\/api.w.org\/{rel}","templated":true}]}}