{"id":16905,"date":"2026-01-17T15:49:18","date_gmt":"2026-01-17T14:49:18","guid":{"rendered":"https:\/\/oponyonline.shop\/xef5\/produkt\/2x-opona-letnia-nexen-nblue-hd-plus-215-60r15-94-h-nowa\/"},"modified":"2026-01-17T15:49:18","modified_gmt":"2026-01-17T14:49:18","slug":"2x-opona-letnia-nexen-nblue-hd-plus-215-60r15-94-h-nowa","status":"publish","type":"product","link":"https:\/\/oponixo.shop\/tire\/produkt\/2x-opona-letnia-nexen-nblue-hd-plus-215-60r15-94-h-nowa\/","title":{"rendered":"2x Opona letnia Nexen N&#8217;Blue HD Plus 215\/60R15 94 H NOWA"},"content":{"rendered":"<div style=\"font-family: Arial, sans-serif; line-height: 1.6; color: #333; padding: 20px; clear: both; display: block; width: 100%; float: none; position: static; overflow: hidden;\">\n<div style=\"clear: both; display: block; margin: 10px 0;\">\n<div style=\"clear: both; display: block; margin: 10px 0;\">\n<div style=\"clear: both; display: block; margin: 10px 0;\">\n<h1>1x NEXEN N BLUE HD 215\/60R15 94 H OPONA LETNIA<\/h1>\n<p style=\"margin: 15px 0; line-height: 1.8; clear: both; display: block; width: 100%; float: none; position: static;\">SKU 2132165<\/p>\n<p style=\"margin: 15px 0; line-height: 1.8; clear: both; display: block; width: 100%; float: none; position: static;\">DOT 0521<\/p>\n<\/div>\n<\/div>\n<\/div>\n<div style=\"clear: both; display: block; margin: 10px 0;\">\n<div style=\"clear: both; display: block; margin: 10px 0;\">\n<div style=\"clear: both; display: block; margin: 10px 0;\">\n<div  style=\"max-width:576px;max-height:860px\">\n<div style=\"clear: both; display: block; margin: 10px 0;\">\n<div style=\"clear: both; width: 100%; display: block; margin: 20px 0; padding: 0; float: none; position: static; text-align: center;\"><img decoding=\"async\"  src=\"https:\/\/a.allegroimg.com\/original\/11aa0a\/b46cc0274762baa212374a0b9e7b\/2x-Opona-letnia-Nexen-N-Blue-HD-Plus-215-60R15-94-H-NOWA\" srcset=\"https:\/\/a.allegroimg.com\/original\/11aa0a\/b46cc0274762baa212374a0b9e7b\/2x-Opona-letnia-Nexen-N-Blue-HD-Plus-215-60R15-94-H-NOWA 241w,https:\/\/a.allegroimg.com\/original\/11aa0a\/b46cc0274762baa212374a0b9e7b\/2x-Opona-letnia-Nexen-N-Blue-HD-Plus-215-60R15-94-H-NOWA 482w,https:\/\/a.allegroimg.com\/original\/11aa0a\/b46cc0274762baa212374a0b9e7b\/2x-Opona-letnia-Nexen-N-Blue-HD-Plus-215-60R15-94-H-NOWA 576w,https:\/\/a.allegroimg.com\/original\/11aa0a\/b46cc0274762baa212374a0b9e7b\/2x-Opona-letnia-Nexen-N-Blue-HD-Plus-215-60R15-94-H-NOWA 576w\" sizes=\"(min-width: 1200px) 560px, (min-width: 992px) 50vw, 100vw\" width=\"576px\" alt=\"2x Opona letnia Nexen N'Blue HD Plus 215\/60R15 94 H NOWA\" style=\"max-width: 100%; height: auto; display: block; margin: 0 auto;\"><\/div>\n<\/div>\n<\/div>\n<\/div>\n<\/div>\n<div style=\"clear: both; display: block; margin: 10px 0;\">\n<div style=\"clear: both; display: block; margin: 10px 0;\">\n<h2>Letnia opona NEXEN N-BLUE HD PLUS 215\/60 R15 94 H<\/h2>\n<p style=\"margin: 15px 0; line-height: 1.8; clear: both; display: block; width: 100%; float: none; position: static;\">Opona NEXEN N-BLUE HD PLUS to znacz\u0105cy model w portfolio producenta.<\/p>\n<p style=\"margin: 15px 0; line-height: 1.8; clear: both; display: block; width: 100%; float: none; position: static;\">Charakteryzyzuje si\u0119 niskim oporem toczenia. Opony klasy \u015bredniej cechuj\u0105 si\u0119 najbardziej optymalnymi parametrami jezdnymi przy zachowaniu dobrej ceny.<\/p>\n<ul style=\"margin: 15px 0; padding-left: 20px; clear: both; display: block; width: 100%; float: none; position: static;\">\n<li style=\"margin: 5px 0; padding: 2px 0; clear: both; display: list-item; float: none; position: static;\"><b>Stan:<\/b>&nbsp;Nowy<\/li>\n<li style=\"margin: 5px 0; padding: 2px 0; clear: both; display: list-item; float: none; position: static;\"><b>EAN:<\/b>&nbsp;8807622388101<\/li>\n<li style=\"margin: 5px 0; padding: 2px 0; clear: both; display: list-item; float: none; position: static;\"><b>Producent:<\/b> NEXEN<\/li>\n<li style=\"margin: 5px 0; padding: 2px 0; clear: both; display: list-item; float: none; position: static;\"><b>Model:<\/b> N-BLUE HD PLUS<\/li>\n<li style=\"margin: 5px 0; padding: 2px 0; clear: both; display: list-item; float: none; position: static;\"><b>Rozmiar:<\/b> 215\/60 R15<\/li>\n<li style=\"margin: 5px 0; padding: 2px 0; clear: both; display: list-item; float: none; position: static;\"><b>Indeks no\u015bno\u015bci:<\/b> 94<\/li>\n<li style=\"margin: 5px 0; padding: 2px 0; clear: both; display: list-item; float: none; position: static;\"><b>Indeks pr\u0119dko\u015bci:<\/b> H<\/li>\n<li style=\"margin: 5px 0; padding: 2px 0; clear: both; display: list-item; float: none; position: static;\"><b>Ha\u0142as db:<\/b>&nbsp;68<\/li>\n<li style=\"margin: 5px 0; padding: 2px 0; clear: both; display: list-item; float: none; position: static;\"><b>Sezon:<\/b> Letnie<\/li>\n<li style=\"margin: 5px 0; padding: 2px 0; clear: both; display: list-item; float: none; position: static;\"><b>Przeznaczenie:<\/b> Osobowe<\/li>\n<li style=\"margin: 5px 0; padding: 2px 0; clear: both; display: list-item; float: none; position: static;\"><b>Kl. przycz. na mokrej naw.:<\/b>&nbsp;B<\/li>\n<li style=\"margin: 5px 0; padding: 2px 0; clear: both; display: list-item; float: none; position: static;\"><b>Kl. efekt. paliwowej:&nbsp;<\/b>B<\/li>\n<\/ul>\n<\/div>\n<\/div>\n<\/div>\n<div style=\"clear: both; display: block; margin: 10px 0;\">\n<div style=\"clear: both; display: block; margin: 10px 0;\">\n<div style=\"clear: both; display: block; margin: 10px 0;\">\n<div  style=\"max-width:1024px;max-height:529px\">\n<div style=\"clear: both; display: block; margin: 10px 0;\">\n<div style=\"clear: both; width: 100%; display: block; margin: 20px 0; padding: 0; float: none; position: static; text-align: center;\"><img decoding=\"async\"  src=\"https:\/\/a.allegroimg.com\/original\/11f61f\/908731dd4cfab4c48d3fd111de66\/2x-Opona-letnia-Nexen-N-Blue-HD-Plus-215-60R15-94-H-NOWA-Marka-Nexen\" srcset=\"https:\/\/a.allegroimg.com\/original\/11f61f\/908731dd4cfab4c48d3fd111de66\/2x-Opona-letnia-Nexen-N-Blue-HD-Plus-215-60R15-94-H-NOWA-Marka-Nexen 360w,https:\/\/a.allegroimg.com\/original\/11f61f\/908731dd4cfab4c48d3fd111de66\/2x-Opona-letnia-Nexen-N-Blue-HD-Plus-215-60R15-94-H-NOWA-Marka-Nexen 720w,https:\/\/a.allegroimg.com\/original\/11f61f\/908731dd4cfab4c48d3fd111de66\/2x-Opona-letnia-Nexen-N-Blue-HD-Plus-215-60R15-94-H-NOWA-Marka-Nexen 1024w,https:\/\/a.allegroimg.com\/original\/11f61f\/908731dd4cfab4c48d3fd111de66\/2x-Opona-letnia-Nexen-N-Blue-HD-Plus-215-60R15-94-H-NOWA-Marka-Nexen 1024w\" sizes=\"100vw\" width=\"1024px\" alt=\"2x Opona letnia Nexen N'Blue HD Plus 215\/60R15 94 H NOWA Marka Nexen\" style=\"max-width: 100%; height: auto; display: block; margin: 0 auto;\"><\/div>\n<\/div>\n<\/div>\n<\/div>\n<\/div>\n<\/div>\n<div style=\"clear: both; display: block; margin: 10px 0;\">\n<div style=\"clear: both; display: block; margin: 10px 0;\">\n<div style=\"clear: both; display: block; margin: 10px 0;\">\n<p style=\"margin: 15px 0; line-height: 1.8; clear: both; display: block; width: 100%; float: none; position: static;\">Firma Nexen zosta\u0142a za\u0142o\u017cona w 1942 roku jako Heung-A Tire Co. By\u0142a pierwsz\u0105 firm\u0105 produkuj\u0105c\u0105 opony do pojazd\u00f3w w Korei od 1956 roku. Od tego czasu sta\u0142a si\u0119 jedn\u0105 z wiod\u0105cych marek w krajowym przemy\u015ble oponiarskim i osi\u0105gn\u0119\u0142a godne uwagi sukcesy, takie jak opracowanie pierwszej korea\u0144skiej opony kierunkowej serii 60 z bie\u017cnikiem w kszta\u0142cie litery V.<\/p>\n<p style=\"margin: 15px 0; line-height: 1.8; clear: both; display: block; width: 100%; float: none; position: static;\">Nazw\u0119 zmieniona w 2000 r. na NEXEN TIRE w celu poprawy wizerunku firmy. NEXEN TIRE osi\u0105ga niezwyk\u0142e rezultaty w testach dzi\u0119ki czemu odnotowuje wzrosty kt\u00f3re plasuj\u0105 sp\u00f3\u0142k\u0119 w czo\u0142\u00f3wce \u015bwiatowego przemys\u0142u oponiarskiego.<\/p>\n<p style=\"margin: 15px 0; line-height: 1.8; clear: both; display: block; width: 100%; float: none; position: static;\">Technologie opracowane na przestrzeni lat spowodowa\u0142y, \u017ce opony Nexen eksploatowane s\u0105 w ponad 140 krajach na kilku kontynentach. Koncern kontynuuje swoje badania, kt\u00f3rych celem jest stworzenie opon odpowiadaj\u0105cych na stale zmieniaj\u0105ce si\u0119 potrzeby kierowc\u00f3w.<\/p>\n<p style=\"margin: 15px 0; line-height: 1.8; clear: both; display: block; width: 100%; float: none; position: static;\">Firma produkuje opony klasy \u015bredniej, kt\u00f3re s\u0105 idealnym kompromisem mi\u0119dzy cen\u0105, a \u015bwietnymi rezultatami w testach gwarantuj\u0105c bezpiecze\u0144stwo i pewno\u015b\u0107 prowadzenia w ka\u017cdych warunkach.<\/p>\n<\/div>\n<\/div>\n<\/div>\n<div style=\"clear: both; display: block; margin: 10px 0;\">\n<div style=\"clear: both; display: block; margin: 10px 0;\">\n<div style=\"clear: both; display: block; margin: 10px 0;\">\n<div  style=\"max-width:1920px;max-height:2560px\">\n<div style=\"clear: both; display: block; margin: 10px 0;\">\n<div style=\"clear: both; width: 100%; display: block; margin: 20px 0; padding: 0; float: none; position: static; text-align: center;\"><img decoding=\"async\"  src=\"https:\/\/a.allegroimg.com\/original\/11c6d3\/197a815e4f7f8ee9ee202267ef0d\/2x-Opona-letnia-Nexen-N-Blue-HD-Plus-215-60R15-94-H-NOWA-Klasa-srednia\" srcset=\"https:\/\/a.allegroimg.com\/original\/11c6d3\/197a815e4f7f8ee9ee202267ef0d\/2x-Opona-letnia-Nexen-N-Blue-HD-Plus-215-60R15-94-H-NOWA-Klasa-srednia 270w,https:\/\/a.allegroimg.com\/original\/11c6d3\/197a815e4f7f8ee9ee202267ef0d\/2x-Opona-letnia-Nexen-N-Blue-HD-Plus-215-60R15-94-H-NOWA-Klasa-srednia 540w,https:\/\/a.allegroimg.com\/original\/11c6d3\/197a815e4f7f8ee9ee202267ef0d\/2x-Opona-letnia-Nexen-N-Blue-HD-Plus-215-60R15-94-H-NOWA-Klasa-srednia 768w,https:\/\/a.allegroimg.com\/original\/11c6d3\/197a815e4f7f8ee9ee202267ef0d\/2x-Opona-letnia-Nexen-N-Blue-HD-Plus-215-60R15-94-H-NOWA-Klasa-srednia 1080w,https:\/\/a.allegroimg.com\/original\/11c6d3\/197a815e4f7f8ee9ee202267ef0d\/2x-Opona-letnia-Nexen-N-Blue-HD-Plus-215-60R15-94-H-NOWA-Klasa-srednia 1920w\" sizes=\"(min-width: 1200px) 560px, (min-width: 992px) 50vw, 100vw\" width=\"1920px\" alt=\"2x Opona letnia Nexen N'Blue HD Plus 215\/60R15 94 H NOWA Klasa \u015brednia\" style=\"max-width: 100%; height: auto; display: block; margin: 0 auto;\"><\/div>\n<\/div>\n<\/div>\n<\/div>\n<\/div>\n<div style=\"clear: both; display: block; margin: 10px 0;\">\n<div style=\"clear: both; display: block; margin: 10px 0;\">\n<div  style=\"max-width:1920px;max-height:2560px\">\n<div style=\"clear: both; display: block; margin: 10px 0;\">\n<div style=\"clear: both; width: 100%; display: block; margin: 20px 0; padding: 0; float: none; position: static; text-align: center;\"><img decoding=\"async\"  src=\"https:\/\/a.allegroimg.com\/original\/11ee18\/603e5dab4f919ce2ffa369cf384f\/2x-Opona-letnia-Nexen-N-Blue-HD-Plus-215-60R15-94-H-NOWA-EAN-GTIN-8807622388101\" srcset=\"https:\/\/a.allegroimg.com\/original\/11ee18\/603e5dab4f919ce2ffa369cf384f\/2x-Opona-letnia-Nexen-N-Blue-HD-Plus-215-60R15-94-H-NOWA-EAN-GTIN-8807622388101 270w,https:\/\/a.allegroimg.com\/original\/11ee18\/603e5dab4f919ce2ffa369cf384f\/2x-Opona-letnia-Nexen-N-Blue-HD-Plus-215-60R15-94-H-NOWA-EAN-GTIN-8807622388101 540w,https:\/\/a.allegroimg.com\/original\/11ee18\/603e5dab4f919ce2ffa369cf384f\/2x-Opona-letnia-Nexen-N-Blue-HD-Plus-215-60R15-94-H-NOWA-EAN-GTIN-8807622388101 768w,https:\/\/a.allegroimg.com\/original\/11ee18\/603e5dab4f919ce2ffa369cf384f\/2x-Opona-letnia-Nexen-N-Blue-HD-Plus-215-60R15-94-H-NOWA-EAN-GTIN-8807622388101 1080w,https:\/\/a.allegroimg.com\/original\/11ee18\/603e5dab4f919ce2ffa369cf384f\/2x-Opona-letnia-Nexen-N-Blue-HD-Plus-215-60R15-94-H-NOWA-EAN-GTIN-8807622388101 1920w\" sizes=\"(min-width: 1200px) 560px, (min-width: 992px) 50vw, 100vw\" width=\"1920px\" alt=\"2x Opona letnia Nexen N'Blue HD Plus 215\/60R15 94 H NOWA EAN (GTIN) 8807622388101\" style=\"max-width: 100%; height: auto; display: block; margin: 0 auto;\"><\/div>\n<\/div>\n<\/div>\n<\/div>\n<\/div>\n<\/div>\n<\/div>\n<\/div>\n<\/div>\n<div style=\"clear: both; display: block; margin: 10px 0;\">\n","protected":false},"excerpt":{"rendered":"<p>1x NEXEN N BLUE HD 215\/60R15 94 H OPONA LETNIA<\/p>\n<p>SKU 2132165<\/p>\n<p>DOT 0521<\/p>\n<p>Letnia opona NEXEN N-BLUE HD PLUS 215\/60 R15 94 H<\/p>\n<p>Opona NEXEN N-BLUE HD PLUS to znacz\u0105cy model w portfolio producenta.<\/p>\n<p>Charakteryzyzuje si\u0119 niskim oporem toczenia. Opony klasy \u015bredniej cechuj\u0105 si\u0119 najbardziej optymalnymi parametrami jezdnymi przy zachowaniu dobrej ceny.<\/p>\n<p>Stan:&nbsp;Nowy<\/p>\n<p>EAN:&nbsp;8807622388101<\/p>\n","protected":false},"featured_media":16906,"template":"","meta":{"_uag_custom_page_level_css":""},"product_brand":[392],"product_cat":[414,418,413,412],"product_tag":[],"class_list":{"0":"post-16905","1":"product","2":"type-product","3":"status-publish","4":"has-post-thumbnail","6":"product_brand-nexen","7":"product_cat-do-samochodow-osobowych-i-suv","8":"product_cat-letnie","9":"product_cat-opony","10":"product_cat-opony-i-felgi","12":"first","13":"instock","14":"shipping-taxable","15":"purchasable","16":"product-type-simple"},"uagb_featured_image_src":{"full":["https:\/\/oponixo.shop\/tire\/wp-content\/uploads\/2026\/01\/allegro-image-16905.jpg",576,860,false],"thumbnail":["https:\/\/oponixo.shop\/tire\/wp-content\/uploads\/2026\/01\/allegro-image-16905-150x150.jpg",150,150,true],"medium":["https:\/\/oponixo.shop\/tire\/wp-content\/uploads\/2026\/01\/allegro-image-16905-201x300.jpg",201,300,true],"medium_large":["https:\/\/oponixo.shop\/tire\/wp-content\/uploads\/2026\/01\/allegro-image-16905.jpg",576,860,false],"large":["https:\/\/oponixo.shop\/tire\/wp-content\/uploads\/2026\/01\/allegro-image-16905.jpg",576,860,false],"1536x1536":["https:\/\/oponixo.shop\/tire\/wp-content\/uploads\/2026\/01\/allegro-image-16905.jpg",576,860,false],"2048x2048":["https:\/\/oponixo.shop\/tire\/wp-content\/uploads\/2026\/01\/allegro-image-16905.jpg",576,860,false],"woocommerce_thumbnail":["https:\/\/oponixo.shop\/tire\/wp-content\/uploads\/2026\/01\/allegro-image-16905-300x300.jpg",300,300,true],"woocommerce_single":["https:\/\/oponixo.shop\/tire\/wp-content\/uploads\/2026\/01\/allegro-image-16905.jpg",576,860,false],"woocommerce_gallery_thumbnail":["https:\/\/oponixo.shop\/tire\/wp-content\/uploads\/2026\/01\/allegro-image-16905-100x100.jpg",100,100,true]},"uagb_author_info":{"display_name":"admin","author_link":"https:\/\/oponixo.shop\/tire\/author\/"},"uagb_comment_info":0,"uagb_excerpt":"1x NEXEN N BLUE HD 215\/60R15 94 H OPONA LETNIA SKU 2132165 DOT 0521 Letnia opona NEXEN N-BLUE HD PLUS 215\/60 R15 94 H Opona NEXEN N-BLUE HD PLUS to znacz\u0105cy model w portfolio producenta. Charakteryzyzuje si\u0119 niskim oporem toczenia. Opony klasy \u015bredniej cechuj\u0105 si\u0119 najbardziej optymalnymi parametrami jezdnymi przy zachowaniu dobrej ceny. Stan:&nbsp;Nowy EAN:&nbsp;8807622388101","_links":{"self":[{"href":"https:\/\/oponixo.shop\/tire\/wp-json\/wp\/v2\/product\/16905","targetHints":{"allow":["GET"]}}],"collection":[{"href":"https:\/\/oponixo.shop\/tire\/wp-json\/wp\/v2\/product"}],"about":[{"href":"https:\/\/oponixo.shop\/tire\/wp-json\/wp\/v2\/types\/product"}],"wp:featuredmedia":[{"embeddable":true,"href":"https:\/\/oponixo.shop\/tire\/wp-json\/wp\/v2\/media\/16906"}],"wp:attachment":[{"href":"https:\/\/oponixo.shop\/tire\/wp-json\/wp\/v2\/media?parent=16905"}],"wp:term":[{"taxonomy":"product_brand","embeddable":true,"href":"https:\/\/oponixo.shop\/tire\/wp-json\/wp\/v2\/product_brand?post=16905"},{"taxonomy":"product_cat","embeddable":true,"href":"https:\/\/oponixo.shop\/tire\/wp-json\/wp\/v2\/product_cat?post=16905"},{"taxonomy":"product_tag","embeddable":true,"href":"https:\/\/oponixo.shop\/tire\/wp-json\/wp\/v2\/product_tag?post=16905"}],"curies":[{"name":"wp","href":"https:\/\/api.w.org\/{rel}","templated":true}]}}