{"id":16941,"date":"2026-01-17T15:49:29","date_gmt":"2026-01-17T14:49:29","guid":{"rendered":"https:\/\/oponyonline.shop\/xef5\/produkt\/4x-gripmax-245-65r17-ripmax-inception-a-t-3pmsfrwl-107t\/"},"modified":"2026-01-17T15:49:30","modified_gmt":"2026-01-17T14:49:30","slug":"4x-gripmax-245-65r17-ripmax-inception-a-t-3pmsfrwl-107t","status":"publish","type":"product","link":"https:\/\/oponixo.shop\/tire\/produkt\/4x-gripmax-245-65r17-ripmax-inception-a-t-3pmsfrwl-107t\/","title":{"rendered":"4x GRIPMAX 245\/65R17 RIPMAX INCEPTION A\/T 3PMSFRWL 107T"},"content":{"rendered":"<div style=\"font-family: Arial, sans-serif; line-height: 1.6; color: #333; padding: 20px; clear: both; display: block; width: 100%; float: none; position: static; overflow: hidden;\">\n<div style=\"clear: both; display: block; margin: 10px 0;\">\n<div style=\"clear: both; display: block; margin: 10px 0;\">\n<div style=\"clear: both; display: block; margin: 10px 0;\">\n<div  style=\"max-width:600px;max-height:200px\">\n<div style=\"clear: both; display: block; margin: 10px 0;\">\n<div style=\"clear: both; width: 100%; display: block; margin: 20px 0; padding: 0; float: none; position: static; text-align: center;\"><img decoding=\"async\"  src=\"https:\/\/a.allegroimg.com\/original\/1103e7\/a604be6c4169aa0dafc932e1884d\/4x-GRIPMAX-245-65R17-RIPMAX-INCEPTION-A-T-3PMSFRWL-107T-Marka-Gripmax\" srcset=\"https:\/\/a.allegroimg.com\/original\/1103e7\/a604be6c4169aa0dafc932e1884d\/4x-GRIPMAX-245-65R17-RIPMAX-INCEPTION-A-T-3PMSFRWL-107T-Marka-Gripmax 360w,https:\/\/a.allegroimg.com\/original\/1103e7\/a604be6c4169aa0dafc932e1884d\/4x-GRIPMAX-245-65R17-RIPMAX-INCEPTION-A-T-3PMSFRWL-107T-Marka-Gripmax 600w,https:\/\/a.allegroimg.com\/original\/1103e7\/a604be6c4169aa0dafc932e1884d\/4x-GRIPMAX-245-65R17-RIPMAX-INCEPTION-A-T-3PMSFRWL-107T-Marka-Gripmax 600w\" sizes=\"(min-width: 1200px) 560px, (min-width: 992px) 50vw, 100vw\" width=\"600px\" alt=\"4x GRIPMAX 245\/65R17 RIPMAX INCEPTION A\/T 3PMSFRWL 107T Marka Gripmax\" style=\"max-width: 100%; height: auto; display: block; margin: 0 auto;\"><\/div>\n<\/div>\n<\/div>\n<\/div>\n<\/div>\n<div style=\"clear: both; display: block; margin: 10px 0;\">\n<div style=\"clear: both; display: block; margin: 10px 0;\">\n<h1>PRZEDMIOTEM OFERTY JEST:<\/h1>\n<h1>4x GRIPMAX 245\/65R17 RIPMAX INCEPTION A\/T 3PMSFRWL 107T<\/h1>\n<\/div>\n<\/div>\n<\/div>\n<div style=\"clear: both; display: block; margin: 10px 0;\">\n<div style=\"clear: both; display: block; margin: 10px 0;\">\n<div style=\"clear: both; display: block; margin: 10px 0;\">\n<div  style=\"max-width:350px;max-height:480px\">\n<div style=\"clear: both; display: block; margin: 10px 0;\">\n<div style=\"clear: both; width: 100%; display: block; margin: 20px 0; padding: 0; float: none; position: static; text-align: center;\"><img decoding=\"async\"  src=\"https:\/\/a.allegroimg.com\/original\/11cfe9\/4d4c712949798136450926514c7e\/4x-GRIPMAX-245-65R17-RIPMAX-INCEPTION-A-T-3PMSFRWL-107T\" srcset=\"https:\/\/a.allegroimg.com\/original\/11cfe9\/4d4c712949798136450926514c7e\/4x-GRIPMAX-245-65R17-RIPMAX-INCEPTION-A-T-3PMSFRWL-107T 262w,https:\/\/a.allegroimg.com\/original\/11cfe9\/4d4c712949798136450926514c7e\/4x-GRIPMAX-245-65R17-RIPMAX-INCEPTION-A-T-3PMSFRWL-107T 350w,https:\/\/a.allegroimg.com\/original\/11cfe9\/4d4c712949798136450926514c7e\/4x-GRIPMAX-245-65R17-RIPMAX-INCEPTION-A-T-3PMSFRWL-107T 350w\" sizes=\"(min-width: 1200px) 560px, (min-width: 992px) 50vw, 100vw\" width=\"350px\" alt=\"4x GRIPMAX 245\/65R17 RIPMAX INCEPTION A\/T 3PMSFRWL 107T\" style=\"max-width: 100%; height: auto; display: block; margin: 0 auto;\"><\/div>\n<\/div>\n<\/div>\n<\/div>\n<\/div>\n<div style=\"clear: both; display: block; margin: 10px 0;\">\n<div style=\"clear: both; display: block; margin: 10px 0;\">\n<ul style=\"margin: 15px 0; padding-left: 20px; clear: both; display: block; width: 100%; float: none; position: static;\">\n<li style=\"margin: 5px 0; padding: 2px 0; clear: both; display: list-item; float: none; position: static;\">SPECYFIKACJA:<\/li>\n<li style=\"margin: 5px 0; padding: 2px 0; clear: both; display: list-item; float: none; position: static;\">PRODUCENT: <b>GRIPMAX<\/b><\/li>\n<li style=\"margin: 5px 0; padding: 2px 0; clear: both; display: list-item; float: none; position: static;\">MODEL: <b>INCEPTION A\/T 3PMSF RWL<\/b><\/li>\n<li style=\"margin: 5px 0; padding: 2px 0; clear: both; display: list-item; float: none; position: static;\">CENA DOTYCZY: <b>4 sztuki<\/b><\/li>\n<li style=\"margin: 5px 0; padding: 2px 0; clear: both; display: list-item; float: none; position: static;\">ROK PRODUKCJI: <b>2024\/2023<\/b><\/li>\n<li style=\"margin: 5px 0; padding: 2px 0; clear: both; display: list-item; float: none; position: static;\">SEZON: <b>WIELOSEZONOWA<\/b><\/li>\n<li style=\"margin: 5px 0; padding: 2px 0; clear: both; display: list-item; float: none; position: static;\">TYP OPONY:<b> OSOBOWA<\/b><\/li>\n<li style=\"margin: 5px 0; padding: 2px 0; clear: both; display: list-item; float: none; position: static;\">SZEROKO\u015a\u0106: <b>245 mm<\/b><\/li>\n<li style=\"margin: 5px 0; padding: 2px 0; clear: both; display: list-item; float: none; position: static;\">PROFIL: <b>65<\/b><\/li>\n<li style=\"margin: 5px 0; padding: 2px 0; clear: both; display: list-item; float: none; position: static;\">\u015aREDNICA: <b>17&#8243;<\/b><\/li>\n<li style=\"margin: 5px 0; padding: 2px 0; clear: both; display: list-item; float: none; position: static;\">INDEKS NO\u015aNO\u015aCI: <b>107<\/b><\/li>\n<li style=\"margin: 5px 0; padding: 2px 0; clear: both; display: list-item; float: none; position: static;\">INDEKS PR\u0118DKO\u015aCI: <b>T do 190 km\/h<\/b><\/li>\n<li style=\"margin: 5px 0; padding: 2px 0; clear: both; display: list-item; float: none; position: static;\">OPORY TOCZENIA: <b>Klasa D<\/b><\/li>\n<li style=\"margin: 5px 0; padding: 2px 0; clear: both; display: list-item; float: none; position: static;\">PRZYCZEPNO\u015a\u0106 NA MOKRYM: <b>C<\/b><\/li>\n<li style=\"margin: 5px 0; padding: 2px 0; clear: both; display: list-item; float: none; position: static;\">HA\u0141AS ZEWN\u0118TRZNY:<b> 72<\/b><\/li>\n<li style=\"margin: 5px 0; padding: 2px 0; clear: both; display: list-item; float: none; position: static;\">OZNACZENIA DODATKOWE: <b>Informacje o dodatkowych oznaczeniach takich jak rant ochronny, wzmocnienie XL lub C, run flat czy homologacja producenta znajduj\u0105 si\u0119 wy\u017cej w tabeli &#8222;Parametry&#8221;.<\/b><\/li>\n<\/ul>\n<\/div>\n<\/div>\n<\/div>\n<div style=\"clear: both; display: block; margin: 10px 0;\">\n<div style=\"clear: both; display: block; margin: 10px 0;\">\n<div style=\"clear: both; display: block; margin: 10px 0;\">\n<h2>OPIS PRODUKTU:&nbsp;<\/h2>\n<p style=\"margin: 15px 0; line-height: 1.8; clear: both; display: block; width: 100%; float: none; position: static;\">Opony Gripmax zapewniaj\u0105 optymalny poziom osi\u0105g\u00f3w w najlepszej cenie. Nowoczesny wz\u00f3r bie\u017cnika gwarantuje wysokie osi\u0105gi na mokrej, jak i suchej nawierzchni. Do ich produkcji wykorzystano mieszank\u0119 gumow\u0105 z dodatkiem nowego sk\u0142adnika na bazie krzemionki, co gwarantuje odpowiedni\u0105 elastyczno\u015b\u0107 oraz \u015bwietn\u0105 przyczepno\u015b\u0107 do nawierzchni.<\/p>\n<p style=\"margin: 15px 0; line-height: 1.8; clear: both; display: block; width: 100%; float: none; position: static;\">Specjalny kszta\u0142t bie\u017cnika zmniejsza ryzyko wyst\u0105pienia zjawiska aquaplaningu. Tworzywo z kt\u00f3rego jest wykonana przyczynia si\u0119 do redukcji opor\u00f3w toczenia, co z kolei zapewnia ni\u017csze zu\u017cycie paliwa. Nowa rze\u017aba bie\u017cnika usprawnia hamowanie na mokrej nawierzchni.<\/p>\n<p style=\"margin: 15px 0; line-height: 1.8; clear: both; display: block; width: 100%; float: none; position: static;\">Wz\u00f3r bie\u017cnika zoptymalizowany pod k\u0105tem ograniczenia emisji ha\u0142asu sprawia, \u017ce ka\u017cdy wyjazd jest przyjemny. Wz\u00f3r bie\u017cnika r\u00f3wnomiernie rozk\u0142ada obci\u0105\u017cenie, co poprawia trakcj\u0119 i manewrowanie.<\/p>\n<\/div>\n<\/div>\n<\/div>\n<\/div>\n<\/div>\n<\/div>\n<div style=\"clear: both; display: block; margin: 10px 0;\">\n","protected":false},"excerpt":{"rendered":"<p>PRZEDMIOTEM OFERTY JEST:<\/p>\n<p>4x GRIPMAX 245\/65R17 RIPMAX INCEPTION A\/T 3PMSFRWL 107T<\/p>\n<p>SPECYFIKACJA:<\/p>\n<p>PRODUCENT: GRIPMAX<\/p>\n<p>MODEL: INCEPTION A\/T 3PMSF RWL<\/p>\n<p>CENA DOTYCZY: 4 sztuki<\/p>\n<p>ROK PRODUKCJI: 2024\/2023<\/p>\n<p>SEZON: WIELOSEZONOWA<\/p>\n","protected":false},"featured_media":16942,"template":"","meta":{"_uag_custom_page_level_css":""},"product_brand":[438],"product_cat":[416,428,413,412],"product_tag":[],"class_list":{"0":"post-16941","1":"product","2":"type-product","3":"status-publish","4":"has-post-thumbnail","6":"product_brand-gripmax","7":"product_cat-caloroczne","8":"product_cat-do-samochodow-terenowych-i-4x4","9":"product_cat-opony","10":"product_cat-opony-i-felgi","12":"first","13":"instock","14":"shipping-taxable","15":"purchasable","16":"product-type-simple"},"uagb_featured_image_src":{"full":["https:\/\/oponixo.shop\/tire\/wp-content\/uploads\/2026\/01\/allegro-image-16941.jpg",350,480,false],"thumbnail":["https:\/\/oponixo.shop\/tire\/wp-content\/uploads\/2026\/01\/allegro-image-16941-150x150.jpg",150,150,true],"medium":["https:\/\/oponixo.shop\/tire\/wp-content\/uploads\/2026\/01\/allegro-image-16941-219x300.jpg",219,300,true],"medium_large":["https:\/\/oponixo.shop\/tire\/wp-content\/uploads\/2026\/01\/allegro-image-16941.jpg",350,480,false],"large":["https:\/\/oponixo.shop\/tire\/wp-content\/uploads\/2026\/01\/allegro-image-16941.jpg",350,480,false],"1536x1536":["https:\/\/oponixo.shop\/tire\/wp-content\/uploads\/2026\/01\/allegro-image-16941.jpg",350,480,false],"2048x2048":["https:\/\/oponixo.shop\/tire\/wp-content\/uploads\/2026\/01\/allegro-image-16941.jpg",350,480,false],"woocommerce_thumbnail":["https:\/\/oponixo.shop\/tire\/wp-content\/uploads\/2026\/01\/allegro-image-16941-300x300.jpg",300,300,true],"woocommerce_single":["https:\/\/oponixo.shop\/tire\/wp-content\/uploads\/2026\/01\/allegro-image-16941.jpg",350,480,false],"woocommerce_gallery_thumbnail":["https:\/\/oponixo.shop\/tire\/wp-content\/uploads\/2026\/01\/allegro-image-16941-100x100.jpg",100,100,true]},"uagb_author_info":{"display_name":"admin","author_link":"https:\/\/oponixo.shop\/tire\/author\/"},"uagb_comment_info":0,"uagb_excerpt":"PRZEDMIOTEM OFERTY JEST: 4x GRIPMAX 245\/65R17 RIPMAX INCEPTION A\/T 3PMSFRWL 107T SPECYFIKACJA: PRODUCENT: GRIPMAX MODEL: INCEPTION A\/T 3PMSF RWL CENA DOTYCZY: 4 sztuki ROK PRODUKCJI: 2024\/2023 SEZON: WIELOSEZONOWA","_links":{"self":[{"href":"https:\/\/oponixo.shop\/tire\/wp-json\/wp\/v2\/product\/16941","targetHints":{"allow":["GET"]}}],"collection":[{"href":"https:\/\/oponixo.shop\/tire\/wp-json\/wp\/v2\/product"}],"about":[{"href":"https:\/\/oponixo.shop\/tire\/wp-json\/wp\/v2\/types\/product"}],"wp:featuredmedia":[{"embeddable":true,"href":"https:\/\/oponixo.shop\/tire\/wp-json\/wp\/v2\/media\/16942"}],"wp:attachment":[{"href":"https:\/\/oponixo.shop\/tire\/wp-json\/wp\/v2\/media?parent=16941"}],"wp:term":[{"taxonomy":"product_brand","embeddable":true,"href":"https:\/\/oponixo.shop\/tire\/wp-json\/wp\/v2\/product_brand?post=16941"},{"taxonomy":"product_cat","embeddable":true,"href":"https:\/\/oponixo.shop\/tire\/wp-json\/wp\/v2\/product_cat?post=16941"},{"taxonomy":"product_tag","embeddable":true,"href":"https:\/\/oponixo.shop\/tire\/wp-json\/wp\/v2\/product_tag?post=16941"}],"curies":[{"name":"wp","href":"https:\/\/api.w.org\/{rel}","templated":true}]}}