{"id":17085,"date":"2026-01-17T18:39:12","date_gmt":"2026-01-17T17:39:12","guid":{"rendered":"https:\/\/oponyonline.shop\/xef5\/produkt\/4x-bridgestone-blizzak-lm-25-245-50r17-99h-z510a\/"},"modified":"2026-01-17T18:39:12","modified_gmt":"2026-01-17T17:39:12","slug":"4x-bridgestone-blizzak-lm-25-245-50r17-99h-z510a","status":"publish","type":"product","link":"https:\/\/oponixo.shop\/tire\/produkt\/4x-bridgestone-blizzak-lm-25-245-50r17-99h-z510a\/","title":{"rendered":"4x Bridgestone Blizzak LM-25 245\/50R17 99H Z510A"},"content":{"rendered":"<div style=\"font-family: Arial, sans-serif; line-height: 1.6; color: #333; padding: 20px; clear: both; display: block; width: 100%; float: none; position: static; overflow: hidden;\">\n<div style=\"clear: both; display: block; margin: 10px 0;\">\n<div style=\"clear: both; display: block; margin: 10px 0;\">\n<div style=\"clear: both; display: block; margin: 10px 0;\">\n<h1>Bridgestone Blizzak LM-25<\/h1>\n<p style=\"margin: 15px 0; line-height: 1.8; clear: both; display: block; width: 100%; float: none; position: static;\">SZEROKO\u015a\u0106 OPONY &#8211; <b>245<\/b><\/p>\n<p style=\"margin: 15px 0; line-height: 1.8; clear: both; display: block; width: 100%; float: none; position: static;\">WYSOKO\u015a\u0106 OPONY &#8211; <b>50<\/b><\/p>\n<p style=\"margin: 15px 0; line-height: 1.8; clear: both; display: block; width: 100%; float: none; position: static;\">\u015aREDNICA &#8211; 17<\/p>\n<p style=\"margin: 15px 0; line-height: 1.8; clear: both; display: block; width: 100%; float: none; position: static;\">ROCZNIK &#8211; <b>2020<\/b><\/p>\n<p style=\"margin: 15px 0; line-height: 1.8; clear: both; display: block; width: 100%; float: none; position: static;\">HOMOLOGACJA &#8211;<b> * (BMW)<\/b><\/p>\n<p style=\"margin: 15px 0; line-height: 1.8; clear: both; display: block; width: 100%; float: none; position: static;\">MAGAZYN &#8211; <b>Z510A<\/b><\/p>\n<\/div>\n<\/div>\n<div style=\"clear: both; display: block; margin: 10px 0;\">\n<div style=\"clear: both; display: block; margin: 10px 0;\">\n<div  style=\"max-width:517px;max-height:1024px\">\n<div style=\"clear: both; display: block; margin: 10px 0;\">\n<div style=\"clear: both; width: 100%; display: block; margin: 20px 0; padding: 0; float: none; position: static; text-align: center;\"><img decoding=\"async\"  src=\"https:\/\/a.allegroimg.com\/original\/112d4f\/c2eb3d7d4115813924dbf3564c36\/4x-Bridgestone-Blizzak-LM-25-245-50R17-99H-Z510A-Liczba-opon-w-ofercie-Komplet-4-szt\" srcset=\"https:\/\/a.allegroimg.com\/original\/112d4f\/c2eb3d7d4115813924dbf3564c36\/4x-Bridgestone-Blizzak-LM-25-245-50R17-99H-Z510A-Liczba-opon-w-ofercie-Komplet-4-szt 181w,https:\/\/a.allegroimg.com\/original\/112d4f\/c2eb3d7d4115813924dbf3564c36\/4x-Bridgestone-Blizzak-LM-25-245-50R17-99H-Z510A-Liczba-opon-w-ofercie-Komplet-4-szt 363w,https:\/\/a.allegroimg.com\/original\/112d4f\/c2eb3d7d4115813924dbf3564c36\/4x-Bridgestone-Blizzak-LM-25-245-50R17-99H-Z510A-Liczba-opon-w-ofercie-Komplet-4-szt 517w,https:\/\/a.allegroimg.com\/original\/112d4f\/c2eb3d7d4115813924dbf3564c36\/4x-Bridgestone-Blizzak-LM-25-245-50R17-99H-Z510A-Liczba-opon-w-ofercie-Komplet-4-szt 517w\" sizes=\"(min-width: 1200px) 560px, (min-width: 992px) 50vw, 100vw\" width=\"517px\" alt=\"4x Bridgestone Blizzak LM-25 245\/50R17 99H Z510A Liczba opon w ofercie Komplet 4 szt.\" style=\"max-width: 100%; height: auto; display: block; margin: 0 auto;\"><\/div>\n<\/div>\n<\/div>\n<\/div>\n<\/div>\n<\/div>\n<div style=\"clear: both; display: block; margin: 10px 0;\">\n<div style=\"clear: both; display: block; margin: 10px 0;\">\n<div style=\"clear: both; display: block; margin: 10px 0;\">\n<div  style=\"max-width:1440px;max-height:177px\">\n<div style=\"clear: both; display: block; margin: 10px 0;\">\n<div style=\"clear: both; width: 100%; display: block; margin: 20px 0; padding: 0; float: none; position: static; text-align: center;\"><img decoding=\"async\"  src=\"https:\/\/a.allegroimg.com\/original\/11df69\/4ce061cc4a37a790e6d00f3a1705\/4x-Bridgestone-Blizzak-LM-25-245-50R17-99H-Z510A-Indeks-predkosci-H-do-210-km-h\" srcset=\"https:\/\/a.allegroimg.com\/original\/11df69\/4ce061cc4a37a790e6d00f3a1705\/4x-Bridgestone-Blizzak-LM-25-245-50R17-99H-Z510A-Indeks-predkosci-H-do-210-km-h 360w,https:\/\/a.allegroimg.com\/original\/11df69\/4ce061cc4a37a790e6d00f3a1705\/4x-Bridgestone-Blizzak-LM-25-245-50R17-99H-Z510A-Indeks-predkosci-H-do-210-km-h 720w,https:\/\/a.allegroimg.com\/original\/11df69\/4ce061cc4a37a790e6d00f3a1705\/4x-Bridgestone-Blizzak-LM-25-245-50R17-99H-Z510A-Indeks-predkosci-H-do-210-km-h 1024w,https:\/\/a.allegroimg.com\/original\/11df69\/4ce061cc4a37a790e6d00f3a1705\/4x-Bridgestone-Blizzak-LM-25-245-50R17-99H-Z510A-Indeks-predkosci-H-do-210-km-h 1440w,https:\/\/a.allegroimg.com\/original\/11df69\/4ce061cc4a37a790e6d00f3a1705\/4x-Bridgestone-Blizzak-LM-25-245-50R17-99H-Z510A-Indeks-predkosci-H-do-210-km-h 1440w\" sizes=\"100vw\" width=\"1440px\" alt=\"4x Bridgestone Blizzak LM-25 245\/50R17 99H Z510A Indeks pr\u0119dko\u015bci H do 210 km\/h\" style=\"max-width: 100%; height: auto; display: block; margin: 0 auto;\"><\/div>\n<\/div>\n<\/div>\n<\/div>\n<\/div>\n<\/div>\n<div style=\"clear: both; display: block; margin: 10px 0;\">\n<div style=\"clear: both; display: block; margin: 10px 0;\">\n<div style=\"clear: both; display: block; margin: 10px 0;\">\n<p style=\"margin: 15px 0; line-height: 1.8; clear: both; display: block; width: 100%; float: none; position: static;\">Bridgestone Blizzak LM25 to opona zimowa przeznaczona do u\u017cytkowania w samochodach osobowych o du\u017cej mocy silnika. Ogumienie zalicza si\u0119 do segmentu premium. Zastosowano w nim najbardziej zaawansowane rozwi\u0105zania, kt\u00f3re przyczyniaj\u0105 si\u0119 do poprawy bezpiecze\u0144stwa i komfortu jazdy.<\/p>\n<p style=\"margin: 15px 0; line-height: 1.8; clear: both; display: block; width: 100%; float: none; position: static;\">Opona zosta\u0142a wyposa\u017cona w kierunkowy bie\u017cnik w kszta\u0142cie litery V. To rozwi\u0105zanie, w po\u0142\u0105czeniu z szerokimi rowkami obwodowymi, zapewnia skuteczne odprowadzanie wody oraz b\u0142ota po\u015bniegowego minimalizuj\u0105c prawdopodobie\u0144stwo wyst\u0105pienia zjawiska aquaplaningu.<\/p>\n<p style=\"margin: 15px 0; line-height: 1.8; clear: both; display: block; width: 100%; float: none; position: static;\">Model posiada wzmocnion\u0105 konstrukcj\u0119 \u2013 jest bardzo odporny na uszkodzenia mechaniczne. Nowoczesna mieszanka gumowa z dodatkiem sylikonu gwarantuje doskona\u0142\u0105 przyczepno\u015b\u0107 i mniejsze zu\u017cycie bie\u017cnika. Niewielka masa w\u0142asna opony przek\u0142ada si\u0119 na ni\u017csze opory toczenia redukuj\u0105c zu\u017cycie paliwa i poziom ha\u0142asu na zewn\u0105trz oraz wewn\u0105trz pojazdu.<\/p>\n<p style=\"margin: 15px 0; line-height: 1.8; clear: both; display: block; width: 100%; float: none; position: static;\">Bridgestone Blizzak LM25 to doskona\u0142y wyb\u00f3r dla wymagaj\u0105cych kierowc\u00f3w ceni\u0105cych bezpiecze\u0144stwo oraz optymalne osi\u0105gi i w\u0142a\u015bciwo\u015bci jezdne w ka\u017cdych warunkach pogodowych.<\/p>\n<\/div>\n<\/div>\n<\/div>\n<div style=\"clear: both; display: block; margin: 10px 0;\">\n<div style=\"clear: both; display: block; margin: 10px 0;\">\n<div style=\"clear: both; display: block; margin: 10px 0;\">\n<div  style=\"max-width:762px;max-height:1440px\">\n<div style=\"clear: both; display: block; margin: 10px 0;\">\n<div style=\"clear: both; width: 100%; display: block; margin: 20px 0; padding: 0; float: none; position: static; text-align: center;\"><img decoding=\"async\"  src=\"https:\/\/a.allegroimg.com\/original\/1101b1\/fe71ac7e4a6291896045d245bc2d\/4x-Bridgestone-Blizzak-LM-25-245-50R17-99H-Z510A-Kod-producenta-79077\" srcset=\"https:\/\/a.allegroimg.com\/original\/1101b1\/fe71ac7e4a6291896045d245bc2d\/4x-Bridgestone-Blizzak-LM-25-245-50R17-99H-Z510A-Kod-producenta-79077 190w,https:\/\/a.allegroimg.com\/original\/1101b1\/fe71ac7e4a6291896045d245bc2d\/4x-Bridgestone-Blizzak-LM-25-245-50R17-99H-Z510A-Kod-producenta-79077 381w,https:\/\/a.allegroimg.com\/original\/1101b1\/fe71ac7e4a6291896045d245bc2d\/4x-Bridgestone-Blizzak-LM-25-245-50R17-99H-Z510A-Kod-producenta-79077 541w,https:\/\/a.allegroimg.com\/original\/1101b1\/fe71ac7e4a6291896045d245bc2d\/4x-Bridgestone-Blizzak-LM-25-245-50R17-99H-Z510A-Kod-producenta-79077 762w,https:\/\/a.allegroimg.com\/original\/1101b1\/fe71ac7e4a6291896045d245bc2d\/4x-Bridgestone-Blizzak-LM-25-245-50R17-99H-Z510A-Kod-producenta-79077 762w\" sizes=\"(min-width: 1200px) 560px, (min-width: 992px) 50vw, 100vw\" width=\"762px\" alt=\"4x Bridgestone Blizzak LM-25 245\/50R17 99H Z510A Kod producenta 79077\" style=\"max-width: 100%; height: auto; display: block; margin: 0 auto;\"><\/div>\n<\/div>\n<\/div>\n<\/div>\n<\/div>\n<div style=\"clear: both; display: block; margin: 10px 0;\">\n<div style=\"clear: both; display: block; margin: 10px 0;\">\n<div  style=\"max-width:656px;max-height:1024px\">\n<div style=\"clear: both; display: block; margin: 10px 0;\">\n<div style=\"clear: both; width: 100%; display: block; margin: 20px 0; padding: 0; float: none; position: static; text-align: center;\"><img decoding=\"async\"  src=\"https:\/\/a.allegroimg.com\/original\/11f417\/a1a7839e413fbf51dd718c8e422e\/4x-Bridgestone-Blizzak-LM-25-245-50R17-99H-Z510A-Marka-Bridgestone\" srcset=\"https:\/\/a.allegroimg.com\/original\/11f417\/a1a7839e413fbf51dd718c8e422e\/4x-Bridgestone-Blizzak-LM-25-245-50R17-99H-Z510A-Marka-Bridgestone 230w,https:\/\/a.allegroimg.com\/original\/11f417\/a1a7839e413fbf51dd718c8e422e\/4x-Bridgestone-Blizzak-LM-25-245-50R17-99H-Z510A-Marka-Bridgestone 461w,https:\/\/a.allegroimg.com\/original\/11f417\/a1a7839e413fbf51dd718c8e422e\/4x-Bridgestone-Blizzak-LM-25-245-50R17-99H-Z510A-Marka-Bridgestone 656w,https:\/\/a.allegroimg.com\/original\/11f417\/a1a7839e413fbf51dd718c8e422e\/4x-Bridgestone-Blizzak-LM-25-245-50R17-99H-Z510A-Marka-Bridgestone 656w\" sizes=\"(min-width: 1200px) 560px, (min-width: 992px) 50vw, 100vw\" width=\"656px\" alt=\"4x Bridgestone Blizzak LM-25 245\/50R17 99H Z510A Marka Bridgestone\" style=\"max-width: 100%; height: auto; display: block; margin: 0 auto;\"><\/div>\n<\/div>\n<\/div>\n<\/div>\n<\/div>\n<\/div>\n<div style=\"clear: both; display: block; margin: 10px 0;\">\n<div style=\"clear: both; display: block; margin: 10px 0;\">\n<div style=\"clear: both; display: block; margin: 10px 0;\">\n<div  style=\"max-width:1440px;max-height:1079px\">\n<div style=\"clear: both; display: block; margin: 10px 0;\">\n<div style=\"clear: both; width: 100%; display: block; margin: 20px 0; padding: 0; float: none; position: static; text-align: center;\"><img decoding=\"async\"  src=\"https:\/\/a.allegroimg.com\/original\/110b71\/35029090416da5f83f55ab5e57a2\/4x-Bridgestone-Blizzak-LM-25-245-50R17-99H-Z510A-Model-Blizzak-LM-25\" srcset=\"https:\/\/a.allegroimg.com\/original\/110b71\/35029090416da5f83f55ab5e57a2\/4x-Bridgestone-Blizzak-LM-25-245-50R17-99H-Z510A-Model-Blizzak-LM-25 360w,https:\/\/a.allegroimg.com\/original\/110b71\/35029090416da5f83f55ab5e57a2\/4x-Bridgestone-Blizzak-LM-25-245-50R17-99H-Z510A-Model-Blizzak-LM-25 720w,https:\/\/a.allegroimg.com\/original\/110b71\/35029090416da5f83f55ab5e57a2\/4x-Bridgestone-Blizzak-LM-25-245-50R17-99H-Z510A-Model-Blizzak-LM-25 1024w,https:\/\/a.allegroimg.com\/original\/110b71\/35029090416da5f83f55ab5e57a2\/4x-Bridgestone-Blizzak-LM-25-245-50R17-99H-Z510A-Model-Blizzak-LM-25 1440w,https:\/\/a.allegroimg.com\/original\/110b71\/35029090416da5f83f55ab5e57a2\/4x-Bridgestone-Blizzak-LM-25-245-50R17-99H-Z510A-Model-Blizzak-LM-25 1440w\" sizes=\"(min-width: 1200px) 560px, (min-width: 992px) 50vw, 100vw\" width=\"1440px\" alt=\"4x Bridgestone Blizzak LM-25 245\/50R17 99H Z510A Model Blizzak LM-25\" style=\"max-width: 100%; height: auto; display: block; margin: 0 auto;\"><\/div>\n<\/div>\n<\/div>\n<\/div>\n<\/div>\n<div style=\"clear: both; display: block; margin: 10px 0;\">\n<div style=\"clear: both; display: block; margin: 10px 0;\">\n<div  style=\"max-width:720px;max-height:475px\">\n<div style=\"clear: both; display: block; margin: 10px 0;\">\n<div style=\"clear: both; width: 100%; display: block; margin: 20px 0; padding: 0; float: none; position: static; text-align: center;\"><img decoding=\"async\"  src=\"https:\/\/a.allegroimg.com\/original\/1105d6\/ef1dabe54f04b36627644c933f10\/4x-Bridgestone-Blizzak-LM-25-245-50R17-99H-Z510A-Klasa-premium\" srcset=\"https:\/\/a.allegroimg.com\/original\/1105d6\/ef1dabe54f04b36627644c933f10\/4x-Bridgestone-Blizzak-LM-25-245-50R17-99H-Z510A-Klasa-premium 360w,https:\/\/a.allegroimg.com\/original\/1105d6\/ef1dabe54f04b36627644c933f10\/4x-Bridgestone-Blizzak-LM-25-245-50R17-99H-Z510A-Klasa-premium 720w,https:\/\/a.allegroimg.com\/original\/1105d6\/ef1dabe54f04b36627644c933f10\/4x-Bridgestone-Blizzak-LM-25-245-50R17-99H-Z510A-Klasa-premium 720w\" sizes=\"(min-width: 1200px) 560px, (min-width: 992px) 50vw, 100vw\" width=\"720px\" alt=\"4x Bridgestone Blizzak LM-25 245\/50R17 99H Z510A Klasa premium\" style=\"max-width: 100%; height: auto; display: block; margin: 0 auto;\"><\/div>\n<\/div>\n<\/div>\n<\/div>\n<\/div>\n<\/div>\n<div style=\"clear: both; display: block; margin: 10px 0;\">\n<div style=\"clear: both; display: block; margin: 10px 0;\">\n<div style=\"clear: both; display: block; margin: 10px 0;\">\n<div  style=\"max-width:720px;max-height:453px\">\n<div style=\"clear: both; display: block; margin: 10px 0;\">\n<div style=\"clear: both; width: 100%; display: block; margin: 20px 0; padding: 0; float: none; position: static; text-align: center;\"><img decoding=\"async\"  src=\"https:\/\/a.allegroimg.com\/original\/1127b3\/1090388e4e2d917ac41b987f2785\/4x-Bridgestone-Blizzak-LM-25-245-50R17-99H-Z510A-Szerokosc-opony-245-mm\" srcset=\"https:\/\/a.allegroimg.com\/original\/1127b3\/1090388e4e2d917ac41b987f2785\/4x-Bridgestone-Blizzak-LM-25-245-50R17-99H-Z510A-Szerokosc-opony-245-mm 360w,https:\/\/a.allegroimg.com\/original\/1127b3\/1090388e4e2d917ac41b987f2785\/4x-Bridgestone-Blizzak-LM-25-245-50R17-99H-Z510A-Szerokosc-opony-245-mm 720w,https:\/\/a.allegroimg.com\/original\/1127b3\/1090388e4e2d917ac41b987f2785\/4x-Bridgestone-Blizzak-LM-25-245-50R17-99H-Z510A-Szerokosc-opony-245-mm 720w\" sizes=\"(min-width: 1200px) 560px, (min-width: 992px) 50vw, 100vw\" width=\"720px\" alt=\"4x Bridgestone Blizzak LM-25 245\/50R17 99H Z510A Szeroko\u015b\u0107 opony 245 mm\" style=\"max-width: 100%; height: auto; display: block; margin: 0 auto;\"><\/div>\n<\/div>\n<\/div>\n<\/div>\n<\/div>\n<div style=\"clear: both; display: block; margin: 10px 0;\">\n<div style=\"clear: both; display: block; margin: 10px 0;\">\n<div  style=\"max-width:720px;max-height:536px\">\n<div style=\"clear: both; display: block; margin: 10px 0;\">\n<div style=\"clear: both; width: 100%; display: block; margin: 20px 0; padding: 0; float: none; position: static; text-align: center;\"><img decoding=\"async\"  src=\"https:\/\/a.allegroimg.com\/original\/11b987\/d1538ab54ef9a53b11d0d0d16f9c\/4x-Bridgestone-Blizzak-LM-25-245-50R17-99H-Z510A-Profil-opony-50\" srcset=\"https:\/\/a.allegroimg.com\/original\/11b987\/d1538ab54ef9a53b11d0d0d16f9c\/4x-Bridgestone-Blizzak-LM-25-245-50R17-99H-Z510A-Profil-opony-50 360w,https:\/\/a.allegroimg.com\/original\/11b987\/d1538ab54ef9a53b11d0d0d16f9c\/4x-Bridgestone-Blizzak-LM-25-245-50R17-99H-Z510A-Profil-opony-50 720w,https:\/\/a.allegroimg.com\/original\/11b987\/d1538ab54ef9a53b11d0d0d16f9c\/4x-Bridgestone-Blizzak-LM-25-245-50R17-99H-Z510A-Profil-opony-50 720w\" sizes=\"(min-width: 1200px) 560px, (min-width: 992px) 50vw, 100vw\" width=\"720px\" alt=\"4x Bridgestone Blizzak LM-25 245\/50R17 99H Z510A Profil opony 50\" style=\"max-width: 100%; height: auto; display: block; margin: 0 auto;\"><\/div>\n<\/div>\n<\/div>\n<\/div>\n<\/div>\n<\/div>\n<div style=\"clear: both; display: block; margin: 10px 0;\">\n<div style=\"clear: both; display: block; margin: 10px 0;\">\n<div style=\"clear: both; display: block; margin: 10px 0;\">\n<div  style=\"max-width:1440px;max-height:582px\">\n<div style=\"clear: both; display: block; margin: 10px 0;\">\n<div style=\"clear: both; width: 100%; display: block; margin: 20px 0; padding: 0; float: none; position: static; text-align: center;\"><img decoding=\"async\"  src=\"https:\/\/a.allegroimg.com\/original\/11a7c6\/7ec1da7145bd84a70d28ed2792ce\/4x-Bridgestone-Blizzak-LM-25-245-50R17-99H-Z510A-Srednica-17\" srcset=\"https:\/\/a.allegroimg.com\/original\/11a7c6\/7ec1da7145bd84a70d28ed2792ce\/4x-Bridgestone-Blizzak-LM-25-245-50R17-99H-Z510A-Srednica-17 360w,https:\/\/a.allegroimg.com\/original\/11a7c6\/7ec1da7145bd84a70d28ed2792ce\/4x-Bridgestone-Blizzak-LM-25-245-50R17-99H-Z510A-Srednica-17 720w,https:\/\/a.allegroimg.com\/original\/11a7c6\/7ec1da7145bd84a70d28ed2792ce\/4x-Bridgestone-Blizzak-LM-25-245-50R17-99H-Z510A-Srednica-17 1024w,https:\/\/a.allegroimg.com\/original\/11a7c6\/7ec1da7145bd84a70d28ed2792ce\/4x-Bridgestone-Blizzak-LM-25-245-50R17-99H-Z510A-Srednica-17 1440w,https:\/\/a.allegroimg.com\/original\/11a7c6\/7ec1da7145bd84a70d28ed2792ce\/4x-Bridgestone-Blizzak-LM-25-245-50R17-99H-Z510A-Srednica-17 1440w\" sizes=\"(min-width: 1200px) 560px, (min-width: 992px) 50vw, 100vw\" width=\"1440px\" alt=\"4x Bridgestone Blizzak LM-25 245\/50R17 99H Z510A \u015arednica 17&quot;\" style=\"max-width: 100%; height: auto; display: block; margin: 0 auto;\"><\/div>\n<\/div>\n<\/div>\n<\/div>\n<\/div>\n<div style=\"clear: both; display: block; margin: 10px 0;\">\n<div style=\"clear: both; display: block; margin: 10px 0;\">\n<div  style=\"max-width:720px;max-height:233px\">\n<div style=\"clear: both; display: block; margin: 10px 0;\">\n<div style=\"clear: both; width: 100%; display: block; margin: 20px 0; padding: 0; float: none; position: static; text-align: center;\"><img decoding=\"async\"  src=\"https:\/\/a.allegroimg.com\/original\/1171dd\/d56f2fee438fa6be9e0f4550312d\/4x-Bridgestone-Blizzak-LM-25-245-50R17-99H-Z510A-Kod-EPREL-382593\" srcset=\"https:\/\/a.allegroimg.com\/original\/1171dd\/d56f2fee438fa6be9e0f4550312d\/4x-Bridgestone-Blizzak-LM-25-245-50R17-99H-Z510A-Kod-EPREL-382593 360w,https:\/\/a.allegroimg.com\/original\/1171dd\/d56f2fee438fa6be9e0f4550312d\/4x-Bridgestone-Blizzak-LM-25-245-50R17-99H-Z510A-Kod-EPREL-382593 720w,https:\/\/a.allegroimg.com\/original\/1171dd\/d56f2fee438fa6be9e0f4550312d\/4x-Bridgestone-Blizzak-LM-25-245-50R17-99H-Z510A-Kod-EPREL-382593 720w\" sizes=\"(min-width: 1200px) 560px, (min-width: 992px) 50vw, 100vw\" width=\"720px\" alt=\"4x Bridgestone Blizzak LM-25 245\/50R17 99H Z510A Kod EPREL 382593\" style=\"max-width: 100%; height: auto; display: block; margin: 0 auto;\"><\/div>\n<\/div>\n<\/div>\n<\/div>\n<\/div>\n<\/div>\n<div style=\"clear: both; display: block; margin: 10px 0;\">\n<div style=\"clear: both; display: block; margin: 10px 0;\">\n<div style=\"clear: both; display: block; margin: 10px 0;\">\n<div  style=\"max-width:1440px;max-height:177px\">\n<div style=\"clear: both; display: block; margin: 10px 0;\">\n<div style=\"clear: both; width: 100%; display: block; margin: 20px 0; padding: 0; float: none; position: static; text-align: center;\"><img decoding=\"async\"  src=\"https:\/\/a.allegroimg.com\/original\/11df69\/4ce061cc4a37a790e6d00f3a1705\/4x-Bridgestone-Blizzak-LM-25-245-50R17-99H-Z510A-Indeks-predkosci-H-do-210-km-h\" srcset=\"https:\/\/a.allegroimg.com\/original\/11df69\/4ce061cc4a37a790e6d00f3a1705\/4x-Bridgestone-Blizzak-LM-25-245-50R17-99H-Z510A-Indeks-predkosci-H-do-210-km-h 360w,https:\/\/a.allegroimg.com\/original\/11df69\/4ce061cc4a37a790e6d00f3a1705\/4x-Bridgestone-Blizzak-LM-25-245-50R17-99H-Z510A-Indeks-predkosci-H-do-210-km-h 720w,https:\/\/a.allegroimg.com\/original\/11df69\/4ce061cc4a37a790e6d00f3a1705\/4x-Bridgestone-Blizzak-LM-25-245-50R17-99H-Z510A-Indeks-predkosci-H-do-210-km-h 1024w,https:\/\/a.allegroimg.com\/original\/11df69\/4ce061cc4a37a790e6d00f3a1705\/4x-Bridgestone-Blizzak-LM-25-245-50R17-99H-Z510A-Indeks-predkosci-H-do-210-km-h 1440w,https:\/\/a.allegroimg.com\/original\/11df69\/4ce061cc4a37a790e6d00f3a1705\/4x-Bridgestone-Blizzak-LM-25-245-50R17-99H-Z510A-Indeks-predkosci-H-do-210-km-h 1440w\" sizes=\"100vw\" width=\"1440px\" alt=\"4x Bridgestone Blizzak LM-25 245\/50R17 99H Z510A Indeks pr\u0119dko\u015bci H do 210 km\/h\" style=\"max-width: 100%; height: auto; display: block; margin: 0 auto;\"><\/div>\n<\/div>\n<\/div>\n<\/div>\n<\/div>\n<\/div>\n<\/div>\n<\/div>\n<\/div>\n<div style=\"clear: both; display: block; margin: 10px 0;\">\n","protected":false},"excerpt":{"rendered":"<p>Bridgestone Blizzak LM-25<\/p>\n<p>SZEROKO\u015a\u0106 OPONY &#8211; 245<\/p>\n<p>WYSOKO\u015a\u0106 OPONY &#8211; 50<\/p>\n<p>\u015aREDNICA &#8211; 17<\/p>\n<p>ROCZNIK &#8211; 2020<\/p>\n<p>HOMOLOGACJA &#8211; * (BMW)<\/p>\n<p>MAGAZYN &#8211; Z510A<\/p>\n<p>Bridgestone Blizzak LM25 to opona zimowa przeznaczona do u\u017cytkowania w samochodach osobowych o du\u017cej mocy silnika. Ogumienie zalicza si\u0119 do segmentu premium. Zastosowano w nim najbardziej zaawansowane rozwi\u0105zania, kt\u00f3re przyczyniaj\u0105 si\u0119 do poprawy bezpiecze\u0144stwa i komfortu jazdy.<\/p>\n","protected":false},"featured_media":17086,"template":"","meta":{"_uag_custom_page_level_css":""},"product_brand":[397],"product_cat":[414,413,412,415],"product_tag":[],"class_list":{"0":"post-17085","1":"product","2":"type-product","3":"status-publish","4":"has-post-thumbnail","6":"product_brand-bridgestone","7":"product_cat-do-samochodow-osobowych-i-suv","8":"product_cat-opony","9":"product_cat-opony-i-felgi","10":"product_cat-zimowe","12":"first","13":"instock","14":"shipping-taxable","15":"purchasable","16":"product-type-simple"},"uagb_featured_image_src":{"full":["https:\/\/oponixo.shop\/tire\/wp-content\/uploads\/2026\/01\/allegro-image-17085.jpg",355,703,false],"thumbnail":["https:\/\/oponixo.shop\/tire\/wp-content\/uploads\/2026\/01\/allegro-image-17085-150x150.jpg",150,150,true],"medium":["https:\/\/oponixo.shop\/tire\/wp-content\/uploads\/2026\/01\/allegro-image-17085-151x300.jpg",151,300,true],"medium_large":["https:\/\/oponixo.shop\/tire\/wp-content\/uploads\/2026\/01\/allegro-image-17085.jpg",355,703,false],"large":["https:\/\/oponixo.shop\/tire\/wp-content\/uploads\/2026\/01\/allegro-image-17085.jpg",355,703,false],"1536x1536":["https:\/\/oponixo.shop\/tire\/wp-content\/uploads\/2026\/01\/allegro-image-17085.jpg",355,703,false],"2048x2048":["https:\/\/oponixo.shop\/tire\/wp-content\/uploads\/2026\/01\/allegro-image-17085.jpg",355,703,false],"woocommerce_thumbnail":["https:\/\/oponixo.shop\/tire\/wp-content\/uploads\/2026\/01\/allegro-image-17085-300x300.jpg",300,300,true],"woocommerce_single":["https:\/\/oponixo.shop\/tire\/wp-content\/uploads\/2026\/01\/allegro-image-17085.jpg",355,703,false],"woocommerce_gallery_thumbnail":["https:\/\/oponixo.shop\/tire\/wp-content\/uploads\/2026\/01\/allegro-image-17085-100x100.jpg",100,100,true]},"uagb_author_info":{"display_name":"admin","author_link":"https:\/\/oponixo.shop\/tire\/author\/"},"uagb_comment_info":0,"uagb_excerpt":"Bridgestone Blizzak LM-25 SZEROKO\u015a\u0106 OPONY - 245 WYSOKO\u015a\u0106 OPONY - 50 \u015aREDNICA - 17 ROCZNIK - 2020 HOMOLOGACJA - * (BMW) MAGAZYN - Z510A Bridgestone Blizzak LM25 to opona zimowa przeznaczona do u\u017cytkowania w samochodach osobowych o du\u017cej mocy silnika. Ogumienie zalicza si\u0119 do segmentu premium. Zastosowano w nim najbardziej zaawansowane rozwi\u0105zania, kt\u00f3re przyczyniaj\u0105 si\u0119&hellip;","_links":{"self":[{"href":"https:\/\/oponixo.shop\/tire\/wp-json\/wp\/v2\/product\/17085","targetHints":{"allow":["GET"]}}],"collection":[{"href":"https:\/\/oponixo.shop\/tire\/wp-json\/wp\/v2\/product"}],"about":[{"href":"https:\/\/oponixo.shop\/tire\/wp-json\/wp\/v2\/types\/product"}],"wp:featuredmedia":[{"embeddable":true,"href":"https:\/\/oponixo.shop\/tire\/wp-json\/wp\/v2\/media\/17086"}],"wp:attachment":[{"href":"https:\/\/oponixo.shop\/tire\/wp-json\/wp\/v2\/media?parent=17085"}],"wp:term":[{"taxonomy":"product_brand","embeddable":true,"href":"https:\/\/oponixo.shop\/tire\/wp-json\/wp\/v2\/product_brand?post=17085"},{"taxonomy":"product_cat","embeddable":true,"href":"https:\/\/oponixo.shop\/tire\/wp-json\/wp\/v2\/product_cat?post=17085"},{"taxonomy":"product_tag","embeddable":true,"href":"https:\/\/oponixo.shop\/tire\/wp-json\/wp\/v2\/product_tag?post=17085"}],"curies":[{"name":"wp","href":"https:\/\/api.w.org\/{rel}","templated":true}]}}