{"id":17124,"date":"2026-01-17T20:37:24","date_gmt":"2026-01-17T19:37:24","guid":{"rendered":"https:\/\/oponyonline.shop\/xef5\/produkt\/2x-bfgoodrich-mud-terrain-t-a-km3-245-75r16-120-116q-por-2022-r\/"},"modified":"2026-01-17T20:37:24","modified_gmt":"2026-01-17T19:37:24","slug":"2x-bfgoodrich-mud-terrain-t-a-km3-245-75r16-120-116q-por-2022-r","status":"publish","type":"product","link":"https:\/\/oponixo.shop\/tire\/produkt\/2x-bfgoodrich-mud-terrain-t-a-km3-245-75r16-120-116q-por-2022-r\/","title":{"rendered":"2x BFGOODRICH Mud Terrain T\/A KM3 245\/75R16 120\/116Q POR 2022 r"},"content":{"rendered":"<div style=\"font-family: Arial, sans-serif; line-height: 1.6; color: #333; padding: 20px; clear: both; display: block; width: 100%; float: none; position: static; overflow: hidden;\">\n<div style=\"clear: both; display: block; margin: 10px 0;\">\n<div style=\"clear: both; display: block; margin: 10px 0;\">\n<div style=\"clear: both; display: block; margin: 10px 0;\">\n<h1>Rok produkcji: 2022<\/h1>\n<p style=\"margin: 15px 0; line-height: 1.8; clear: both; display: block; width: 100%; float: none; position: static;\">Jeste\u015bmy ekspertami od opon i wraz z Producentem gwarantujemy, \u017ce wybieraj\u0105c model z wcze\u015bniejsz\u0105 dat\u0105 produkcji, otrzymujesz pe\u0142nowarto\u015bciowy produkt. Dbamy o Twoje bezpiecze\u0144stwo &#8211; nasze opony s\u0105 przechowywane w idealnych warunkach.<\/p>\n<\/div>\n<\/div>\n<\/div>\n<div style=\"clear: both; display: block; margin: 10px 0;\">\n<div style=\"clear: both; display: block; margin: 10px 0;\">\n<div style=\"clear: both; display: block; margin: 10px 0;\">\n<div  style=\"max-width:1200px;max-height:1126px\">\n<div style=\"clear: both; display: block; margin: 10px 0;\">\n<div style=\"clear: both; width: 100%; display: block; margin: 20px 0; padding: 0; float: none; position: static; text-align: center;\"><img decoding=\"async\"  src=\"https:\/\/a.allegroimg.com\/original\/11e7b2\/c96be6a94379b0819188d801f29c\/2x-BFGOODRICH-Mud-Terrain-T-A-KM3-245-75R16-120-116Q-POR-2022-r\" srcset=\"https:\/\/a.allegroimg.com\/original\/11e7b2\/c96be6a94379b0819188d801f29c\/2x-BFGOODRICH-Mud-Terrain-T-A-KM3-245-75R16-120-116Q-POR-2022-r 360w,https:\/\/a.allegroimg.com\/original\/11e7b2\/c96be6a94379b0819188d801f29c\/2x-BFGOODRICH-Mud-Terrain-T-A-KM3-245-75R16-120-116Q-POR-2022-r 720w,https:\/\/a.allegroimg.com\/original\/11e7b2\/c96be6a94379b0819188d801f29c\/2x-BFGOODRICH-Mud-Terrain-T-A-KM3-245-75R16-120-116Q-POR-2022-r 1024w,https:\/\/a.allegroimg.com\/original\/11e7b2\/c96be6a94379b0819188d801f29c\/2x-BFGOODRICH-Mud-Terrain-T-A-KM3-245-75R16-120-116Q-POR-2022-r 1200w,https:\/\/a.allegroimg.com\/original\/11e7b2\/c96be6a94379b0819188d801f29c\/2x-BFGOODRICH-Mud-Terrain-T-A-KM3-245-75R16-120-116Q-POR-2022-r 1200w\" sizes=\"(min-width: 1200px) 560px, (min-width: 992px) 50vw, 100vw\" width=\"1200px\" alt=\"2x BFGOODRICH Mud Terrain T\/A KM3 245\/75R16 120\/116Q POR 2022 r\" style=\"max-width: 100%; height: auto; display: block; margin: 0 auto;\"><\/div>\n<\/div>\n<\/div>\n<\/div>\n<\/div>\n<div style=\"clear: both; display: block; margin: 10px 0;\">\n<div style=\"clear: both; display: block; margin: 10px 0;\">\n<h1>BFGOODRICH Mud Terrain T\/A KM3 245\/75R16 120\/116Q POR<\/h1>\n<h2>H06TID<\/h2>\n<ul style=\"margin: 15px 0; padding-left: 20px; clear: both; display: block; width: 100%; float: none; position: static;\">\n<li style=\"margin: 5px 0; padding: 2px 0; clear: both; display: list-item; float: none; position: static;\"><b>Data produkcji :<\/b> 2022<\/li>\n<li style=\"margin: 5px 0; padding: 2px 0; clear: both; display: list-item; float: none; position: static;\"><b>Indeks :<\/b> 245\/75R16 LTGR 120Q M3#22<\/li>\n<li style=\"margin: 5px 0; padding: 2px 0; clear: both; display: list-item; float: none; position: static;\"><b>Indeks no\u015bno\u015bci :<\/b> 120\/116<\/li>\n<li style=\"margin: 5px 0; padding: 2px 0; clear: both; display: list-item; float: none; position: static;\"><b>Indeks pr\u0119dko\u015bci :<\/b> Q &#8211; 160 km\/h<\/li>\n<li style=\"margin: 5px 0; padding: 2px 0; clear: both; display: list-item; float: none; position: static;\"><b>Klasa opony :<\/b> \u015brednia<\/li>\n<li style=\"margin: 5px 0; padding: 2px 0; clear: both; display: list-item; float: none; position: static;\"><b>Kod EAN :<\/b> 3528705930967<\/li>\n<li style=\"margin: 5px 0; padding: 2px 0; clear: both; display: list-item; float: none; position: static;\"><b>Kod producenta :<\/b> 593096<\/li>\n<li style=\"margin: 5px 0; padding: 2px 0; clear: both; display: list-item; float: none; position: static;\"><b>Model bie\u017cnika :<\/b> Mud Terrain T\/A KM3<\/li>\n<li style=\"margin: 5px 0; padding: 2px 0; clear: both; display: list-item; float: none; position: static;\"><b>Nazwa produktu :<\/b> BFGOODRICH Mud Terrain T\/A KM3 245\/75R16 120\/116Q POR<\/li>\n<li style=\"margin: 5px 0; padding: 2px 0; clear: both; display: list-item; float: none; position: static;\"><b>opona na dedykowan\u0105 o\u015b :<\/b> Prz\u00f3d\/Ty\u0142<\/li>\n<li style=\"margin: 5px 0; padding: 2px 0; clear: both; display: list-item; float: none; position: static;\"><b>Producent :<\/b> BFGOODRICH<\/li>\n<li style=\"margin: 5px 0; padding: 2px 0; clear: both; display: list-item; float: none; position: static;\"><b>Profil :<\/b> 75<\/li>\n<li style=\"margin: 5px 0; padding: 2px 0; clear: both; display: list-item; float: none; position: static;\"><b>Przeznaczenie :<\/b> samochody osobowe, SUV\/4&#215;4<\/li>\n<li style=\"margin: 5px 0; padding: 2px 0; clear: both; display: list-item; float: none; position: static;\"><b>Sezon :<\/b> letnia<\/li>\n<li style=\"margin: 5px 0; padding: 2px 0; clear: both; display: list-item; float: none; position: static;\"><b>\u015arednica :<\/b> 16&#8243;<\/li>\n<li style=\"margin: 5px 0; padding: 2px 0; clear: both; display: list-item; float: none; position: static;\"><b>Szeroko\u015b\u0107 :<\/b> 245<\/li>\n<li style=\"margin: 5px 0; padding: 2px 0; clear: both; display: list-item; float: none; position: static;\"><b>zastosowana technologia :<\/b> POR<\/li>\n<\/ul>\n<\/div>\n<\/div>\n<\/div>\n<div style=\"clear: both; display: block; margin: 10px 0;\">\n<div style=\"clear: both; display: block; margin: 10px 0;\">\n<div style=\"clear: both; display: block; margin: 10px 0;\">\n<p style=\"margin: 15px 0; line-height: 1.8; clear: both; display: block; width: 100%; float: none; position: static;\"> BFGoodrich Mud Terrain T\/A KM3 &#8211; efekt do\u015bwiadczenia zdobytego na szlaku<\/p>\n<p style=\"margin: 15px 0; line-height: 1.8; clear: both; display: block; width: 100%; float: none; position: static;\"> BFGoodrich Mud Terrain T\/A KM3 to opona letnia nowej generacji, opracowana z my\u015bl\u0105 o u\u017cytkowaniu w ekstremalnych warunkach przez wymagaj\u0105ce samochody terenowe z nap\u0119dem 4&#215;4.<\/p>\n<p style=\"margin: 15px 0; line-height: 1.8; clear: both; display: block; width: 100%; float: none; position: static;\"> Specjalna rze\u017aba bie\u017cnika Terrain-Attack, wyposa\u017cona w masywne klocki, zapewnia dobr\u0105 trakcj\u0119 w b\u0142ocie i grz\u0105skim pod\u0142o\u017cu bez wzgl\u0119du na k\u0105t natarcia, a wypustki wspierajace samooczyszczanie si\u0119 bie\u017cnika, jeszcze skuteczniej eliminuj\u0105c b\u0142oto dla nieprzerwanej przyczepno\u015bci.<\/p>\n<p style=\"margin: 15px 0; line-height: 1.8; clear: both; display: block; width: 100%; float: none; position: static;\"> Zaawansowana technologicznie mieszanka gumy bie\u017cnika Krawl-TEK pozwala zmierzy\u0107 si\u0119 z najtrudniejszym terenem, dzi\u0119ki jeszcze wi\u0119kszej trakcji na ska\u0142ach oraz g\u0142adkich i \u015bliskich nawierzchniach. W sytuacjach przemieszczania si\u0119 z ni\u017cszym ci\u015bnieniem obszary ugi\u0119cia Linear Flex Zone zapewniaj\u0105 lepsze dopasowywanie si\u0119 do nier\u00f3wno\u015bci terenu, dzi\u0119ki czemu opona przylega wi\u0119ksz\u0105 powierzchni\u0105 do napotkanych przeszk\u00f3d.<\/p>\n<p style=\"margin: 15px 0; line-height: 1.8; clear: both; display: block; width: 100%; float: none; position: static;\"> Do\u015bwiadczenie z rajd\u00f3w off-roadowych zaowocowa\u0142o technologi\u0105 CoreGard Max w postaci grubszych element\u00f3w ochronnych oraz specjalistycznej mieszanki bie\u017cnika, charakteryzuj\u0105cej si\u0119 wi\u0119ksz\u0105 odporno\u015bci\u0105 na uszkodzenia mechaniczne od ostrych kraw\u0119dzi. Dodatkowo boki opony oraz klocki barkowe s\u0105 chronione przed rozwarstwianiem si\u0119 i wyrywaniem dzi\u0119ki Traction-Armor Sidewall Sculpture.<\/p>\n<p style=\"margin: 15px 0; line-height: 1.8; clear: both; display: block; width: 100%; float: none; position: static;\"> BFGoodrich Mud Terrain T\/A KM3 to produkt przeznaczony w 80% do jazdy terenowej i w 20% na szos\u0119, dlatego jest to doskona\u0142a propozycja dla pasjonat\u00f3w b\u0142otno-skalnych podr\u00f3\u017cy, kt\u00f3rzy chc\u0105 dotrze\u0107 jeszcze dalej.<\/p>\n<\/div>\n<\/div>\n<div style=\"clear: both; display: block; margin: 10px 0;\">\n<div style=\"clear: both; display: block; margin: 10px 0;\">\n<div  style=\"max-width:886px;max-height:1299px\">\n<div style=\"clear: both; display: block; margin: 10px 0;\">\n<div style=\"clear: both; width: 100%; display: block; margin: 20px 0; padding: 0; float: none; position: static; text-align: center;\"><img decoding=\"async\"  src=\"https:\/\/a.allegroimg.com\/original\/11bd1b\/4f7d478f4d33a4409967e0434fc5\/2x-BFGOODRICH-Mud-Terrain-T-A-KM3-245-75R16-120-116Q-POR-2022-r-Srednica-16\" srcset=\"https:\/\/a.allegroimg.com\/original\/11bd1b\/4f7d478f4d33a4409967e0434fc5\/2x-BFGOODRICH-Mud-Terrain-T-A-KM3-245-75R16-120-116Q-POR-2022-r-Srednica-16 245w,https:\/\/a.allegroimg.com\/original\/11bd1b\/4f7d478f4d33a4409967e0434fc5\/2x-BFGOODRICH-Mud-Terrain-T-A-KM3-245-75R16-120-116Q-POR-2022-r-Srednica-16 491w,https:\/\/a.allegroimg.com\/original\/11bd1b\/4f7d478f4d33a4409967e0434fc5\/2x-BFGOODRICH-Mud-Terrain-T-A-KM3-245-75R16-120-116Q-POR-2022-r-Srednica-16 698w,https:\/\/a.allegroimg.com\/original\/11bd1b\/4f7d478f4d33a4409967e0434fc5\/2x-BFGOODRICH-Mud-Terrain-T-A-KM3-245-75R16-120-116Q-POR-2022-r-Srednica-16 886w,https:\/\/a.allegroimg.com\/original\/11bd1b\/4f7d478f4d33a4409967e0434fc5\/2x-BFGOODRICH-Mud-Terrain-T-A-KM3-245-75R16-120-116Q-POR-2022-r-Srednica-16 886w\" sizes=\"(min-width: 1200px) 560px, (min-width: 992px) 50vw, 100vw\" width=\"886px\" alt=\"2x BFGOODRICH Mud Terrain T\/A KM3 245\/75R16 120\/116Q POR 2022 r \u015arednica 16&quot;\" style=\"max-width: 100%; height: auto; display: block; margin: 0 auto;\"><\/div>\n<\/div>\n<\/div>\n<\/div>\n<\/div>\n<\/div>\n<div style=\"clear: both; display: block; margin: 10px 0;\">\n<div style=\"clear: both; display: block; margin: 10px 0;\">\n<div style=\"clear: both; display: block; margin: 10px 0;\">\n<p style=\"margin: 15px 0; line-height: 1.8; clear: both; display: block; width: 100%; float: none; position: static;\">Wychodz\u0105c naprzeciw oczekiwaniom Klient\u00f3w i chc\u0105c spe\u0142nia\u0107 jak najwy\u017csze standardy obs\u0142ugi dok\u0142adamy wszelkich stara\u0144, aby podawa\u0107 precyzyjn\u0105 dat\u0119 produkcji opony (DOT). Niestety, w wyj\u0105tkowych przypadkach, mo\u017ce zdarzy\u0107 si\u0119, \u017ce opony, kt\u00f3re wy\u015blemy b\u0119d\u0105 mia\u0142y inn\u0105 dat\u0119 produkcji ni\u017c podana. Sytuacja mo\u017ce dotyczy\u0107 zar\u00f3wno opon z DOT-em wcze\u015bniejszym jak i p\u00f3\u017aniejszym. Chcieliby\u015bmy podkre\u015bli\u0107, \u017ce warunki przechowywania opon w naszych magazynach spe\u0142niaj\u0105 Polsk\u0105 Norm\u0119 PN-C-94300-7 dzi\u0119ki czemu nawet opona przechowywana 24 miesi\u0105ce ma parametry takie same jak opona z bie\u017c\u0105cego roku. Warto pami\u0119ta\u0107 tak\u017ce o fakcie, \u017ce w przypadku wielu rozmiar\u00f3w i producent\u00f3w plany produkcyjne fabryk uniemo\u017cliwiaj\u0105 zakup opony z bie\u017c\u0105cego roku.<\/p>\n<p style=\"margin: 15px 0; line-height: 1.8; clear: both; display: block; width: 100%; float: none; position: static;\">Przy zakupie opon pami\u0119taj o sprawdzeniu w instrukcji samochodu lub na w\u0142a\u015bciwej stronie internetowej, jakie ogumienie zaleca producent Twojego auta. \u0179le dobrane opony mog\u0105 negatywnie wp\u0142yn\u0105\u0107 na poziom Twojego bezpiecze\u0144stwa. Kupuj\u0105c opony zwr\u00f3\u0107 uwag\u0119 na rozmiar oraz indeksy no\u015bno\u015bci i pr\u0119dko\u015bci jakie homologowane s\u0105 do Twojego pojazdu.<\/p>\n<p style=\"margin: 15px 0; line-height: 1.8; clear: both; display: block; width: 100%; float: none; position: static;\">Zamieszczone zdj\u0119cia pe\u0142ni\u0105 funkcj\u0119 pogl\u0105dow\u0105. W zale\u017cno\u015bci od szeroko\u015bci opon, mog\u0105 wyst\u0119powa\u0107 niewielkie r\u00f3\u017cnice w wygl\u0105dzie bie\u017cnika (w obr\u0119bie jednego modelu) na przyk\u0142ad w ilo\u015bci rowk\u00f3w obwodowych lub rozmieszczeniu blok\u00f3w bie\u017cnika, co nie stanowi wady produktu.<\/p>\n<p style=\"margin: 15px 0; line-height: 1.8; clear: both; display: block; width: 100%; float: none; position: static;\">Je\u017celi otrzymane przez Ciebie opony nie spe\u0142niaj\u0105 Twoich oczekiwa\u0144 masz mo\u017cliwo\u015b\u0107 zwrotu lub wymiany nieu\u017cywanego (niemontowanego) ogumienia.<\/p>\n<\/div>\n<\/div>\n<\/div>\n<div style=\"clear: both; display: block; margin: 10px 0;\">\n<div style=\"clear: both; display: block; margin: 10px 0;\">\n<div style=\"clear: both; display: block; margin: 10px 0;\">\n<div  style=\"max-width:680px;max-height:186px\">\n<div style=\"clear: both; display: block; margin: 10px 0;\">\n<div style=\"clear: both; width: 100%; display: block; margin: 20px 0; padding: 0; float: none; position: static; text-align: center;\"><img decoding=\"async\"  src=\"https:\/\/a.allegroimg.com\/original\/11ab09\/d6ff0d364698acd710aa387cefd1\/2x-BFGOODRICH-Mud-Terrain-T-A-KM3-245-75R16-120-116Q-POR-2022-r-Waga-produktu-z-opakowaniem-jednostkowym-16-kg\" srcset=\"https:\/\/a.allegroimg.com\/original\/11ab09\/d6ff0d364698acd710aa387cefd1\/2x-BFGOODRICH-Mud-Terrain-T-A-KM3-245-75R16-120-116Q-POR-2022-r-Waga-produktu-z-opakowaniem-jednostkowym-16-kg 360w,https:\/\/a.allegroimg.com\/original\/11ab09\/d6ff0d364698acd710aa387cefd1\/2x-BFGOODRICH-Mud-Terrain-T-A-KM3-245-75R16-120-116Q-POR-2022-r-Waga-produktu-z-opakowaniem-jednostkowym-16-kg 680w,https:\/\/a.allegroimg.com\/original\/11ab09\/d6ff0d364698acd710aa387cefd1\/2x-BFGOODRICH-Mud-Terrain-T-A-KM3-245-75R16-120-116Q-POR-2022-r-Waga-produktu-z-opakowaniem-jednostkowym-16-kg 680w\" sizes=\"(min-width: 1200px) 560px, (min-width: 992px) 50vw, 100vw\" width=\"680px\" alt=\"2x BFGOODRICH Mud Terrain T\/A KM3 245\/75R16 120\/116Q POR 2022 r Waga produktu z opakowaniem jednostkowym 16 kg\" style=\"max-width: 100%; height: auto; display: block; margin: 0 auto;\"><\/div>\n<\/div>\n<\/div>\n<\/div>\n<\/div>\n<div style=\"clear: both; display: block; margin: 10px 0;\">\n<div style=\"clear: both; display: block; margin: 10px 0;\">\n<h1>Bfgoodrich<\/h1>\n<p style=\"margin: 15px 0; line-height: 1.8; clear: both; display: block; width: 100%; float: none; position: static;\">Pierwsza fabryka kauczuku na terenie Stan\u00f3w Zjednoczonych, wybudowana w 1870 roku przez Benjamina Franklina Goodricha, da\u0142a pocz\u0105tek znanej na ca\u0142ym \u015bwiecie marce ogumienia \u2013 nie tylko samochodowego. W 1896 roku wyprodukowano tam pierwsze na kontynencie opony dla nowego modelu automobilu, a ju\u017c kilka lat p\u00f3\u017aniej pojazd wyposa\u017cony w ogumienie tej marki przejecha\u0142 ca\u0142e Stany Zjednoczone. B. F. Goodrich nie poprzesta\u0142 na tych osi\u0105gni\u0119ciach \u2013 firma rozwija\u0142a si\u0119 dynamicznie, d\u0105\u017c\u0105c do sta\u0142ego usprawniania technologii produkcji i testowania wyrob\u00f3w, by da\u0107 do dyspozycji klient\u00f3w towar jak najwy\u017cszej jako\u015bci. Dzi\u0119ki tej filozofii na li\u015bcie innowacji zwi\u0105zanych z mark\u0105 BFGoodrich znajduj\u0105 si\u0119 mi\u0119dzy innymi pierwsze opony bezd\u0119tkowe produkowane w USA, pierwsze opony pozwalaj\u0105ce na jazd\u0119 bez powietrza, a tak\u017ce opony dla promu kosmicznego Columbia. Do\u015bwiadczenie nabyte przez ponad 100 lat dzia\u0142alno\u015bci pozwoli\u0142o przedsi\u0119biorstwu opracowa\u0107 r\u00f3wnie\u017c wiele generacji ogumienia na potrzeby ekip wy\u015bcigowych; sukcesy odnoszone przez kierowc\u00f3w pojazd\u00f3w wyposa\u017conych w opony tej marki rozs\u0142awi\u0142y na \u015bwiecie nazw\u0119 BFGoodrich i zaskarbi\u0142y jej zaufanie klient\u00f3w w ponad 120 krajach. W bogatym asortymencie opon marki BFGoodrich, przeznaczonych dla samochod\u00f3w osobowych, terenowych i dostawczych, znajduje si\u0119 ogumienie zimowe i letnie o doskona\u0142ych w\u0142a\u015bciwo\u015bciach jezdnych oraz nowatorskiej budowie, zapewniaj\u0105cej trwa\u0142o\u015b\u0107 i komfort u\u017cytkowania.<\/p>\n<\/div>\n<\/div>\n<\/div>\n<\/div>\n<\/div>\n<\/div>\n<div style=\"clear: both; display: block; margin: 10px 0;\">\n","protected":false},"excerpt":{"rendered":"<p>Rok produkcji: 2022<\/p>\n<p>Jeste\u015bmy ekspertami od opon i wraz z Producentem gwarantujemy, \u017ce wybieraj\u0105c model z wcze\u015bniejsz\u0105 dat\u0105 produkcji, otrzymujesz pe\u0142nowarto\u015bciowy produkt. Dbamy o Twoje bezpiecze\u0144stwo &#8211; nasze opony s\u0105 przechowywane w idealnych warunkach.<\/p>\n<p>BFGOODRICH Mud Terrain T\/A KM3 245\/75R16 120\/116Q POR<\/p>\n<p>H06TID<\/p>\n<p>Data produkcji : 2022<\/p>\n<p>Indeks : 245\/75R16 LTGR 120Q M3#22<\/p>\n<p>Indeks no\u015bno\u015bci : 120\/116<\/p>\n<p>Indeks pr\u0119dko\u015bci : Q &#8211; 160 km\/h<\/p>\n","protected":false},"featured_media":17125,"template":"","meta":{"_uag_custom_page_level_css":""},"product_brand":[466],"product_cat":[428,418,413,412],"product_tag":[],"class_list":{"0":"post-17124","1":"product","2":"type-product","3":"status-publish","4":"has-post-thumbnail","6":"product_brand-bfgoodrich","7":"product_cat-do-samochodow-terenowych-i-4x4","8":"product_cat-letnie","9":"product_cat-opony","10":"product_cat-opony-i-felgi","12":"first","13":"instock","14":"shipping-taxable","15":"purchasable","16":"product-type-simple"},"uagb_featured_image_src":{"full":["https:\/\/oponixo.shop\/tire\/wp-content\/uploads\/2026\/01\/allegro-image-17124.jpg",1200,1126,false],"thumbnail":["https:\/\/oponixo.shop\/tire\/wp-content\/uploads\/2026\/01\/allegro-image-17124-150x150.jpg",150,150,true],"medium":["https:\/\/oponixo.shop\/tire\/wp-content\/uploads\/2026\/01\/allegro-image-17124-300x282.jpg",300,282,true],"medium_large":["https:\/\/oponixo.shop\/tire\/wp-content\/uploads\/2026\/01\/allegro-image-17124-768x721.jpg",768,721,true],"large":["https:\/\/oponixo.shop\/tire\/wp-content\/uploads\/2026\/01\/allegro-image-17124-1024x961.jpg",1024,961,true],"1536x1536":["https:\/\/oponixo.shop\/tire\/wp-content\/uploads\/2026\/01\/allegro-image-17124.jpg",1200,1126,false],"2048x2048":["https:\/\/oponixo.shop\/tire\/wp-content\/uploads\/2026\/01\/allegro-image-17124.jpg",1200,1126,false],"woocommerce_thumbnail":["https:\/\/oponixo.shop\/tire\/wp-content\/uploads\/2026\/01\/allegro-image-17124-300x300.jpg",300,300,true],"woocommerce_single":["https:\/\/oponixo.shop\/tire\/wp-content\/uploads\/2026\/01\/allegro-image-17124-600x563.jpg",600,563,true],"woocommerce_gallery_thumbnail":["https:\/\/oponixo.shop\/tire\/wp-content\/uploads\/2026\/01\/allegro-image-17124-100x100.jpg",100,100,true]},"uagb_author_info":{"display_name":"admin","author_link":"https:\/\/oponixo.shop\/tire\/author\/"},"uagb_comment_info":0,"uagb_excerpt":"Rok produkcji: 2022 Jeste\u015bmy ekspertami od opon i wraz z Producentem gwarantujemy, \u017ce wybieraj\u0105c model z wcze\u015bniejsz\u0105 dat\u0105 produkcji, otrzymujesz pe\u0142nowarto\u015bciowy produkt. Dbamy o Twoje bezpiecze\u0144stwo - nasze opony s\u0105 przechowywane w idealnych warunkach. BFGOODRICH Mud Terrain T\/A KM3 245\/75R16 120\/116Q POR H06TID Data produkcji : 2022 Indeks : 245\/75R16 LTGR 120Q M3#22 Indeks no\u015bno\u015bci&hellip;","_links":{"self":[{"href":"https:\/\/oponixo.shop\/tire\/wp-json\/wp\/v2\/product\/17124","targetHints":{"allow":["GET"]}}],"collection":[{"href":"https:\/\/oponixo.shop\/tire\/wp-json\/wp\/v2\/product"}],"about":[{"href":"https:\/\/oponixo.shop\/tire\/wp-json\/wp\/v2\/types\/product"}],"wp:featuredmedia":[{"embeddable":true,"href":"https:\/\/oponixo.shop\/tire\/wp-json\/wp\/v2\/media\/17125"}],"wp:attachment":[{"href":"https:\/\/oponixo.shop\/tire\/wp-json\/wp\/v2\/media?parent=17124"}],"wp:term":[{"taxonomy":"product_brand","embeddable":true,"href":"https:\/\/oponixo.shop\/tire\/wp-json\/wp\/v2\/product_brand?post=17124"},{"taxonomy":"product_cat","embeddable":true,"href":"https:\/\/oponixo.shop\/tire\/wp-json\/wp\/v2\/product_cat?post=17124"},{"taxonomy":"product_tag","embeddable":true,"href":"https:\/\/oponixo.shop\/tire\/wp-json\/wp\/v2\/product_tag?post=17124"}],"curies":[{"name":"wp","href":"https:\/\/api.w.org\/{rel}","templated":true}]}}