{"id":17230,"date":"2026-01-17T21:47:05","date_gmt":"2026-01-17T20:47:05","guid":{"rendered":"https:\/\/oponyonline.shop\/xef5\/produkt\/2x-opony-letnie-255-30r20-92y-xl-advan-sport-v107-yokohama\/"},"modified":"2026-01-17T21:47:07","modified_gmt":"2026-01-17T20:47:07","slug":"2x-opony-letnie-255-30r20-92y-xl-advan-sport-v107-yokohama","status":"publish","type":"product","link":"https:\/\/oponixo.shop\/tire\/produkt\/2x-opony-letnie-255-30r20-92y-xl-advan-sport-v107-yokohama\/","title":{"rendered":"2x Opony letnie 255\/30R20 92Y XL ADVAN Sport V107 YOKOHAMA"},"content":{"rendered":"<div style=\"font-family: Arial, sans-serif; line-height: 1.6; color: #333; padding: 20px; clear: both; display: block; width: 100%; float: none; position: static; overflow: hidden;\">\n<div style=\"clear: both; display: block; margin: 10px 0;\">\n<div style=\"clear: both; display: block; margin: 10px 0;\">\n<div style=\"clear: both; display: block; margin: 10px 0;\">\n<h1>2x Opony letnie 255\/30R20 92Y XL ADVAN Sport V107 YOKOHAMA<\/h1>\n<\/div>\n<\/div>\n<\/div>\n<div style=\"clear: both; display: block; margin: 10px 0;\">\n<div style=\"clear: both; display: block; margin: 10px 0;\">\n<div style=\"clear: both; display: block; margin: 10px 0;\">\n<div  style=\"max-width:1440px;max-height:100px\">\n<div style=\"clear: both; display: block; margin: 10px 0;\">\n<div style=\"clear: both; width: 100%; display: block; margin: 20px 0; padding: 0; float: none; position: static; text-align: center;\"><img decoding=\"async\"  src=\"https:\/\/a.allegroimg.com\/original\/11a969\/84330ff84761a7631e9a9efc0ae2\/2x-Opony-letnie-255-30R20-92Y-XL-ADVAN-Sport-V107-YOKOHAMA-Profil-opony-30\" srcset=\"https:\/\/a.allegroimg.com\/original\/11a969\/84330ff84761a7631e9a9efc0ae2\/2x-Opony-letnie-255-30R20-92Y-XL-ADVAN-Sport-V107-YOKOHAMA-Profil-opony-30 360w,https:\/\/a.allegroimg.com\/original\/11a969\/84330ff84761a7631e9a9efc0ae2\/2x-Opony-letnie-255-30R20-92Y-XL-ADVAN-Sport-V107-YOKOHAMA-Profil-opony-30 720w,https:\/\/a.allegroimg.com\/original\/11a969\/84330ff84761a7631e9a9efc0ae2\/2x-Opony-letnie-255-30R20-92Y-XL-ADVAN-Sport-V107-YOKOHAMA-Profil-opony-30 1024w,https:\/\/a.allegroimg.com\/original\/11a969\/84330ff84761a7631e9a9efc0ae2\/2x-Opony-letnie-255-30R20-92Y-XL-ADVAN-Sport-V107-YOKOHAMA-Profil-opony-30 1440w,https:\/\/a.allegroimg.com\/original\/11a969\/84330ff84761a7631e9a9efc0ae2\/2x-Opony-letnie-255-30R20-92Y-XL-ADVAN-Sport-V107-YOKOHAMA-Profil-opony-30 1440w\" sizes=\"100vw\" width=\"1440px\" alt=\"2x Opony letnie 255\/30R20 92Y XL ADVAN Sport V107 YOKOHAMA Profil opony 30\" style=\"max-width: 100%; height: auto; display: block; margin: 0 auto;\"><\/div>\n<\/div>\n<\/div>\n<\/div>\n<\/div>\n<\/div>\n<div style=\"clear: both; display: block; margin: 10px 0;\">\n<div style=\"clear: both; display: block; margin: 10px 0;\">\n<div style=\"clear: both; display: block; margin: 10px 0;\">\n<div  style=\"max-width:1536px;max-height:2560px\">\n<div style=\"clear: both; display: block; margin: 10px 0;\">\n<div style=\"clear: both; width: 100%; display: block; margin: 20px 0; padding: 0; float: none; position: static; text-align: center;\"><img decoding=\"async\"  src=\"https:\/\/a.allegroimg.com\/original\/11c20b\/c1608a5743c0b2f4670893a80078\/2x-Opony-letnie-255-30R20-92Y-XL-ADVAN-Sport-V107-YOKOHAMA-Liczba-opon-w-ofercie-2-szt\" srcset=\"https:\/\/a.allegroimg.com\/original\/11c20b\/c1608a5743c0b2f4670893a80078\/2x-Opony-letnie-255-30R20-92Y-XL-ADVAN-Sport-V107-YOKOHAMA-Liczba-opon-w-ofercie-2-szt 216w,https:\/\/a.allegroimg.com\/original\/11c20b\/c1608a5743c0b2f4670893a80078\/2x-Opony-letnie-255-30R20-92Y-XL-ADVAN-Sport-V107-YOKOHAMA-Liczba-opon-w-ofercie-2-szt 432w,https:\/\/a.allegroimg.com\/original\/11c20b\/c1608a5743c0b2f4670893a80078\/2x-Opony-letnie-255-30R20-92Y-XL-ADVAN-Sport-V107-YOKOHAMA-Liczba-opon-w-ofercie-2-szt 614w,https:\/\/a.allegroimg.com\/original\/11c20b\/c1608a5743c0b2f4670893a80078\/2x-Opony-letnie-255-30R20-92Y-XL-ADVAN-Sport-V107-YOKOHAMA-Liczba-opon-w-ofercie-2-szt 864w,https:\/\/a.allegroimg.com\/original\/11c20b\/c1608a5743c0b2f4670893a80078\/2x-Opony-letnie-255-30R20-92Y-XL-ADVAN-Sport-V107-YOKOHAMA-Liczba-opon-w-ofercie-2-szt 1536w\" sizes=\"(min-width: 1200px) 560px, (min-width: 992px) 50vw, 100vw\" width=\"1536px\" alt=\"2x Opony letnie 255\/30R20 92Y XL ADVAN Sport V107 YOKOHAMA Liczba opon w ofercie 2 szt.\" style=\"max-width: 100%; height: auto; display: block; margin: 0 auto;\"><\/div>\n<\/div>\n<\/div>\n<\/div>\n<\/div>\n<div style=\"clear: both; display: block; margin: 10px 0;\">\n<div style=\"clear: both; display: block; margin: 10px 0;\">\n<h1>YOKOHAMA ADVAN Sport V107 255\/30R20<\/h1>\n<h3 style=\"color: #2c5aa0; font-size: 18px; margin: 30px 0 15px 0; font-weight: bold; clear: both; display: block; width: 100%; float: none; position: static;\">Dane podstawowe<\/h3>\n<p style=\"margin: 15px 0; line-height: 1.8; clear: both; display: block; width: 100%; float: none; position: static;\"><b>Stan:<\/b> Opony fabrycznie nowe<\/p>\n<p style=\"margin: 15px 0; line-height: 1.8; clear: both; display: block; width: 100%; float: none; position: static;\"><b>Producent:<\/b> YOKOHAMA<\/p>\n<p style=\"margin: 15px 0; line-height: 1.8; clear: both; display: block; width: 100%; float: none; position: static;\"><b>Model:<\/b> ADVAN Sport V107<\/p>\n<p style=\"margin: 15px 0; line-height: 1.8; clear: both; display: block; width: 100%; float: none; position: static;\"><b>Klasa opon:<\/b> Premium<\/p>\n<p style=\"margin: 15px 0; line-height: 1.8; clear: both; display: block; width: 100%; float: none; position: static;\"><b>Sezon:<\/b> Opony letnie<\/p>\n<p style=\"margin: 15px 0; line-height: 1.8; clear: both; display: block; width: 100%; float: none; position: static;\"><b>Szeroko\u015b\u0107:<\/b> 255<\/p>\n<p style=\"margin: 15px 0; line-height: 1.8; clear: both; display: block; width: 100%; float: none; position: static;\"><b>Profil:<\/b> 30<\/p>\n<p style=\"margin: 15px 0; line-height: 1.8; clear: both; display: block; width: 100%; float: none; position: static;\"><b>\u015arednica:<\/b> 20<\/p>\n<p style=\"margin: 15px 0; line-height: 1.8; clear: both; display: block; width: 100%; float: none; position: static;\"><b>Indeks pr\u0119dko\u015bci:<\/b> Y &#8211; do 300 km\/h<\/p>\n<p style=\"margin: 15px 0; line-height: 1.8; clear: both; display: block; width: 100%; float: none; position: static;\"><b>Indeks no\u015bno\u015bci:<\/b> 92 &#8211; 630 kg na opon\u0119<\/p>\n<p style=\"margin: 15px 0; line-height: 1.8; clear: both; display: block; width: 100%; float: none; position: static;\"><b>Rok produkcji:<\/b> 2024<\/p>\n<p style=\"margin: 15px 0; line-height: 1.8; clear: both; display: block; width: 100%; float: none; position: static;\"><b>Kraj produkcji:<\/b> Japonia<\/p>\n<\/div>\n<\/div>\n<\/div>\n<div style=\"clear: both; display: block; margin: 10px 0;\">\n<div style=\"clear: both; display: block; margin: 10px 0;\">\n<div style=\"clear: both; display: block; margin: 10px 0;\">\n<div  style=\"max-width:2560px;max-height:2560px\">\n<div style=\"clear: both; display: block; margin: 10px 0;\">\n<div style=\"clear: both; width: 100%; display: block; margin: 20px 0; padding: 0; float: none; position: static; text-align: center;\"><img decoding=\"async\"  src=\"https:\/\/a.allegroimg.com\/original\/110612\/b09b64544c86b7622b458cea2644\/2x-Opony-letnie-255-30R20-92Y-XL-ADVAN-Sport-V107-YOKOHAMA-Rok-produkcji-2024\" srcset=\"https:\/\/a.allegroimg.com\/original\/110612\/b09b64544c86b7622b458cea2644\/2x-Opony-letnie-255-30R20-92Y-XL-ADVAN-Sport-V107-YOKOHAMA-Rok-produkcji-2024 360w,https:\/\/a.allegroimg.com\/original\/110612\/b09b64544c86b7622b458cea2644\/2x-Opony-letnie-255-30R20-92Y-XL-ADVAN-Sport-V107-YOKOHAMA-Rok-produkcji-2024 720w,https:\/\/a.allegroimg.com\/original\/110612\/b09b64544c86b7622b458cea2644\/2x-Opony-letnie-255-30R20-92Y-XL-ADVAN-Sport-V107-YOKOHAMA-Rok-produkcji-2024 1024w,https:\/\/a.allegroimg.com\/original\/110612\/b09b64544c86b7622b458cea2644\/2x-Opony-letnie-255-30R20-92Y-XL-ADVAN-Sport-V107-YOKOHAMA-Rok-produkcji-2024 1440w,https:\/\/a.allegroimg.com\/original\/110612\/b09b64544c86b7622b458cea2644\/2x-Opony-letnie-255-30R20-92Y-XL-ADVAN-Sport-V107-YOKOHAMA-Rok-produkcji-2024 2560w\" sizes=\"(min-width: 1200px) 560px, (min-width: 992px) 50vw, 100vw\" width=\"2560px\" alt=\"2x Opony letnie 255\/30R20 92Y XL ADVAN Sport V107 YOKOHAMA Rok produkcji 2024\" style=\"max-width: 100%; height: auto; display: block; margin: 0 auto;\"><\/div>\n<\/div>\n<\/div>\n<\/div>\n<\/div>\n<div style=\"clear: both; display: block; margin: 10px 0;\">\n<div style=\"clear: both; display: block; margin: 10px 0;\">\n<h3 style=\"color: #2c5aa0; font-size: 18px; margin: 30px 0 15px 0; font-weight: bold; clear: both; display: block; width: 100%; float: none; position: static;\">Informacje szczeg\u00f3\u0142owe<\/h3>\n<p style=\"margin: 15px 0; line-height: 1.8; clear: both; display: block; width: 100%; float: none; position: static;\"><b>Op\u00f3r toczenia: <\/b>Klasa D<\/p>\n<p style=\"margin: 15px 0; line-height: 1.8; clear: both; display: block; width: 100%; float: none; position: static;\"><b>Przyczepno\u015b\u0107 na mokrej nawierzchni: <\/b>Klasa A<\/p>\n<p style=\"margin: 15px 0; line-height: 1.8; clear: both; display: block; width: 100%; float: none; position: static;\"><b>Poziom ha\u0142asu zewn\u0119trznego: <\/b>Klasa B<\/p>\n<p style=\"margin: 15px 0; line-height: 1.8; clear: both; display: block; width: 100%; float: none; position: static;\"><b>Ha\u0142as zewn\u0119trzny: <\/b>73 dB<\/p>\n<p style=\"margin: 15px 0; line-height: 1.8; clear: both; display: block; width: 100%; float: none; position: static;\"><b>Opona posiada rant ochronny: <\/b>Tak<\/p>\n<p style=\"margin: 15px 0; line-height: 1.8; clear: both; display: block; width: 100%; float: none; position: static;\"><b>Opona o podwy\u017cszonym wska\u017aniku no\u015bno\u015bci: <\/b>XL<\/p>\n<p style=\"margin: 15px 0; line-height: 1.8; clear: both; display: block; width: 100%; float: none; position: static;\"><b>Przeznaczenie: <\/b>Opona do samochod\u00f3w osobowych, SUV oraz z nap\u0119dem 4&#215;4<\/p>\n<p style=\"margin: 15px 0; line-height: 1.8; clear: both; display: block; width: 100%; float: none; position: static;\"><b>Kod producenta: <\/b>R7570<\/p>\n<p style=\"margin: 15px 0; line-height: 1.8; clear: both; display: block; width: 100%; float: none; position: static;\"><b>Kod QR: <\/b>eprel.ec.europa.eu\/qr\/1180509<\/p>\n<p style=\"margin: 15px 0; line-height: 1.8; clear: both; display: block; width: 100%; float: none; position: static;\"><b>Waga opony: <\/b>11.66 kg<\/p>\n<\/div>\n<\/div>\n<\/div>\n<div style=\"clear: both; display: block; margin: 10px 0;\">\n<div style=\"clear: both; display: block; margin: 10px 0;\">\n<div style=\"clear: both; display: block; margin: 10px 0;\">\n<p style=\"margin: 15px 0; line-height: 1.8; clear: both; display: block; width: 100%; float: none; position: static;\">*Zdj\u0119cia przedstawione w ofercie maj\u0105 <b>charakter pogl\u0105dowy<\/b>. Rzeczywisty wygl\u0105d mo\u017ce r\u00f3\u017cni\u0107 si\u0119 od prezentowanego w zale\u017cno\u015bci od rozmiaru produktu.<\/p>\n<\/div>\n<\/div>\n<\/div>\n<div style=\"clear: both; display: block; margin: 10px 0;\">\n<div style=\"clear: both; display: block; margin: 10px 0;\">\n<div style=\"clear: both; display: block; margin: 10px 0;\">\n<h1>ADVAN Sport V107<\/h1>\n<\/div>\n<\/div>\n<\/div>\n<div style=\"clear: both; display: block; margin: 10px 0;\">\n<div style=\"clear: both; display: block; margin: 10px 0;\">\n<div style=\"clear: both; display: block; margin: 10px 0;\">\n<div  style=\"max-width:1000px;max-height:300px\">\n<div style=\"clear: both; display: block; margin: 10px 0;\">\n<div style=\"clear: both; width: 100%; display: block; margin: 20px 0; padding: 0; float: none; position: static; text-align: center;\"><img decoding=\"async\"  src=\"https:\/\/a.allegroimg.com\/original\/117fdc\/142a4c8a478d8aaaddf3e0479e63\/2x-Opony-letnie-255-30R20-92Y-XL-ADVAN-Sport-V107-YOKOHAMA-Kod-producenta-R7570\" srcset=\"https:\/\/a.allegroimg.com\/original\/117fdc\/142a4c8a478d8aaaddf3e0479e63\/2x-Opony-letnie-255-30R20-92Y-XL-ADVAN-Sport-V107-YOKOHAMA-Kod-producenta-R7570 360w,https:\/\/a.allegroimg.com\/original\/117fdc\/142a4c8a478d8aaaddf3e0479e63\/2x-Opony-letnie-255-30R20-92Y-XL-ADVAN-Sport-V107-YOKOHAMA-Kod-producenta-R7570 720w,https:\/\/a.allegroimg.com\/original\/117fdc\/142a4c8a478d8aaaddf3e0479e63\/2x-Opony-letnie-255-30R20-92Y-XL-ADVAN-Sport-V107-YOKOHAMA-Kod-producenta-R7570 1000w,https:\/\/a.allegroimg.com\/original\/117fdc\/142a4c8a478d8aaaddf3e0479e63\/2x-Opony-letnie-255-30R20-92Y-XL-ADVAN-Sport-V107-YOKOHAMA-Kod-producenta-R7570 1000w\" sizes=\"100vw\" width=\"1000px\" alt=\"2x Opony letnie 255\/30R20 92Y XL ADVAN Sport V107 YOKOHAMA Kod producenta R7570\" style=\"max-width: 100%; height: auto; display: block; margin: 0 auto;\"><\/div>\n<\/div>\n<\/div>\n<\/div>\n<\/div>\n<\/div>\n<div style=\"clear: both; display: block; margin: 10px 0;\">\n<div style=\"clear: both; display: block; margin: 10px 0;\">\n<div style=\"clear: both; display: block; margin: 10px 0;\">\n<h1>O producencie opon Yokohama<\/h1>\n<p style=\"margin: 15px 0; line-height: 1.8; clear: both; display: block; width: 100%; float: none; position: static;\">Yokohama to japo\u0144ski producent ogumienia samochodowego. Firma jest jednym z najwi\u0119kszych producent\u00f3w opon na \u015bwiecie. Yokohama powsta\u0142a w 1917 roku. W 1921 roku in\u017cynierowie firmy stworzyli opony kordowe. Kilkana\u015bcie lat p\u00f3\u017aniej Yokohama rozpocz\u0119\u0142a produkcj\u0119 opon do aut ci\u0119\u017carowych. W 1935 roku Yokohama rozpocz\u0119\u0142a dostarczanie opon na pierwszy monta\u017c do aut Nissan i Toyota. W 1969 roku firma otworzy\u0142a swoje przedstawicielstwa w USA i Kanadzie. Obecnie Yokohama produkuje szereg opon gumowych, a tak\u017ce r\u00f3\u017cnej ma\u015bci wyrob\u00f3w z gumy.<\/p>\n<\/div>\n<\/div>\n<\/div>\n<div style=\"clear: both; display: block; margin: 10px 0;\">\n<div style=\"clear: both; display: block; margin: 10px 0;\">\n<div style=\"clear: both; display: block; margin: 10px 0;\">\n<div  style=\"max-width:886px;max-height:1299px\">\n<div style=\"clear: both; display: block; margin: 10px 0;\">\n<div style=\"clear: both; width: 100%; display: block; margin: 20px 0; padding: 0; float: none; position: static; text-align: center;\"><img decoding=\"async\"  src=\"https:\/\/a.allegroimg.com\/original\/11147d\/310992144411b5ade04a5dedb541\/2x-Opony-letnie-255-30R20-92Y-XL-ADVAN-Sport-V107-YOKOHAMA-Szerokosc-opony-255-mm\" srcset=\"https:\/\/a.allegroimg.com\/original\/11147d\/310992144411b5ade04a5dedb541\/2x-Opony-letnie-255-30R20-92Y-XL-ADVAN-Sport-V107-YOKOHAMA-Szerokosc-opony-255-mm 245w,https:\/\/a.allegroimg.com\/original\/11147d\/310992144411b5ade04a5dedb541\/2x-Opony-letnie-255-30R20-92Y-XL-ADVAN-Sport-V107-YOKOHAMA-Szerokosc-opony-255-mm 491w,https:\/\/a.allegroimg.com\/original\/11147d\/310992144411b5ade04a5dedb541\/2x-Opony-letnie-255-30R20-92Y-XL-ADVAN-Sport-V107-YOKOHAMA-Szerokosc-opony-255-mm 698w,https:\/\/a.allegroimg.com\/original\/11147d\/310992144411b5ade04a5dedb541\/2x-Opony-letnie-255-30R20-92Y-XL-ADVAN-Sport-V107-YOKOHAMA-Szerokosc-opony-255-mm 886w,https:\/\/a.allegroimg.com\/original\/11147d\/310992144411b5ade04a5dedb541\/2x-Opony-letnie-255-30R20-92Y-XL-ADVAN-Sport-V107-YOKOHAMA-Szerokosc-opony-255-mm 886w\" sizes=\"(min-width: 1200px) 560px, (min-width: 992px) 50vw, 100vw\" width=\"886px\" alt=\"2x Opony letnie 255\/30R20 92Y XL ADVAN Sport V107 YOKOHAMA Szeroko\u015b\u0107 opony 255 mm\" style=\"max-width: 100%; height: auto; display: block; margin: 0 auto;\"><\/div>\n<\/div>\n<\/div>\n<\/div>\n<\/div>\n<div style=\"clear: both; display: block; margin: 10px 0;\">\n<div style=\"clear: both; display: block; margin: 10px 0;\">\n<p style=\"margin: 15px 0; line-height: 1.8; clear: both; display: block; width: 100%; float: none; position: static;\"><b>Etykiety Unijne na oponach<\/b> pomagaj\u0105 konsumentom w podj\u0119ciu \u015bwiadomej decyzji o zakupie.<\/p>\n<p style=\"margin: 15px 0; line-height: 1.8; clear: both; display: block; width: 100%; float: none; position: static;\"><b>Op\u00f3r toczenia<\/b> w oponie jest wska\u017anikiem jej efektywno\u015bci energetycznej, co ma wp\u0142yw na zu\u017cycie paliwa oraz emisj\u0119 spalin. Klasa oporu toczenia waha si\u0119 od A (najwydajniejsza) do E (najni\u017csza).<\/p>\n<p style=\"margin: 15px 0; line-height: 1.8; clear: both; display: block; width: 100%; float: none; position: static;\"><b>Droga hamowania na mokrej nawierzchni<\/b> zale\u017cy od zdolno\u015bci opony do trzymania si\u0119 drogi na mokrej nawierzchni. Klasa A okre\u015bla najkr\u00f3tsz\u0105 drog\u0119, za\u015b E najd\u0142u\u017csz\u0105. Opona z etykiet\u0105 E hamuje 18 metr\u00f3w dalej w por\u00f3wnaniu z opon\u0105 z etykiet\u0105 A (procedura testowa, w kt\u00f3rej mierzy si\u0119 drog\u0119 hamowania od 80 km\/h do 5 km\/h na drodze pokrytej wod\u0105).<\/p>\n<p style=\"margin: 15px 0; line-height: 1.8; clear: both; display: block; width: 100%; float: none; position: static;\"><b>Ha\u0142as zewn\u0119trzny<\/b> odnosi si\u0119 do ha\u0142asu wytwarzanego przez opon\u0119 podczas przejazdu samochodu i jest mierzony w dB (decybelach). Ha\u0142as opon mierzony jest na zewn\u0105trz pojazdu co ma za zadanie ograniczy\u0107 negatywny wp\u0142yw na otoczenie.<\/p>\n<\/div>\n<\/div>\n<\/div>\n<\/div>\n<\/div>\n<\/div>\n<div style=\"clear: both; display: block; margin: 10px 0;\">\n","protected":false},"excerpt":{"rendered":"<p>2x Opony letnie 255\/30R20 92Y XL ADVAN Sport V107 YOKOHAMA<\/p>\n<p>YOKOHAMA ADVAN Sport V107 255\/30R20<\/p>\n<p>Dane podstawowe<\/p>\n<p>Stan: Opony fabrycznie nowe<\/p>\n<p>Producent: YOKOHAMA<\/p>\n<p>Model: ADVAN Sport V107<\/p>\n<p>Klasa opon: Premium<\/p>\n<p>Sezon: Opony letnie<\/p>\n","protected":false},"featured_media":17231,"template":"","meta":{"_uag_custom_page_level_css":""},"product_brand":[410],"product_cat":[414,418,413,412],"product_tag":[],"class_list":{"0":"post-17230","1":"product","2":"type-product","3":"status-publish","4":"has-post-thumbnail","6":"product_brand-yokohama","7":"product_cat-do-samochodow-osobowych-i-suv","8":"product_cat-letnie","9":"product_cat-opony","10":"product_cat-opony-i-felgi","12":"first","13":"instock","14":"shipping-taxable","15":"purchasable","16":"product-type-simple"},"uagb_featured_image_src":{"full":["https:\/\/oponixo.shop\/tire\/wp-content\/uploads\/2026\/01\/allegro-image-17230.jpg",2560,2560,false],"thumbnail":["https:\/\/oponixo.shop\/tire\/wp-content\/uploads\/2026\/01\/allegro-image-17230-150x150.jpg",150,150,true],"medium":["https:\/\/oponixo.shop\/tire\/wp-content\/uploads\/2026\/01\/allegro-image-17230-300x300.jpg",300,300,true],"medium_large":["https:\/\/oponixo.shop\/tire\/wp-content\/uploads\/2026\/01\/allegro-image-17230-768x768.jpg",768,768,true],"large":["https:\/\/oponixo.shop\/tire\/wp-content\/uploads\/2026\/01\/allegro-image-17230-1024x1024.jpg",1024,1024,true],"1536x1536":["https:\/\/oponixo.shop\/tire\/wp-content\/uploads\/2026\/01\/allegro-image-17230-1536x1536.jpg",1536,1536,true],"2048x2048":["https:\/\/oponixo.shop\/tire\/wp-content\/uploads\/2026\/01\/allegro-image-17230-2048x2048.jpg",2048,2048,true],"woocommerce_thumbnail":["https:\/\/oponixo.shop\/tire\/wp-content\/uploads\/2026\/01\/allegro-image-17230-300x300.jpg",300,300,true],"woocommerce_single":["https:\/\/oponixo.shop\/tire\/wp-content\/uploads\/2026\/01\/allegro-image-17230-600x600.jpg",600,600,true],"woocommerce_gallery_thumbnail":["https:\/\/oponixo.shop\/tire\/wp-content\/uploads\/2026\/01\/allegro-image-17230-100x100.jpg",100,100,true]},"uagb_author_info":{"display_name":"admin","author_link":"https:\/\/oponixo.shop\/tire\/author\/"},"uagb_comment_info":0,"uagb_excerpt":"2x Opony letnie 255\/30R20 92Y XL ADVAN Sport V107 YOKOHAMA YOKOHAMA ADVAN Sport V107 255\/30R20 Dane podstawowe Stan: Opony fabrycznie nowe Producent: YOKOHAMA Model: ADVAN Sport V107 Klasa opon: Premium Sezon: Opony letnie","_links":{"self":[{"href":"https:\/\/oponixo.shop\/tire\/wp-json\/wp\/v2\/product\/17230","targetHints":{"allow":["GET"]}}],"collection":[{"href":"https:\/\/oponixo.shop\/tire\/wp-json\/wp\/v2\/product"}],"about":[{"href":"https:\/\/oponixo.shop\/tire\/wp-json\/wp\/v2\/types\/product"}],"wp:featuredmedia":[{"embeddable":true,"href":"https:\/\/oponixo.shop\/tire\/wp-json\/wp\/v2\/media\/17231"}],"wp:attachment":[{"href":"https:\/\/oponixo.shop\/tire\/wp-json\/wp\/v2\/media?parent=17230"}],"wp:term":[{"taxonomy":"product_brand","embeddable":true,"href":"https:\/\/oponixo.shop\/tire\/wp-json\/wp\/v2\/product_brand?post=17230"},{"taxonomy":"product_cat","embeddable":true,"href":"https:\/\/oponixo.shop\/tire\/wp-json\/wp\/v2\/product_cat?post=17230"},{"taxonomy":"product_tag","embeddable":true,"href":"https:\/\/oponixo.shop\/tire\/wp-json\/wp\/v2\/product_tag?post=17230"}],"curies":[{"name":"wp","href":"https:\/\/api.w.org\/{rel}","templated":true}]}}